[INFO] fetching crate qlty-analysis 0.440.0...
[INFO] testing qlty-analysis-0.440.0 against 1.100.0-beta.1+cargoflags=--release for beta-release-1.100-2
[INFO] extracting crate qlty-analysis 0.440.0 into /workspace/builds/worker-5-tc2/source
[INFO] started tweaking crates.io crate qlty-analysis 0.440.0
[INFO] finished tweaking crates.io crate qlty-analysis 0.440.0
[INFO] tweaked toml for crates.io crate qlty-analysis 0.440.0 written to /workspace/builds/worker-5-tc2/source/Cargo.toml
[INFO] validating manifest of crates.io crate qlty-analysis 0.440.0 on toolchain 1.100.0-beta.1
[INFO] running `Command { std: CARGO_HOME="/workspace/cargo-home" RUSTUP_HOME="/workspace/rustup-home" "/workspace/cargo-home/bin/cargo" "+1.100.0-beta.1" "metadata" "--manifest-path" "Cargo.toml" "--no-deps", kill_on_drop: false }`
[INFO] running `Command { std: CARGO_HOME="/workspace/cargo-home" RUSTUP_HOME="/workspace/rustup-home" "/workspace/cargo-home/bin/cargo" "+1.100.0-beta.1" "generate-lockfile" "--manifest-path" "Cargo.toml", kill_on_drop: false }`
[INFO] [stderr]     Updating crates.io index
[INFO] [stderr]      Locking 271 packages to highest compatible versions
[INFO] [stderr]       Adding cc v1.0.106 (available: v1.8.0)
[INFO] [stderr]       Adding config v0.13.4 (available: v0.15.27)
[INFO] [stderr]       Adding git2 v0.19.0 (available: v0.21.0)
[INFO] [stderr]       Adding itertools v0.13.0 (available: v0.15.0)
[INFO] [stderr]       Adding md5 v0.7.0 (available: v0.8.1)
[INFO] [stderr]       Adding path-absolutize v3.1.1 (available: v4.0.1)
[INFO] [stderr]       Adding pbjson-types v0.7.0 (available: v0.9.0)
[INFO] [stderr]       Adding pest v2.9.2 (available: v2.9.4)
[INFO] [stderr]       Adding pest_derive v2.9.2 (available: v2.9.4)
[INFO] [stderr]       Adding pest_generator v2.9.2 (available: v2.9.4)
[INFO] [stderr]       Adding pest_meta v2.9.2 (available: v2.9.4)
[INFO] [stderr]       Adding rand v0.8.8 (available: v0.10.3)
[INFO] [stderr]       Adding ring v0.17.9 (available: v0.17.14)
[INFO] [stderr]       Adding tree-sitter v0.22.6 (available: v0.27.1)
[INFO] [stderr]       Adding tree-sitter-go v0.21.2 (available: v0.25.0)
[INFO] [stderr]       Adding tree-sitter-java v0.21.0 (available: v0.23.5)
[INFO] [stderr]       Adding tree-sitter-javascript v0.21.4 (available: v0.25.0)
[INFO] [stderr]       Adding tree-sitter-php v0.22.8 (available: v0.25.1)
[INFO] [stderr]       Adding tree-sitter-python v0.21.0 (available: v0.25.0)
[INFO] [stderr]       Adding tree-sitter-ruby v0.21.0 (available: v0.23.1)
[INFO] [stderr]       Adding tree-sitter-rust v0.21.2 (available: v0.24.2)
[INFO] [stderr]       Adding tree-sitter-typescript v0.21.2 (available: v0.23.2)
[INFO] running `Command { std: CARGO_HOME="/workspace/cargo-home" RUSTUP_HOME="/workspace/rustup-home" "/workspace/cargo-home/bin/cargo" "+1.100.0-beta.1" "fetch" "--manifest-path" "Cargo.toml", kill_on_drop: false }`
[INFO] [stderr]     Blocking waiting for file lock on package cache
[INFO] [stderr]     Blocking waiting for file lock on package cache
[INFO] running `Command { std: "docker" "create" "-v" "/var/lib/crater-agent-workspace/builds/worker-5-tc2/source:/opt/rustwide/workdir:ro,Z" "-v" "/var/lib/crater-agent-workspace/builds/worker-5-tc2/target:/opt/rustwide/target:rw,Z" "-v" "/var/lib/crater-agent-workspace/cargo-home:/opt/rustwide/cargo-home:ro,Z" "-v" "/var/lib/crater-agent-workspace/rustup-home:/opt/rustwide/rustup-home:ro,Z" "-m" "1610612736" "--network" "none" "ghcr.io/rust-lang/crates-build-env/linux@sha256:77db811e55d90add9212f6832c23229e3de5f1c1f9905e8cb07319ea15df73ac" "sleep" "infinity", kill_on_drop: false }`
[INFO] [stdout] 147e533e084fd709f7a9cd532c060ffc4610625af5f849ed67b77c7b6f131e32
[INFO] running `Command { std: "docker" "start" "147e533e084fd709f7a9cd532c060ffc4610625af5f849ed67b77c7b6f131e32", kill_on_drop: false }`
[INFO] running `Command { std: "docker" "inspect" "147e533e084fd709f7a9cd532c060ffc4610625af5f849ed67b77c7b6f131e32", kill_on_drop: false }`
[INFO] running `Command { std: "docker" "exec" "-e" "SOURCE_DIR=/opt/rustwide/workdir" "-e" "CARGO_HOME=/opt/rustwide/cargo-home" "-e" "RUSTUP_HOME=/opt/rustwide/rustup-home" "-e" "CARGO_TARGET_DIR=/opt/rustwide/target" "-w" "/opt/rustwide/workdir" "--user" "0:0" "147e533e084fd709f7a9cd532c060ffc4610625af5f849ed67b77c7b6f131e32" "/opt/rustwide/cargo-home/bin/cargo" "+1.100.0-beta.1" "metadata" "--no-deps" "--format-version=1", kill_on_drop: false }`
[INFO] running `Command { std: "docker" "inspect" "147e533e084fd709f7a9cd532c060ffc4610625af5f849ed67b77c7b6f131e32", kill_on_drop: false }`
[INFO] running `Command { std: "docker" "exec" "-e" "SOURCE_DIR=/opt/rustwide/workdir" "-e" "CARGO_HOME=/opt/rustwide/cargo-home" "-e" "RUSTUP_HOME=/opt/rustwide/rustup-home" "-e" "CARGO_TARGET_DIR=/opt/rustwide/target" "-e" "CARGO_INCREMENTAL=0" "-e" "RUST_BACKTRACE=full" "-e" "RUSTFLAGS=--cap-lints=warn" "-e" "RUSTDOCFLAGS=--cap-lints=warn" "-w" "/opt/rustwide/workdir" "--user" "0:0" "147e533e084fd709f7a9cd532c060ffc4610625af5f849ed67b77c7b6f131e32" "/opt/rustwide/cargo-home/bin/cargo" "+1.100.0-beta.1" "build" "--frozen" "--message-format=json" "--release", kill_on_drop: false }`
[INFO] [stderr]    Compiling libc v0.2.191
[INFO] [stderr]    Compiling serde_core v1.0.229
[INFO] [stderr]    Compiling serde v1.0.229
[INFO] [stderr]    Compiling either v1.19.0
[INFO] [stderr]    Compiling aho-corasick v1.1.5
[INFO] [stderr]    Compiling rustix v1.1.5
[INFO] [stderr]    Compiling bytes v1.12.1
[INFO] [stderr]    Compiling getrandom v0.4.3
[INFO] [stderr]    Compiling linux-raw-sys v0.12.1
[INFO] [stderr]    Compiling equivalent v1.0.3
[INFO] [stderr]    Compiling regex-syntax v0.8.11
[INFO] [stderr]    Compiling syn v3.0.9
[INFO] [stderr]    Compiling bitflags v2.13.2
[INFO] [stderr]    Compiling hashbrown v0.17.1
[INFO] [stderr]    Compiling ahash v0.7.8
[INFO] [stderr]    Compiling zeroize v1.9.1
[INFO] [stderr]    Compiling fixedbitset v0.5.7
[INFO] [stderr]    Compiling itertools v0.14.0
[INFO] [stderr]    Compiling fastrand v2.5.0
[INFO] [stderr]    Compiling smallvec v1.16.3
[INFO] [stderr]    Compiling memchr v2.8.3
[INFO] [stderr]    Compiling rustls-pki-types v1.15.1
[INFO] [stderr]    Compiling itertools v0.13.0
[INFO] [stderr]    Compiling prettyplease v0.2.37
[INFO] [stderr]    Compiling multimap v0.10.1
[INFO] [stderr]    Compiling log v0.4.34
[INFO] [stderr]    Compiling crc32fast v1.5.2
[INFO] [stderr]    Compiling hashbrown v0.12.3
[INFO] [stderr]    Compiling rustls v0.23.46
[INFO] [stderr]    Compiling dlv-list v0.3.0
[INFO] [stderr]    Compiling base64 v0.21.7
[INFO] [stderr]    Compiling miniz_oxide v0.9.1
[INFO] [stderr]    Compiling pest v2.9.2
[INFO] [stderr]    Compiling indexmap v2.14.2
[INFO] [stderr]    Compiling chrono v0.4.45
[INFO] [stderr]    Compiling jobserver v0.1.35
[INFO] [stderr]    Compiling petgraph v0.7.1
[INFO] [stderr]    Compiling regex-automata v0.4.18
[INFO] [stderr]    Compiling cc v1.0.106
[INFO] [stderr]    Compiling ordered-multimap v0.4.3
[INFO] [stderr]    Compiling webpki-roots v1.0.9
[INFO] [stderr]    Compiling terminal_size v0.4.4
[INFO] [stderr]    Compiling clap_builder v4.6.7
[INFO] [stderr]    Compiling openssl-src v300.6.1+3.6.3
[INFO] [stderr]    Compiling prost-derive v0.13.5
[INFO] [stderr]    Compiling bstr v1.13.1
[INFO] [stderr]    Compiling tempfile v3.27.0
[INFO] [stderr]    Compiling tree-sitter v0.22.6
[INFO] [stderr]    Compiling openssl-sys v0.9.117
[INFO] [stderr]    Compiling libz-sys v1.1.30
[INFO] [stderr]    Compiling ring v0.17.9
[INFO] [stderr]    Compiling libssh2-sys v0.3.3
[INFO] [stderr]    Compiling pest_meta v2.9.2
[INFO] [stderr]    Compiling libgit2-sys v0.17.0+1.8.1
[INFO] [stderr]    Compiling minimal-lexical v0.2.1
[INFO] [stderr]    Compiling anyhow v1.0.104
[INFO] [stderr]    Compiling linked-hash-map v0.5.6
[INFO] [stderr]    Compiling tree-sitter-go v0.21.2
[INFO] [stderr]    Compiling yaml-rust v0.4.5
[INFO] [stderr]    Compiling pest_generator v2.9.2
[INFO] [stderr]    Compiling nom v7.1.3
[INFO] [stderr]    Compiling tree-sitter-java v0.21.0
[INFO] [stderr]    Compiling serde_json v1.0.154
[INFO] [stderr]    Compiling tree-sitter-javascript v0.21.4
[INFO] [stderr]    Compiling tree-sitter-kotlin v0.3.8
[INFO] [stderr]    Compiling tree-sitter-php v0.22.8
[INFO] [stderr]    Compiling prost v0.13.5
[INFO] [stderr]    Compiling regex v1.13.1
[INFO] [stderr]    Compiling tree-sitter-python v0.21.0
[INFO] [stderr]    Compiling pest_derive v2.9.2
[INFO] [stderr]    Compiling prost-types v0.13.5
[INFO] [stderr]    Compiling tree-sitter-ruby v0.21.0
[INFO] [stderr]    Compiling tree-sitter-rust v0.21.2
[INFO] [stderr]    Compiling tree-sitter-typescript v0.21.2
[INFO] [stderr]    Compiling rust-ini v0.18.0
[INFO] [stderr]    Compiling synstructure v0.14.0
[INFO] [stderr]    Compiling darling_core v0.24.1
[INFO] [stderr]    Compiling webpki-roots v0.26.11
[INFO] [stderr]    Compiling flate2 v1.1.10
[INFO] [stderr]    Compiling unsafe-libyaml v0.2.11
[INFO] [stderr]    Compiling globset v0.4.20
[INFO] [stderr]    Compiling prost-build v0.13.5
[INFO] [stderr]    Compiling pbjson-build v0.7.0
[INFO] [stderr]    Compiling zerofrom-derive v0.1.8
[INFO] [stderr]    Compiling yoke-derive v0.8.4
[INFO] [stderr]    Compiling serde_derive v1.0.229
[INFO] [stderr]    Compiling zerovec-derive v0.11.6
[INFO] [stderr]    Compiling displaydoc v0.2.7
[INFO] [stderr]    Compiling clap_derive v4.6.7
[INFO] [stderr]    Compiling async-trait v0.1.92
[INFO] [stderr]    Compiling openssl-probe v0.1.6
[INFO] [stderr]    Compiling qlty-config v0.440.0
[INFO] [stderr]    Compiling console v0.15.11
[INFO] [stderr]    Compiling zerofrom v0.1.8
[INFO] [stderr]    Compiling tracing v0.1.44
[INFO] [stderr]    Compiling yoke v0.8.3
[INFO] [stderr]    Compiling pbjson-types v0.7.0
[INFO] [stderr]    Compiling zerovec v0.11.8
[INFO] [stderr]    Compiling zerotrie v0.2.5
[INFO] [stderr]    Compiling ignore v0.4.33
[INFO] [stderr]    Compiling darling_macro v0.24.1
[INFO] [stderr]    Compiling deranged v0.5.9
[INFO] [stderr]    Compiling darling v0.24.1
[INFO] [stderr]    Compiling serde_with_macros v3.24.0
[INFO] [stderr]    Compiling uuid v1.28.0
[INFO] [stderr]    Compiling clap v4.6.7
[INFO] [stderr]    Compiling path-dedot v3.1.1
[INFO] [stderr]    Compiling md5 v0.7.0
[INFO] [stderr]    Compiling qlty-analysis v0.440.0 (/opt/rustwide/workdir)
[INFO] [stderr]    Compiling tinystr v0.8.4
[INFO] [stderr]    Compiling potential_utf v0.1.6
[INFO] [stderr]    Compiling icu_locale_core v2.3.0
[INFO] [stderr]    Compiling time-core v0.1.9
[INFO] [stderr]    Compiling icu_collections v2.3.0
[INFO] [stderr]    Compiling num-conv v0.2.2
[INFO] [stderr]    Compiling powerfmt v0.2.1
[INFO] [stderr]    Compiling rayon v1.12.0
[INFO] [stderr]    Compiling path-absolutize v3.1.1
[INFO] [stderr]    Compiling rand v0.8.8
[INFO] [stderr]    Compiling serde_with v3.24.0
[INFO] [stderr]    Compiling time v0.3.55
[INFO] [stderr]    Compiling icu_provider v2.3.1
[INFO] [stderr]    Compiling toml_datetime v0.6.11
[INFO] [stderr]    Compiling pbjson v0.7.0
[INFO] [stderr]    Compiling serde_spanned v0.6.9
[INFO] [stderr]    Compiling icu_normalizer v2.3.0
[INFO] [stderr]    Compiling icu_properties v2.3.0
[INFO] [stderr]    Compiling toml_edit v0.22.27
[INFO] [stderr]    Compiling toml v0.5.11
[INFO] [stderr]    Compiling ron v0.7.1
[INFO] [stderr]    Compiling json5 v0.4.1
[INFO] [stderr]    Compiling idna_adapter v1.2.2
[INFO] [stderr]    Compiling idna v1.1.0
[INFO] [stderr]    Compiling config v0.13.4
[INFO] [stderr]    Compiling url v2.5.8
[INFO] [stderr]    Compiling qlty-types v0.440.0
[INFO] [stderr]    Compiling toml v0.8.23
[INFO] [stderr]    Compiling serde_yaml v0.9.34+deprecated
[INFO] [stderr]    Compiling rustls-webpki v0.103.15
[INFO] [stderr]    Compiling ureq v2.12.1
[INFO] [stderr]    Compiling git2 v0.19.0
[INFO] [stderr]     Finished `release` profile [optimized] target(s) in 5m 39s
[INFO] running `Command { std: "docker" "inspect" "147e533e084fd709f7a9cd532c060ffc4610625af5f849ed67b77c7b6f131e32", kill_on_drop: false }`
[INFO] running `Command { std: "docker" "exec" "-e" "SOURCE_DIR=/opt/rustwide/workdir" "-e" "CARGO_HOME=/opt/rustwide/cargo-home" "-e" "RUSTUP_HOME=/opt/rustwide/rustup-home" "-e" "CARGO_TARGET_DIR=/opt/rustwide/target" "-e" "CARGO_INCREMENTAL=0" "-e" "RUST_BACKTRACE=full" "-e" "RUSTFLAGS=--cap-lints=warn" "-e" "RUSTDOCFLAGS=--cap-lints=warn" "-w" "/opt/rustwide/workdir" "--user" "0:0" "147e533e084fd709f7a9cd532c060ffc4610625af5f849ed67b77c7b6f131e32" "/opt/rustwide/cargo-home/bin/cargo" "+1.100.0-beta.1" "test" "--frozen" "--no-run" "--message-format=json" "--release", kill_on_drop: false }`
[INFO] [stderr]    Compiling console v0.16.6
[INFO] [stderr]    Compiling similar v2.7.0
[INFO] [stderr]    Compiling qlty-test-utilities v0.440.0
[INFO] [stderr]    Compiling itertools v0.13.0
[INFO] [stderr]    Compiling insta v1.49.0
[INFO] [stderr]    Compiling qlty-analysis v0.440.0 (/opt/rustwide/workdir)
[INFO] [stdout] warning: use of deprecated method `tempfile::TempDir::into_path`: use TempDir::keep()
[INFO] [stdout]    --> src/cache.rs:210:49
[INFO] [stdout]     |
[INFO] [stdout] 210 |         let cache = FilesystemCache::new(tmpdir.into_path(), "bytes");
[INFO] [stdout]     |                                                 ^^^^^^^^^
[INFO] [stdout]     |
[INFO] [stdout]     = note: `#[warn(deprecated)]` on by default
[INFO] [stdout] 
[INFO] [stdout] 
[INFO] [stdout] warning: hiding a lifetime that's elided elsewhere is confusing
[INFO] [stdout]    --> src/lang/go.rs:373:24
[INFO] [stdout]     |
[INFO] [stdout] 373 |     fn call_node(tree: &Tree) -> Node {
[INFO] [stdout]     |                        ^^^^^     ^^^^ the same lifetime is hidden here
[INFO] [stdout]     |                        |
[INFO] [stdout]     |                        the lifetime is elided here
[INFO] [stdout]     |
[INFO] [stdout]     = help: the same lifetime is referred to in inconsistent ways, making the signature confusing
[INFO] [stdout]     = note: `#[warn(mismatched_lifetime_syntaxes)]` on by default
[INFO] [stdout] help: use `'_` for type paths
[INFO] [stdout]     |
[INFO] [stdout] 373 |     fn call_node(tree: &Tree) -> Node<'_> {
[INFO] [stdout]     |                                      ++++
[INFO] [stdout] 
[INFO] [stdout] 
[INFO] [stdout] warning: hiding a lifetime that's elided elsewhere is confusing
[INFO] [stdout]    --> src/lang/java.rs:405:24
[INFO] [stdout]     |
[INFO] [stdout] 405 |     fn call_node(tree: &Tree) -> Node {
[INFO] [stdout]     |                        ^^^^^     ^^^^ the same lifetime is hidden here
[INFO] [stdout]     |                        |
[INFO] [stdout]     |                        the lifetime is elided here
[INFO] [stdout]     |
[INFO] [stdout]     = help: the same lifetime is referred to in inconsistent ways, making the signature confusing
[INFO] [stdout] help: use `'_` for type paths
[INFO] [stdout]     |
[INFO] [stdout] 405 |     fn call_node(tree: &Tree) -> Node<'_> {
[INFO] [stdout]     |                                      ++++
[INFO] [stdout] 
[INFO] [stdout] 
[INFO] [stdout] warning: hiding a lifetime that's elided elsewhere is confusing
[INFO] [stdout]    --> src/lang/javascript.rs:408:24
[INFO] [stdout]     |
[INFO] [stdout] 408 |     fn call_node(tree: &Tree) -> Node {
[INFO] [stdout]     |                        ^^^^^     ^^^^ the same lifetime is hidden here
[INFO] [stdout]     |                        |
[INFO] [stdout]     |                        the lifetime is elided here
[INFO] [stdout]     |
[INFO] [stdout]     = help: the same lifetime is referred to in inconsistent ways, making the signature confusing
[INFO] [stdout] help: use `'_` for type paths
[INFO] [stdout]     |
[INFO] [stdout] 408 |     fn call_node(tree: &Tree) -> Node<'_> {
[INFO] [stdout]     |                                      ++++
[INFO] [stdout] 
[INFO] [stdout] 
[INFO] [stdout] warning: hiding a lifetime that's elided elsewhere is confusing
[INFO] [stdout]    --> src/lang/kotlin.rs:395:24
[INFO] [stdout]     |
[INFO] [stdout] 395 |     fn call_node(tree: &Tree) -> Node {
[INFO] [stdout]     |                        ^^^^^     ^^^^ the same lifetime is hidden here
[INFO] [stdout]     |                        |
[INFO] [stdout]     |                        the lifetime is elided here
[INFO] [stdout]     |
[INFO] [stdout]     = help: the same lifetime is referred to in inconsistent ways, making the signature confusing
[INFO] [stdout] help: use `'_` for type paths
[INFO] [stdout]     |
[INFO] [stdout] 395 |     fn call_node(tree: &Tree) -> Node<'_> {
[INFO] [stdout]     |                                      ++++
[INFO] [stdout] 
[INFO] [stdout] 
[INFO] [stdout] warning: hiding a lifetime that's elided elsewhere is confusing
[INFO] [stdout]    --> src/lang/php.rs:416:24
[INFO] [stdout]     |
[INFO] [stdout] 416 |     fn call_node(tree: &Tree) -> Node {
[INFO] [stdout]     |                        ^^^^^     ^^^^ the same lifetime is hidden here
[INFO] [stdout]     |                        |
[INFO] [stdout]     |                        the lifetime is elided here
[INFO] [stdout]     |
[INFO] [stdout]     = help: the same lifetime is referred to in inconsistent ways, making the signature confusing
[INFO] [stdout] help: use `'_` for type paths
[INFO] [stdout]     |
[INFO] [stdout] 416 |     fn call_node(tree: &Tree) -> Node<'_> {
[INFO] [stdout]     |                                      ++++
[INFO] [stdout] 
[INFO] [stdout] 
[INFO] [stdout] warning: hiding a lifetime that's elided elsewhere is confusing
[INFO] [stdout]    --> src/lang/python.rs:416:24
[INFO] [stdout]     |
[INFO] [stdout] 416 |     fn call_node(tree: &Tree) -> Node {
[INFO] [stdout]     |                        ^^^^^     ^^^^ the same lifetime is hidden here
[INFO] [stdout]     |                        |
[INFO] [stdout]     |                        the lifetime is elided here
[INFO] [stdout]     |
[INFO] [stdout]     = help: the same lifetime is referred to in inconsistent ways, making the signature confusing
[INFO] [stdout] help: use `'_` for type paths
[INFO] [stdout]     |
[INFO] [stdout] 416 |     fn call_node(tree: &Tree) -> Node<'_> {
[INFO] [stdout]     |                                      ++++
[INFO] [stdout] 
[INFO] [stdout] 
[INFO] [stdout] warning: hiding a lifetime that's elided elsewhere is confusing
[INFO] [stdout]    --> src/lang/ruby.rs:564:24
[INFO] [stdout]     |
[INFO] [stdout] 564 |     fn call_node(tree: &Tree) -> Node {
[INFO] [stdout]     |                        ^^^^^     ^^^^ the same lifetime is hidden here
[INFO] [stdout]     |                        |
[INFO] [stdout]     |                        the lifetime is elided here
[INFO] [stdout]     |
[INFO] [stdout]     = help: the same lifetime is referred to in inconsistent ways, making the signature confusing
[INFO] [stdout] help: use `'_` for type paths
[INFO] [stdout]     |
[INFO] [stdout] 564 |     fn call_node(tree: &Tree) -> Node<'_> {
[INFO] [stdout]     |                                      ++++
[INFO] [stdout] 
[INFO] [stdout] 
[INFO] [stdout] warning: hiding a lifetime that's elided elsewhere is confusing
[INFO] [stdout]    --> src/lang/rust.rs:423:24
[INFO] [stdout]     |
[INFO] [stdout] 423 |     fn call_node(tree: &Tree) -> Node {
[INFO] [stdout]     |                        ^^^^^     ^^^^ the same lifetime is hidden here
[INFO] [stdout]     |                        |
[INFO] [stdout]     |                        the lifetime is elided here
[INFO] [stdout]     |
[INFO] [stdout]     = help: the same lifetime is referred to in inconsistent ways, making the signature confusing
[INFO] [stdout] help: use `'_` for type paths
[INFO] [stdout]     |
[INFO] [stdout] 423 |     fn call_node(tree: &Tree) -> Node<'_> {
[INFO] [stdout]     |                                      ++++
[INFO] [stdout] 
[INFO] [stdout] 
[INFO] [stdout] warning: hiding a lifetime that's elided elsewhere is confusing
[INFO] [stdout]    --> src/lang/tsx.rs:404:24
[INFO] [stdout]     |
[INFO] [stdout] 404 |     fn call_node(tree: &Tree) -> Node {
[INFO] [stdout]     |                        ^^^^^     ^^^^ the same lifetime is hidden here
[INFO] [stdout]     |                        |
[INFO] [stdout]     |                        the lifetime is elided here
[INFO] [stdout]     |
[INFO] [stdout]     = help: the same lifetime is referred to in inconsistent ways, making the signature confusing
[INFO] [stdout] help: use `'_` for type paths
[INFO] [stdout]     |
[INFO] [stdout] 404 |     fn call_node(tree: &Tree) -> Node<'_> {
[INFO] [stdout]     |                                      ++++
[INFO] [stdout] 
[INFO] [stdout] 
[INFO] [stdout] warning: hiding a lifetime that's elided elsewhere is confusing
[INFO] [stdout]    --> src/lang/tsx.rs:410:31
[INFO] [stdout]     |
[INFO] [stdout] 410 |     fn call_deeper_node(tree: &Tree) -> Node {
[INFO] [stdout]     |                               ^^^^^     ^^^^ the same lifetime is hidden here
[INFO] [stdout]     |                               |
[INFO] [stdout]     |                               the lifetime is elided here
[INFO] [stdout]     |
[INFO] [stdout]     = help: the same lifetime is referred to in inconsistent ways, making the signature confusing
[INFO] [stdout] help: use `'_` for type paths
[INFO] [stdout]     |
[INFO] [stdout] 410 |     fn call_deeper_node(tree: &Tree) -> Node<'_> {
[INFO] [stdout]     |                                             ++++
[INFO] [stdout] 
[INFO] [stdout] 
[INFO] [stdout] warning: hiding a lifetime that's elided elsewhere is confusing
[INFO] [stdout]    --> src/lang/typescript.rs:366:24
[INFO] [stdout]     |
[INFO] [stdout] 366 |     fn call_node(tree: &Tree) -> Node {
[INFO] [stdout]     |                        ^^^^^     ^^^^ the same lifetime is hidden here
[INFO] [stdout]     |                        |
[INFO] [stdout]     |                        the lifetime is elided here
[INFO] [stdout]     |
[INFO] [stdout]     = help: the same lifetime is referred to in inconsistent ways, making the signature confusing
[INFO] [stdout] help: use `'_` for type paths
[INFO] [stdout]     |
[INFO] [stdout] 366 |     fn call_node(tree: &Tree) -> Node<'_> {
[INFO] [stdout]     |                                      ++++
[INFO] [stdout] 
[INFO] [stdout] 
[INFO] [stdout] warning: hiding a lifetime that's elided elsewhere is confusing
[INFO] [stdout]    --> src/lang/typescript.rs:372:31
[INFO] [stdout]     |
[INFO] [stdout] 372 |     fn call_deeper_node(tree: &Tree) -> Node {
[INFO] [stdout]     |                               ^^^^^     ^^^^ the same lifetime is hidden here
[INFO] [stdout]     |                               |
[INFO] [stdout]     |                               the lifetime is elided here
[INFO] [stdout]     |
[INFO] [stdout]     = help: the same lifetime is referred to in inconsistent ways, making the signature confusing
[INFO] [stdout] help: use `'_` for type paths
[INFO] [stdout]     |
[INFO] [stdout] 372 |     fn call_deeper_node(tree: &Tree) -> Node<'_> {
[INFO] [stdout]     |                                             ++++
[INFO] [stdout] 
[INFO] [stdout] 
[INFO] [stderr]     Finished `release` profile [optimized] target(s) in 23.48s
[INFO] running `Command { std: "docker" "inspect" "147e533e084fd709f7a9cd532c060ffc4610625af5f849ed67b77c7b6f131e32", kill_on_drop: false }`
[INFO] running `Command { std: "docker" "exec" "-e" "SOURCE_DIR=/opt/rustwide/workdir" "-e" "CARGO_HOME=/opt/rustwide/cargo-home" "-e" "RUSTUP_HOME=/opt/rustwide/rustup-home" "-e" "CARGO_TARGET_DIR=/opt/rustwide/target" "-e" "CARGO_INCREMENTAL=0" "-e" "RUST_BACKTRACE=full" "-e" "RUSTFLAGS=--cap-lints=warn" "-e" "RUSTDOCFLAGS=--cap-lints=warn" "-w" "/opt/rustwide/workdir" "--user" "0:0" "147e533e084fd709f7a9cd532c060ffc4610625af5f849ed67b77c7b6f131e32" "/opt/rustwide/cargo-home/bin/cargo" "+1.100.0-beta.1" "test" "--frozen" "--release", kill_on_drop: false }`
[INFO] [stderr] warning: use of deprecated method `tempfile::TempDir::into_path`: use TempDir::keep()
[INFO] [stderr]    --> src/cache.rs:210:49
[INFO] [stderr]     |
[INFO] [stderr] 210 |         let cache = FilesystemCache::new(tmpdir.into_path(), "bytes");
[INFO] [stderr]     |                                                 ^^^^^^^^^
[INFO] [stderr]     |
[INFO] [stderr]     = note: `#[warn(deprecated)]` on by default
[INFO] [stderr] 
[INFO] [stderr] warning: hiding a lifetime that's elided elsewhere is confusing
[INFO] [stderr]    --> src/lang/go.rs:373:24
[INFO] [stderr]     |
[INFO] [stderr] 373 |     fn call_node(tree: &Tree) -> Node {
[INFO] [stderr]     |                        ^^^^^     ^^^^ the same lifetime is hidden here
[INFO] [stderr]     |                        |
[INFO] [stderr]     |                        the lifetime is elided here
[INFO] [stderr]     |
[INFO] [stderr]     = help: the same lifetime is referred to in inconsistent ways, making the signature confusing
[INFO] [stderr]     = note: `#[warn(mismatched_lifetime_syntaxes)]` on by default
[INFO] [stderr] help: use `'_` for type paths
[INFO] [stderr]     |
[INFO] [stderr] 373 |     fn call_node(tree: &Tree) -> Node<'_> {
[INFO] [stderr]     |                                      ++++
[INFO] [stderr] 
[INFO] [stderr] warning: hiding a lifetime that's elided elsewhere is confusing
[INFO] [stderr]    --> src/lang/java.rs:405:24
[INFO] [stderr]     |
[INFO] [stderr] 405 |     fn call_node(tree: &Tree) -> Node {
[INFO] [stderr]     |                        ^^^^^     ^^^^ the same lifetime is hidden here
[INFO] [stderr]     |                        |
[INFO] [stderr]     |                        the lifetime is elided here
[INFO] [stderr]     |
[INFO] [stderr]     = help: the same lifetime is referred to in inconsistent ways, making the signature confusing
[INFO] [stderr] help: use `'_` for type paths
[INFO] [stderr]     |
[INFO] [stderr] 405 |     fn call_node(tree: &Tree) -> Node<'_> {
[INFO] [stderr]     |                                      ++++
[INFO] [stderr] 
[INFO] [stderr] warning: hiding a lifetime that's elided elsewhere is confusing
[INFO] [stderr]    --> src/lang/javascript.rs:408:24
[INFO] [stderr]     |
[INFO] [stderr] 408 |     fn call_node(tree: &Tree) -> Node {
[INFO] [stderr]     |                        ^^^^^     ^^^^ the same lifetime is hidden here
[INFO] [stderr]     |                        |
[INFO] [stderr]     |                        the lifetime is elided here
[INFO] [stderr]     |
[INFO] [stderr]     = help: the same lifetime is referred to in inconsistent ways, making the signature confusing
[INFO] [stderr] help: use `'_` for type paths
[INFO] [stderr]     |
[INFO] [stderr] 408 |     fn call_node(tree: &Tree) -> Node<'_> {
[INFO] [stderr]     |                                      ++++
[INFO] [stderr] 
[INFO] [stderr] warning: hiding a lifetime that's elided elsewhere is confusing
[INFO] [stderr]    --> src/lang/kotlin.rs:395:24
[INFO] [stderr]     |
[INFO] [stderr] 395 |     fn call_node(tree: &Tree) -> Node {
[INFO] [stderr]     |                        ^^^^^     ^^^^ the same lifetime is hidden here
[INFO] [stderr]     |                        |
[INFO] [stderr]     |                        the lifetime is elided here
[INFO] [stderr]     |
[INFO] [stderr]     = help: the same lifetime is referred to in inconsistent ways, making the signature confusing
[INFO] [stderr] help: use `'_` for type paths
[INFO] [stderr]     |
[INFO] [stderr] 395 |     fn call_node(tree: &Tree) -> Node<'_> {
[INFO] [stderr]     |                                      ++++
[INFO] [stderr] 
[INFO] [stderr] warning: hiding a lifetime that's elided elsewhere is confusing
[INFO] [stderr]    --> src/lang/php.rs:416:24
[INFO] [stderr]     |
[INFO] [stderr] 416 |     fn call_node(tree: &Tree) -> Node {
[INFO] [stderr]     |                        ^^^^^     ^^^^ the same lifetime is hidden here
[INFO] [stderr]     |                        |
[INFO] [stderr]     |                        the lifetime is elided here
[INFO] [stderr]     |
[INFO] [stderr]     = help: the same lifetime is referred to in inconsistent ways, making the signature confusing
[INFO] [stderr] help: use `'_` for type paths
[INFO] [stderr]     |
[INFO] [stderr] 416 |     fn call_node(tree: &Tree) -> Node<'_> {
[INFO] [stderr]     |                                      ++++
[INFO] [stderr] 
[INFO] [stderr] warning: hiding a lifetime that's elided elsewhere is confusing
[INFO] [stderr]    --> src/lang/python.rs:416:24
[INFO] [stderr]     |
[INFO] [stderr] 416 |     fn call_node(tree: &Tree) -> Node {
[INFO] [stderr]     |                        ^^^^^     ^^^^ the same lifetime is hidden here
[INFO] [stderr]     |                        |
[INFO] [stderr]     |                        the lifetime is elided here
[INFO] [stderr]     |
[INFO] [stderr]     = help: the same lifetime is referred to in inconsistent ways, making the signature confusing
[INFO] [stderr] help: use `'_` for type paths
[INFO] [stderr]     |
[INFO] [stderr] 416 |     fn call_node(tree: &Tree) -> Node<'_> {
[INFO] [stderr]     |                                      ++++
[INFO] [stderr] 
[INFO] [stderr] warning: hiding a lifetime that's elided elsewhere is confusing
[INFO] [stderr]    --> src/lang/ruby.rs:564:24
[INFO] [stderr]     |
[INFO] [stderr] 564 |     fn call_node(tree: &Tree) -> Node {
[INFO] [stderr]     |                        ^^^^^     ^^^^ the same lifetime is hidden here
[INFO] [stderr]     |                        |
[INFO] [stderr]     |                        the lifetime is elided here
[INFO] [stderr]     |
[INFO] [stderr]     = help: the same lifetime is referred to in inconsistent ways, making the signature confusing
[INFO] [stderr] help: use `'_` for type paths
[INFO] [stderr]     |
[INFO] [stderr] 564 |     fn call_node(tree: &Tree) -> Node<'_> {
[INFO] [stderr]     |                                      ++++
[INFO] [stderr] 
[INFO] [stderr] warning: hiding a lifetime that's elided elsewhere is confusing
[INFO] [stderr]    --> src/lang/rust.rs:423:24
[INFO] [stderr]     |
[INFO] [stderr] 423 |     fn call_node(tree: &Tree) -> Node {
[INFO] [stderr]     |                        ^^^^^     ^^^^ the same lifetime is hidden here
[INFO] [stderr]     |                        |
[INFO] [stderr]     |                        the lifetime is elided here
[INFO] [stderr]     |
[INFO] [stderr]     = help: the same lifetime is referred to in inconsistent ways, making the signature confusing
[INFO] [stderr] help: use `'_` for type paths
[INFO] [stderr]     |
[INFO] [stderr] 423 |     fn call_node(tree: &Tree) -> Node<'_> {
[INFO] [stderr]     |                                      ++++
[INFO] [stderr] 
[INFO] [stderr] warning: hiding a lifetime that's elided elsewhere is confusing
[INFO] [stderr]    --> src/lang/tsx.rs:404:24
[INFO] [stderr]     |
[INFO] [stderr] 404 |     fn call_node(tree: &Tree) -> Node {
[INFO] [stderr]     |                        ^^^^^     ^^^^ the same lifetime is hidden here
[INFO] [stderr]     |                        |
[INFO] [stderr]     |                        the lifetime is elided here
[INFO] [stderr]     |
[INFO] [stderr]     = help: the same lifetime is referred to in inconsistent ways, making the signature confusing
[INFO] [stderr] help: use `'_` for type paths
[INFO] [stderr]     |
[INFO] [stderr] 404 |     fn call_node(tree: &Tree) -> Node<'_> {
[INFO] [stderr]     |                                      ++++
[INFO] [stderr] 
[INFO] [stderr] warning: hiding a lifetime that's elided elsewhere is confusing
[INFO] [stderr]    --> src/lang/tsx.rs:410:31
[INFO] [stderr]     |
[INFO] [stderr] 410 |     fn call_deeper_node(tree: &Tree) -> Node {
[INFO] [stderr]     |                               ^^^^^     ^^^^ the same lifetime is hidden here
[INFO] [stderr]     |                               |
[INFO] [stderr]     |                               the lifetime is elided here
[INFO] [stderr]     |
[INFO] [stderr]     = help: the same lifetime is referred to in inconsistent ways, making the signature confusing
[INFO] [stderr] help: use `'_` for type paths
[INFO] [stderr]     |
[INFO] [stderr] 410 |     fn call_deeper_node(tree: &Tree) -> Node<'_> {
[INFO] [stderr]     |                                             ++++
[INFO] [stderr] 
[INFO] [stderr] warning: hiding a lifetime that's elided elsewhere is confusing
[INFO] [stderr]    --> src/lang/typescript.rs:366:24
[INFO] [stderr]     |
[INFO] [stderr] 366 |     fn call_node(tree: &Tree) -> Node {
[INFO] [stderr]     |                        ^^^^^     ^^^^ the same lifetime is hidden here
[INFO] [stderr]     |                        |
[INFO] [stderr]     |                        the lifetime is elided here
[INFO] [stderr]     |
[INFO] [stderr]     = help: the same lifetime is referred to in inconsistent ways, making the signature confusing
[INFO] [stderr] help: use `'_` for type paths
[INFO] [stderr]     |
[INFO] [stderr] 366 |     fn call_node(tree: &Tree) -> Node<'_> {
[INFO] [stderr]     |                                      ++++
[INFO] [stderr] 
[INFO] [stderr] warning: hiding a lifetime that's elided elsewhere is confusing
[INFO] [stderr]    --> src/lang/typescript.rs:372:31
[INFO] [stderr]     |
[INFO] [stderr] 372 |     fn call_deeper_node(tree: &Tree) -> Node {
[INFO] [stderr]     |                               ^^^^^     ^^^^ the same lifetime is hidden here
[INFO] [stderr]     |                               |
[INFO] [stderr]     |                               the lifetime is elided here
[INFO] [stderr]     |
[INFO] [stderr]     = help: the same lifetime is referred to in inconsistent ways, making the signature confusing
[INFO] [stderr] help: use `'_` for type paths
[INFO] [stderr]     |
[INFO] [stderr] 372 |     fn call_deeper_node(tree: &Tree) -> Node<'_> {
[INFO] [stderr]     |                                             ++++
[INFO] [stderr] 
[INFO] [stderr] warning: `qlty-analysis` (lib test) generated 13 warnings (run `cargo fix --lib -p qlty-analysis --tests` to apply 12 suggestions)
[INFO] [stderr]     Finished `release` profile [optimized] target(s) in 0.25s
[INFO] [stderr]      Running unittests src/lib.rs (/opt/rustwide/target/release/build/qlty-analysis/fbc3f4447a13b1d4/out/qlty_analysis-fbc3f4447a13b1d4)
[INFO] [stdout] 
[INFO] [stdout] running 133 tests
[INFO] [stdout] test cache::test::filesystem_cache ... ok
[INFO] [stdout] test code::language_detector::test::test_shebang_get_language_env ... ok
[INFO] [stdout] test code::language_detector::test::test_shebang_get_language ... ok
[INFO] [stdout] test cache::test::cache_key_not_equal ... ok
[INFO] [stdout] test code::language_detector::test::test_shebang_get_language_with_minor_version ... ok
[INFO] [stdout] test cache::test::cache_key_equal ... ok
[INFO] [stdout] test code::language_detector::test::test_shebang_hack ... ok
[INFO] [stdout] test code::language_detector::test::test_shebang_empty_cases ... ok
[INFO] [stdout] test lang::go::test::mutually_exclusive ... ok
[INFO] [stdout] test git::diff::test::test_changed_files_respects_gitignore ... FAILED
[INFO] [stdout] test lang::go::test::call_member ... ok
[INFO] [stdout] test code::language_detector::test::test_detect_get_unsupported_language ... ok
[INFO] [stdout] test lang::go::test::field_identifier_read ... ok
[INFO] [stdout] test lang::go::test::field_identifier_write ... ok
[INFO] [stdout] test code::language_detector::test::test_detect_get_language_by_shebang ... ok
[INFO] [stdout] test code::filter::test::none ... ok
[INFO] [stdout] test lang::java::test::call_function_property ... ok
[INFO] [stdout] test lang::go::test::call_identifier ... ok
[INFO] [stdout] test lang::java::test::field_identifier_collaborator ... ok
[INFO] [stdout] test lang::java::test::method_call_on_nested_object ... ok
[INFO] [stdout] test lang::java::test::field_identifier_read ... ok
[INFO] [stdout] test lang::java::test::call_with_custom_context ... ok
[INFO] [stdout] test lang::java::test::call_member ... ok
[INFO] [stdout] test lang::go::test::call_with_custom_context ... ok
[INFO] [stdout] test lang::go::test::method_call_on_nested_object ... ok
[INFO] [stdout] test lang::java::test::nested_field_access ... ok
[INFO] [stdout] test lang::go::test::nested_field_access ... ok
[INFO] [stdout] test lang::javascript::test::call_member ... ok
[INFO] [stdout] test lang::go::test::call_function_property ... ok
[INFO] [stdout] test lang::java::test::field_identifier_write ... ok
[INFO] [stdout] test lang::java::test::call_identifier ... ok
[INFO] [stdout] test lang::java::test::mutually_exclusive ... ok
[INFO] [stdout] test code::filter::test::basic ... ok
[INFO] [stdout] test code::filter::test::nested ... ok
[INFO] [stdout] test lang::php::test::field_identifier_write ... ok
[INFO] [stdout] test lang::javascript::test::field_identifier_read ... ok
[INFO] [stdout] test lang::javascript::test::field_identifier_collaborator ... ok
[INFO] [stdout] test lang::javascript::test::call_identifier ... ok
[INFO] [stdout] test lang::kotlin::test::field_identifier_write ... ok
[INFO] [stdout] test lang::javascript::test::mutually_exclusive ... ok
[INFO] [stdout] test lang::php::test::mutually_exclusive ... ok
[INFO] [stdout] test lang::php::test::this_attribute ... ok
[INFO] [stdout] test lang::php::test::call_attribute ... ok
[INFO] [stdout] test lang::php::test::field_identifier_read ... ok
[INFO] [stdout] test lang::python::test::field_identifier_collaborator ... ok
[INFO] [stdout] test lang::python::test::field_identifier_read ... ok
[INFO] [stdout] test lang::javascript::test::field_identifier_write ... ok
[INFO] [stdout] test lang::python::test::call_attribute ... ok
[INFO] [stdout] test lang::python::test::call_identifier ... ok
[INFO] [stdout] test lang::python::test::decorator ... ok
[INFO] [stdout] test lang::python::test::field_identifier_write ... ok
[INFO] [stdout] test lang::python::test::mutually_exclusive ... ok
[INFO] [stdout] test lang::kotlin::test::mutually_exclusive ... ok
[INFO] [stdout] test lang::python::test::not_decorator ... ok
[INFO] [stdout] test lang::php::test::call_identifier ... ok
[INFO] [stdout] test lang::php::test::this_field_identifier_write ... ok
[INFO] [stdout] test lang::php::test::this_field_identifier_read ... ok
[INFO] [stdout] test lang::ruby::test::call_identifier_with_send ... ok
[INFO] [stdout] test lang::kotlin::test::field_identifier_collaborator ... ok
[INFO] [stdout] test lang::kotlin::test::call_attribute ... ok
[INFO] [stdout] test lang::kotlin::test::field_identifier_read ... ok
[INFO] [stdout] test lang::kotlin::test::call_identifier ... ok
[INFO] [stdout] test lang::ruby::test::call_with_splat ... ok
[INFO] [stdout] test lang::rust::test::call_field ... ok
[INFO] [stdout] test lang::rust::test::call_identifier ... ok
[INFO] [stdout] test lang::ruby::test::field_identifier_read ... ok
[INFO] [stdout] test lang::ruby::test::field_identifier_class_variables ... ok
[INFO] [stdout] test lang::rust::test::call_scoped ... ok
[INFO] [stdout] test lang::rust::test::call_self ... ok
[INFO] [stdout] test lang::rust::test::field_identifier_collaborator ... ok
[INFO] [stdout] test lang::rust::test::field_identifier_read ... ok
[INFO] [stdout] test lang::rust::test::field_identifier_write ... ok
[INFO] [stdout] test lang::rust::test::mutually_exclusive ... ok
[INFO] [stdout] test lang::ruby::test::call_identifier ... ok
[INFO] [stdout] test lang::test::language_names ... ok
[INFO] [stdout] test lang::ruby::test::call_identifier_with_safe_navigation_operator ... ok
[INFO] [stdout] test lang::ruby::test::call_identifier_with_module ... ok
[INFO] [stdout] test lang::ruby::test::call_identifier_with_syntax_sugar ... ok
[INFO] [stdout] test lang::ruby::test::call_member ... ok
[INFO] [stdout] test lang::test::language_parser ... ok
[INFO] [stdout] test lang::tsx::test::call_anonymous_function ... ok
[INFO] [stdout] test lang::tsx::test::call_arrow_function ... ok
[INFO] [stdout] test lang::ruby::test::field_identifier_constant ... ok
[INFO] [stdout] test lang::ruby::test::field_identifier_instance_variables ... ok
[INFO] [stdout] test lang::tsx::test::call_identifier ... ok
[INFO] [stdout] test lang::ruby::test::field_identifier_collaborator ... ok
[INFO] [stdout] test lang::tsx::test::tsx_function_with_argument_test ... ok
[INFO] [stdout] test lang::tsx::test::call_returned_function ... ok
[INFO] [stdout] test lang::ruby::test::field_identifier_global_variable ... ok
[INFO] [stdout] test lang::tsx::test::call_with_custom_context ... ok
[INFO] [stdout] test lang::ruby::test::tap_method ... ok
[INFO] [stdout] test lang::tsx::test::call_function_property ... ok
[INFO] [stdout] test lang::tsx::test::call_with_optional_chaining ... ok
[INFO] [stdout] test lang::tsx::test::call_member ... ok
[INFO] [stdout] test lang::ruby::test::mutually_exclusive ... ok
[INFO] [stdout] test lang::typescript::test::call_function_property ... ok
[INFO] [stdout] test lang::tsx::test::call_function_returned_by_getter ... ok
[INFO] [stdout] test lang::ruby::test::field_identifier_write ... ok
[INFO] [stdout] test lang::tsx::test::field_identifier_collaborator ... ok
[INFO] [stdout] test lang::tsx::test::field_identifier_read ... ok
[INFO] [stdout] test lang::tsx::test::field_identifier_write ... ok
[INFO] [stdout] test utils::fs::test::test_join_path_string ... ok
[INFO] [stdout] test utils::fs::test::test_path_to_native_string ... ok
[INFO] [stdout] test utils::fs::test::test_path_to_string ... ok
[INFO] [stdout] test utils::test::test_extension_to_language ... ok
[INFO] [stdout] test utils::test::test_filename_to_language ... ok
[INFO] [stdout] test utils::test::test_unknown_file ... ok
[INFO] [stdout] test workspace_entries::all_source::test::test_all_source_includes_hidden_files ... FAILED
[INFO] [stdout] test workspace_entries::all_source::test::test_all_source_next ... FAILED
[INFO] [stdout] test lang::tsx::test::mutually_exclusive ... ok
[INFO] [stdout] test lang::typescript::test::call_anonymous_function ... ok
[INFO] [stdout] test workspace_entries::matchers::test::test_file_workspace_entry_matcher_does_not_match_directory ... ok
[INFO] [stdout] test workspace_entries::args_source::test::test_args_source_next ... FAILED
[INFO] [stdout] test workspace_entries::args_source::test::test_args_source_includes_hidden_files ... FAILED
[INFO] [stdout] test workspace_entries::matchers::test::test_file_workspace_entry_matcher_matches_file ... ok
[INFO] [stdout] test workspace_entries::matchers::test::test_glob_set_workspace_entry_matcher_does_not_match_file ... ok
[INFO] [stdout] test workspace_entries::matchers::test::test_glob_set_workspace_entry_matcher_matches_file ... ok
[INFO] [stdout] test workspace_entries::workspace_entry_finder::test::test_find_with_matchers ... FAILED
[INFO] [stdout] test workspace_entries::workspace_entry_finder::test::test_sample ... FAILED
[INFO] [stdout] test lang::tsx::test::method_call_on_nested_object ... ok
[INFO] [stdout] test workspace_entries::workspace_entry_finder::test::test_find_without_matchers ... FAILED
[INFO] [stdout] test lang::typescript::test::call_identifier ... ok
[INFO] [stdout] test lang::typescript::test::field_identifier_collaborator ... ok
[INFO] [stdout] test lang::typescript::test::call_with_custom_context ... ok
[INFO] [stdout] test lang::typescript::test::field_identifier_write ... ok
[INFO] [stdout] test lang::typescript::test::call_member ... ok
[INFO] [stdout] test lang::typescript::test::call_arrow_function ... ok
[INFO] [stdout] test lang::typescript::test::call_returned_function ... ok
[INFO] [stdout] test lang::typescript::test::call_with_optional_chaining ... ok
[INFO] [stdout] test lang::typescript::test::method_call_on_nested_object ... ok
[INFO] [stdout] test lang::typescript::test::call_function_returned_by_getter ... ok
[INFO] [stdout] test lang::typescript::test::field_identifier_read ... ok
[INFO] [stdout] test lang::typescript::test::mutually_exclusive ... ok
[INFO] [stdout] 
[INFO] [stdout] failures:
[INFO] [stdout] 
[INFO] [stdout] ---- git::diff::test::test_changed_files_respects_gitignore stdout ----
[INFO] [stdout] 
[INFO] [stdout] thread 'git::diff::test::test_changed_files_respects_gitignore' (14845) panicked at /opt/rustwide/cargo-home/registry/src/index.crates.io-1949cf8c6b5b557f/qlty-test-utilities-0.440.0/src/git.rs:127:26:
[INFO] [stdout] called `Result::unwrap()` on an `Err` value: Custom { kind: ReadOnlyFilesystem, error: PathError { path: "/opt/rustwide/workdir/./.tmpgsTgqm", err: Os { code: 30, kind: ReadOnlyFilesystem, message: "Read-only file system" } } }
[INFO] [stdout] stack backtrace:
[INFO] [stdout]    0:     0x58417ca86671 - <<std[617be2ca0a6fd877]::sys::backtrace::BacktraceLock>::print::DisplayBacktrace as core[a373ad73a504971]::fmt::Display>::fmt
[INFO] [stdout]    1:     0x58417ca9f0ca - core[a373ad73a504971]::fmt::write
[INFO] [stdout]    2:     0x58417ca8b4cc - <alloc[2e1b2a31b91974c5]::vec::Vec<u8> as core[a373ad73a504971]::io::write::Write>::write_fmt
[INFO] [stdout]    3:     0x58417ca5eaa6 - std[617be2ca0a6fd877]::panicking::default_hook::{closure#0}
[INFO] [stdout]    4:     0x58417ca7d409 - std[617be2ca0a6fd877]::panicking::default_hook
[INFO] [stdout]    5:     0x58417c3b0110 - test[aada8e7e76ba119b]::test_main_inner::{closure#0}
[INFO] [stdout]    6:     0x58417ca7d732 - std[617be2ca0a6fd877]::panicking::panic_with_hook
[INFO] [stdout]    7:     0x58417ca5eb52 - std[617be2ca0a6fd877]::panicking::panic_handler::{closure#0}
[INFO] [stdout]    8:     0x58417ca56dc9 - std[617be2ca0a6fd877]::sys::backtrace::__rust_end_short_backtrace::<std[617be2ca0a6fd877]::panicking::panic_handler::{closure#0}, !>
[INFO] [stdout]    9:     0x58417ca5f90d - __rustc[ea4f61d10b84890b]::rust_begin_unwind
[INFO] [stdout]   10:     0x58417ca9f8ac - core[a373ad73a504971]::panicking::panic_fmt
[INFO] [stdout]   11:     0x58417ca9f682 - core[a373ad73a504971]::result::unwrap_failed
[INFO] [stdout]   12:     0x58417c3ee8d2 - qlty_test_utilities[fde7d13f968e8f46]::git::build_sample_project
[INFO] [stdout]   13:     0x58417c3ee1b3 - qlty_test_utilities[fde7d13f968e8f46]::git::sample_repo
[INFO] [stdout]   14:     0x58417c2639ff - <qlty_analysis[94fb8e675c6bf10e]::git::diff::test::test_changed_files_respects_gitignore::{closure#0} as core[a373ad73a504971]::ops::function::FnOnce<()>>::call_once
[INFO] [stdout]   15:     0x58417c3a355b - test[aada8e7e76ba119b]::__rust_begin_short_backtrace::<core[a373ad73a504971]::result::Result<(), alloc[2e1b2a31b91974c5]::string::String>, fn() -> core[a373ad73a504971]::result::Result<(), alloc[2e1b2a31b91974c5]::string::String>>
[INFO] [stdout]   16:     0x58417c3b0735 - test[aada8e7e76ba119b]::run_test::{closure#0}
[INFO] [stdout]   17:     0x58417c3aa024 - std[617be2ca0a6fd877]::sys::backtrace::__rust_begin_short_backtrace::<test[aada8e7e76ba119b]::run_test::{closure#1}, ()>
[INFO] [stdout]   18:     0x58417c3b37c2 - <std[617be2ca0a6fd877]::thread::lifecycle::spawn_unchecked<test[aada8e7e76ba119b]::run_test::{closure#1}, ()>::{closure#1} as core[a373ad73a504971]::ops::function::FnOnce<()>>::call_once::{shim:vtable#0}
[INFO] [stdout]   19:     0x58417ca8563f - <std[617be2ca0a6fd877]::sys::thread::unix::Thread>::new::thread_start
[INFO] [stdout]   20:     0x762270a0adfa - <unknown>
[INFO] [stdout]   21:     0x762270a9e3d4 - clone
[INFO] [stdout]   22:                0x0 - <unknown>
[INFO] [stdout] 
[INFO] [stdout] ---- workspace_entries::all_source::test::test_all_source_includes_hidden_files stdout ----
[INFO] [stdout] 
[INFO] [stdout] thread 'workspace_entries::all_source::test::test_all_source_includes_hidden_files' (14955) panicked at /opt/rustwide/cargo-home/registry/src/index.crates.io-1949cf8c6b5b557f/qlty-test-utilities-0.440.0/src/git.rs:127:26:
[INFO] [stdout] called `Result::unwrap()` on an `Err` value: Custom { kind: ReadOnlyFilesystem, error: PathError { path: "/opt/rustwide/workdir/./.tmppX7pa4", err: Os { code: 30, kind: ReadOnlyFilesystem, message: "Read-only file system" } } }
[INFO] [stdout] stack backtrace:
[INFO] [stdout]    0:     0x58417ca86671 - <<std[617be2ca0a6fd877]::sys::backtrace::BacktraceLock>::print::DisplayBacktrace as core[a373ad73a504971]::fmt::Display>::fmt
[INFO] [stdout]    1:     0x58417ca9f0ca - core[a373ad73a504971]::fmt::write
[INFO] [stdout]    2:     0x58417ca8b4cc - <alloc[2e1b2a31b91974c5]::vec::Vec<u8> as core[a373ad73a504971]::io::write::Write>::write_fmt
[INFO] [stdout]    3:     0x58417ca5eaa6 - std[617be2ca0a6fd877]::panicking::default_hook::{closure#0}
[INFO] [stdout]    4:     0x58417ca7d409 - std[617be2ca0a6fd877]::panicking::default_hook
[INFO] [stdout]    5:     0x58417c3b0110 - test[aada8e7e76ba119b]::test_main_inner::{closure#0}
[INFO] [stdout]    6:     0x58417ca7d732 - std[617be2ca0a6fd877]::panicking::panic_with_hook
[INFO] [stdout]    7:     0x58417ca5eb52 - std[617be2ca0a6fd877]::panicking::panic_handler::{closure#0}
[INFO] [stdout]    8:     0x58417ca56dc9 - std[617be2ca0a6fd877]::sys::backtrace::__rust_end_short_backtrace::<std[617be2ca0a6fd877]::panicking::panic_handler::{closure#0}, !>
[INFO] [stdout]    9:     0x58417ca5f90d - __rustc[ea4f61d10b84890b]::rust_begin_unwind
[INFO] [stdout]   10:     0x58417ca9f8ac - core[a373ad73a504971]::panicking::panic_fmt
[INFO] [stdout]   11:     0x58417ca9f682 - core[a373ad73a504971]::result::unwrap_failed
[INFO] [stdout]   12:     0x58417c3ee8d2 - qlty_test_utilities[fde7d13f968e8f46]::git::build_sample_project
[INFO] [stdout]   13:     0x58417c28dc7f - <qlty_analysis[94fb8e675c6bf10e]::workspace_entries::all_source::test::test_all_source_includes_hidden_files::{closure#0} as core[a373ad73a504971]::ops::function::FnOnce<()>>::call_once
[INFO] [stdout]   14:     0x58417c3a355b - test[aada8e7e76ba119b]::__rust_begin_short_backtrace::<core[a373ad73a504971]::result::Result<(), alloc[2e1b2a31b91974c5]::string::String>, fn() -> core[a373ad73a504971]::result::Result<(), alloc[2e1b2a31b91974c5]::string::String>>
[INFO] [stdout]   15:     0x58417c3b0735 - test[aada8e7e76ba119b]::run_test::{closure#0}
[INFO] [stdout]   16:     0x58417c3aa024 - std[617be2ca0a6fd877]::sys::backtrace::__rust_begin_short_backtrace::<test[aada8e7e76ba119b]::run_test::{closure#1}, ()>
[INFO] [stdout]   17:     0x58417c3b37c2 - <std[617be2ca0a6fd877]::thread::lifecycle::spawn_unchecked<test[aada8e7e76ba119b]::run_test::{closure#1}, ()>::{closure#1} as core[a373ad73a504971]::ops::function::FnOnce<()>>::call_once::{shim:vtable#0}
[INFO] [stdout]   18:     0x58417ca8563f - <std[617be2ca0a6fd877]::sys::thread::unix::Thread>::new::thread_start
[INFO] [stdout]   19:     0x762270a0adfa - <unknown>
[INFO] [stdout]   20:     0x762270a9e3d4 - clone
[INFO] [stdout]   21:                0x0 - <unknown>
[INFO] [stdout] 
[INFO] [stdout] ---- workspace_entries::all_source::test::test_all_source_next stdout ----
[INFO] [stdout] 
[INFO] [stdout] thread 'workspace_entries::all_source::test::test_all_source_next' (14956) panicked at /opt/rustwide/cargo-home/registry/src/index.crates.io-1949cf8c6b5b557f/qlty-test-utilities-0.440.0/src/git.rs:127:26:
[INFO] [stdout] called `Result::unwrap()` on an `Err` value: Custom { kind: ReadOnlyFilesystem, error: PathError { path: "/opt/rustwide/workdir/./.tmp0A2dem", err: Os { code: 30, kind: ReadOnlyFilesystem, message: "Read-only file system" } } }
[INFO] [stdout] stack backtrace:
[INFO] [stdout]    0:     0x58417ca86671 - <<std[617be2ca0a6fd877]::sys::backtrace::BacktraceLock>::print::DisplayBacktrace as core[a373ad73a504971]::fmt::Display>::fmt
[INFO] [stdout]    1:     0x58417ca9f0ca - core[a373ad73a504971]::fmt::write
[INFO] [stdout]    2:     0x58417ca8b4cc - <alloc[2e1b2a31b91974c5]::vec::Vec<u8> as core[a373ad73a504971]::io::write::Write>::write_fmt
[INFO] [stdout]    3:     0x58417ca5eaa6 - std[617be2ca0a6fd877]::panicking::default_hook::{closure#0}
[INFO] [stdout]    4:     0x58417ca7d409 - std[617be2ca0a6fd877]::panicking::default_hook
[INFO] [stdout]    5:     0x58417c3b0110 - test[aada8e7e76ba119b]::test_main_inner::{closure#0}
[INFO] [stdout]    6:     0x58417ca7d732 - std[617be2ca0a6fd877]::panicking::panic_with_hook
[INFO] [stdout]    7:     0x58417ca5eb52 - std[617be2ca0a6fd877]::panicking::panic_handler::{closure#0}
[INFO] [stdout]    8:     0x58417ca56dc9 - std[617be2ca0a6fd877]::sys::backtrace::__rust_end_short_backtrace::<std[617be2ca0a6fd877]::panicking::panic_handler::{closure#0}, !>
[INFO] [stdout]    9:     0x58417ca5f90d - __rustc[ea4f61d10b84890b]::rust_begin_unwind
[INFO] [stdout]   10:     0x58417ca9f8ac - core[a373ad73a504971]::panicking::panic_fmt
[INFO] [stdout]   11:     0x58417ca9f682 - core[a373ad73a504971]::result::unwrap_failed
[INFO] [stdout]   12:     0x58417c3ee8d2 - qlty_test_utilities[fde7d13f968e8f46]::git::build_sample_project
[INFO] [stdout]   13:     0x58417c28d4e7 - <qlty_analysis[94fb8e675c6bf10e]::workspace_entries::all_source::test::test_all_source_next::{closure#0} as core[a373ad73a504971]::ops::function::FnOnce<()>>::call_once
[INFO] [stdout]   14:     0x58417c3a355b - test[aada8e7e76ba119b]::__rust_begin_short_backtrace::<core[a373ad73a504971]::result::Result<(), alloc[2e1b2a31b91974c5]::string::String>, fn() -> core[a373ad73a504971]::result::Result<(), alloc[2e1b2a31b91974c5]::string::String>>
[INFO] [stdout]   15:     0x58417c3b0735 - test[aada8e7e76ba119b]::run_test::{closure#0}
[INFO] [stdout]   16:     0x58417c3aa024 - std[617be2ca0a6fd877]::sys::backtrace::__rust_begin_short_backtrace::<test[aada8e7e76ba119b]::run_test::{closure#1}, ()>
[INFO] [stdout]   17:     0x58417c3b37c2 - <std[617be2ca0a6fd877]::thread::lifecycle::spawn_unchecked<test[aada8e7e76ba119b]::run_test::{closure#1}, ()>::{closure#1} as core[a373ad73a504971]::ops::function::FnOnce<()>>::call_once::{shim:vtable#0}
[INFO] [stdout]   18:     0x58417ca8563f - <std[617be2ca0a6fd877]::sys::thread::unix::Thread>::new::thread_start
[INFO] [stdout]   19:     0x762270a0adfa - <unknown>
[INFO] [stdout]   20:     0x762270a9e3d4 - clone
[INFO] [stdout]   21:                0x0 - <unknown>
[INFO] [stdout] 
[INFO] [stdout] ---- workspace_entries::args_source::test::test_args_source_next stdout ----
[INFO] [stdout] 
[INFO] [stdout] thread 'workspace_entries::args_source::test::test_args_source_next' (14958) panicked at /opt/rustwide/cargo-home/registry/src/index.crates.io-1949cf8c6b5b557f/qlty-test-utilities-0.440.0/src/git.rs:127:26:
[INFO] [stdout] called `Result::unwrap()` on an `Err` value: Custom { kind: ReadOnlyFilesystem, error: PathError { path: "/opt/rustwide/workdir/./.tmpzCltpC", err: Os { code: 30, kind: ReadOnlyFilesystem, message: "Read-only file system" } } }
[INFO] [stdout] stack backtrace:
[INFO] [stdout]    0:     0x58417ca86671 - <<std[617be2ca0a6fd877]::sys::backtrace::BacktraceLock>::print::DisplayBacktrace as core[a373ad73a504971]::fmt::Display>::fmt
[INFO] [stdout]    1:     0x58417ca9f0ca - core[a373ad73a504971]::fmt::write
[INFO] [stdout]    2:     0x58417ca8b4cc - <alloc[2e1b2a31b91974c5]::vec::Vec<u8> as core[a373ad73a504971]::io::write::Write>::write_fmt
[INFO] [stdout]    3:     0x58417ca5eaa6 - std[617be2ca0a6fd877]::panicking::default_hook::{closure#0}
[INFO] [stdout]    4:     0x58417ca7d409 - std[617be2ca0a6fd877]::panicking::default_hook
[INFO] [stdout]    5:     0x58417c3b0110 - test[aada8e7e76ba119b]::test_main_inner::{closure#0}
[INFO] [stdout]    6:     0x58417ca7d732 - std[617be2ca0a6fd877]::panicking::panic_with_hook
[INFO] [stdout]    7:     0x58417ca5eb52 - std[617be2ca0a6fd877]::panicking::panic_handler::{closure#0}
[INFO] [stdout]    8:     0x58417ca56dc9 - std[617be2ca0a6fd877]::sys::backtrace::__rust_end_short_backtrace::<std[617be2ca0a6fd877]::panicking::panic_handler::{closure#0}, !>
[INFO] [stdout]    9:     0x58417ca5f90d - __rustc[ea4f61d10b84890b]::rust_begin_unwind
[INFO] [stdout]   10:     0x58417ca9f8ac - core[a373ad73a504971]::panicking::panic_fmt
[INFO] [stdout]   11:     0x58417ca9f682 - core[a373ad73a504971]::result::unwrap_failed
[INFO] [stdout]   12:     0x58417c3ee8d2 - qlty_test_utilities[fde7d13f968e8f46]::git::build_sample_project
[INFO] [stdout]   13:     0x58417c2b3fe7 - <qlty_analysis[94fb8e675c6bf10e]::workspace_entries::args_source::test::test_args_source_next::{closure#0} as core[a373ad73a504971]::ops::function::FnOnce<()>>::call_once
[INFO] [stdout]   14:     0x58417c3a355b - test[aada8e7e76ba119b]::__rust_begin_short_backtrace::<core[a373ad73a504971]::result::Result<(), alloc[2e1b2a31b91974c5]::string::String>, fn() -> core[a373ad73a504971]::result::Result<(), alloc[2e1b2a31b91974c5]::string::String>>
[INFO] [stdout]   15:     0x58417c3b0735 - test[aada8e7e76ba119b]::run_test::{closure#0}
[INFO] [stdout]   16:     0x58417c3aa024 - std[617be2ca0a6fd877]::sys::backtrace::__rust_begin_short_backtrace::<test[aada8e7e76ba119b]::run_test::{closure#1}, ()>
[INFO] [stdout]   17:     0x58417c3b37c2 - <std[617be2ca0a6fd877]::thread::lifecycle::spawn_unchecked<test[aada8e7e76ba119b]::run_test::{closure#1}, ()>::{closure#1} as core[a373ad73a504971]::ops::function::FnOnce<()>>::call_once::{shim:vtable#0}
[INFO] [stdout]   18:     0x58417ca8563f - <std[617be2ca0a6fd877]::sys::thread::unix::Thread>::new::thread_start
[INFO] [stdout]   19:     0x762270a0adfa - <unknown>
[INFO] [stdout]   20:     0x762270a9e3d4 - clone
[INFO] [stdout]   21:                0x0 - <unknown>
[INFO] [stdout] 
[INFO] [stdout] ---- workspace_entries::args_source::test::test_args_source_includes_hidden_files stdout ----
[INFO] [stdout] 
[INFO] [stdout] thread 'workspace_entries::args_source::test::test_args_source_includes_hidden_files' (14957) panicked at /opt/rustwide/cargo-home/registry/src/index.crates.io-1949cf8c6b5b557f/qlty-test-utilities-0.440.0/src/git.rs:127:26:
[INFO] [stdout] called `Result::unwrap()` on an `Err` value: Custom { kind: ReadOnlyFilesystem, error: PathError { path: "/opt/rustwide/workdir/./.tmpRjfhZ8", err: Os { code: 30, kind: ReadOnlyFilesystem, message: "Read-only file system" } } }
[INFO] [stdout] stack backtrace:
[INFO] [stdout]    0:     0x58417ca86671 - <<std[617be2ca0a6fd877]::sys::backtrace::BacktraceLock>::print::DisplayBacktrace as core[a373ad73a504971]::fmt::Display>::fmt
[INFO] [stdout]    1:     0x58417ca9f0ca - core[a373ad73a504971]::fmt::write
[INFO] [stdout]    2:     0x58417ca8b4cc - <alloc[2e1b2a31b91974c5]::vec::Vec<u8> as core[a373ad73a504971]::io::write::Write>::write_fmt
[INFO] [stdout]    3:     0x58417ca5eaa6 - std[617be2ca0a6fd877]::panicking::default_hook::{closure#0}
[INFO] [stdout]    4:     0x58417ca7d409 - std[617be2ca0a6fd877]::panicking::default_hook
[INFO] [stdout]    5:     0x58417c3b0110 - test[aada8e7e76ba119b]::test_main_inner::{closure#0}
[INFO] [stdout]    6:     0x58417ca7d732 - std[617be2ca0a6fd877]::panicking::panic_with_hook
[INFO] [stdout]    7:     0x58417ca5eb52 - std[617be2ca0a6fd877]::panicking::panic_handler::{closure#0}
[INFO] [stdout]    8:     0x58417ca56dc9 - std[617be2ca0a6fd877]::sys::backtrace::__rust_end_short_backtrace::<std[617be2ca0a6fd877]::panicking::panic_handler::{closure#0}, !>
[INFO] [stdout]    9:     0x58417ca5f90d - __rustc[ea4f61d10b84890b]::rust_begin_unwind
[INFO] [stdout]   10:     0x58417ca9f8ac - core[a373ad73a504971]::panicking::panic_fmt
[INFO] [stdout]   11:     0x58417ca9f682 - core[a373ad73a504971]::result::unwrap_failed
[INFO] [stdout]   12:     0x58417c3ee8d2 - qlty_test_utilities[fde7d13f968e8f46]::git::build_sample_project
[INFO] [stdout]   13:     0x58417c2b48ef - <qlty_analysis[94fb8e675c6bf10e]::workspace_entries::args_source::test::test_args_source_includes_hidden_files::{closure#0} as core[a373ad73a504971]::ops::function::FnOnce<()>>::call_once
[INFO] [stdout]   14:     0x58417c3a355b - test[aada8e7e76ba119b]::__rust_begin_short_backtrace::<core[a373ad73a504971]::result::Result<(), alloc[2e1b2a31b91974c5]::string::String>, fn() -> core[a373ad73a504971]::result::Result<(), alloc[2e1b2a31b91974c5]::string::String>>
[INFO] [stdout]   15:     0x58417c3b0735 - test[aada8e7e76ba119b]::run_test::{closure#0}
[INFO] [stdout]   16:     0x58417c3aa024 - std[617be2ca0a6fd877]::sys::backtrace::__rust_begin_short_backtrace::<test[aada8e7e76ba119b]::run_test::{closure#1}, ()>
[INFO] [stdout]   17:     0x58417c3b37c2 - <std[617be2ca0a6fd877]::thread::lifecycle::spawn_unchecked<test[aada8e7e76ba119b]::run_test::{closure#1}, ()>::{closure#1} as core[a373ad73a504971]::ops::function::FnOnce<()>>::call_once::{shim:vtable#0}
[INFO] [stdout]   18:     0x58417ca8563f - <std[617be2ca0a6fd877]::sys::thread::unix::Thread>::new::thread_start
[INFO] [stdout]   19:     0x762270a0adfa - <unknown>
[INFO] [stdout]   20:     0x762270a9e3d4 - clone
[INFO] [stdout]   21:                0x0 - <unknown>
[INFO] [stdout] 
[INFO] [stdout] ---- workspace_entries::workspace_entry_finder::test::test_find_with_matchers stdout ----
[INFO] [stdout] 
[INFO] [stdout] thread 'workspace_entries::workspace_entry_finder::test::test_find_with_matchers' (14963) panicked at /opt/rustwide/cargo-home/registry/src/index.crates.io-1949cf8c6b5b557f/qlty-test-utilities-0.440.0/src/git.rs:127:26:
[INFO] [stdout] called `Result::unwrap()` on an `Err` value: Custom { kind: ReadOnlyFilesystem, error: PathError { path: "/opt/rustwide/workdir/./.tmpZ4wLwr", err: Os { code: 30, kind: ReadOnlyFilesystem, message: "Read-only file system" } } }
[INFO] [stdout] stack backtrace:
[INFO] [stdout]    0:     0x58417ca86671 - <<std[617be2ca0a6fd877]::sys::backtrace::BacktraceLock>::print::DisplayBacktrace as core[a373ad73a504971]::fmt::Display>::fmt
[INFO] [stdout]    1:     0x58417ca9f0ca - core[a373ad73a504971]::fmt::write
[INFO] [stdout]    2:     0x58417ca8b4cc - <alloc[2e1b2a31b91974c5]::vec::Vec<u8> as core[a373ad73a504971]::io::write::Write>::write_fmt
[INFO] [stdout]    3:     0x58417ca5eaa6 - std[617be2ca0a6fd877]::panicking::default_hook::{closure#0}
[INFO] [stdout]    4:     0x58417ca7d409 - std[617be2ca0a6fd877]::panicking::default_hook
[INFO] [stdout]    5:     0x58417c3b0110 - test[aada8e7e76ba119b]::test_main_inner::{closure#0}
[INFO] [stdout]    6:     0x58417ca7d732 - std[617be2ca0a6fd877]::panicking::panic_with_hook
[INFO] [stdout]    7:     0x58417ca5eb52 - std[617be2ca0a6fd877]::panicking::panic_handler::{closure#0}
[INFO] [stdout]    8:     0x58417ca56dc9 - std[617be2ca0a6fd877]::sys::backtrace::__rust_end_short_backtrace::<std[617be2ca0a6fd877]::panicking::panic_handler::{closure#0}, !>
[INFO] [stdout]    9:     0x58417ca5f90d - __rustc[ea4f61d10b84890b]::rust_begin_unwind
[INFO] [stdout]   10:     0x58417ca9f8ac - core[a373ad73a504971]::panicking::panic_fmt
[INFO] [stdout]   11:     0x58417ca9f682 - core[a373ad73a504971]::result::unwrap_failed
[INFO] [stdout]   12:     0x58417c3ee8d2 - qlty_test_utilities[fde7d13f968e8f46]::git::build_sample_project
[INFO] [stdout]   13:     0x58417c2a5bef - <qlty_analysis[94fb8e675c6bf10e]::workspace_entries::workspace_entry_finder::test::test_find_with_matchers::{closure#0} as core[a373ad73a504971]::ops::function::FnOnce<()>>::call_once
[INFO] [stdout]   14:     0x58417c3a355b - test[aada8e7e76ba119b]::__rust_begin_short_backtrace::<core[a373ad73a504971]::result::Result<(), alloc[2e1b2a31b91974c5]::string::String>, fn() -> core[a373ad73a504971]::result::Result<(), alloc[2e1b2a31b91974c5]::string::String>>
[INFO] [stdout]   15:     0x58417c3b0735 - test[aada8e7e76ba119b]::run_test::{closure#0}
[INFO] [stdout]   16:     0x58417c3aa024 - std[617be2ca0a6fd877]::sys::backtrace::__rust_begin_short_backtrace::<test[aada8e7e76ba119b]::run_test::{closure#1}, ()>
[INFO] [stdout]   17:     0x58417c3b37c2 - <std[617be2ca0a6fd877]::thread::lifecycle::spawn_unchecked<test[aada8e7e76ba119b]::run_test::{closure#1}, ()>::{closure#1} as core[a373ad73a504971]::ops::function::FnOnce<()>>::call_once::{shim:vtable#0}
[INFO] [stdout]   18:     0x58417ca8563f - <std[617be2ca0a6fd877]::sys::thread::unix::Thread>::new::thread_start
[INFO] [stdout]   19:     0x762270a0adfa - <unknown>
[INFO] [stdout]   20:     0x762270a9e3d4 - clone
[INFO] [stdout]   21:                0x0 - <unknown>
[INFO] [stdout] 
[INFO] [stdout] ---- workspace_entries::workspace_entry_finder::test::test_sample stdout ----
[INFO] [stdout] 
[INFO] [stdout] thread 'workspace_entries::workspace_entry_finder::test::test_sample' (14965) panicked at /opt/rustwide/cargo-home/registry/src/index.crates.io-1949cf8c6b5b557f/qlty-test-utilities-0.440.0/src/git.rs:127:26:
[INFO] [stdout] called `Result::unwrap()` on an `Err` value: Custom { kind: ReadOnlyFilesystem, error: PathError { path: "/opt/rustwide/workdir/./.tmpMSSfYP", err: Os { code: 30, kind: ReadOnlyFilesystem, message: "Read-only file system" } } }
[INFO] [stdout] stack backtrace:
[INFO] [stdout]    0:     0x58417ca86671 - <<std[617be2ca0a6fd877]::sys::backtrace::BacktraceLock>::print::DisplayBacktrace as core[a373ad73a504971]::fmt::Display>::fmt
[INFO] [stdout]    1:     0x58417ca9f0ca - core[a373ad73a504971]::fmt::write
[INFO] [stdout]    2:     0x58417ca8b4cc - <alloc[2e1b2a31b91974c5]::vec::Vec<u8> as core[a373ad73a504971]::io::write::Write>::write_fmt
[INFO] [stdout]    3:     0x58417ca5eaa6 - std[617be2ca0a6fd877]::panicking::default_hook::{closure#0}
[INFO] [stdout]    4:     0x58417ca7d409 - std[617be2ca0a6fd877]::panicking::default_hook
[INFO] [stdout]    5:     0x58417c3b0110 - test[aada8e7e76ba119b]::test_main_inner::{closure#0}
[INFO] [stdout]    6:     0x58417ca7d732 - std[617be2ca0a6fd877]::panicking::panic_with_hook
[INFO] [stdout]    7:     0x58417ca5eb52 - std[617be2ca0a6fd877]::panicking::panic_handler::{closure#0}
[INFO] [stdout]    8:     0x58417ca56dc9 - std[617be2ca0a6fd877]::sys::backtrace::__rust_end_short_backtrace::<std[617be2ca0a6fd877]::panicking::panic_handler::{closure#0}, !>
[INFO] [stdout]    9:     0x58417ca5f90d - __rustc[ea4f61d10b84890b]::rust_begin_unwind
[INFO] [stdout]   10:     0x58417ca9f8ac - core[a373ad73a504971]::panicking::panic_fmt
[INFO] [stdout]   11:     0x58417ca9f682 - core[a373ad73a504971]::result::unwrap_failed
[INFO] [stdout]   12:     0x58417c3ee8d2 - qlty_test_utilities[fde7d13f968e8f46]::git::build_sample_project
[INFO] [stdout]   13:     0x58417c2a4bef - <qlty_analysis[94fb8e675c6bf10e]::workspace_entries::workspace_entry_finder::test::test_sample::{closure#0} as core[a373ad73a504971]::ops::function::FnOnce<()>>::call_once
[INFO] [stdout]   14:     0x58417c3a355b - test[aada8e7e76ba119b]::__rust_begin_short_backtrace::<core[a373ad73a504971]::result::Result<(), alloc[2e1b2a31b91974c5]::string::String>, fn() -> core[a373ad73a504971]::result::Result<(), alloc[2e1b2a31b91974c5]::string::String>>
[INFO] [stdout]   15:     0x58417c3b0735 - test[aada8e7e76ba119b]::run_test::{closure#0}
[INFO] [stdout]   16:     0x58417c3aa024 - std[617be2ca0a6fd877]::sys::backtrace::__rust_begin_short_backtrace::<test[aada8e7e76ba119b]::run_test::{closure#1}, ()>
[INFO] [stdout]   17:     0x58417c3b37c2 - <std[617be2ca0a6fd877]::thread::lifecycle::spawn_unchecked<test[aada8e7e76ba119b]::run_test::{closure#1}, ()>::{closure#1} as core[a373ad73a504971]::ops::function::FnOnce<()>>::call_once::{shim:vtable#0}
[INFO] [stdout]   18:     0x58417ca8563f - <std[617be2ca0a6fd877]::sys::thread::unix::Thread>::new::thread_start
[INFO] [stdout]   19:     0x762270a0adfa - <unknown>
[INFO] [stdout]   20:     0x762270a9e3d4 - clone
[INFO] [stdout]   21:                0x0 - <unknown>
[INFO] [stdout] 
[INFO] [stdout] ---- workspace_entries::workspace_entry_finder::test::test_find_without_matchers stdout ----
[INFO] [stdout] 
[INFO] [stdout] thread 'workspace_entries::workspace_entry_finder::test::test_find_without_matchers' (14964) panicked at /opt/rustwide/cargo-home/registry/src/index.crates.io-1949cf8c6b5b557f/qlty-test-utilities-0.440.0/src/git.rs:127:26:
[INFO] [stdout] called `Result::unwrap()` on an `Err` value: Custom { kind: ReadOnlyFilesystem, error: PathError { path: "/opt/rustwide/workdir/./.tmpRstNwF", err: Os { code: 30, kind: ReadOnlyFilesystem, message: "Read-only file system" } } }
[INFO] [stdout] stack backtrace:
[INFO] [stdout]    0:     0x58417ca86671 - <<std[617be2ca0a6fd877]::sys::backtrace::BacktraceLock>::print::DisplayBacktrace as core[a373ad73a504971]::fmt::Display>::fmt
[INFO] [stdout]    1:     0x58417ca9f0ca - core[a373ad73a504971]::fmt::write
[INFO] [stdout]    2:     0x58417ca8b4cc - <alloc[2e1b2a31b91974c5]::vec::Vec<u8> as core[a373ad73a504971]::io::write::Write>::write_fmt
[INFO] [stdout]    3:     0x58417ca5eaa6 - std[617be2ca0a6fd877]::panicking::default_hook::{closure#0}
[INFO] [stdout]    4:     0x58417ca7d409 - std[617be2ca0a6fd877]::panicking::default_hook
[INFO] [stdout]    5:     0x58417c3b0110 - test[aada8e7e76ba119b]::test_main_inner::{closure#0}
[INFO] [stdout]    6:     0x58417ca7d732 - std[617be2ca0a6fd877]::panicking::panic_with_hook
[INFO] [stdout]    7:     0x58417ca5eb52 - std[617be2ca0a6fd877]::panicking::panic_handler::{closure#0}
[INFO] [stdout]    8:     0x58417ca56dc9 - std[617be2ca0a6fd877]::sys::backtrace::__rust_end_short_backtrace::<std[617be2ca0a6fd877]::panicking::panic_handler::{closure#0}, !>
[INFO] [stdout]    9:     0x58417ca5f90d - __rustc[ea4f61d10b84890b]::rust_begin_unwind
[INFO] [stdout]   10:     0x58417ca9f8ac - core[a373ad73a504971]::panicking::panic_fmt
[INFO] [stdout]   11:     0x58417ca9f682 - core[a373ad73a504971]::result::unwrap_failed
[INFO] [stdout]   12:     0x58417c3ee8d2 - qlty_test_utilities[fde7d13f968e8f46]::git::build_sample_project
[INFO] [stdout]   13:     0x58417c2a7752 - <qlty_analysis[94fb8e675c6bf10e]::workspace_entries::workspace_entry_finder::test::test_find_without_matchers::{closure#0} as core[a373ad73a504971]::ops::function::FnOnce<()>>::call_once
[INFO] [stdout]   14:     0x58417c3a355b - test[aada8e7e76ba119b]::__rust_begin_short_backtrace::<core[a373ad73a504971]::result::Result<(), alloc[2e1b2a31b91974c5]::string::String>, fn() -> core[a373ad73a504971]::result::Result<(), alloc[2e1b2a31b91974c5]::string::String>>
[INFO] [stdout]   15:     0x58417c3b0735 - test[aada8e7e76ba119b]::run_test::{closure#0}
[INFO] [stdout]   16:     0x58417c3aa024 - std[617be2ca0a6fd877]::sys::backtrace::__rust_begin_short_backtrace::<test[aada8e7e76ba119b]::run_test::{closure#1}, ()>
[INFO] [stdout]   17:     0x58417c3b37c2 - <std[617be2ca0a6fd877]::thread::lifecycle::spawn_unchecked<test[aada8e7e76ba119b]::run_test::{closure#1}, ()>::{closure#1} as core[a373ad73a504971]::ops::function::FnOnce<()>>::call_once::{shim:vtable#0}
[INFO] [stdout]   18:     0x58417ca8563f - <std[617be2ca0a6fd877]::sys::thread::unix::Thread>::new::thread_start
[INFO] [stdout]   19:     0x762270a0adfa - <unknown>
[INFO] [stdout]   20:     0x762270a9e3d4 - clone
[INFO] [stdout]   21:                0x0 - <unknown>
[INFO] [stdout] 
[INFO] [stdout] 
[INFO] [stdout] failures:
[INFO] [stdout]     git::diff::test::test_changed_files_respects_gitignore
[INFO] [stdout]     workspace_entries::all_source::test::test_all_source_includes_hidden_files
[INFO] [stdout]     workspace_entries::all_source::test::test_all_source_next
[INFO] [stdout]     workspace_entries::args_source::test::test_args_source_includes_hidden_files
[INFO] [stdout]     workspace_entries::args_source::test::test_args_source_next
[INFO] [stdout]     workspace_entries::workspace_entry_finder::test::test_find_with_matchers
[INFO] [stdout]     workspace_entries::workspace_entry_finder::test::test_find_without_matchers
[INFO] [stdout]     workspace_entries::workspace_entry_finder::test::test_sample
[INFO] [stdout] 
[INFO] [stdout] test result: FAILED. 125 passed; 8 failed; 0 ignored; 0 measured; 0 filtered out; finished in 2.73s
[INFO] [stdout] 
[INFO] [stderr] error: test failed, to rerun pass `--lib`
[INFO] running `Command { std: "docker" "inspect" "147e533e084fd709f7a9cd532c060ffc4610625af5f849ed67b77c7b6f131e32", kill_on_drop: false }`
[INFO] running `Command { std: "docker" "rm" "-f" "147e533e084fd709f7a9cd532c060ffc4610625af5f849ed67b77c7b6f131e32", kill_on_drop: false }`
[INFO] [stdout] 147e533e084fd709f7a9cd532c060ffc4610625af5f849ed67b77c7b6f131e32
