[INFO] fetching crate qlink 1.0.0...
[INFO] testing qlink-1.0.0 against 1.99.0-beta.8+cargoflags=--release for beta-release-1.100-2
[INFO] extracting crate qlink 1.0.0 into /workspace/builds/worker-1-tc1/source
[INFO] started tweaking crates.io crate qlink 1.0.0
[INFO] finished tweaking crates.io crate qlink 1.0.0
[INFO] tweaked toml for crates.io crate qlink 1.0.0 written to /workspace/builds/worker-1-tc1/source/Cargo.toml
[INFO] validating manifest of crates.io crate qlink 1.0.0 on toolchain 1.99.0-beta.8
[INFO] running `Command { std: CARGO_HOME="/workspace/cargo-home" RUSTUP_HOME="/workspace/rustup-home" "/workspace/cargo-home/bin/cargo" "+1.99.0-beta.8" "metadata" "--manifest-path" "Cargo.toml" "--no-deps", kill_on_drop: false }`
[INFO] crate crates.io crate qlink 1.0.0 already has a lockfile, it will not be regenerated
[INFO] running `Command { std: CARGO_HOME="/workspace/cargo-home" RUSTUP_HOME="/workspace/rustup-home" "/workspace/cargo-home/bin/cargo" "+1.99.0-beta.8" "fetch" "--manifest-path" "Cargo.toml", kill_on_drop: false }`
[INFO] [stderr]     Updating crates.io index
[INFO] [stderr]  Downloading crates ...
[INFO] [stderr]   Downloaded clap v4.5.50
[INFO] [stderr]   Downloaded tui-input v0.8.0
[INFO] [stderr]   Downloaded opener v0.6.1
[INFO] [stderr]   Downloaded clap_builder v4.5.50
[INFO] running `Command { std: "docker" "create" "-v" "/var/lib/crater-agent-workspace/builds/worker-1-tc1/source:/opt/rustwide/workdir:ro,Z" "-v" "/var/lib/crater-agent-workspace/builds/worker-1-tc1/target:/opt/rustwide/target:rw,Z" "-v" "/var/lib/crater-agent-workspace/cargo-home:/opt/rustwide/cargo-home:ro,Z" "-v" "/var/lib/crater-agent-workspace/rustup-home:/opt/rustwide/rustup-home:ro,Z" "-m" "1610612736" "--network" "none" "ghcr.io/rust-lang/crates-build-env/linux@sha256:77db811e55d90add9212f6832c23229e3de5f1c1f9905e8cb07319ea15df73ac" "sleep" "infinity", kill_on_drop: false }`
[INFO] [stdout] de2b6f77266eb298cbf21d91acc306032cdc8c8dbc305b72899eca81dafaa68f
[INFO] running `Command { std: "docker" "start" "de2b6f77266eb298cbf21d91acc306032cdc8c8dbc305b72899eca81dafaa68f", kill_on_drop: false }`
[INFO] running `Command { std: "docker" "inspect" "de2b6f77266eb298cbf21d91acc306032cdc8c8dbc305b72899eca81dafaa68f", kill_on_drop: false }`
[INFO] running `Command { std: "docker" "exec" "-e" "SOURCE_DIR=/opt/rustwide/workdir" "-e" "CARGO_HOME=/opt/rustwide/cargo-home" "-e" "RUSTUP_HOME=/opt/rustwide/rustup-home" "-e" "CARGO_TARGET_DIR=/opt/rustwide/target" "-w" "/opt/rustwide/workdir" "--user" "0:0" "de2b6f77266eb298cbf21d91acc306032cdc8c8dbc305b72899eca81dafaa68f" "/opt/rustwide/cargo-home/bin/cargo" "+1.99.0-beta.8" "metadata" "--no-deps" "--format-version=1", kill_on_drop: false }`
[INFO] running `Command { std: "docker" "inspect" "de2b6f77266eb298cbf21d91acc306032cdc8c8dbc305b72899eca81dafaa68f", kill_on_drop: false }`
[INFO] running `Command { std: "docker" "exec" "-e" "SOURCE_DIR=/opt/rustwide/workdir" "-e" "CARGO_HOME=/opt/rustwide/cargo-home" "-e" "RUSTUP_HOME=/opt/rustwide/rustup-home" "-e" "CARGO_TARGET_DIR=/opt/rustwide/target" "-e" "CARGO_INCREMENTAL=0" "-e" "RUST_BACKTRACE=full" "-e" "RUSTFLAGS=--cap-lints=warn" "-e" "RUSTDOCFLAGS=--cap-lints=warn" "-w" "/opt/rustwide/workdir" "--user" "0:0" "de2b6f77266eb298cbf21d91acc306032cdc8c8dbc305b72899eca81dafaa68f" "/opt/rustwide/cargo-home/bin/cargo" "+1.99.0-beta.8" "build" "--frozen" "--message-format=json" "--release", kill_on_drop: false }`
[INFO] [stderr]    Compiling libc v0.2.177
[INFO] [stderr]    Compiling proc-macro2 v1.0.103
[INFO] [stderr]    Compiling cfg-if v1.0.4
[INFO] [stderr]    Compiling quote v1.0.41
[INFO] [stderr]    Compiling unicode-ident v1.0.20
[INFO] [stderr]    Compiling bitflags v2.10.0
[INFO] [stderr]    Compiling autocfg v1.5.0
[INFO] [stderr]    Compiling rustversion v1.0.22
[INFO] [stderr]    Compiling parking_lot_core v0.9.12
[INFO] [stderr]    Compiling smallvec v1.15.1
[INFO] [stderr]    Compiling scopeguard v1.2.0
[INFO] [stderr]    Compiling crc32fast v1.5.0
[INFO] [stderr]    Compiling simd-adler32 v0.3.7
[INFO] [stderr]    Compiling log v0.4.28
[INFO] [stderr]    Compiling signal-hook v0.3.18
[INFO] [stderr]    Compiling adler2 v2.0.1
[INFO] [stderr]    Compiling heck v0.5.0
[INFO] [stderr]    Compiling lock_api v0.4.14
[INFO] [stderr]    Compiling rustix v1.1.2
[INFO] [stderr]    Compiling linux-raw-sys v0.11.0
[INFO] [stderr]    Compiling serde_core v1.0.228
[INFO] [stderr]    Compiling utf8parse v0.2.2
[INFO] [stderr]    Compiling either v1.15.0
[INFO] [stderr]    Compiling anstyle-query v1.1.4
[INFO] [stderr]    Compiling anstyle-parse v0.2.7
[INFO] [stderr]    Compiling paste v1.0.15
[INFO] [stderr]    Compiling miniz_oxide v0.8.9
[INFO] [stderr]    Compiling fdeflate v0.3.7
[INFO] [stderr]    Compiling ryu v1.0.20
[INFO] [stderr]    Compiling anstyle v1.0.13
[INFO] [stderr]    Compiling foldhash v0.1.5
[INFO] [stderr]    Compiling equivalent v1.0.2
[INFO] [stderr]    Compiling is_terminal_polyfill v1.70.2
[INFO] [stderr]    Compiling itoa v1.0.15
[INFO] [stderr]    Compiling unicode-width v0.1.14
[INFO] [stderr]    Compiling allocator-api2 v0.2.21
[INFO] [stderr]    Compiling memchr v2.7.6
[INFO] [stderr]    Compiling colorchoice v1.0.4
[INFO] [stderr]    Compiling itertools v0.13.0
[INFO] [stderr]    Compiling num-traits v0.2.19
[INFO] [stderr]    Compiling thiserror v1.0.69
[INFO] [stderr]    Compiling byteorder-lite v0.1.0
[INFO] [stderr]    Compiling anstream v0.6.21
[INFO] [stderr]    Compiling strsim v0.11.1
[INFO] [stderr]    Compiling clap_lex v0.7.6
[INFO] [stderr]    Compiling unicode-segmentation v1.12.0
[INFO] [stderr]    Compiling castaway v0.2.4
[INFO] [stderr]    Compiling bytemuck v1.24.0
[INFO] [stderr]    Compiling hashbrown v0.15.5
[INFO] [stderr]    Compiling option-ext v0.2.0
[INFO] [stderr]    Compiling serde v1.0.228
[INFO] [stderr]    Compiling anyhow v1.0.100
[INFO] [stderr]    Compiling syn v2.0.108
[INFO] [stderr]    Compiling regex-automata v0.4.13
[INFO] [stderr]    Compiling static_assertions v1.1.0
[INFO] [stderr]    Compiling serde_json v1.0.145
[INFO] [stderr]    Compiling x11rb-protocol v0.13.2
[INFO] [stderr]    Compiling compact_str v0.7.1
[INFO] [stderr]    Compiling flate2 v1.1.5
[INFO] [stderr]    Compiling clap_builder v4.5.50
[INFO] [stderr]    Compiling itertools v0.12.1
[INFO] [stderr]    Compiling thread_local v1.1.9
[INFO] [stderr]    Compiling cassowary v0.3.0
[INFO] [stderr]    Compiling percent-encoding v2.3.2
[INFO] [stderr]    Compiling fuzzy-matcher v0.3.7
[INFO] [stderr]    Compiling png v0.18.0
[INFO] [stderr]    Compiling pxfm v0.1.25
[INFO] [stderr]    Compiling signal-hook-registry v1.4.6
[INFO] [stderr]    Compiling mio v0.8.11
[INFO] [stderr]    Compiling parking_lot v0.12.5
[INFO] [stderr]    Compiling unicode-truncate v1.1.0
[INFO] [stderr]    Compiling lru v0.12.5
[INFO] [stderr]    Compiling dirs-sys v0.4.1
[INFO] [stderr]    Compiling dirs v5.0.1
[INFO] [stderr]    Compiling signal-hook-mio v0.2.4
[INFO] [stderr]    Compiling crossterm v0.27.0
[INFO] [stderr]    Compiling bstr v1.12.0
[INFO] [stderr]    Compiling opener v0.6.1
[INFO] [stderr]    Compiling tui-input v0.8.0
[INFO] [stderr]    Compiling moxcms v0.7.7
[INFO] [stderr]    Compiling strum_macros v0.26.4
[INFO] [stderr]    Compiling serde_derive v1.0.228
[INFO] [stderr]    Compiling thiserror-impl v1.0.69
[INFO] [stderr]    Compiling stability v0.2.1
[INFO] [stderr]    Compiling clap_derive v4.5.49
[INFO] [stderr]    Compiling gethostname v1.1.0
[INFO] [stderr]    Compiling strum v0.26.3
[INFO] [stderr]    Compiling ratatui v0.26.3
[INFO] [stderr]    Compiling x11rb v0.13.2
[INFO] [stderr]    Compiling clap v4.5.50
[INFO] [stderr]    Compiling image v0.25.8
[INFO] [stderr]    Compiling arboard v3.6.1
[INFO] [stderr]    Compiling qlink v1.0.0 (/opt/rustwide/workdir)
[INFO] [stderr]     Finished `release` profile [optimized] target(s) in 1m 22s
[INFO] running `Command { std: "docker" "inspect" "de2b6f77266eb298cbf21d91acc306032cdc8c8dbc305b72899eca81dafaa68f", kill_on_drop: false }`
[INFO] running `Command { std: "docker" "exec" "-e" "SOURCE_DIR=/opt/rustwide/workdir" "-e" "CARGO_HOME=/opt/rustwide/cargo-home" "-e" "RUSTUP_HOME=/opt/rustwide/rustup-home" "-e" "CARGO_TARGET_DIR=/opt/rustwide/target" "-e" "CARGO_INCREMENTAL=0" "-e" "RUST_BACKTRACE=full" "-e" "RUSTFLAGS=--cap-lints=warn" "-e" "RUSTDOCFLAGS=--cap-lints=warn" "-w" "/opt/rustwide/workdir" "--user" "0:0" "de2b6f77266eb298cbf21d91acc306032cdc8c8dbc305b72899eca81dafaa68f" "/opt/rustwide/cargo-home/bin/cargo" "+1.99.0-beta.8" "test" "--frozen" "--no-run" "--message-format=json" "--release", kill_on_drop: false }`
[INFO] [stderr]    Compiling yansi v1.0.1
[INFO] [stderr]    Compiling diff v0.1.13
[INFO] [stderr]    Compiling pretty_assertions v1.4.1
[INFO] [stderr]    Compiling qlink v1.0.0 (/opt/rustwide/workdir)
[INFO] [stderr]     Finished `release` profile [optimized] target(s) in 19.32s
[INFO] running `Command { std: "docker" "inspect" "de2b6f77266eb298cbf21d91acc306032cdc8c8dbc305b72899eca81dafaa68f", kill_on_drop: false }`
[INFO] running `Command { std: "docker" "exec" "-e" "SOURCE_DIR=/opt/rustwide/workdir" "-e" "CARGO_HOME=/opt/rustwide/cargo-home" "-e" "RUSTUP_HOME=/opt/rustwide/rustup-home" "-e" "CARGO_TARGET_DIR=/opt/rustwide/target" "-e" "CARGO_INCREMENTAL=0" "-e" "RUST_BACKTRACE=full" "-e" "RUSTFLAGS=--cap-lints=warn" "-e" "RUSTDOCFLAGS=--cap-lints=warn" "-w" "/opt/rustwide/workdir" "--user" "0:0" "de2b6f77266eb298cbf21d91acc306032cdc8c8dbc305b72899eca81dafaa68f" "/opt/rustwide/cargo-home/bin/cargo" "+1.99.0-beta.8" "test" "--frozen" "--release", kill_on_drop: false }`
[INFO] [stderr]     Finished `release` profile [optimized] target(s) in 0.11s
[INFO] [stderr]      Running unittests src/lib.rs (/opt/rustwide/target/release/deps/qlink-3f835c6c39221dfd)
[INFO] [stdout] 
[INFO] [stdout] running 39 tests
[INFO] [stdout] test app::tests::test_app_creation ... ok
[INFO] [stdout] test app::tests::test_build_url ... ok
[INFO] [stdout] test browser::tests::test_validate_url ... ok
[INFO] [stdout] test config::validator::tests::test_validate_duplicate_projects ... ok
[INFO] [stdout] test ui::components::input::tests::test_empty_check ... ok
[INFO] [stdout] test ui::components::list::tests::test_navigation ... ok
[INFO] [stdout] test config::types::tests::test_config_validation ... ok
[INFO] [stdout] test config::loader::tests::test_load_bundled_default ... ok
[INFO] [stdout] test ui::components::list::tests::test_case_insensitive_search ... ok
[INFO] [stdout] test ui::components::list::tests::test_list_creation ... ok
[INFO] [stdout] test ui::components::progress::tests::test_progress_clamping ... ok
[INFO] [stdout] test ui::components::progress::tests::test_progress_with_label ... ok
[INFO] [stdout] test ui::components::select::tests::test_default_value ... ok
[INFO] [stdout] test ui::components::select::tests::test_navigation ... ok
[INFO] [stdout] test ui::components::progress::tests::test_set_progress ... ok
[INFO] [stdout] test ui::components::select::tests::test_select_creation ... ok
[INFO] [stdout] test ui::components::spinner::tests::test_spinner_cycles ... ok
[INFO] [stdout] test ui::components::spinner::tests::test_loading_bar_progress ... ok
[INFO] [stdout] test ui::components::tabs::tests::test_empty_tabs ... ok
[INFO] [stdout] test app::tests::test_reset ... ok
[INFO] [stdout] test ui::styles::tests::test_theme_default ... ok
[INFO] [stdout] test url::builder::tests::test_complex_substitution ... ok
[INFO] [stdout] test config::types::tests::test_find_project ... ok
[INFO] [stdout] test ui::components::progress::tests::test_progress_bar_creation ... ok
[INFO] [stdout] test config::validator::tests::test_validate_url_template ... ok
[INFO] [stdout] test ui::components::input::tests::test_input_creation ... ok
[INFO] [stdout] test ui::components::list::tests::test_search_filter ... ok
[INFO] [stdout] test url::builder::tests::test_env_placeholder_substitution ... ok
[INFO] [stdout] test url::builder::tests::test_env_config_substitution ... ok
[INFO] [stdout] test config::loader::tests::test_merge_configs ... ok
[INFO] [stdout] test url::builder::tests::test_extract_placeholders ... ok
[INFO] [stdout] test url::builder::tests::test_simple_substitution ... ok
[INFO] [stdout] test url::builder::tests::test_unresolved_placeholder_error ... ok
[INFO] [stdout] test app::tests::test_navigation ... ok
[INFO] [stdout] test ui::components::input::tests::test_input_modification ... ok
[INFO] [stdout] test ui::components::tabs::tests::test_tabs_creation ... ok
[INFO] [stdout] test ui::components::select::tests::test_empty_selection ... ok
[INFO] [stdout] test ui::components::tabs::tests::test_tabs_navigation ... ok
[INFO] [stdout] test ui::styles::tests::test_centered_rect ... ok
[INFO] [stdout] 
[INFO] [stdout] test result: ok. 39 passed; 0 failed; 0 ignored; 0 measured; 0 filtered out; finished in 0.01s
[INFO] [stdout] 
[INFO] [stderr]      Running unittests src/main.rs (/opt/rustwide/target/release/deps/qlink-9e85caa8d045dece)
[INFO] [stdout] 
[INFO] [stderr]    Doc-tests qlink
[INFO] [stdout] running 0 tests
[INFO] [stdout] 
[INFO] [stdout] test result: ok. 0 passed; 0 failed; 0 ignored; 0 measured; 0 filtered out; finished in 0.00s
[INFO] [stdout] 
[INFO] [stdout] 
[INFO] [stdout] running 19 tests
[INFO] [stdout] test src/browser/mod.rs - browser::BrowserLauncher::open (line 26) - compile ... ok
[INFO] [stdout] test src/config/loader.rs - config::loader::ConfigLoader (line 54) - compile ... ok
[INFO] [stdout] test src/config/loader.rs - config::loader::ConfigLoader (line 35) - compile ... ok
[INFO] [stdout] test src/config/validator.rs - config::validator::ConfigValidator::validate (line 31) - compile ... ok
[INFO] [stdout] test src/config/loader.rs - config::loader::ConfigLoader (line 44) - compile ... ok
[INFO] [stdout] test src/config/loader.rs - config::loader::ConfigLoader::load_default (line 95) - compile ... ok
[INFO] [stdout] test src/url/builder.rs - url::builder::UrlBuilder (line 22) - compile ... ok
[INFO] [stdout] test src/app.rs - app::App::new (line 144) - compile ... ok
[INFO] [stdout] test src/lib.rs - (line 16) - compile ... ok
[INFO] [stdout] test src/url/builder.rs - url::builder::UrlBuilder::build (line 95) - compile ... ok
[INFO] [stdout] test src/config/loader.rs - config::loader::ConfigLoader::save_to_file (line 177) - compile ... ok
[INFO] [stdout] test src/config/loader.rs - config::loader::ConfigLoader::load_from_file (line 125) - compile ... ok
[INFO] [stdout] test src/browser/mod.rs - browser::BrowserLauncher::validate (line 54) ... FAILED
[INFO] [stdout] test src/url/builder.rs - url::builder::UrlBuilder::new (line 60) ... FAILED
[INFO] [stdout] test src/ui/components/tabs.rs - ui::components::tabs::TabsWidget::new (line 35) ... FAILED
[INFO] [stdout] test src/ui/components/progress.rs - ui::components::progress::ProgressBar::new (line 34) ... FAILED
[INFO] [stdout] test src/url/builder.rs - url::builder::UrlBuilder::extract_placeholders (line 201) ... ok
[INFO] [stdout] test src/ui/components/input.rs - ui::components::input::InputWidget::new (line 44) ... ok
[INFO] [stdout] test src/ui/components/list.rs - ui::components::list::SelectableList::new (line 41) ... ok
[INFO] [stdout] 
[INFO] [stdout] failures:
[INFO] [stdout] 
[INFO] [stdout] ---- src/browser/mod.rs - browser::BrowserLauncher::validate (line 54) stdout ----
[INFO] [stdout] Couldn't compile the test.
[INFO] [stdout] ---- src/url/builder.rs - url::builder::UrlBuilder::new (line 60) stdout ----
[INFO] [stdout] Couldn't compile the test.
[INFO] [stdout] ---- src/ui/components/tabs.rs - ui::components::tabs::TabsWidget::new (line 35) stdout ----
[INFO] [stdout] Couldn't compile the test.
[INFO] [stdout] ---- src/ui/components/progress.rs - ui::components::progress::ProgressBar::new (line 34) stdout ----
[INFO] [stdout] Couldn't compile the test.
[INFO] [stdout] 
[INFO] [stdout] failures:
[INFO] [stdout]     src/browser/mod.rs - browser::BrowserLauncher::validate (line 54)
[INFO] [stdout]     src/ui/components/progress.rs - ui::components::progress::ProgressBar::new (line 34)
[INFO] [stdout]     src/ui/components/tabs.rs - ui::components::tabs::TabsWidget::new (line 35)
[INFO] [stdout]     src/url/builder.rs - url::builder::UrlBuilder::new (line 60)
[INFO] [stdout] 
[INFO] [stdout] test result: FAILED. 15 passed; 4 failed; 0 ignored; 0 measured; 0 filtered out; finished in 18.38s
[INFO] [stdout] 
[INFO] [stderr] error: doctest failed, to rerun pass `--doc`
[INFO] running `Command { std: "docker" "inspect" "de2b6f77266eb298cbf21d91acc306032cdc8c8dbc305b72899eca81dafaa68f", kill_on_drop: false }`
[INFO] running `Command { std: "docker" "rm" "-f" "de2b6f77266eb298cbf21d91acc306032cdc8c8dbc305b72899eca81dafaa68f", kill_on_drop: false }`
[INFO] [stdout] de2b6f77266eb298cbf21d91acc306032cdc8c8dbc305b72899eca81dafaa68f
