[INFO] fetching crate qli-analyzers 0.3.0...
[INFO] testing qli-analyzers-0.3.0 against 1.99.0-beta.8+cargoflags=--release for beta-release-1.100-2
[INFO] extracting crate qli-analyzers 0.3.0 into /workspace/builds/worker-2-tc1/source
[INFO] started tweaking crates.io crate qli-analyzers 0.3.0
[INFO] removed 0 missing tests
[INFO] finished tweaking crates.io crate qli-analyzers 0.3.0
[INFO] tweaked toml for crates.io crate qli-analyzers 0.3.0 written to /workspace/builds/worker-2-tc1/source/Cargo.toml
[INFO] validating manifest of crates.io crate qli-analyzers 0.3.0 on toolchain 1.99.0-beta.8
[INFO] running `Command { std: CARGO_HOME="/workspace/cargo-home" RUSTUP_HOME="/workspace/rustup-home" "/workspace/cargo-home/bin/cargo" "+1.99.0-beta.8" "metadata" "--manifest-path" "Cargo.toml" "--no-deps", kill_on_drop: false }`
[INFO] crate crates.io crate qli-analyzers 0.3.0 already has a lockfile, it will not be regenerated
[INFO] running `Command { std: CARGO_HOME="/workspace/cargo-home" RUSTUP_HOME="/workspace/rustup-home" "/workspace/cargo-home/bin/cargo" "+1.99.0-beta.8" "fetch" "--manifest-path" "Cargo.toml", kill_on_drop: false }`
[INFO] [stderr]     Updating crates.io index
[INFO] [stderr]  Downloading crates ...
[INFO] [stderr]   Downloaded streaming-iterator v0.1.9
[INFO] [stderr]   Downloaded tree-sitter-language v0.1.7
[INFO] [stderr]   Downloaded qli-lang-typescript v0.3.0
[INFO] [stderr]   Downloaded qli-lang-csharp v0.3.0
[INFO] [stderr]   Downloaded qli-core v0.3.0
[INFO] [stderr]   Downloaded qli-lang-python v0.3.0
[INFO] [stderr]   Downloaded qli-lang v0.3.0
[INFO] [stderr]   Downloaded qli-lang-angular v0.3.0
[INFO] [stderr]   Downloaded tree-sitter-html v0.23.2
[INFO] [stderr]   Downloaded tree-sitter v0.25.10
[INFO] [stderr]   Downloaded tree-sitter-angular v0.9.2
[INFO] [stderr]   Downloaded tree-sitter-python v0.23.6
[INFO] [stderr]   Downloaded blake3 v1.8.5
[INFO] [stderr]   Downloaded tree-sitter-typescript v0.23.2
[INFO] [stderr]   Downloaded tree-sitter-c-sharp v0.23.5
[INFO] running `Command { std: "docker" "create" "-v" "/var/lib/crater-agent-workspace/builds/worker-2-tc1/source:/opt/rustwide/workdir:ro,Z" "-v" "/var/lib/crater-agent-workspace/builds/worker-2-tc1/target:/opt/rustwide/target:rw,Z" "-v" "/var/lib/crater-agent-workspace/cargo-home:/opt/rustwide/cargo-home:ro,Z" "-v" "/var/lib/crater-agent-workspace/rustup-home:/opt/rustwide/rustup-home:ro,Z" "-m" "1610612736" "--network" "none" "ghcr.io/rust-lang/crates-build-env/linux@sha256:77db811e55d90add9212f6832c23229e3de5f1c1f9905e8cb07319ea15df73ac" "sleep" "infinity", kill_on_drop: false }`
[INFO] [stdout] aef35b52578d6800ff81f144f86042e96802ac07d974c903ac422c53255b1481
[INFO] running `Command { std: "docker" "start" "aef35b52578d6800ff81f144f86042e96802ac07d974c903ac422c53255b1481", kill_on_drop: false }`
[INFO] running `Command { std: "docker" "inspect" "aef35b52578d6800ff81f144f86042e96802ac07d974c903ac422c53255b1481", kill_on_drop: false }`
[INFO] running `Command { std: "docker" "exec" "-e" "SOURCE_DIR=/opt/rustwide/workdir" "-e" "CARGO_HOME=/opt/rustwide/cargo-home" "-e" "RUSTUP_HOME=/opt/rustwide/rustup-home" "-e" "CARGO_TARGET_DIR=/opt/rustwide/target" "-w" "/opt/rustwide/workdir" "--user" "0:0" "aef35b52578d6800ff81f144f86042e96802ac07d974c903ac422c53255b1481" "/opt/rustwide/cargo-home/bin/cargo" "+1.99.0-beta.8" "metadata" "--no-deps" "--format-version=1", kill_on_drop: false }`
[INFO] running `Command { std: "docker" "inspect" "aef35b52578d6800ff81f144f86042e96802ac07d974c903ac422c53255b1481", kill_on_drop: false }`
[INFO] running `Command { std: "docker" "exec" "-e" "SOURCE_DIR=/opt/rustwide/workdir" "-e" "CARGO_HOME=/opt/rustwide/cargo-home" "-e" "RUSTUP_HOME=/opt/rustwide/rustup-home" "-e" "CARGO_TARGET_DIR=/opt/rustwide/target" "-e" "CARGO_INCREMENTAL=0" "-e" "RUST_BACKTRACE=full" "-e" "RUSTFLAGS=--cap-lints=warn" "-e" "RUSTDOCFLAGS=--cap-lints=warn" "-w" "/opt/rustwide/workdir" "--user" "0:0" "aef35b52578d6800ff81f144f86042e96802ac07d974c903ac422c53255b1481" "/opt/rustwide/cargo-home/bin/cargo" "+1.99.0-beta.8" "build" "--frozen" "--message-format=json" "--release", kill_on_drop: false }`
[INFO] [stderr]    Compiling shlex v1.3.0
[INFO] [stderr]    Compiling find-msvc-tools v0.1.9
[INFO] [stderr]    Compiling proc-macro2 v1.0.106
[INFO] [stderr]    Compiling quote v1.0.45
[INFO] [stderr]    Compiling zmij v1.0.21
[INFO] [stderr]    Compiling serde_core v1.0.228
[INFO] [stderr]    Compiling equivalent v1.0.2
[INFO] [stderr]    Compiling serde_json v1.0.149
[INFO] [stderr]    Compiling hashbrown v0.17.0
[INFO] [stderr]    Compiling itoa v1.0.18
[INFO] [stderr]    Compiling memchr v2.8.0
[INFO] [stderr]    Compiling tree-sitter-language v0.1.7
[INFO] [stderr]    Compiling serde v1.0.228
[INFO] [stderr]    Compiling regex-syntax v0.8.10
[INFO] [stderr]    Compiling constant_time_eq v0.4.2
[INFO] [stderr]    Compiling cfg-if v1.0.4
[INFO] [stderr]    Compiling arrayvec v0.7.8
[INFO] [stderr]    Compiling arrayref v0.3.9
[INFO] [stderr]    Compiling cpufeatures v0.3.0
[INFO] [stderr]    Compiling streaming-iterator v0.1.9
[INFO] [stderr]    Compiling cc v1.2.61
[INFO] [stderr]    Compiling indexmap v2.14.0
[INFO] [stderr]    Compiling aho-corasick v1.1.4
[INFO] [stderr]    Compiling syn v2.0.117
[INFO] [stderr]    Compiling blake3 v1.8.5
[INFO] [stderr]    Compiling regex-automata v0.4.14
[INFO] [stderr]    Compiling serde_derive v1.0.228
[INFO] [stderr]    Compiling tree-sitter v0.25.10
[INFO] [stderr]    Compiling regex v1.12.3
[INFO] [stderr]    Compiling qli-core v0.3.0
[INFO] [stderr]    Compiling qli-lang v0.3.0
[INFO] [stderr]    Compiling qli-analyzers v0.3.0 (/opt/rustwide/workdir)
[INFO] [stderr]     Finished `release` profile [optimized] target(s) in 30.55s
[INFO] running `Command { std: "docker" "inspect" "aef35b52578d6800ff81f144f86042e96802ac07d974c903ac422c53255b1481", kill_on_drop: false }`
[INFO] running `Command { std: "docker" "exec" "-e" "SOURCE_DIR=/opt/rustwide/workdir" "-e" "CARGO_HOME=/opt/rustwide/cargo-home" "-e" "RUSTUP_HOME=/opt/rustwide/rustup-home" "-e" "CARGO_TARGET_DIR=/opt/rustwide/target" "-e" "CARGO_INCREMENTAL=0" "-e" "RUST_BACKTRACE=full" "-e" "RUSTFLAGS=--cap-lints=warn" "-e" "RUSTDOCFLAGS=--cap-lints=warn" "-w" "/opt/rustwide/workdir" "--user" "0:0" "aef35b52578d6800ff81f144f86042e96802ac07d974c903ac422c53255b1481" "/opt/rustwide/cargo-home/bin/cargo" "+1.99.0-beta.8" "test" "--frozen" "--no-run" "--message-format=json" "--release", kill_on_drop: false }`
[INFO] [stderr]    Compiling tree-sitter-html v0.23.2
[INFO] [stderr]    Compiling tree-sitter-typescript v0.23.2
[INFO] [stderr]    Compiling tree-sitter-c-sharp v0.23.5
[INFO] [stderr]    Compiling tree-sitter-python v0.23.6
[INFO] [stderr]    Compiling tree-sitter-angular v0.9.2
[INFO] [stderr]    Compiling qli-lang-angular v0.3.0
[INFO] [stderr]    Compiling qli-lang-python v0.3.0
[INFO] [stderr]    Compiling qli-lang-csharp v0.3.0
[INFO] [stderr]    Compiling qli-lang-typescript v0.3.0
[INFO] [stderr]    Compiling qli-analyzers v0.3.0 (/opt/rustwide/workdir)
[INFO] [stderr]     Finished `release` profile [optimized] target(s) in 9.80s
[INFO] running `Command { std: "docker" "inspect" "aef35b52578d6800ff81f144f86042e96802ac07d974c903ac422c53255b1481", kill_on_drop: false }`
[INFO] running `Command { std: "docker" "exec" "-e" "SOURCE_DIR=/opt/rustwide/workdir" "-e" "CARGO_HOME=/opt/rustwide/cargo-home" "-e" "RUSTUP_HOME=/opt/rustwide/rustup-home" "-e" "CARGO_TARGET_DIR=/opt/rustwide/target" "-e" "CARGO_INCREMENTAL=0" "-e" "RUST_BACKTRACE=full" "-e" "RUSTFLAGS=--cap-lints=warn" "-e" "RUSTDOCFLAGS=--cap-lints=warn" "-w" "/opt/rustwide/workdir" "--user" "0:0" "aef35b52578d6800ff81f144f86042e96802ac07d974c903ac422c53255b1481" "/opt/rustwide/cargo-home/bin/cargo" "+1.99.0-beta.8" "test" "--frozen" "--release", kill_on_drop: false }`
[INFO] [stderr]     Finished `release` profile [optimized] target(s) in 0.07s
[INFO] [stderr]      Running unittests src/lib.rs (/opt/rustwide/target/release/deps/qli_analyzers-cd9a6ba618e511a8)
[INFO] [stdout] 
[INFO] [stdout] running 2 tests
[INFO] [stdout] test util::tests::position_within_first_line_offsets_from_the_start_column ... ok
[INFO] [stdout] test util::tests::position_within_later_line_restarts_the_column ... ok
[INFO] [stdout] 
[INFO] [stdout] test result: ok. 2 passed; 0 failed; 0 ignored; 0 measured; 0 filtered out; finished in 0.00s
[INFO] [stdout] 
[INFO] [stderr]      Running tests/analyzers.rs (/opt/rustwide/target/release/deps/analyzers-06cc4d72a483d753)
[INFO] [stdout] 
[INFO] [stdout] running 10 tests
[INFO] [stdout] test defrefs_extracts_python_defs_and_resolves_same_file ... FAILED
[INFO] [stdout] test defrefs_extracts_typescript_defs_and_resolves_same_file ... FAILED
[INFO] [stdout] test todofixme_finds_all_markers_in_typescript ... FAILED
[INFO] [stdout] test todofixme_finds_all_markers_in_python ... FAILED
[INFO] [stdout] test todofixme_finds_all_markers_in_angular_template ... FAILED
[INFO] [stdout] test todofixme_finds_all_markers_in_csharp ... FAILED
[INFO] [stdout] test defrefs_extracts_angular_template_defs_and_resolves_same_file ... FAILED
[INFO] [stdout] test todofixme_ignores_markers_outside_comments ... FAILED
[INFO] [stdout] test registry_dispatches_by_id ... ok
[INFO] [stdout] test defrefs_extracts_csharp_defs_and_resolves_same_file ... FAILED
[INFO] [stdout] 
[INFO] [stdout] failures:
[INFO] [stdout] 
[INFO] [stdout] ---- defrefs_extracts_python_defs_and_resolves_same_file stdout ----
[INFO] [stdout] 
[INFO] [stdout] thread 'defrefs_extracts_python_defs_and_resolves_same_file' (1299) panicked at tests/analyzers.rs:15:45:
[INFO] [stdout] read /opt/rustwide/workdir/../../tests/fixtures/python/sample.py: No such file or directory (os error 2)
[INFO] [stdout] stack backtrace:
[INFO] [stdout]    0:     0x56144e6ff311 - <<std[70759c8f55707aa4]::sys::backtrace::BacktraceLock>::print::DisplayBacktrace as core[df12db4294e9bfd3]::fmt::Display>::fmt
[INFO] [stdout]    1:     0x56144e714cfa - core[df12db4294e9bfd3]::fmt::write
[INFO] [stdout]    2:     0x56144e7037cc - <alloc[2182bb758b4b3781]::vec::Vec<u8> as core[df12db4294e9bfd3]::io::write::Write>::write_fmt
[INFO] [stdout]    3:     0x56144e6db456 - std[70759c8f55707aa4]::panicking::default_hook::{closure#0}
[INFO] [stdout]    4:     0x56144e6f7759 - std[70759c8f55707aa4]::panicking::default_hook
[INFO] [stdout]    5:     0x56144e58a810 - test[9d35eded1c95d3be]::test_main_inner::<test[9d35eded1c95d3be]::test_main_static::{closure#0}>::{closure#0}
[INFO] [stdout]    6:     0x56144e6f7912 - std[70759c8f55707aa4]::panicking::panic_with_hook
[INFO] [stdout]    7:     0x56144e6db502 - std[70759c8f55707aa4]::panicking::panic_handler::{closure#0}
[INFO] [stdout]    8:     0x56144e6d40f9 - std[70759c8f55707aa4]::sys::backtrace::__rust_end_short_backtrace::<std[70759c8f55707aa4]::panicking::panic_handler::{closure#0}, !>
[INFO] [stdout]    9:     0x56144e6dc0fd - __rustc[8fa7c3cbc660c2b3]::rust_begin_unwind
[INFO] [stdout]   10:     0x56144e7154dc - core[df12db4294e9bfd3]::panicking::panic_fmt
[INFO] [stdout]   11:     0x56144e552889 - analyzers[e7de12afb5c4e63e]::fixture::{closure#0}
[INFO] [stdout]   12:     0x56144e552aaf - analyzers[e7de12afb5c4e63e]::source
[INFO] [stdout]   13:     0x56144e554895 - <analyzers[e7de12afb5c4e63e]::defrefs_extracts_python_defs_and_resolves_same_file::{closure#0} as core[df12db4294e9bfd3]::ops::function::FnOnce<()>>::call_once
[INFO] [stdout]   14:     0x56144e57dafb - test[9d35eded1c95d3be]::__rust_begin_short_backtrace::<core[df12db4294e9bfd3]::result::Result<(), alloc[2182bb758b4b3781]::string::String>, fn() -> core[df12db4294e9bfd3]::result::Result<(), alloc[2182bb758b4b3781]::string::String>>
[INFO] [stdout]   15:     0x56144e58b165 - test[9d35eded1c95d3be]::run_test::{closure#0}
[INFO] [stdout]   16:     0x56144e584a24 - std[70759c8f55707aa4]::sys::backtrace::__rust_begin_short_backtrace::<test[9d35eded1c95d3be]::run_test::{closure#1}, ()>
[INFO] [stdout]   17:     0x56144e58e2c2 - <std[70759c8f55707aa4]::thread::lifecycle::spawn_unchecked<test[9d35eded1c95d3be]::run_test::{closure#1}, ()>::{closure#1} as core[df12db4294e9bfd3]::ops::function::FnOnce<()>>::call_once::{shim:vtable#0}
[INFO] [stdout]   18:     0x56144e6fe8c9 - <std[70759c8f55707aa4]::sys::thread::unix::Thread>::new::thread_start
[INFO] [stdout]   19:     0x71e7bfc50dfa - <unknown>
[INFO] [stdout]   20:     0x71e7bfce43d4 - clone
[INFO] [stdout]   21:                0x0 - <unknown>
[INFO] [stdout] 
[INFO] [stdout] ---- defrefs_extracts_typescript_defs_and_resolves_same_file stdout ----
[INFO] [stdout] 
[INFO] [stdout] thread 'defrefs_extracts_typescript_defs_and_resolves_same_file' (1300) panicked at tests/analyzers.rs:15:45:
[INFO] [stdout] read /opt/rustwide/workdir/../../tests/fixtures/typescript/sample.ts: No such file or directory (os error 2)
[INFO] [stdout] stack backtrace:
[INFO] [stdout]    0:     0x56144e6ff311 - <<std[70759c8f55707aa4]::sys::backtrace::BacktraceLock>::print::DisplayBacktrace as core[df12db4294e9bfd3]::fmt::Display>::fmt
[INFO] [stdout]    1:     0x56144e714cfa - core[df12db4294e9bfd3]::fmt::write
[INFO] [stdout]    2:     0x56144e7037cc - <alloc[2182bb758b4b3781]::vec::Vec<u8> as core[df12db4294e9bfd3]::io::write::Write>::write_fmt
[INFO] [stdout]    3:     0x56144e6db456 - std[70759c8f55707aa4]::panicking::default_hook::{closure#0}
[INFO] [stdout]    4:     0x56144e6f7759 - std[70759c8f55707aa4]::panicking::default_hook
[INFO] [stdout]    5:     0x56144e58a810 - test[9d35eded1c95d3be]::test_main_inner::<test[9d35eded1c95d3be]::test_main_static::{closure#0}>::{closure#0}
[INFO] [stdout]    6:     0x56144e6f7912 - std[70759c8f55707aa4]::panicking::panic_with_hook
[INFO] [stdout]    7:     0x56144e6db502 - std[70759c8f55707aa4]::panicking::panic_handler::{closure#0}
[INFO] [stdout]    8:     0x56144e6d40f9 - std[70759c8f55707aa4]::sys::backtrace::__rust_end_short_backtrace::<std[70759c8f55707aa4]::panicking::panic_handler::{closure#0}, !>
[INFO] [stdout]    9:     0x56144e6dc0fd - __rustc[8fa7c3cbc660c2b3]::rust_begin_unwind
[INFO] [stdout]   10:     0x56144e7154dc - core[df12db4294e9bfd3]::panicking::panic_fmt
[INFO] [stdout]   11:     0x56144e552889 - analyzers[e7de12afb5c4e63e]::fixture::{closure#0}
[INFO] [stdout]   12:     0x56144e552aaf - analyzers[e7de12afb5c4e63e]::source
[INFO] [stdout]   13:     0x56144e554e85 - <analyzers[e7de12afb5c4e63e]::defrefs_extracts_typescript_defs_and_resolves_same_file::{closure#0} as core[df12db4294e9bfd3]::ops::function::FnOnce<()>>::call_once
[INFO] [stdout]   14:     0x56144e57dafb - test[9d35eded1c95d3be]::__rust_begin_short_backtrace::<core[df12db4294e9bfd3]::result::Result<(), alloc[2182bb758b4b3781]::string::String>, fn() -> core[df12db4294e9bfd3]::result::Result<(), alloc[2182bb758b4b3781]::string::String>>
[INFO] [stdout]   15:     0x56144e58b165 - test[9d35eded1c95d3be]::run_test::{closure#0}
[INFO] [stdout]   16:     0x56144e584a24 - std[70759c8f55707aa4]::sys::backtrace::__rust_begin_short_backtrace::<test[9d35eded1c95d3be]::run_test::{closure#1}, ()>
[INFO] [stdout]   17:     0x56144e58e2c2 - <std[70759c8f55707aa4]::thread::lifecycle::spawn_unchecked<test[9d35eded1c95d3be]::run_test::{closure#1}, ()>::{closure#1} as core[df12db4294e9bfd3]::ops::function::FnOnce<()>>::call_once::{shim:vtable#0}
[INFO] [stdout]   18:     0x56144e6fe8c9 - <std[70759c8f55707aa4]::sys::thread::unix::Thread>::new::thread_start
[INFO] [stdout]   19:     0x71e7bfc50dfa - <unknown>
[INFO] [stdout]   20:     0x71e7bfce43d4 - clone
[INFO] [stdout]   21:                0x0 - <unknown>
[INFO] [stdout] 
[INFO] [stdout] ---- todofixme_finds_all_markers_in_typescript stdout ----
[INFO] [stdout] 
[INFO] [stdout] thread 'todofixme_finds_all_markers_in_typescript' (1305) panicked at tests/analyzers.rs:15:45:
[INFO] [stdout] read /opt/rustwide/workdir/../../tests/fixtures/typescript/sample.ts: No such file or directory (os error 2)
[INFO] [stdout] stack backtrace:
[INFO] [stdout]    0:     0x56144e6ff311 - <<std[70759c8f55707aa4]::sys::backtrace::BacktraceLock>::print::DisplayBacktrace as core[df12db4294e9bfd3]::fmt::Display>::fmt
[INFO] [stdout]    1:     0x56144e714cfa - core[df12db4294e9bfd3]::fmt::write
[INFO] [stdout]    2:     0x56144e7037cc - <alloc[2182bb758b4b3781]::vec::Vec<u8> as core[df12db4294e9bfd3]::io::write::Write>::write_fmt
[INFO] [stdout]    3:     0x56144e6db456 - std[70759c8f55707aa4]::panicking::default_hook::{closure#0}
[INFO] [stdout]    4:     0x56144e6f7759 - std[70759c8f55707aa4]::panicking::default_hook
[INFO] [stdout]    5:     0x56144e58a810 - test[9d35eded1c95d3be]::test_main_inner::<test[9d35eded1c95d3be]::test_main_static::{closure#0}>::{closure#0}
[INFO] [stdout]    6:     0x56144e6f7912 - std[70759c8f55707aa4]::panicking::panic_with_hook
[INFO] [stdout]    7:     0x56144e6db502 - std[70759c8f55707aa4]::panicking::panic_handler::{closure#0}
[INFO] [stdout]    8:     0x56144e6d40f9 - std[70759c8f55707aa4]::sys::backtrace::__rust_end_short_backtrace::<std[70759c8f55707aa4]::panicking::panic_handler::{closure#0}, !>
[INFO] [stdout]    9:     0x56144e6dc0fd - __rustc[8fa7c3cbc660c2b3]::rust_begin_unwind
[INFO] [stdout]   10:     0x56144e7154dc - core[df12db4294e9bfd3]::panicking::panic_fmt
[INFO] [stdout]   11:     0x56144e552889 - analyzers[e7de12afb5c4e63e]::fixture::{closure#0}
[INFO] [stdout]   12:     0x56144e552aaf - analyzers[e7de12afb5c4e63e]::source
[INFO] [stdout]   13:     0x56144e5536f0 - <analyzers[e7de12afb5c4e63e]::todofixme_finds_all_markers_in_typescript::{closure#0} as core[df12db4294e9bfd3]::ops::function::FnOnce<()>>::call_once
[INFO] [stdout]   14:     0x56144e57dafb - test[9d35eded1c95d3be]::__rust_begin_short_backtrace::<core[df12db4294e9bfd3]::result::Result<(), alloc[2182bb758b4b3781]::string::String>, fn() -> core[df12db4294e9bfd3]::result::Result<(), alloc[2182bb758b4b3781]::string::String>>
[INFO] [stdout]   15:     0x56144e58b165 - test[9d35eded1c95d3be]::run_test::{closure#0}
[INFO] [stdout]   16:     0x56144e584a24 - std[70759c8f55707aa4]::sys::backtrace::__rust_begin_short_backtrace::<test[9d35eded1c95d3be]::run_test::{closure#1}, ()>
[INFO] [stdout]   17:     0x56144e58e2c2 - <std[70759c8f55707aa4]::thread::lifecycle::spawn_unchecked<test[9d35eded1c95d3be]::run_test::{closure#1}, ()>::{closure#1} as core[df12db4294e9bfd3]::ops::function::FnOnce<()>>::call_once::{shim:vtable#0}
[INFO] [stdout]   18:     0x56144e6fe8c9 - <std[70759c8f55707aa4]::sys::thread::unix::Thread>::new::thread_start
[INFO] [stdout]   19:     0x71e7bfc50dfa - <unknown>
[INFO] [stdout]   20:     0x71e7bfce43d4 - clone
[INFO] [stdout]   21:                0x0 - <unknown>
[INFO] [stdout] 
[INFO] [stdout] ---- todofixme_finds_all_markers_in_python stdout ----
[INFO] [stdout] 
[INFO] [stdout] thread 'todofixme_finds_all_markers_in_python' (1304) panicked at tests/analyzers.rs:15:45:
[INFO] [stdout] read /opt/rustwide/workdir/../../tests/fixtures/python/sample.py: No such file or directory (os error 2)
[INFO] [stdout] stack backtrace:
[INFO] [stdout]    0:     0x56144e6ff311 - <<std[70759c8f55707aa4]::sys::backtrace::BacktraceLock>::print::DisplayBacktrace as core[df12db4294e9bfd3]::fmt::Display>::fmt
[INFO] [stdout]    1:     0x56144e714cfa - core[df12db4294e9bfd3]::fmt::write
[INFO] [stdout]    2:     0x56144e7037cc - <alloc[2182bb758b4b3781]::vec::Vec<u8> as core[df12db4294e9bfd3]::io::write::Write>::write_fmt
[INFO] [stdout]    3:     0x56144e6db456 - std[70759c8f55707aa4]::panicking::default_hook::{closure#0}
[INFO] [stdout]    4:     0x56144e6f7759 - std[70759c8f55707aa4]::panicking::default_hook
[INFO] [stdout]    5:     0x56144e58a810 - test[9d35eded1c95d3be]::test_main_inner::<test[9d35eded1c95d3be]::test_main_static::{closure#0}>::{closure#0}
[INFO] [stdout]    6:     0x56144e6f7912 - std[70759c8f55707aa4]::panicking::panic_with_hook
[INFO] [stdout]    7:     0x56144e6db502 - std[70759c8f55707aa4]::panicking::panic_handler::{closure#0}
[INFO] [stdout]    8:     0x56144e6d40f9 - std[70759c8f55707aa4]::sys::backtrace::__rust_end_short_backtrace::<std[70759c8f55707aa4]::panicking::panic_handler::{closure#0}, !>
[INFO] [stdout]    9:     0x56144e6dc0fd - __rustc[8fa7c3cbc660c2b3]::rust_begin_unwind
[INFO] [stdout]   10:     0x56144e7154dc - core[df12db4294e9bfd3]::panicking::panic_fmt
[INFO] [stdout]   11:     0x56144e552889 - analyzers[e7de12afb5c4e63e]::fixture::{closure#0}
[INFO] [stdout]   12:     0x56144e552aaf - analyzers[e7de12afb5c4e63e]::source
[INFO] [stdout]   13:     0x56144e5532a0 - <analyzers[e7de12afb5c4e63e]::todofixme_finds_all_markers_in_python::{closure#0} as core[df12db4294e9bfd3]::ops::function::FnOnce<()>>::call_once
[INFO] [stdout]   14:     0x56144e57dafb - test[9d35eded1c95d3be]::__rust_begin_short_backtrace::<core[df12db4294e9bfd3]::result::Result<(), alloc[2182bb758b4b3781]::string::String>, fn() -> core[df12db4294e9bfd3]::result::Result<(), alloc[2182bb758b4b3781]::string::String>>
[INFO] [stdout]   15:     0x56144e58b165 - test[9d35eded1c95d3be]::run_test::{closure#0}
[INFO] [stdout]   16:     0x56144e584a24 - std[70759c8f55707aa4]::sys::backtrace::__rust_begin_short_backtrace::<test[9d35eded1c95d3be]::run_test::{closure#1}, ()>
[INFO] [stdout]   17:     0x56144e58e2c2 - <std[70759c8f55707aa4]::thread::lifecycle::spawn_unchecked<test[9d35eded1c95d3be]::run_test::{closure#1}, ()>::{closure#1} as core[df12db4294e9bfd3]::ops::function::FnOnce<()>>::call_once::{shim:vtable#0}
[INFO] [stdout]   18:     0x56144e6fe8c9 - <std[70759c8f55707aa4]::sys::thread::unix::Thread>::new::thread_start
[INFO] [stdout]   19:     0x71e7bfc50dfa - <unknown>
[INFO] [stdout]   20:     0x71e7bfce43d4 - clone
[INFO] [stdout]   21:                0x0 - <unknown>
[INFO] [stdout] 
[INFO] [stdout] ---- todofixme_finds_all_markers_in_angular_template stdout ----
[INFO] [stdout] 
[INFO] [stdout] thread 'todofixme_finds_all_markers_in_angular_template' (1302) panicked at tests/analyzers.rs:15:45:
[INFO] [stdout] read /opt/rustwide/workdir/../../tests/fixtures/angular/src/app/sample.component.html: No such file or directory (os error 2)
[INFO] [stdout] stack backtrace:
[INFO] [stdout]    0:     0x56144e6ff311 - <<std[70759c8f55707aa4]::sys::backtrace::BacktraceLock>::print::DisplayBacktrace as core[df12db4294e9bfd3]::fmt::Display>::fmt
[INFO] [stdout]    1:     0x56144e714cfa - core[df12db4294e9bfd3]::fmt::write
[INFO] [stdout]    2:     0x56144e7037cc - <alloc[2182bb758b4b3781]::vec::Vec<u8> as core[df12db4294e9bfd3]::io::write::Write>::write_fmt
[INFO] [stdout]    3:     0x56144e6db456 - std[70759c8f55707aa4]::panicking::default_hook::{closure#0}
[INFO] [stdout]    4:     0x56144e6f7759 - std[70759c8f55707aa4]::panicking::default_hook
[INFO] [stdout]    5:     0x56144e58a810 - test[9d35eded1c95d3be]::test_main_inner::<test[9d35eded1c95d3be]::test_main_static::{closure#0}>::{closure#0}
[INFO] [stdout]    6:     0x56144e6f7912 - std[70759c8f55707aa4]::panicking::panic_with_hook
[INFO] [stdout]    7:     0x56144e6db502 - std[70759c8f55707aa4]::panicking::panic_handler::{closure#0}
[INFO] [stdout]    8:     0x56144e6d40f9 - std[70759c8f55707aa4]::sys::backtrace::__rust_end_short_backtrace::<std[70759c8f55707aa4]::panicking::panic_handler::{closure#0}, !>
[INFO] [stdout]    9:     0x56144e6dc0fd - __rustc[8fa7c3cbc660c2b3]::rust_begin_unwind
[INFO] [stdout]   10:     0x56144e7154dc - core[df12db4294e9bfd3]::panicking::panic_fmt
[INFO] [stdout]   11:     0x56144e552889 - analyzers[e7de12afb5c4e63e]::fixture::{closure#0}
[INFO] [stdout]   12:     0x56144e552aaf - analyzers[e7de12afb5c4e63e]::source
[INFO] [stdout]   13:     0x56144e553d40 - <analyzers[e7de12afb5c4e63e]::todofixme_finds_all_markers_in_angular_template::{closure#0} as core[df12db4294e9bfd3]::ops::function::FnOnce<()>>::call_once
[INFO] [stdout]   14:     0x56144e57dafb - test[9d35eded1c95d3be]::__rust_begin_short_backtrace::<core[df12db4294e9bfd3]::result::Result<(), alloc[2182bb758b4b3781]::string::String>, fn() -> core[df12db4294e9bfd3]::result::Result<(), alloc[2182bb758b4b3781]::string::String>>
[INFO] [stdout]   15:     0x56144e58b165 - test[9d35eded1c95d3be]::run_test::{closure#0}
[INFO] [stdout]   16:     0x56144e584a24 - std[70759c8f55707aa4]::sys::backtrace::__rust_begin_short_backtrace::<test[9d35eded1c95d3be]::run_test::{closure#1}, ()>
[INFO] [stdout]   17:     0x56144e58e2c2 - <std[70759c8f55707aa4]::thread::lifecycle::spawn_unchecked<test[9d35eded1c95d3be]::run_test::{closure#1}, ()>::{closure#1} as core[df12db4294e9bfd3]::ops::function::FnOnce<()>>::call_once::{shim:vtable#0}
[INFO] [stdout]   18:     0x56144e6fe8c9 - <std[70759c8f55707aa4]::sys::thread::unix::Thread>::new::thread_start
[INFO] [stdout]   19:     0x71e7bfc50dfa - <unknown>
[INFO] [stdout]   20:     0x71e7bfce43d4 - clone
[INFO] [stdout]   21:                0x0 - <unknown>
[INFO] [stdout] 
[INFO] [stdout] ---- todofixme_finds_all_markers_in_csharp stdout ----
[INFO] [stdout] 
[INFO] [stdout] thread 'todofixme_finds_all_markers_in_csharp' (1303) panicked at tests/analyzers.rs:15:45:
[INFO] [stdout] read /opt/rustwide/workdir/../../tests/fixtures/csharp/sample.cs: No such file or directory (os error 2)
[INFO] [stdout] stack backtrace:
[INFO] [stdout]    0:     0x56144e6ff311 - <<std[70759c8f55707aa4]::sys::backtrace::BacktraceLock>::print::DisplayBacktrace as core[df12db4294e9bfd3]::fmt::Display>::fmt
[INFO] [stdout]    1:     0x56144e714cfa - core[df12db4294e9bfd3]::fmt::write
[INFO] [stdout]    2:     0x56144e7037cc - <alloc[2182bb758b4b3781]::vec::Vec<u8> as core[df12db4294e9bfd3]::io::write::Write>::write_fmt
[INFO] [stdout]    3:     0x56144e6db456 - std[70759c8f55707aa4]::panicking::default_hook::{closure#0}
[INFO] [stdout]    4:     0x56144e6f7759 - std[70759c8f55707aa4]::panicking::default_hook
[INFO] [stdout]    5:     0x56144e58a810 - test[9d35eded1c95d3be]::test_main_inner::<test[9d35eded1c95d3be]::test_main_static::{closure#0}>::{closure#0}
[INFO] [stdout]    6:     0x56144e6f7912 - std[70759c8f55707aa4]::panicking::panic_with_hook
[INFO] [stdout]    7:     0x56144e6db502 - std[70759c8f55707aa4]::panicking::panic_handler::{closure#0}
[INFO] [stdout]    8:     0x56144e6d40f9 - std[70759c8f55707aa4]::sys::backtrace::__rust_end_short_backtrace::<std[70759c8f55707aa4]::panicking::panic_handler::{closure#0}, !>
[INFO] [stdout]    9:     0x56144e6dc0fd - __rustc[8fa7c3cbc660c2b3]::rust_begin_unwind
[INFO] [stdout]   10:     0x56144e7154dc - core[df12db4294e9bfd3]::panicking::panic_fmt
[INFO] [stdout]   11:     0x56144e552889 - analyzers[e7de12afb5c4e63e]::fixture::{closure#0}
[INFO] [stdout]   12:     0x56144e552aaf - analyzers[e7de12afb5c4e63e]::source
[INFO] [stdout]   13:     0x56144e552ea0 - <analyzers[e7de12afb5c4e63e]::todofixme_finds_all_markers_in_csharp::{closure#0} as core[df12db4294e9bfd3]::ops::function::FnOnce<()>>::call_once
[INFO] [stdout]   14:     0x56144e57dafb - test[9d35eded1c95d3be]::__rust_begin_short_backtrace::<core[df12db4294e9bfd3]::result::Result<(), alloc[2182bb758b4b3781]::string::String>, fn() -> core[df12db4294e9bfd3]::result::Result<(), alloc[2182bb758b4b3781]::string::String>>
[INFO] [stdout]   15:     0x56144e58b165 - test[9d35eded1c95d3be]::run_test::{closure#0}
[INFO] [stdout]   16:     0x56144e584a24 - std[70759c8f55707aa4]::sys::backtrace::__rust_begin_short_backtrace::<test[9d35eded1c95d3be]::run_test::{closure#1}, ()>
[INFO] [stdout]   17:     0x56144e58e2c2 - <std[70759c8f55707aa4]::thread::lifecycle::spawn_unchecked<test[9d35eded1c95d3be]::run_test::{closure#1}, ()>::{closure#1} as core[df12db4294e9bfd3]::ops::function::FnOnce<()>>::call_once::{shim:vtable#0}
[INFO] [stdout]   18:     0x56144e6fe8c9 - <std[70759c8f55707aa4]::sys::thread::unix::Thread>::new::thread_start
[INFO] [stdout]   19:     0x71e7bfc50dfa - <unknown>
[INFO] [stdout]   20:     0x71e7bfce43d4 - clone
[INFO] [stdout]   21:                0x0 - <unknown>
[INFO] [stdout] 
[INFO] [stdout] ---- defrefs_extracts_angular_template_defs_and_resolves_same_file stdout ----
[INFO] [stdout] 
[INFO] [stdout] thread 'defrefs_extracts_angular_template_defs_and_resolves_same_file' (1297) panicked at tests/analyzers.rs:15:45:
[INFO] [stdout] read /opt/rustwide/workdir/../../tests/fixtures/angular/src/app/sample.component.html: No such file or directory (os error 2)
[INFO] [stdout] stack backtrace:
[INFO] [stdout]    0:     0x56144e6ff311 - <<std[70759c8f55707aa4]::sys::backtrace::BacktraceLock>::print::DisplayBacktrace as core[df12db4294e9bfd3]::fmt::Display>::fmt
[INFO] [stdout]    1:     0x56144e714cfa - core[df12db4294e9bfd3]::fmt::write
[INFO] [stdout]    2:     0x56144e7037cc - <alloc[2182bb758b4b3781]::vec::Vec<u8> as core[df12db4294e9bfd3]::io::write::Write>::write_fmt
[INFO] [stdout]    3:     0x56144e6db456 - std[70759c8f55707aa4]::panicking::default_hook::{closure#0}
[INFO] [stdout]    4:     0x56144e6f7759 - std[70759c8f55707aa4]::panicking::default_hook
[INFO] [stdout]    5:     0x56144e58a810 - test[9d35eded1c95d3be]::test_main_inner::<test[9d35eded1c95d3be]::test_main_static::{closure#0}>::{closure#0}
[INFO] [stdout]    6:     0x56144e6f7912 - std[70759c8f55707aa4]::panicking::panic_with_hook
[INFO] [stdout]    7:     0x56144e6db502 - std[70759c8f55707aa4]::panicking::panic_handler::{closure#0}
[INFO] [stdout]    8:     0x56144e6d40f9 - std[70759c8f55707aa4]::sys::backtrace::__rust_end_short_backtrace::<std[70759c8f55707aa4]::panicking::panic_handler::{closure#0}, !>
[INFO] [stdout]    9:     0x56144e6dc0fd - __rustc[8fa7c3cbc660c2b3]::rust_begin_unwind
[INFO] [stdout]   10:     0x56144e7154dc - core[df12db4294e9bfd3]::panicking::panic_fmt
[INFO] [stdout]   11:     0x56144e552889 - analyzers[e7de12afb5c4e63e]::fixture::{closure#0}
[INFO] [stdout]   12:     0x56144e552aaf - analyzers[e7de12afb5c4e63e]::source
[INFO] [stdout]   13:     0x56144e5553f7 - <analyzers[e7de12afb5c4e63e]::defrefs_extracts_angular_template_defs_and_resolves_same_file::{closure#0} as core[df12db4294e9bfd3]::ops::function::FnOnce<()>>::call_once
[INFO] [stdout]   14:     0x56144e57dafb - test[9d35eded1c95d3be]::__rust_begin_short_backtrace::<core[df12db4294e9bfd3]::result::Result<(), alloc[2182bb758b4b3781]::string::String>, fn() -> core[df12db4294e9bfd3]::result::Result<(), alloc[2182bb758b4b3781]::string::String>>
[INFO] [stdout]   15:     0x56144e58b165 - test[9d35eded1c95d3be]::run_test::{closure#0}
[INFO] [stdout]   16:     0x56144e584a24 - std[70759c8f55707aa4]::sys::backtrace::__rust_begin_short_backtrace::<test[9d35eded1c95d3be]::run_test::{closure#1}, ()>
[INFO] [stdout]   17:     0x56144e58e2c2 - <std[70759c8f55707aa4]::thread::lifecycle::spawn_unchecked<test[9d35eded1c95d3be]::run_test::{closure#1}, ()>::{closure#1} as core[df12db4294e9bfd3]::ops::function::FnOnce<()>>::call_once::{shim:vtable#0}
[INFO] [stdout]   18:     0x56144e6fe8c9 - <std[70759c8f55707aa4]::sys::thread::unix::Thread>::new::thread_start
[INFO] [stdout]   19:     0x71e7bfc50dfa - <unknown>
[INFO] [stdout]   20:     0x71e7bfce43d4 - clone
[INFO] [stdout]   21:                0x0 - <unknown>
[INFO] [stdout] 
[INFO] [stdout] ---- todofixme_ignores_markers_outside_comments stdout ----
[INFO] [stdout] 
[INFO] [stdout] thread 'todofixme_ignores_markers_outside_comments' (1306) panicked at tests/analyzers.rs:15:45:
[INFO] [stdout] read /opt/rustwide/workdir/../../tests/fixtures/python/sample.py: No such file or directory (os error 2)
[INFO] [stdout] stack backtrace:
[INFO] [stdout]    0:     0x56144e6ff311 - <<std[70759c8f55707aa4]::sys::backtrace::BacktraceLock>::print::DisplayBacktrace as core[df12db4294e9bfd3]::fmt::Display>::fmt
[INFO] [stdout]    1:     0x56144e714cfa - core[df12db4294e9bfd3]::fmt::write
[INFO] [stdout]    2:     0x56144e7037cc - <alloc[2182bb758b4b3781]::vec::Vec<u8> as core[df12db4294e9bfd3]::io::write::Write>::write_fmt
[INFO] [stdout]    3:     0x56144e6db456 - std[70759c8f55707aa4]::panicking::default_hook::{closure#0}
[INFO] [stdout]    4:     0x56144e6f7759 - std[70759c8f55707aa4]::panicking::default_hook
[INFO] [stdout]    5:     0x56144e58a810 - test[9d35eded1c95d3be]::test_main_inner::<test[9d35eded1c95d3be]::test_main_static::{closure#0}>::{closure#0}
[INFO] [stdout]    6:     0x56144e6f7912 - std[70759c8f55707aa4]::panicking::panic_with_hook
[INFO] [stdout]    7:     0x56144e6db502 - std[70759c8f55707aa4]::panicking::panic_handler::{closure#0}
[INFO] [stdout]    8:     0x56144e6d40f9 - std[70759c8f55707aa4]::sys::backtrace::__rust_end_short_backtrace::<std[70759c8f55707aa4]::panicking::panic_handler::{closure#0}, !>
[INFO] [stdout]    9:     0x56144e6dc0fd - __rustc[8fa7c3cbc660c2b3]::rust_begin_unwind
[INFO] [stdout]   10:     0x56144e7154dc - core[df12db4294e9bfd3]::panicking::panic_fmt
[INFO] [stdout]   11:     0x56144e552889 - analyzers[e7de12afb5c4e63e]::fixture::{closure#0}
[INFO] [stdout]   12:     0x56144e552aaf - analyzers[e7de12afb5c4e63e]::source
[INFO] [stdout]   13:     0x56144e553aec - <analyzers[e7de12afb5c4e63e]::todofixme_ignores_markers_outside_comments::{closure#0} as core[df12db4294e9bfd3]::ops::function::FnOnce<()>>::call_once
[INFO] [stdout]   14:     0x56144e57dafb - test[9d35eded1c95d3be]::__rust_begin_short_backtrace::<core[df12db4294e9bfd3]::result::Result<(), alloc[2182bb758b4b3781]::string::String>, fn() -> core[df12db4294e9bfd3]::result::Result<(), alloc[2182bb758b4b3781]::string::String>>
[INFO] [stdout]   15:     0x56144e58b165 - test[9d35eded1c95d3be]::run_test::{closure#0}
[INFO] [stdout]   16:     0x56144e584a24 - std[70759c8f55707aa4]::sys::backtrace::__rust_begin_short_backtrace::<test[9d35eded1c95d3be]::run_test::{closure#1}, ()>
[INFO] [stdout]   17:     0x56144e58e2c2 - <std[70759c8f55707aa4]::thread::lifecycle::spawn_unchecked<test[9d35eded1c95d3be]::run_test::{closure#1}, ()>::{closure#1} as core[df12db4294e9bfd3]::ops::function::FnOnce<()>>::call_once::{shim:vtable#0}
[INFO] [stdout]   18:     0x56144e6fe8c9 - <std[70759c8f55707aa4]::sys::thread::unix::Thread>::new::thread_start
[INFO] [stdout]   19:     0x71e7bfc50dfa - <unknown>
[INFO] [stdout]   20:     0x71e7bfce43d4 - clone
[INFO] [stdout]   21:                0x0 - <unknown>
[INFO] [stdout] 
[INFO] [stdout] ---- defrefs_extracts_csharp_defs_and_resolves_same_file stdout ----
[INFO] [stdout] 
[INFO] [stdout] thread 'defrefs_extracts_csharp_defs_and_resolves_same_file' (1298) panicked at tests/analyzers.rs:15:45:
[INFO] [stdout] read /opt/rustwide/workdir/../../tests/fixtures/csharp/sample.cs: No such file or directory (os error 2)
[INFO] [stdout] stack backtrace:
[INFO] [stdout]    0:     0x56144e6ff311 - <<std[70759c8f55707aa4]::sys::backtrace::BacktraceLock>::print::DisplayBacktrace as core[df12db4294e9bfd3]::fmt::Display>::fmt
[INFO] [stdout]    1:     0x56144e714cfa - core[df12db4294e9bfd3]::fmt::write
[INFO] [stdout]    2:     0x56144e7037cc - <alloc[2182bb758b4b3781]::vec::Vec<u8> as core[df12db4294e9bfd3]::io::write::Write>::write_fmt
[INFO] [stdout]    3:     0x56144e6db456 - std[70759c8f55707aa4]::panicking::default_hook::{closure#0}
[INFO] [stdout]    4:     0x56144e6f7759 - std[70759c8f55707aa4]::panicking::default_hook
[INFO] [stdout]    5:     0x56144e58a810 - test[9d35eded1c95d3be]::test_main_inner::<test[9d35eded1c95d3be]::test_main_static::{closure#0}>::{closure#0}
[INFO] [stdout]    6:     0x56144e6f7912 - std[70759c8f55707aa4]::panicking::panic_with_hook
[INFO] [stdout]    7:     0x56144e6db502 - std[70759c8f55707aa4]::panicking::panic_handler::{closure#0}
[INFO] [stdout]    8:     0x56144e6d40f9 - std[70759c8f55707aa4]::sys::backtrace::__rust_end_short_backtrace::<std[70759c8f55707aa4]::panicking::panic_handler::{closure#0}, !>
[INFO] [stdout]    9:     0x56144e6dc0fd - __rustc[8fa7c3cbc660c2b3]::rust_begin_unwind
[INFO] [stdout]   10:     0x56144e7154dc - core[df12db4294e9bfd3]::panicking::panic_fmt
[INFO] [stdout]   11:     0x56144e552889 - analyzers[e7de12afb5c4e63e]::fixture::{closure#0}
[INFO] [stdout]   12:     0x56144e552aaf - analyzers[e7de12afb5c4e63e]::source
[INFO] [stdout]   13:     0x56144e5541e5 - <analyzers[e7de12afb5c4e63e]::defrefs_extracts_csharp_defs_and_resolves_same_file::{closure#0} as core[df12db4294e9bfd3]::ops::function::FnOnce<()>>::call_once
[INFO] [stdout]   14:     0x56144e57dafb - test[9d35eded1c95d3be]::__rust_begin_short_backtrace::<core[df12db4294e9bfd3]::result::Result<(), alloc[2182bb758b4b3781]::string::String>, fn() -> core[df12db4294e9bfd3]::result::Result<(), alloc[2182bb758b4b3781]::string::String>>
[INFO] [stdout]   15:     0x56144e58b165 - test[9d35eded1c95d3be]::run_test::{closure#0}
[INFO] [stdout]   16:     0x56144e584a24 - std[70759c8f55707aa4]::sys::backtrace::__rust_begin_short_backtrace::<test[9d35eded1c95d3be]::run_test::{closure#1}, ()>
[INFO] [stdout]   17:     0x56144e58e2c2 - <std[70759c8f55707aa4]::thread::lifecycle::spawn_unchecked<test[9d35eded1c95d3be]::run_test::{closure#1}, ()>::{closure#1} as core[df12db4294e9bfd3]::ops::function::FnOnce<()>>::call_once::{shim:vtable#0}
[INFO] [stdout]   18:     0x56144e6fe8c9 - <std[70759c8f55707aa4]::sys::thread::unix::Thread>::new::thread_start
[INFO] [stdout]   19:     0x71e7bfc50dfa - <unknown>
[INFO] [stdout]   20:     0x71e7bfce43d4 - clone
[INFO] [stdout]   21:                0x0 - <unknown>
[INFO] [stdout] 
[INFO] [stdout] 
[INFO] [stdout] failures:
[INFO] [stdout]     defrefs_extracts_angular_template_defs_and_resolves_same_file
[INFO] [stdout]     defrefs_extracts_csharp_defs_and_resolves_same_file
[INFO] [stdout]     defrefs_extracts_python_defs_and_resolves_same_file
[INFO] [stdout]     defrefs_extracts_typescript_defs_and_resolves_same_file
[INFO] [stdout]     todofixme_finds_all_markers_in_angular_template
[INFO] [stdout]     todofixme_finds_all_markers_in_csharp
[INFO] [stdout]     todofixme_finds_all_markers_in_python
[INFO] [stdout]     todofixme_finds_all_markers_in_typescript
[INFO] [stdout]     todofixme_ignores_markers_outside_comments
[INFO] [stdout] 
[INFO] [stdout] test result: FAILED. 1 passed; 9 failed; 0 ignored; 0 measured; 0 filtered out; finished in 0.01s
[INFO] [stdout] 
[INFO] [stderr] error: test failed, to rerun pass `--test analyzers`
[INFO] running `Command { std: "docker" "inspect" "aef35b52578d6800ff81f144f86042e96802ac07d974c903ac422c53255b1481", kill_on_drop: false }`
[INFO] running `Command { std: "docker" "rm" "-f" "aef35b52578d6800ff81f144f86042e96802ac07d974c903ac422c53255b1481", kill_on_drop: false }`
[INFO] [stdout] aef35b52578d6800ff81f144f86042e96802ac07d974c903ac422c53255b1481
