[INFO] fetching crate qk-config 0.6.0...
[INFO] testing qk-config-0.6.0 against 1.99.0-beta.8+cargoflags=--release for beta-release-1.100-2
[INFO] extracting crate qk-config 0.6.0 into /workspace/builds/worker-5-tc1/source
[INFO] started tweaking crates.io crate qk-config 0.6.0
[INFO] removed 0 missing tests
[INFO] finished tweaking crates.io crate qk-config 0.6.0
[INFO] tweaked toml for crates.io crate qk-config 0.6.0 written to /workspace/builds/worker-5-tc1/source/Cargo.toml
[INFO] validating manifest of crates.io crate qk-config 0.6.0 on toolchain 1.99.0-beta.8
[INFO] running `Command { std: CARGO_HOME="/workspace/cargo-home" RUSTUP_HOME="/workspace/rustup-home" "/workspace/cargo-home/bin/cargo" "+1.99.0-beta.8" "metadata" "--manifest-path" "Cargo.toml" "--no-deps", kill_on_drop: false }`
[INFO] crate crates.io crate qk-config 0.6.0 already has a lockfile, it will not be regenerated
[INFO] running `Command { std: CARGO_HOME="/workspace/cargo-home" RUSTUP_HOME="/workspace/rustup-home" "/workspace/cargo-home/bin/cargo" "+1.99.0-beta.8" "fetch" "--manifest-path" "Cargo.toml", kill_on_drop: false }`
[INFO] [stderr]     Updating crates.io index
[INFO] [stderr]  Downloading crates ...
[INFO] [stderr]   Downloaded jsonc-parser v0.32.4
[INFO] running `Command { std: "docker" "create" "-v" "/var/lib/crater-agent-workspace/builds/worker-5-tc1/source:/opt/rustwide/workdir:ro,Z" "-v" "/var/lib/crater-agent-workspace/builds/worker-5-tc1/target:/opt/rustwide/target:rw,Z" "-v" "/var/lib/crater-agent-workspace/cargo-home:/opt/rustwide/cargo-home:ro,Z" "-v" "/var/lib/crater-agent-workspace/rustup-home:/opt/rustwide/rustup-home:ro,Z" "-m" "1610612736" "--network" "none" "ghcr.io/rust-lang/crates-build-env/linux@sha256:77db811e55d90add9212f6832c23229e3de5f1c1f9905e8cb07319ea15df73ac" "sleep" "infinity", kill_on_drop: false }`
[INFO] [stdout] 121d747f5874ce68d7c5cf4258ab73c2c29b4def59ccb358fef9ddf315e498d6
[INFO] running `Command { std: "docker" "start" "121d747f5874ce68d7c5cf4258ab73c2c29b4def59ccb358fef9ddf315e498d6", kill_on_drop: false }`
[INFO] running `Command { std: "docker" "inspect" "121d747f5874ce68d7c5cf4258ab73c2c29b4def59ccb358fef9ddf315e498d6", kill_on_drop: false }`
[INFO] running `Command { std: "docker" "exec" "-e" "SOURCE_DIR=/opt/rustwide/workdir" "-e" "CARGO_HOME=/opt/rustwide/cargo-home" "-e" "RUSTUP_HOME=/opt/rustwide/rustup-home" "-e" "CARGO_TARGET_DIR=/opt/rustwide/target" "-w" "/opt/rustwide/workdir" "--user" "0:0" "121d747f5874ce68d7c5cf4258ab73c2c29b4def59ccb358fef9ddf315e498d6" "/opt/rustwide/cargo-home/bin/cargo" "+1.99.0-beta.8" "metadata" "--no-deps" "--format-version=1", kill_on_drop: false }`
[INFO] running `Command { std: "docker" "inspect" "121d747f5874ce68d7c5cf4258ab73c2c29b4def59ccb358fef9ddf315e498d6", kill_on_drop: false }`
[INFO] running `Command { std: "docker" "exec" "-e" "SOURCE_DIR=/opt/rustwide/workdir" "-e" "CARGO_HOME=/opt/rustwide/cargo-home" "-e" "RUSTUP_HOME=/opt/rustwide/rustup-home" "-e" "CARGO_TARGET_DIR=/opt/rustwide/target" "-e" "CARGO_INCREMENTAL=0" "-e" "RUST_BACKTRACE=full" "-e" "RUSTFLAGS=--cap-lints=warn" "-e" "RUSTDOCFLAGS=--cap-lints=warn" "-w" "/opt/rustwide/workdir" "--user" "0:0" "121d747f5874ce68d7c5cf4258ab73c2c29b4def59ccb358fef9ddf315e498d6" "/opt/rustwide/cargo-home/bin/cargo" "+1.99.0-beta.8" "build" "--frozen" "--message-format=json" "--release", kill_on_drop: false }`
[INFO] [stderr]    Compiling proc-macro2 v1.0.107
[INFO] [stderr]    Compiling bstr v1.13.1
[INFO] [stderr]    Compiling regex-automata v0.4.18
[INFO] [stderr]    Compiling crossbeam-epoch v0.9.21
[INFO] [stderr]    Compiling serde_json v1.0.151
[INFO] [stderr]    Compiling crossbeam-deque v0.8.8
[INFO] [stderr]    Compiling quote v1.0.47
[INFO] [stderr]    Compiling syn v3.0.6
[INFO] [stderr]    Compiling serde_derive v1.0.229
[INFO] [stderr]    Compiling globset v0.4.20
[INFO] [stderr]    Compiling ignore v0.4.33
[INFO] [stderr]    Compiling serde v1.0.229
[INFO] [stderr]    Compiling serde_yaml_ng v0.10.0
[INFO] [stderr]    Compiling jsonc-parser v0.32.4
[INFO] [stderr]    Compiling qk-config v0.6.0 (/opt/rustwide/workdir)
[INFO] [stderr]     Finished `release` profile [optimized] target(s) in 26.04s
[INFO] running `Command { std: "docker" "inspect" "121d747f5874ce68d7c5cf4258ab73c2c29b4def59ccb358fef9ddf315e498d6", kill_on_drop: false }`
[INFO] running `Command { std: "docker" "exec" "-e" "SOURCE_DIR=/opt/rustwide/workdir" "-e" "CARGO_HOME=/opt/rustwide/cargo-home" "-e" "RUSTUP_HOME=/opt/rustwide/rustup-home" "-e" "CARGO_TARGET_DIR=/opt/rustwide/target" "-e" "CARGO_INCREMENTAL=0" "-e" "RUST_BACKTRACE=full" "-e" "RUSTFLAGS=--cap-lints=warn" "-e" "RUSTDOCFLAGS=--cap-lints=warn" "-w" "/opt/rustwide/workdir" "--user" "0:0" "121d747f5874ce68d7c5cf4258ab73c2c29b4def59ccb358fef9ddf315e498d6" "/opt/rustwide/cargo-home/bin/cargo" "+1.99.0-beta.8" "test" "--frozen" "--no-run" "--message-format=json" "--release", kill_on_drop: false }`
[INFO] [stderr]    Compiling tempfile v3.27.0
[INFO] [stderr]    Compiling qk-config v0.6.0 (/opt/rustwide/workdir)
[INFO] [stderr]     Finished `release` profile [optimized] target(s) in 3.46s
[INFO] running `Command { std: "docker" "inspect" "121d747f5874ce68d7c5cf4258ab73c2c29b4def59ccb358fef9ddf315e498d6", kill_on_drop: false }`
[INFO] running `Command { std: "docker" "exec" "-e" "SOURCE_DIR=/opt/rustwide/workdir" "-e" "CARGO_HOME=/opt/rustwide/cargo-home" "-e" "RUSTUP_HOME=/opt/rustwide/rustup-home" "-e" "CARGO_TARGET_DIR=/opt/rustwide/target" "-e" "CARGO_INCREMENTAL=0" "-e" "RUST_BACKTRACE=full" "-e" "RUSTFLAGS=--cap-lints=warn" "-e" "RUSTDOCFLAGS=--cap-lints=warn" "-w" "/opt/rustwide/workdir" "--user" "0:0" "121d747f5874ce68d7c5cf4258ab73c2c29b4def59ccb358fef9ddf315e498d6" "/opt/rustwide/cargo-home/bin/cargo" "+1.99.0-beta.8" "test" "--frozen" "--release", kill_on_drop: false }`
[INFO] [stderr]     Finished `release` profile [optimized] target(s) in 0.06s
[INFO] [stderr]      Running unittests src/lib.rs (/opt/rustwide/target/release/deps/qk_config-41e57ffde31d966e)
[INFO] [stdout] 
[INFO] [stdout] running 0 tests
[INFO] [stdout] 
[INFO] [stdout] test result: ok. 0 passed; 0 failed; 0 ignored; 0 measured; 0 filtered out; finished in 0.00s
[INFO] [stdout] 
[INFO] [stderr]      Running tests/workspace.rs (/opt/rustwide/target/release/deps/workspace-2bbf093a1c63179e)
[INFO] [stdout] 
[INFO] [stdout] running 21 tests
[INFO] [stdout] test example_discovers_nested_projects_and_merges_script_targets ... FAILED
[INFO] [stdout] test malformed_config_reports_the_file ... ok
[INFO] [stdout] test rejects_duplicate_names_with_both_roots ... ok
[INFO] [stdout] test nxignore_excludes_projects_with_gitignore_semantics ... ok
[INFO] [stdout] test merges_jsonc_defaults_and_replaces_arrays_and_nested_option_values ... ok
[INFO] [stdout] test project_command_overrides_command_shorthand_in_defaults ... ok
[INFO] [stdout] test executor_defaults_win_over_target_name_defaults ... ok
[INFO] [stdout] test local_overrides_merge_over_the_checked_in_project ... ok
[INFO] [stdout] test local_overrides_cannot_rename_a_project ... ok
[INFO] [stdout] test skips_target_defaults_incompatible_with_the_target ... ok
[INFO] [stdout] test nx_json_extends_a_linked_package_by_its_real_path ... ok
[INFO] [stdout] test a_local_workspace_file_replaces_filtered_defaults ... ok
[INFO] [stdout] test included_scripts_can_declare_targets_without_package_scripts ... ok
[INFO] [stdout] test rejects_invalid_shapes ... ok
[INFO] [stdout] test a_local_workspace_file_merges_over_nx_json ... ok
[INFO] [stdout] test supports_package_workspaces_and_root_project_opt_in ... ok
[INFO] [stdout] test target_defaults_resolve_like_nx_23 ... ok
[INFO] [stdout] test ignores_generated_and_gitignored_directories_without_requiring_git ... ok
[INFO] [stdout] test explicit_targets_replace_missing_included_scripts ... ok
[INFO] [stdout] test nx_json_extends_a_file_or_package_export_one_level ... ok
[INFO] [stdout] test rejects_root_outside_configuration_directory ... ok
[INFO] [stdout] 
[INFO] [stdout] failures:
[INFO] [stdout] 
[INFO] [stdout] ---- example_discovers_nested_projects_and_merges_script_targets stdout ----
[INFO] [stdout] 
[INFO] [stdout] thread 'example_discovers_nested_projects_and_merges_script_targets' (519) panicked at tests/workspace.rs:16:44:
[INFO] [stdout] called `Result::unwrap()` on an `Err` value: cannot open workspace /opt/rustwide/workdir/../../examples/basic
[INFO] [stdout] 
[INFO] [stdout] Caused by:
[INFO] [stdout]     No such file or directory (os error 2)
[INFO] [stdout] 
[INFO] [stdout] Stack backtrace:
[INFO] [stdout]    0: <core::io::error::Error as anyhow::context::ext::StdError>::ext_context::<alloc::string::String>
[INFO] [stdout]    1: <qk_config::Workspace>::load
[INFO] [stdout]    2: <workspace::example_discovers_nested_projects_and_merges_script_targets::{closure#0} as core::ops::function::FnOnce<()>>::call_once
[INFO] [stdout]    3: test::__rust_begin_short_backtrace::<core::result::Result<(), alloc::string::String>, fn() -> core::result::Result<(), alloc::string::String>>
[INFO] [stdout]    4: test::run_test::{closure#0}
[INFO] [stdout]    5: std::sys::backtrace::__rust_begin_short_backtrace::<test::run_test::{closure#1}, ()>
[INFO] [stdout]    6: <std::thread::lifecycle::spawn_unchecked<test::run_test::{closure#1}, ()>::{closure#1} as core::ops::function::FnOnce<()>>::call_once::{shim:vtable#0}
[INFO] [stdout]    7: <std::sys::thread::unix::Thread>::new::thread_start
[INFO] [stderr] error: test failed, to rerun pass `--test workspace`
[INFO] [stdout]    8: <unknown>
[INFO] [stdout]    9: clone
[INFO] [stdout] stack backtrace:
[INFO] [stdout]    0:     0x5d194bf33af1 - <<std[70759c8f55707aa4]::sys::backtrace::BacktraceLock>::print::DisplayBacktrace as core[df12db4294e9bfd3]::fmt::Display>::fmt
[INFO] [stdout]    1:     0x5d194bf4a95a - core[df12db4294e9bfd3]::fmt::write
[INFO] [stdout]    2:     0x5d194bf387ec - <alloc[2182bb758b4b3781]::vec::Vec<u8> as core[df12db4294e9bfd3]::io::write::Write>::write_fmt
[INFO] [stdout]    3:     0x5d194bf0cee6 - std[70759c8f55707aa4]::panicking::default_hook::{closure#0}
[INFO] [stdout]    4:     0x5d194bf2ad59 - std[70759c8f55707aa4]::panicking::default_hook
[INFO] [stdout]    5:     0x5d194bd4af20 - test[9d35eded1c95d3be]::test_main_inner::<test[9d35eded1c95d3be]::test_main_static::{closure#0}>::{closure#0}
[INFO] [stdout]    6:     0x5d194bf2b082 - std[70759c8f55707aa4]::panicking::panic_with_hook
[INFO] [stdout]    7:     0x5d194bf0cf92 - std[70759c8f55707aa4]::panicking::panic_handler::{closure#0}
[INFO] [stdout]    8:     0x5d194bf053d9 - std[70759c8f55707aa4]::sys::backtrace::__rust_end_short_backtrace::<std[70759c8f55707aa4]::panicking::panic_handler::{closure#0}, !>
[INFO] [stdout]    9:     0x5d194bf0dd8d - __rustc[8fa7c3cbc660c2b3]::rust_begin_unwind
[INFO] [stdout]   10:     0x5d194bf4b13c - core[df12db4294e9bfd3]::panicking::panic_fmt
[INFO] [stdout]   11:     0x5d194bf4af12 - core[df12db4294e9bfd3]::result::unwrap_failed
[INFO] [stdout]   12:     0x5d194bd323dd - <workspace[6cb4eeba910f899f]::example_discovers_nested_projects_and_merges_script_targets::{closure#0} as core[df12db4294e9bfd3]::ops::function::FnOnce<()>>::call_once
[INFO] [stdout]   13:     0x5d194bd3e20b - test[9d35eded1c95d3be]::__rust_begin_short_backtrace::<core[df12db4294e9bfd3]::result::Result<(), alloc[2182bb758b4b3781]::string::String>, fn() -> core[df12db4294e9bfd3]::result::Result<(), alloc[2182bb758b4b3781]::string::String>>
[INFO] [stdout]   14:     0x5d194bd4b875 - test[9d35eded1c95d3be]::run_test::{closure#0}
[INFO] [stdout]   15:     0x5d194bd45134 - std[70759c8f55707aa4]::sys::backtrace::__rust_begin_short_backtrace::<test[9d35eded1c95d3be]::run_test::{closure#1}, ()>
[INFO] [stdout]   16:     0x5d194bd4e9d2 - <std[70759c8f55707aa4]::thread::lifecycle::spawn_unchecked<test[9d35eded1c95d3be]::run_test::{closure#1}, ()>::{closure#1} as core[df12db4294e9bfd3]::ops::function::FnOnce<()>>::call_once::{shim:vtable#0}
[INFO] [stdout]   17:     0x5d194bf32e59 - <std[70759c8f55707aa4]::sys::thread::unix::Thread>::new::thread_start
[INFO] [stdout]   18:     0x7670902e9dfa - <unknown>
[INFO] [stdout]   19:     0x76709037d3d4 - clone
[INFO] [stdout]   20:                0x0 - <unknown>
[INFO] [stdout] 
[INFO] [stdout] 
[INFO] [stdout] failures:
[INFO] [stdout]     example_discovers_nested_projects_and_merges_script_targets
[INFO] [stdout] 
[INFO] [stdout] test result: FAILED. 20 passed; 1 failed; 0 ignored; 0 measured; 0 filtered out; finished in 0.05s
[INFO] [stdout] 
[INFO] running `Command { std: "docker" "inspect" "121d747f5874ce68d7c5cf4258ab73c2c29b4def59ccb358fef9ddf315e498d6", kill_on_drop: false }`
[INFO] running `Command { std: "docker" "rm" "-f" "121d747f5874ce68d7c5cf4258ab73c2c29b4def59ccb358fef9ddf315e498d6", kill_on_drop: false }`
[INFO] [stdout] 121d747f5874ce68d7c5cf4258ab73c2c29b4def59ccb358fef9ddf315e498d6
