[INFO] fetching crate qk-affected 0.6.0...
[INFO] testing qk-affected-0.6.0 against 1.99.0-beta.8+cargoflags=--release for beta-release-1.100-2
[INFO] extracting crate qk-affected 0.6.0 into /workspace/builds/worker-6-tc1/source
[INFO] started tweaking crates.io crate qk-affected 0.6.0
[INFO] removed 0 missing tests
[INFO] finished tweaking crates.io crate qk-affected 0.6.0
[INFO] tweaked toml for crates.io crate qk-affected 0.6.0 written to /workspace/builds/worker-6-tc1/source/Cargo.toml
[INFO] validating manifest of crates.io crate qk-affected 0.6.0 on toolchain 1.99.0-beta.8
[INFO] running `Command { std: CARGO_HOME="/workspace/cargo-home" RUSTUP_HOME="/workspace/rustup-home" "/workspace/cargo-home/bin/cargo" "+1.99.0-beta.8" "metadata" "--manifest-path" "Cargo.toml" "--no-deps", kill_on_drop: false }`
[INFO] crate crates.io crate qk-affected 0.6.0 already has a lockfile, it will not be regenerated
[INFO] running `Command { std: CARGO_HOME="/workspace/cargo-home" RUSTUP_HOME="/workspace/rustup-home" "/workspace/cargo-home/bin/cargo" "+1.99.0-beta.8" "fetch" "--manifest-path" "Cargo.toml", kill_on_drop: false }`
[INFO] [stderr]     Updating crates.io index
[INFO] [stderr]  Downloading crates ...
[INFO] [stderr]   Downloaded jsonc-parser v0.32.4
[INFO] [stderr]   Downloaded qk-lockfile v0.6.0
[INFO] [stderr]   Downloaded qk-taskgraph v0.6.0
[INFO] [stderr]   Downloaded qk-graph v0.6.0
[INFO] [stderr]   Downloaded qk-config v0.6.0
[INFO] [stderr]   Downloaded qk-executor v0.6.0
[INFO] [stderr]   Downloaded tree-sitter-language v0.1.8
[INFO] [stderr]   Downloaded cow-utils v0.1.3
[INFO] [stderr]   Downloaded nonmax v0.5.5
[INFO] [stderr]   Downloaded instant-xml v0.7.6
[INFO] [stderr]   Downloaded tree-sitter-scss v1.0.0
[INFO] [stderr]   Downloaded instant-xml-macros v0.7.2
[INFO] [stderr]   Downloaded oxc_span v0.150.0
[INFO] [stderr]   Downloaded oxc_ast_macros v0.150.0
[INFO] [stderr]   Downloaded phf_macros v0.14.0
[INFO] [stderr]   Downloaded fast-glob v1.1.2
[INFO] [stderr]   Downloaded oxc_str v0.150.0
[INFO] [stderr]   Downloaded oxc_estree v0.150.0
[INFO] [stderr]   Downloaded nodejs-built-in-modules v1.0.0
[INFO] [stderr]   Downloaded rusty-s3 v0.10.2
[INFO] [stderr]   Downloaded oxc_syntax v0.150.0
[INFO] [stderr]   Downloaded oxc_index v5.0.0
[INFO] [stderr]   Downloaded oxc_diagnostics v0.150.0
[INFO] [stderr]   Downloaded json-strip-comments v3.1.2
[INFO] [stderr]   Downloaded tree-sitter-css v0.25.0
[INFO] [stderr]   Downloaded oxc_data_structures v0.150.0
[INFO] [stderr]   Downloaded unicode-id-start v1.5.0
[INFO] [stderr]   Downloaded dragonbox_ecma v0.1.12
[INFO] [stderr]   Downloaded oxc_ecmascript v0.150.0
[INFO] [stderr]   Downloaded oxc_regular_expression v0.150.0
[INFO] [stderr]   Downloaded oxc_ast_visit v0.150.0
[INFO] [stderr]   Downloaded oxc_semantic v0.150.0
[INFO] [stderr]   Downloaded oxc_resolver v11.24.3
[INFO] [stderr]   Downloaded qk-cache v0.6.0
[INFO] [stderr]   Downloaded compact_str v0.10.0
[INFO] [stderr]   Downloaded oxc_allocator v0.150.0
[INFO] [stderr]   Downloaded command-group v5.0.1
[INFO] [stderr]   Downloaded simd-json v0.18.1
[INFO] [stderr]   Downloaded tree-sitter v0.27.0
[INFO] [stderr]   Downloaded oxc_parser v0.150.0
[INFO] [stderr]   Downloaded zerocopy-derive v0.8.61
[INFO] [stderr]   Downloaded oxc_ast v0.150.0
[INFO] [stderr]   Downloaded zerocopy v0.8.61
[INFO] [stderr]   Downloaded fallout v0.4.3
[INFO] running `Command { std: "docker" "create" "-v" "/var/lib/crater-agent-workspace/builds/worker-6-tc1/source:/opt/rustwide/workdir:ro,Z" "-v" "/var/lib/crater-agent-workspace/builds/worker-6-tc1/target:/opt/rustwide/target:rw,Z" "-v" "/var/lib/crater-agent-workspace/cargo-home:/opt/rustwide/cargo-home:ro,Z" "-v" "/var/lib/crater-agent-workspace/rustup-home:/opt/rustwide/rustup-home:ro,Z" "-m" "1610612736" "--network" "none" "ghcr.io/rust-lang/crates-build-env/linux@sha256:77db811e55d90add9212f6832c23229e3de5f1c1f9905e8cb07319ea15df73ac" "sleep" "infinity", kill_on_drop: false }`
[INFO] [stdout] e4ca8dee2f74640ea8bd3d8d501bcdbf7df2c28be78962c0eeb3ec5fae39fa85
[INFO] running `Command { std: "docker" "start" "e4ca8dee2f74640ea8bd3d8d501bcdbf7df2c28be78962c0eeb3ec5fae39fa85", kill_on_drop: false }`
[INFO] running `Command { std: "docker" "inspect" "e4ca8dee2f74640ea8bd3d8d501bcdbf7df2c28be78962c0eeb3ec5fae39fa85", kill_on_drop: false }`
[INFO] running `Command { std: "docker" "exec" "-e" "SOURCE_DIR=/opt/rustwide/workdir" "-e" "CARGO_HOME=/opt/rustwide/cargo-home" "-e" "RUSTUP_HOME=/opt/rustwide/rustup-home" "-e" "CARGO_TARGET_DIR=/opt/rustwide/target" "-w" "/opt/rustwide/workdir" "--user" "0:0" "e4ca8dee2f74640ea8bd3d8d501bcdbf7df2c28be78962c0eeb3ec5fae39fa85" "/opt/rustwide/cargo-home/bin/cargo" "+1.99.0-beta.8" "metadata" "--no-deps" "--format-version=1", kill_on_drop: false }`
[INFO] running `Command { std: "docker" "inspect" "e4ca8dee2f74640ea8bd3d8d501bcdbf7df2c28be78962c0eeb3ec5fae39fa85", kill_on_drop: false }`
[INFO] running `Command { std: "docker" "exec" "-e" "SOURCE_DIR=/opt/rustwide/workdir" "-e" "CARGO_HOME=/opt/rustwide/cargo-home" "-e" "RUSTUP_HOME=/opt/rustwide/rustup-home" "-e" "CARGO_TARGET_DIR=/opt/rustwide/target" "-e" "CARGO_INCREMENTAL=0" "-e" "RUST_BACKTRACE=full" "-e" "RUSTFLAGS=--cap-lints=warn" "-e" "RUSTDOCFLAGS=--cap-lints=warn" "-w" "/opt/rustwide/workdir" "--user" "0:0" "e4ca8dee2f74640ea8bd3d8d501bcdbf7df2c28be78962c0eeb3ec5fae39fa85" "/opt/rustwide/cargo-home/bin/cargo" "+1.99.0-beta.8" "build" "--frozen" "--message-format=json" "--release", kill_on_drop: false }`
[INFO] [stderr]    Compiling allocator-api2 v0.2.21
[INFO] [stderr]    Compiling stable_deref_trait v1.2.1
[INFO] [stderr]    Compiling syn v3.0.6
[INFO] [stderr]    Compiling writeable v0.6.4
[INFO] [stderr]    Compiling litemap v0.8.3
[INFO] [stderr]    Compiling cc v1.5.1
[INFO] [stderr]    Compiling serde_json v1.0.151
[INFO] [stderr]    Compiling siphasher v1.0.4
[INFO] [stderr]    Compiling castaway v0.2.4
[INFO] [stderr]    Compiling syn v2.0.119
[INFO] [stderr]    Compiling phf_shared v0.14.0
[INFO] [stderr]    Compiling icu_locale_fallback_data v2.3.0
[INFO] [stderr]    Compiling compact_str v0.10.0
[INFO] [stderr]    Compiling aho-corasick v1.1.5
[INFO] [stderr]    Compiling regex-syntax v0.8.11
[INFO] [stderr]    Compiling hashbrown v0.17.1
[INFO] [stderr]    Compiling icu_segmenter_data v2.3.0
[INFO] [stderr]    Compiling oxc_data_structures v0.150.0
[INFO] [stderr]    Compiling phf v0.14.0
[INFO] [stderr]    Compiling oxc_estree v0.150.0
[INFO] [stderr]    Compiling phf_generator v0.14.0
[INFO] [stderr]    Compiling indexmap v2.14.2
[INFO] [stderr]    Compiling oxc_allocator v0.150.0
[INFO] [stderr]    Compiling cow-utils v0.1.3
[INFO] [stderr]    Compiling smawk v0.3.3
[INFO] [stderr]    Compiling serde_core v1.0.229
[INFO] [stderr]    Compiling oxc_str v0.150.0
[INFO] [stderr]    Compiling dragonbox_ecma v0.1.12
[INFO] [stderr]    Compiling tree-sitter-language v0.1.8
[INFO] [stderr]    Compiling hybrid-array v0.4.15
[INFO] [stderr]    Compiling zmij v1.0.23
[INFO] [stderr]    Compiling unicode-id-start v1.5.0
[INFO] [stderr]    Compiling nonmax v0.5.5
[INFO] [stderr]    Compiling bytecount v0.6.9
[INFO] [stderr]    Compiling regex-automata v0.4.18
[INFO] [stderr]    Compiling ring v0.17.14
[INFO] [stderr]    Compiling bstr v1.13.1
[INFO] [stderr]    Compiling synstructure v0.14.0
[INFO] [stderr]    Compiling zstd-sys v2.1.0+zstd.1.5.7
[INFO] [stderr]    Compiling crypto-common v0.2.2
[INFO] [stderr]    Compiling phf_macros v0.14.0
[INFO] [stderr]    Compiling serde_derive v1.0.229
[INFO] [stderr]    Compiling zerofrom-derive v0.1.8
[INFO] [stderr]    Compiling yoke-derive v0.8.3
[INFO] [stderr]    Compiling zerovec-derive v0.11.6
[INFO] [stderr]    Compiling zerofrom v0.1.8
[INFO] [stderr]    Compiling displaydoc v0.2.7
[INFO] [stderr]    Compiling oxc_ast_macros v0.150.0
[INFO] [stderr]    Compiling yoke v0.8.3
[INFO] [stderr]    Compiling oxc_span v0.150.0
[INFO] [stderr]    Compiling globset v0.4.20
[INFO] [stderr]    Compiling zerotrie v0.2.5
[INFO] [stderr]    Compiling zerovec v0.11.8
[INFO] [stderr]    Compiling thiserror-impl v2.0.21
[INFO] [stderr]    Compiling block-buffer v0.12.1
[INFO] [stderr]    Compiling thiserror v2.0.21
[INFO] [stderr]    Compiling serde v1.0.229
[INFO] [stderr]    Compiling tinystr v0.8.4
[INFO] [stderr]    Compiling potential_utf v0.1.6
[INFO] [stderr]    Compiling digest v0.11.3
[INFO] [stderr]    Compiling icu_collections v2.3.0
[INFO] [stderr]    Compiling icu_locale_core v2.3.0
[INFO] [stderr]    Compiling ignore v0.4.33
[INFO] [stderr]    Compiling tree-sitter v0.27.0
[INFO] [stderr]    Compiling smallvec v1.16.2
[INFO] [stderr]    Compiling oxc_index v5.0.0
[INFO] [stderr]    Compiling serde_yaml_ng v0.10.0
[INFO] [stderr]    Compiling oxc_syntax v0.150.0
[INFO] [stderr]    Compiling icu_provider v2.3.1
[INFO] [stderr]    Compiling icu_locale_fallback v2.3.0
[INFO] [stderr]    Compiling icu_segmenter v2.3.0
[INFO] [stderr]    Compiling icu_normalizer v2.3.0
[INFO] [stderr]    Compiling textwrap v0.16.4
[INFO] [stderr]    Compiling icu_properties v2.3.0
[INFO] [stderr]    Compiling oxc_diagnostics v0.150.0
[INFO] [stderr]    Compiling oxc_regular_expression v0.150.0
[INFO] [stderr]    Compiling jsonc-parser v0.32.4
[INFO] [stderr]    Compiling hashbrown v0.16.1
[INFO] [stderr]    Compiling getrandom v0.2.17
[INFO] [stderr]    Compiling httparse v1.10.1
[INFO] [stderr]    Compiling arrayvec v0.7.8
[INFO] [stderr]    Compiling crc32fast v1.5.2
[INFO] [stderr]    Compiling oxc_ast v0.150.0
[INFO] [stderr]    Compiling num-bigint v0.5.1
[INFO] [stderr]    Compiling halfbrown v0.4.0
[INFO] [stderr]    Compiling qk-config v0.6.0
[INFO] [stderr]    Compiling idna_adapter v1.2.2
[INFO] [stderr]    Compiling ref-cast-impl v1.0.27
[INFO] [stderr]    Compiling float-cmp v0.10.0
[INFO] [stderr]    Compiling cpufeatures v0.3.1
[INFO] [stderr]    Compiling zerocopy v0.8.61
[INFO] [stderr]    Compiling zstd-safe v7.3.0
[INFO] [stderr]    Compiling rustls v0.23.45
[INFO] [stderr]    Compiling http v1.5.0
[INFO] [stderr]    Compiling value-trait v0.12.2
[INFO] [stderr]    Compiling ref-cast v1.0.27
[INFO] [stderr]    Compiling rustls-webpki v0.103.15
[INFO] [stderr]    Compiling qk-graph v0.6.0
[INFO] [stderr]    Compiling idna v1.1.0
[INFO] [stderr]    Compiling getrandom v0.4.3
[INFO] [stderr]    Compiling parking_lot_core v0.9.12
[INFO] [stderr]    Compiling regex v1.13.1
[INFO] [stderr]    Compiling instant-xml-macros v0.7.2
[INFO] [stderr]    Compiling oxc_ecmascript v0.150.0
[INFO] [stderr]    Compiling tracing-attributes v0.1.31
[INFO] [stderr]    Compiling tree-sitter-css v0.25.0
[INFO] [stderr]    Compiling tree-sitter-scss v1.0.0
[INFO] [stderr]    Compiling blake3 v1.8.7
[INFO] [stderr]    Compiling nix v0.27.1
[INFO] [stderr]    Compiling jiff-core v0.1.1
[INFO] [stderr]    Compiling simdutf8 v0.1.5
[INFO] [stderr]    Compiling xmlparser v0.13.6
[INFO] [stderr]    Compiling dashmap v6.2.1
[INFO] [stderr]    Compiling jiff v0.2.37
[INFO] [stderr]    Compiling command-group v5.0.1
[INFO] [stderr]    Compiling instant-xml v0.7.6
[INFO] [stderr]    Compiling toml_parser v1.1.3+spec-1.1.0
[INFO] [stderr]    Compiling simd-json v0.18.1
[INFO] [stderr]    Compiling tracing v0.1.44
[INFO] [stderr]    Compiling clap_builder v4.6.7
[INFO] [stderr]    Compiling tempfile v3.27.0
[INFO] [stderr]    Compiling url v2.5.8
[INFO] [stderr]    Compiling oxc_ast_visit v0.150.0
[INFO] [stderr]    Compiling flate2 v1.1.10
[INFO] [stderr]    Compiling ureq-proto v0.6.4
[INFO] [stderr]    Compiling qk-taskgraph v0.6.0
[INFO] [stderr]    Compiling getrandom v0.3.4
[INFO] [stderr]    Compiling itertools v0.15.0
[INFO] [stderr]    Compiling sha2 v0.11.0
[INFO] [stderr]    Compiling fast-glob v1.1.2
[INFO] [stderr]    Compiling hmac v0.13.0
[INFO] [stderr]    Compiling md-5 v0.11.0
[INFO] [stderr]    Compiling clap_derive v4.6.7
[INFO] [stderr]    Compiling toml_datetime v1.1.1+spec-1.1.0
[INFO] [stderr]    Compiling json-strip-comments v3.1.2
[INFO] [stderr]    Compiling serde_spanned v1.1.1
[INFO] [stderr]    Compiling seq-macro v0.3.6
[INFO] [stderr]    Compiling shlex v2.0.1
[INFO] [stderr]    Compiling nodejs-built-in-modules v1.0.0
[INFO] [stderr]    Compiling utf8-zero v0.8.1
[INFO] [stderr]    Compiling toml_writer v1.1.2+spec-1.1.0
[INFO] [stderr]    Compiling dotenvy v0.15.7
[INFO] [stderr]    Compiling clap v4.6.7
[INFO] [stderr]    Compiling ureq v3.4.2
[INFO] [stderr]    Compiling toml v1.1.6+spec-1.1.0
[INFO] [stderr]    Compiling qk-executor v0.6.0
[INFO] [stderr]    Compiling ahash v0.8.12
[INFO] [stderr]    Compiling oxc_resolver v11.24.3
[INFO] [stderr]    Compiling oxc_parser v0.150.0
[INFO] [stderr]    Compiling petgraph v0.8.3
[INFO] [stderr]    Compiling rusty-s3 v0.10.2
[INFO] [stderr]    Compiling oxc_semantic v0.150.0
[INFO] [stderr]    Compiling qk-lockfile v0.6.0
[INFO] [stderr]    Compiling dunce v1.0.5
[INFO] [stderr]    Compiling fallout v0.4.3
[INFO] [stderr]    Compiling zstd v0.13.3
[INFO] [stderr]    Compiling qk-cache v0.6.0
[INFO] [stderr]    Compiling qk-affected v0.6.0 (/opt/rustwide/workdir)
[INFO] [stderr]     Finished `release` profile [optimized] target(s) in 8m 30s
[INFO] running `Command { std: "docker" "inspect" "e4ca8dee2f74640ea8bd3d8d501bcdbf7df2c28be78962c0eeb3ec5fae39fa85", kill_on_drop: false }`
[INFO] running `Command { std: "docker" "exec" "-e" "SOURCE_DIR=/opt/rustwide/workdir" "-e" "CARGO_HOME=/opt/rustwide/cargo-home" "-e" "RUSTUP_HOME=/opt/rustwide/rustup-home" "-e" "CARGO_TARGET_DIR=/opt/rustwide/target" "-e" "CARGO_INCREMENTAL=0" "-e" "RUST_BACKTRACE=full" "-e" "RUSTFLAGS=--cap-lints=warn" "-e" "RUSTDOCFLAGS=--cap-lints=warn" "-w" "/opt/rustwide/workdir" "--user" "0:0" "e4ca8dee2f74640ea8bd3d8d501bcdbf7df2c28be78962c0eeb3ec5fae39fa85" "/opt/rustwide/cargo-home/bin/cargo" "+1.99.0-beta.8" "test" "--frozen" "--no-run" "--message-format=json" "--release", kill_on_drop: false }`
[INFO] [stderr]    Compiling qk-affected v0.6.0 (/opt/rustwide/workdir)
[INFO] [stderr]     Finished `release` profile [optimized] target(s) in 17.12s
[INFO] running `Command { std: "docker" "inspect" "e4ca8dee2f74640ea8bd3d8d501bcdbf7df2c28be78962c0eeb3ec5fae39fa85", kill_on_drop: false }`
[INFO] running `Command { std: "docker" "exec" "-e" "SOURCE_DIR=/opt/rustwide/workdir" "-e" "CARGO_HOME=/opt/rustwide/cargo-home" "-e" "RUSTUP_HOME=/opt/rustwide/rustup-home" "-e" "CARGO_TARGET_DIR=/opt/rustwide/target" "-e" "CARGO_INCREMENTAL=0" "-e" "RUST_BACKTRACE=full" "-e" "RUSTFLAGS=--cap-lints=warn" "-e" "RUSTDOCFLAGS=--cap-lints=warn" "-w" "/opt/rustwide/workdir" "--user" "0:0" "e4ca8dee2f74640ea8bd3d8d501bcdbf7df2c28be78962c0eeb3ec5fae39fa85" "/opt/rustwide/cargo-home/bin/cargo" "+1.99.0-beta.8" "test" "--frozen" "--release", kill_on_drop: false }`
[INFO] [stderr]     Finished `release` profile [optimized] target(s) in 0.34s
[INFO] [stderr]      Running unittests src/lib.rs (/opt/rustwide/target/release/deps/qk_affected-a83042d7af742542)
[INFO] [stdout] 
[INFO] [stdout] running 5 tests
[INFO] [stdout] test tasks::tests::benchmark_reverse_chain_propagation ... ignored, manual performance comparison; run with --release --ignored --nocapture
[INFO] [stdout] test json_diff::tests::reports_every_changed_path_like_nx ... ok
[INFO] [stdout] test tasks::tests::explanations_keep_scan_order_with_multiple_touched_and_skipped_tasks ... ok
[INFO] [stdout] test tasks::tests::explanations_match_legacy_scans_across_dependency_shapes ... ok
[INFO] [stdout] test tasks::tests::long_reverse_chain_propagates_without_recursion_or_repeated_scans ... ok
[INFO] [stdout] 
[INFO] [stdout] test result: ok. 4 passed; 0 failed; 1 ignored; 0 measured; 0 filtered out; finished in 0.11s
[INFO] [stdout] 
[INFO] [stdout] 
[INFO] [stdout] running 30 tests
[INFO] [stderr]      Running tests/affected.rs (/opt/rustwide/target/release/deps/affected-5b553b19627ede22)
[INFO] [stdout] test a_changed_file_affects_its_project_and_dependents ... ok
[INFO] [stdout] test changed_declared_outputs_only_affect_tasks_that_consume_them ... ok
[INFO] [stdout] test a_changed_json_input_affects_the_task ... ok
[INFO] [stdout] test a_task_is_affected_when_its_inputs_change ... ok
[INFO] [stdout] test changes_to_files_named_outside_ascii_are_found ... ok
[INFO] [stdout] test deleting_a_project_manifest_affects_every_project ... ok
[INFO] [stdout] test a_stale_local_base_branch_is_compared_from_its_upstream ... ok
[INFO] [stdout] test explains_lockfile_touches_by_what_changed ... ok
[INFO] [stdout] test ignored_files_affect_nothing ... ok
[INFO] [stdout] test empty_task_changes_skip_input_resolution ... ok
[INFO] [stdout] test explains_each_project_through_a_shortest_path_to_its_reasons ... ok
[INFO] [stdout] test commits_that_already_landed_are_counted_when_the_base_predates_them ... ok
[INFO] [stdout] test dependency_manifests_affect_dependents_by_what_they_decide ... ok
[INFO] [stdout] test lockfile_changes_affect_every_project_outside_auto_mode ... ok
[INFO] [stdout] test lockfile_changes_affect_the_projects_whose_installs_changed ... ok
[INFO] [stdout] test nx_json_affects_every_project ... ok
[INFO] [stdout] test ignored_json_inputs_affect_tasks_without_reincluding_ignored_sources ... ok
[INFO] [stdout] test nxignore_parent_and_untracked_negations_match_source_discovery ... ok
[INFO] [stdout] test nested_projects_files_affect_only_their_own_tasks ... ok
[INFO] [stdout] test root_manifest_scripts_affect_no_other_projects_tasks ... ok
[INFO] [stdout] test deleted_mandatory_workspace_files_affect_tasks_with_narrow_inputs ... ok
[INFO] [stdout] test pnpm_workspace_resolution_keys_reach_tasks_only_through_the_lockfile ... ok
[INFO] [stdout] test root_tsconfig_path_changes_affect_the_projects_they_map_into ... ok
[INFO] [stdout] test without_a_head_the_working_tree_counts ... ok
[INFO] [stdout] test root_package_dependencies_affect_the_projects_installing_them ... ok
[INFO] [stdout] test workspace_root_inputs_affect_the_projects_naming_them ... ok
[INFO] [stdout] test ignored_deleted_manifests_only_affect_explicit_consumers ... ok
[INFO] [stdout] test unreadable_lockfile_and_root_dependency_changes_affect_every_project ... ok
[INFO] [stdout] test symlink_targets_affect_tasks_that_read_the_link ... ok
[INFO] [stdout] test versions_crossing_a_dependents_range_affect_its_tasks ... ok
[INFO] [stdout] 
[INFO] [stdout] test result: ok. 30 passed; 0 failed; 0 ignored; 0 measured; 0 filtered out; finished in 2.35s
[INFO] [stdout] 
[INFO] [stderr]      Running tests/projections.rs (/opt/rustwide/target/release/deps/projections-7ebcf37f076a3937)
[INFO] [stdout] 
[INFO] [stdout] running 18 tests
[INFO] [stdout] test canonical_and_legacy_profile_keys_cannot_coexist ... ok
[INFO] [stdout] test dirty_workspace_metadata_cannot_change_the_projection_contract ... ok
[INFO] [stdout] test explicit_files_never_claim_to_have_revision_snapshots ... ok
[INFO] [stdout] test both_snapshots_use_committed_head_adapter_even_when_workspace_adapter_is_dirty ... ok
[INFO] [stdout] test artifact_changes_reach_consumers_before_dependency_propagation ... ok
[INFO] [stdout] test a_later_projection_failure_rolls_back_the_whole_profile ... ok
[INFO] [stdout] test invalid_profiles_are_configuration_errors ... ok
[INFO] [stdout] test adapter_policy_allows_profile_introduction_and_installation_changes ... ok
[INFO] [stdout] test artifact_additions_and_deletions_both_count ... ok
[INFO] [stdout] test legacy_profile_key_remains_compatible ... ok
[INFO] [stdout] test revision_roots_preserve_nested_workspace_paths ... ok
[INFO] [stdout] test projection_removes_only_equivalent_source_changes_and_preserves_the_checkout ... ok
[INFO] [stdout] test strict_fallback_reports_output_drift_as_an_error_and_cleans_worktrees ... ok
[INFO] [stdout] test ignored_local_overrides_apply_to_both_snapshots_but_tracked_overrides_remain_protected ... ok
[INFO] [stdout] test unsupported_comparisons_and_changed_tool_metadata_remain_conservative ... ok
[INFO] [stdout] test unrelated_changes_are_retained_and_no_source_changes_skip_the_adapter ... ok
[INFO] [stdout] test adapter_descendants_are_stopped_on_success_failure_and_timeout ... FAILED
[INFO] [stdout] test adapter_failures_keep_all_original_changes_and_clean_up ... ok
[INFO] [stdout] 
[INFO] [stdout] failures:
[INFO] [stdout] 
[INFO] [stdout] ---- adapter_descendants_are_stopped_on_success_failure_and_timeout stdout ----
[INFO] [stdout] 
[INFO] [stdout] thread 'adapter_descendants_are_stopped_on_success_failure_and_timeout' (5051) panicked at tests/projections.rs:542:17:
[INFO] [stdout] adapter left descendant 5493 running after descendants
[INFO] [stdout] stack backtrace:
[INFO] [stdout]    0:     0x5c761c68e6c1 - <<std[70759c8f55707aa4]::sys::backtrace::BacktraceLock>::print::DisplayBacktrace as core[df12db4294e9bfd3]::fmt::Display>::fmt
[INFO] [stdout]    1:     0x5c761c6a6b7a - core[df12db4294e9bfd3]::fmt::write
[INFO] [stdout]    2:     0x5c761c69385c - <alloc[2182bb758b4b3781]::vec::Vec<u8> as core[df12db4294e9bfd3]::io::write::Write>::write_fmt
[INFO] [stdout]    3:     0x5c761c665e56 - std[70759c8f55707aa4]::panicking::default_hook::{closure#0}
[INFO] [stdout]    4:     0x5c761c685289 - std[70759c8f55707aa4]::panicking::default_hook
[INFO] [stdout]    5:     0x5c761c05f0d0 - test[9d35eded1c95d3be]::test_main_inner::<test[9d35eded1c95d3be]::test_main_static::{closure#0}>::{closure#0}
[INFO] [stdout]    6:     0x5c761c6855b2 - std[70759c8f55707aa4]::panicking::panic_with_hook
[INFO] [stdout]    7:     0x5c761c665f02 - std[70759c8f55707aa4]::panicking::panic_handler::{closure#0}
[INFO] [stdout]    8:     0x5c761c65e349 - std[70759c8f55707aa4]::sys::backtrace::__rust_end_short_backtrace::<std[70759c8f55707aa4]::panicking::panic_handler::{closure#0}, !>
[INFO] [stdout]    9:     0x5c761c666cfd - __rustc[8fa7c3cbc660c2b3]::rust_begin_unwind
[INFO] [stdout]   10:     0x5c761c6a739c - core[df12db4294e9bfd3]::panicking::panic_fmt
[INFO] [stdout]   11:     0x5c761c03c665 - <projections[242014c122a784ec]::adapter_descendants_are_stopped_on_success_failure_and_timeout::{closure#0} as core[df12db4294e9bfd3]::ops::function::FnOnce<()>>::call_once
[INFO] [stdout]   12:     0x5c761c0523bb - test[9d35eded1c95d3be]::__rust_begin_short_backtrace::<core[df12db4294e9bfd3]::result::Result<(), alloc[2182bb758b4b3781]::string::String>, fn() -> core[df12db4294e9bfd3]::result::Result<(), alloc[2182bb758b4b3781]::string::String>>
[INFO] [stdout]   13:     0x5c761c05fa25 - test[9d35eded1c95d3be]::run_test::{closure#0}
[INFO] [stdout]   14:     0x5c761c0592e4 - std[70759c8f55707aa4]::sys::backtrace::__rust_begin_short_backtrace::<test[9d35eded1c95d3be]::run_test::{closure#1}, ()>
[INFO] [stdout]   15:     0x5c761c062b82 - <std[70759c8f55707aa4]::thread::lifecycle::spawn_unchecked<test[9d35eded1c95d3be]::run_test::{closure#1}, ()>::{closure#1} as core[df12db4294e9bfd3]::ops::function::FnOnce<()>>::call_once::{shim:vtable#0}
[INFO] [stdout]   16:     0x5c761c68d6d9 - <std[70759c8f55707aa4]::sys::thread::unix::Thread>::new::thread_start
[INFO] [stdout]   17:     0x7c71d71a8dfa - <unknown>
[INFO] [stdout]   18:     0x7c71d723c3d4 - clone
[INFO] [stdout]   19:                0x0 - <unknown>
[INFO] [stdout] 
[INFO] [stdout] 
[INFO] [stdout] failures:
[INFO] [stdout]     adapter_descendants_are_stopped_on_success_failure_and_timeout
[INFO] [stdout] 
[INFO] [stdout] test result: FAILED. 17 passed; 1 failed; 0 ignored; 0 measured; 0 filtered out; finished in 14.78s
[INFO] [stdout] 
[INFO] [stderr] error: test failed, to rerun pass `--test projections`
[INFO] running `Command { std: "docker" "inspect" "e4ca8dee2f74640ea8bd3d8d501bcdbf7df2c28be78962c0eeb3ec5fae39fa85", kill_on_drop: false }`
[INFO] running `Command { std: "docker" "rm" "-f" "e4ca8dee2f74640ea8bd3d8d501bcdbf7df2c28be78962c0eeb3ec5fae39fa85", kill_on_drop: false }`
[INFO] [stdout] e4ca8dee2f74640ea8bd3d8d501bcdbf7df2c28be78962c0eeb3ec5fae39fa85
