[INFO] fetching crate qjs-derive-support 0.1.1...
[INFO] testing qjs-derive-support-0.1.1 against 1.99.0-beta.8+cargoflags=--release for beta-release-1.100-2
[INFO] extracting crate qjs-derive-support 0.1.1 into /workspace/builds/worker-4-tc1/source
[INFO] started tweaking crates.io crate qjs-derive-support 0.1.1
[INFO] finished tweaking crates.io crate qjs-derive-support 0.1.1
[INFO] tweaked toml for crates.io crate qjs-derive-support 0.1.1 written to /workspace/builds/worker-4-tc1/source/Cargo.toml
[INFO] validating manifest of crates.io crate qjs-derive-support 0.1.1 on toolchain 1.99.0-beta.8
[INFO] running `Command { std: CARGO_HOME="/workspace/cargo-home" RUSTUP_HOME="/workspace/rustup-home" "/workspace/cargo-home/bin/cargo" "+1.99.0-beta.8" "metadata" "--manifest-path" "Cargo.toml" "--no-deps", kill_on_drop: false }`
[INFO] running `Command { std: CARGO_HOME="/workspace/cargo-home" RUSTUP_HOME="/workspace/rustup-home" "/workspace/cargo-home/bin/cargo" "+1.99.0-beta.8" "generate-lockfile" "--manifest-path" "Cargo.toml", kill_on_drop: false }`
[INFO] [stderr]     Updating crates.io index
[INFO] [stderr]      Locking 57 packages to highest compatible versions
[INFO] [stderr]       Adding pretty_env_logger v0.3.1 (available: v0.5.0)
[INFO] [stderr]       Adding syn v1.0.109 (available: v3.0.9)
[INFO] running `Command { std: CARGO_HOME="/workspace/cargo-home" RUSTUP_HOME="/workspace/rustup-home" "/workspace/cargo-home/bin/cargo" "+1.99.0-beta.8" "fetch" "--manifest-path" "Cargo.toml", kill_on_drop: false }`
[INFO] [stderr]  Downloading crates ...
[INFO] [stderr]   Downloaded env_logger v0.6.2
[INFO] [stderr]   Downloaded matches v0.1.10
[INFO] [stderr]   Downloaded pretty_env_logger v0.3.1
[INFO] [stderr]   Downloaded if_chain v1.0.3
[INFO] [stderr]   Downloaded humantime v1.3.0
[INFO] running `Command { std: "docker" "create" "-v" "/var/lib/crater-agent-workspace/builds/worker-4-tc1/source:/opt/rustwide/workdir:ro,Z" "-v" "/var/lib/crater-agent-workspace/builds/worker-4-tc1/target:/opt/rustwide/target:rw,Z" "-v" "/var/lib/crater-agent-workspace/cargo-home:/opt/rustwide/cargo-home:ro,Z" "-v" "/var/lib/crater-agent-workspace/rustup-home:/opt/rustwide/rustup-home:ro,Z" "-m" "1610612736" "--network" "none" "ghcr.io/rust-lang/crates-build-env/linux@sha256:77db811e55d90add9212f6832c23229e3de5f1c1f9905e8cb07319ea15df73ac" "sleep" "infinity", kill_on_drop: false }`
[INFO] [stdout] 3b0991496734d707e8795f01ea2baabfb1a1422c2042a6b6e77479dd2cb225cc
[INFO] running `Command { std: "docker" "start" "3b0991496734d707e8795f01ea2baabfb1a1422c2042a6b6e77479dd2cb225cc", kill_on_drop: false }`
[INFO] running `Command { std: "docker" "inspect" "3b0991496734d707e8795f01ea2baabfb1a1422c2042a6b6e77479dd2cb225cc", kill_on_drop: false }`
[INFO] running `Command { std: "docker" "exec" "-e" "SOURCE_DIR=/opt/rustwide/workdir" "-e" "CARGO_HOME=/opt/rustwide/cargo-home" "-e" "RUSTUP_HOME=/opt/rustwide/rustup-home" "-e" "CARGO_TARGET_DIR=/opt/rustwide/target" "-w" "/opt/rustwide/workdir" "--user" "0:0" "3b0991496734d707e8795f01ea2baabfb1a1422c2042a6b6e77479dd2cb225cc" "/opt/rustwide/cargo-home/bin/cargo" "+1.99.0-beta.8" "metadata" "--no-deps" "--format-version=1", kill_on_drop: false }`
[INFO] running `Command { std: "docker" "inspect" "3b0991496734d707e8795f01ea2baabfb1a1422c2042a6b6e77479dd2cb225cc", kill_on_drop: false }`
[INFO] running `Command { std: "docker" "exec" "-e" "SOURCE_DIR=/opt/rustwide/workdir" "-e" "CARGO_HOME=/opt/rustwide/cargo-home" "-e" "RUSTUP_HOME=/opt/rustwide/rustup-home" "-e" "CARGO_TARGET_DIR=/opt/rustwide/target" "-e" "CARGO_INCREMENTAL=0" "-e" "RUST_BACKTRACE=full" "-e" "RUSTFLAGS=--cap-lints=warn" "-e" "RUSTDOCFLAGS=--cap-lints=warn" "-w" "/opt/rustwide/workdir" "--user" "0:0" "3b0991496734d707e8795f01ea2baabfb1a1422c2042a6b6e77479dd2cb225cc" "/opt/rustwide/cargo-home/bin/cargo" "+1.99.0-beta.8" "build" "--frozen" "--message-format=json" "--release", kill_on_drop: false }`
[INFO] [stderr]    Compiling proc-macro2 v1.0.107
[INFO] [stderr]    Compiling unicode-ident v1.0.27
[INFO] [stderr]    Compiling quote v1.0.47
[INFO] [stderr]    Compiling syn v1.0.109
[INFO] [stderr]    Compiling if_chain v1.0.3
[INFO] [stderr]    Compiling qjs-derive-support v0.1.1 (/opt/rustwide/workdir)
[INFO] [stdout] warning: field `fat_arrow_token` is never read
[INFO] [stdout]    --> src/lib.rs:233:9
[INFO] [stdout]     |
[INFO] [stdout] 231 | struct WithContext {
[INFO] [stdout]     |        ----------- field in this struct
[INFO] [stdout] 232 |     pub ident: Ident,
[INFO] [stdout] 233 |     pub fat_arrow_token: FatArrow,
[INFO] [stdout]     |         ^^^^^^^^^^^^^^^
[INFO] [stdout]     |
[INFO] [stdout]     = note: `#[warn(dead_code)]` (part of `#[warn(unused)]`) on by default
[INFO] [stdout] 
[INFO] [stdout] 
[INFO] [stdout] warning: fields `paren_token`, `fat_arrow_token`, and `brace_token` are never read
[INFO] [stdout]    --> src/lib.rs:247:9
[INFO] [stdout]     |
[INFO] [stdout] 245 | struct Closure {
[INFO] [stdout]     |        ------- fields in this struct
[INFO] [stdout] 246 |     pub captures: Option<Captures>,
[INFO] [stdout] 247 |     pub paren_token: Paren,
[INFO] [stdout]     |         ^^^^^^^^^^^
[INFO] [stdout] ...
[INFO] [stdout] 250 |     pub fat_arrow_token: FatArrow,
[INFO] [stdout]     |         ^^^^^^^^^^^^^^^
[INFO] [stdout] 251 |     pub brace_token: Option<Brace>,
[INFO] [stdout]     |         ^^^^^^^^^^^
[INFO] [stdout] 
[INFO] [stdout] 
[INFO] [stderr]     Finished `release` profile [optimized] target(s) in 21.75s
[INFO] running `Command { std: "docker" "inspect" "3b0991496734d707e8795f01ea2baabfb1a1422c2042a6b6e77479dd2cb225cc", kill_on_drop: false }`
[INFO] running `Command { std: "docker" "exec" "-e" "SOURCE_DIR=/opt/rustwide/workdir" "-e" "CARGO_HOME=/opt/rustwide/cargo-home" "-e" "RUSTUP_HOME=/opt/rustwide/rustup-home" "-e" "CARGO_TARGET_DIR=/opt/rustwide/target" "-e" "CARGO_INCREMENTAL=0" "-e" "RUST_BACKTRACE=full" "-e" "RUSTFLAGS=--cap-lints=warn" "-e" "RUSTDOCFLAGS=--cap-lints=warn" "-w" "/opt/rustwide/workdir" "--user" "0:0" "3b0991496734d707e8795f01ea2baabfb1a1422c2042a6b6e77479dd2cb225cc" "/opt/rustwide/cargo-home/bin/cargo" "+1.99.0-beta.8" "test" "--frozen" "--no-run" "--message-format=json" "--release", kill_on_drop: false }`
[INFO] [stderr]    Compiling memchr v2.8.3
[INFO] [stderr]    Compiling libc v0.2.191
[INFO] [stderr]    Compiling regex-syntax v0.8.11
[INFO] [stderr]    Compiling quick-error v1.2.3
[INFO] [stderr]    Compiling iana-time-zone v0.1.65
[INFO] [stderr]    Compiling termcolor v1.4.1
[INFO] [stderr]    Compiling matches v0.1.10
[INFO] [stdout] warning: field `fat_arrow_token` is never read
[INFO] [stdout]    --> src/lib.rs:233:9
[INFO] [stdout]     |
[INFO] [stdout] 231 | struct WithContext {
[INFO] [stdout]     |        ----------- field in this struct
[INFO] [stdout] 232 |     pub ident: Ident,
[INFO] [stdout] 233 |     pub fat_arrow_token: FatArrow,
[INFO] [stdout]     |         ^^^^^^^^^^^^^^^
[INFO] [stdout]     |
[INFO] [stdout]     = note: `#[warn(dead_code)]` (part of `#[warn(unused)]`) on by default
[INFO] [stdout] 
[INFO] [stdout] 
[INFO] [stdout] warning: fields `paren_token`, `fat_arrow_token`, and `brace_token` are never read
[INFO] [stdout]    --> src/lib.rs:247:9
[INFO] [stdout]     |
[INFO] [stdout] 245 | struct Closure {
[INFO] [stdout]     |        ------- fields in this struct
[INFO] [stdout] 246 |     pub captures: Option<Captures>,
[INFO] [stdout] 247 |     pub paren_token: Paren,
[INFO] [stdout]     |         ^^^^^^^^^^^
[INFO] [stdout] ...
[INFO] [stdout] 250 |     pub fat_arrow_token: FatArrow,
[INFO] [stdout]     |         ^^^^^^^^^^^^^^^
[INFO] [stdout] 251 |     pub brace_token: Option<Brace>,
[INFO] [stdout]     |         ^^^^^^^^^^^
[INFO] [stdout] 
[INFO] [stdout] 
[INFO] [stderr]    Compiling humantime v1.3.0
[INFO] [stderr]    Compiling chrono v0.4.45
[INFO] [stderr]    Compiling aho-corasick v1.1.5
[INFO] [stderr]    Compiling atty v0.2.14
[INFO] [stderr]    Compiling regex-automata v0.4.18
[INFO] [stderr]    Compiling regex v1.13.1
[INFO] [stderr]    Compiling env_logger v0.6.2
[INFO] [stderr]    Compiling pretty_env_logger v0.3.1
[INFO] [stderr]    Compiling qjs-derive-support v0.1.1 (/opt/rustwide/workdir)
[INFO] [stdout] warning: field `fat_arrow_token` is never read
[INFO] [stdout]    --> src/lib.rs:233:9
[INFO] [stdout]     |
[INFO] [stdout] 231 | struct WithContext {
[INFO] [stdout]     |        ----------- field in this struct
[INFO] [stdout] 232 |     pub ident: Ident,
[INFO] [stdout] 233 |     pub fat_arrow_token: FatArrow,
[INFO] [stdout]     |         ^^^^^^^^^^^^^^^
[INFO] [stdout]     |
[INFO] [stdout]     = note: `#[warn(dead_code)]` (part of `#[warn(unused)]`) on by default
[INFO] [stdout] 
[INFO] [stdout] 
[INFO] [stdout] warning: fields `paren_token`, `fat_arrow_token`, and `brace_token` are never read
[INFO] [stdout]    --> src/lib.rs:247:9
[INFO] [stdout]     |
[INFO] [stdout] 245 | struct Closure {
[INFO] [stdout]     |        ------- fields in this struct
[INFO] [stdout] 246 |     pub captures: Option<Captures>,
[INFO] [stdout] 247 |     pub paren_token: Paren,
[INFO] [stdout]     |         ^^^^^^^^^^^
[INFO] [stdout] ...
[INFO] [stdout] 250 |     pub fat_arrow_token: FatArrow,
[INFO] [stdout]     |         ^^^^^^^^^^^^^^^
[INFO] [stdout] 251 |     pub brace_token: Option<Brace>,
[INFO] [stdout]     |         ^^^^^^^^^^^
[INFO] [stdout] 
[INFO] [stdout] 
[INFO] [stderr]     Finished `release` profile [optimized] target(s) in 27.11s
[INFO] running `Command { std: "docker" "inspect" "3b0991496734d707e8795f01ea2baabfb1a1422c2042a6b6e77479dd2cb225cc", kill_on_drop: false }`
[INFO] running `Command { std: "docker" "exec" "-e" "SOURCE_DIR=/opt/rustwide/workdir" "-e" "CARGO_HOME=/opt/rustwide/cargo-home" "-e" "RUSTUP_HOME=/opt/rustwide/rustup-home" "-e" "CARGO_TARGET_DIR=/opt/rustwide/target" "-e" "CARGO_INCREMENTAL=0" "-e" "RUST_BACKTRACE=full" "-e" "RUSTFLAGS=--cap-lints=warn" "-e" "RUSTDOCFLAGS=--cap-lints=warn" "-w" "/opt/rustwide/workdir" "--user" "0:0" "3b0991496734d707e8795f01ea2baabfb1a1422c2042a6b6e77479dd2cb225cc" "/opt/rustwide/cargo-home/bin/cargo" "+1.99.0-beta.8" "test" "--frozen" "--release", kill_on_drop: false }`
[INFO] [stderr] warning: field `fat_arrow_token` is never read
[INFO] [stderr]    --> src/lib.rs:233:9
[INFO] [stderr]     |
[INFO] [stderr] 231 | struct WithContext {
[INFO] [stderr]     |        ----------- field in this struct
[INFO] [stderr] 232 |     pub ident: Ident,
[INFO] [stderr] 233 |     pub fat_arrow_token: FatArrow,
[INFO] [stderr]     |         ^^^^^^^^^^^^^^^
[INFO] [stderr]     |
[INFO] [stderr]     = note: `#[warn(dead_code)]` (part of `#[warn(unused)]`) on by default
[INFO] [stderr] 
[INFO] [stderr] warning: fields `paren_token`, `fat_arrow_token`, and `brace_token` are never read
[INFO] [stderr]    --> src/lib.rs:247:9
[INFO] [stderr]     |
[INFO] [stderr] 245 | struct Closure {
[INFO] [stderr]     |        ------- fields in this struct
[INFO] [stderr] 246 |     pub captures: Option<Captures>,
[INFO] [stderr] 247 |     pub paren_token: Paren,
[INFO] [stderr]     |         ^^^^^^^^^^^
[INFO] [stderr] ...
[INFO] [stderr] 250 |     pub fat_arrow_token: FatArrow,
[INFO] [stderr]     |         ^^^^^^^^^^^^^^^
[INFO] [stderr] 251 |     pub brace_token: Option<Brace>,
[INFO] [stderr]     |         ^^^^^^^^^^^
[INFO] [stderr] 
[INFO] [stderr] warning: `qjs-derive-support` (lib) generated 2 warnings
[INFO] [stderr] warning: `qjs-derive-support` (lib test) generated 2 warnings (2 duplicates)
[INFO] [stderr]     Finished `release` profile [optimized] target(s) in 0.08s
[INFO] [stderr]      Running unittests src/lib.rs (/opt/rustwide/target/release/deps/qjs_derive_support-6c2c87fcb555ddc2)
[INFO] [stdout] 
[INFO] [stdout] running 6 tests
[INFO] [stdout] test tests::javascript ... ok
[INFO] [stdout] test tests::eval ... ok
[INFO] [stdout] test tests::interpolating ... ok
[INFO] [stdout] test tests::simple_closure ... FAILED
[INFO] [stdout] test tests::empty_closure ... ok
[INFO] [stdout] test tests::closure_to_expr ... FAILED
[INFO] [stdout] 
[INFO] [stdout] failures:
[INFO] [stdout] 
[INFO] [stdout] ---- tests::simple_closure stdout ----
[INFO] [stdout] 
[INFO] [stdout] thread 'tests::simple_closure' (598) panicked at src/lib.rs:505:9:
[INFO] [stdout] assertion `left == right` failed
[INFO] [stdout]   left: "print (n) ; n"
[INFO] [stdout]  right: "print ( n ) ; n"
[INFO] [stdout] stack backtrace:
[INFO] [stdout]    0:     0x57f45aea6fb1 - <<std[70759c8f55707aa4]::sys::backtrace::BacktraceLock>::print::DisplayBacktrace as core[df12db4294e9bfd3]::fmt::Display>::fmt
[INFO] [stdout]    1:     0x57f45aebcd0a - core[df12db4294e9bfd3]::fmt::write
[INFO] [stdout]    2:     0x57f45aeab7fc - <alloc[2182bb758b4b3781]::vec::Vec<u8> as core[df12db4294e9bfd3]::io::write::Write>::write_fmt
[INFO] [stdout]    3:     0x57f45ae833d6 - std[70759c8f55707aa4]::panicking::default_hook::{closure#0}
[INFO] [stdout]    4:     0x57f45ae9f559 - std[70759c8f55707aa4]::panicking::default_hook
[INFO] [stdout]    5:     0x57f45ad47d00 - test[9d35eded1c95d3be]::test_main_inner::<test[9d35eded1c95d3be]::test_main_static::{closure#0}>::{closure#0}
[INFO] [stdout]    6:     0x57f45ae9f882 - std[70759c8f55707aa4]::panicking::panic_with_hook
[INFO] [stdout]    7:     0x57f45ae83482 - std[70759c8f55707aa4]::panicking::panic_handler::{closure#0}
[INFO] [stdout]    8:     0x57f45ae7c1d9 - std[70759c8f55707aa4]::sys::backtrace::__rust_end_short_backtrace::<std[70759c8f55707aa4]::panicking::panic_handler::{closure#0}, !>
[INFO] [stdout]    9:     0x57f45ae8407d - __rustc[8fa7c3cbc660c2b3]::rust_begin_unwind
[INFO] [stdout]   10:     0x57f45aebd4ec - core[df12db4294e9bfd3]::panicking::panic_fmt
[INFO] [stdout]   11:     0x57f45aebd403 - core[df12db4294e9bfd3]::panicking::assert_failed_inner
[INFO] [stdout]   12:     0x57f45ac48988 - core[df12db4294e9bfd3]::panicking::assert_failed::<alloc[2182bb758b4b3781]::string::String, &str>
[INFO] [stdout]   13:     0x57f45ac408bc - qjs_derive_support[c3388981351a63df]::tests::simple_closure
[INFO] [stdout]   14:     0x57f45ac26e79 - <qjs_derive_support[c3388981351a63df]::tests::simple_closure::{closure#0} as core[df12db4294e9bfd3]::ops::function::FnOnce<()>>::call_once
[INFO] [stdout]   15:     0x57f45ad3afeb - test[9d35eded1c95d3be]::__rust_begin_short_backtrace::<core[df12db4294e9bfd3]::result::Result<(), alloc[2182bb758b4b3781]::string::String>, fn() -> core[df12db4294e9bfd3]::result::Result<(), alloc[2182bb758b4b3781]::string::String>>
[INFO] [stdout]   16:     0x57f45ad48655 - test[9d35eded1c95d3be]::run_test::{closure#0}
[INFO] [stdout]   17:     0x57f45ad41f14 - std[70759c8f55707aa4]::sys::backtrace::__rust_begin_short_backtrace::<test[9d35eded1c95d3be]::run_test::{closure#1}, ()>
[INFO] [stdout]   18:     0x57f45ad4b7b2 - <std[70759c8f55707aa4]::thread::lifecycle::spawn_unchecked<test[9d35eded1c95d3be]::run_test::{closure#1}, ()>::{closure#1} as core[df12db4294e9bfd3]::ops::function::FnOnce<()>>::call_once::{shim:vtable#0}
[INFO] [stdout]   19:     0x57f45aea6879 - <std[70759c8f55707aa4]::sys::thread::unix::Thread>::new::thread_start
[INFO] [stdout]   20:     0x798b69ee2dfa - <unknown>
[INFO] [stdout]   21:     0x798b69f763d4 - clone
[INFO] [stdout]   22:                0x0 - <unknown>
[INFO] [stdout] 
[INFO] [stdout] ---- tests::closure_to_expr stdout ----
[INFO] [stdout] 
[INFO] [stdout] thread 'tests::closure_to_expr' (593) panicked at src/lib.rs:512:9:
[INFO] [stdout] assertion `left == right` failed
[INFO] [stdout]   left: "print (n)"
[INFO] [stdout]  right: "print ( n )"
[INFO] [stdout] stack backtrace:
[INFO] [stdout]    0:     0x57f45aea6fb1 - <<std[70759c8f55707aa4]::sys::backtrace::BacktraceLock>::print::DisplayBacktrace as core[df12db4294e9bfd3]::fmt::Display>::fmt
[INFO] [stdout]    1:     0x57f45aebcd0a - core[df12db4294e9bfd3]::fmt::write
[INFO] [stdout]    2:     0x57f45aeab7fc - <alloc[2182bb758b4b3781]::vec::Vec<u8> as core[df12db4294e9bfd3]::io::write::Write>::write_fmt
[INFO] [stdout]    3:     0x57f45ae833d6 - std[70759c8f55707aa4]::panicking::default_hook::{closure#0}
[INFO] [stdout]    4:     0x57f45ae9f559 - std[70759c8f55707aa4]::panicking::default_hook
[INFO] [stdout]    5:     0x57f45ad47d00 - test[9d35eded1c95d3be]::test_main_inner::<test[9d35eded1c95d3be]::test_main_static::{closure#0}>::{closure#0}
[INFO] [stdout]    6:     0x57f45ae9f882 - std[70759c8f55707aa4]::panicking::panic_with_hook
[INFO] [stdout]    7:     0x57f45ae83482 - std[70759c8f55707aa4]::panicking::panic_handler::{closure#0}
[INFO] [stdout]    8:     0x57f45ae7c1d9 - std[70759c8f55707aa4]::sys::backtrace::__rust_end_short_backtrace::<std[70759c8f55707aa4]::panicking::panic_handler::{closure#0}, !>
[INFO] [stdout]    9:     0x57f45ae8407d - __rustc[8fa7c3cbc660c2b3]::rust_begin_unwind
[INFO] [stdout]   10:     0x57f45aebd4ec - core[df12db4294e9bfd3]::panicking::panic_fmt
[INFO] [stdout]   11:     0x57f45aebd403 - core[df12db4294e9bfd3]::panicking::assert_failed_inner
[INFO] [stdout]   12:     0x57f45ac48988 - core[df12db4294e9bfd3]::panicking::assert_failed::<alloc[2182bb758b4b3781]::string::String, &str>
[INFO] [stdout]   13:     0x57f45ac40d62 - qjs_derive_support[c3388981351a63df]::tests::closure_to_expr
[INFO] [stdout]   14:     0x57f45ac26e99 - <qjs_derive_support[c3388981351a63df]::tests::closure_to_expr::{closure#0} as core[df12db4294e9bfd3]::ops::function::FnOnce<()>>::call_once
[INFO] [stdout]   15:     0x57f45ad3afeb - test[9d35eded1c95d3be]::__rust_begin_short_backtrace::<core[df12db4294e9bfd3]::result::Result<(), alloc[2182bb758b4b3781]::string::String>, fn() -> core[df12db4294e9bfd3]::result::Result<(), alloc[2182bb758b4b3781]::string::String>>
[INFO] [stdout]   16:     0x57f45ad48655 - test[9d35eded1c95d3be]::run_test::{closure#0}
[INFO] [stdout]   17:     0x57f45ad41f14 - std[70759c8f55707aa4]::sys::backtrace::__rust_begin_short_backtrace::<test[9d35eded1c95d3be]::run_test::{closure#1}, ()>
[INFO] [stdout]   18:     0x57f45ad4b7b2 - <std[70759c8f55707aa4]::thread::lifecycle::spawn_unchecked<test[9d35eded1c95d3be]::run_test::{closure#1}, ()>::{closure#1} as core[df12db4294e9bfd3]::ops::function::FnOnce<()>>::call_once::{shim:vtable#0}
[INFO] [stdout]   19:     0x57f45aea6879 - <std[70759c8f55707aa4]::sys::thread::unix::Thread>::new::thread_start
[INFO] [stdout]   20:     0x798b69ee2dfa - <unknown>
[INFO] [stdout]   21:     0x798b69f763d4 - clone
[INFO] [stdout]   22:                0x0 - <unknown>
[INFO] [stdout] 
[INFO] [stdout] 
[INFO] [stdout] failures:
[INFO] [stdout]     tests::closure_to_expr
[INFO] [stdout]     tests::simple_closure
[INFO] [stdout] 
[INFO] [stdout] test result: FAILED. 4 passed; 2 failed; 0 ignored; 0 measured; 0 filtered out; finished in 0.02s
[INFO] [stdout] 
[INFO] [stderr] error: test failed, to rerun pass `--lib`
[INFO] running `Command { std: "docker" "inspect" "3b0991496734d707e8795f01ea2baabfb1a1422c2042a6b6e77479dd2cb225cc", kill_on_drop: false }`
[INFO] running `Command { std: "docker" "rm" "-f" "3b0991496734d707e8795f01ea2baabfb1a1422c2042a6b6e77479dd2cb225cc", kill_on_drop: false }`
[INFO] [stdout] 3b0991496734d707e8795f01ea2baabfb1a1422c2042a6b6e77479dd2cb225cc
