[INFO] fetching crate qjournal 0.3.1...
[INFO] testing qjournal-0.3.1 against 1.99.0-beta.8+cargoflags=--release for beta-release-1.100-2
[INFO] extracting crate qjournal 0.3.1 into /workspace/builds/worker-5-tc1/source
[INFO] started tweaking crates.io crate qjournal 0.3.1
[INFO] removed 0 missing examples
[INFO] removed 0 missing tests
[INFO] finished tweaking crates.io crate qjournal 0.3.1
[INFO] tweaked toml for crates.io crate qjournal 0.3.1 written to /workspace/builds/worker-5-tc1/source/Cargo.toml
[INFO] validating manifest of crates.io crate qjournal 0.3.1 on toolchain 1.99.0-beta.8
[INFO] running `Command { std: CARGO_HOME="/workspace/cargo-home" RUSTUP_HOME="/workspace/rustup-home" "/workspace/cargo-home/bin/cargo" "+1.99.0-beta.8" "metadata" "--manifest-path" "Cargo.toml" "--no-deps", kill_on_drop: false }`
[INFO] crate crates.io crate qjournal 0.3.1 already has a lockfile, it will not be regenerated
[INFO] running `Command { std: CARGO_HOME="/workspace/cargo-home" RUSTUP_HOME="/workspace/rustup-home" "/workspace/cargo-home/bin/cargo" "+1.99.0-beta.8" "fetch" "--manifest-path" "Cargo.toml", kill_on_drop: false }`
[INFO] [stderr]     Updating crates.io index
[INFO] [stderr]  Downloading crates ...
[INFO] [stderr]   Downloaded num-prime v0.5.0
[INFO] [stderr]   Downloaded num-modular v0.6.1
[INFO] running `Command { std: "docker" "create" "-v" "/var/lib/crater-agent-workspace/builds/worker-5-tc1/source:/opt/rustwide/workdir:ro,Z" "-v" "/var/lib/crater-agent-workspace/builds/worker-5-tc1/target:/opt/rustwide/target:rw,Z" "-v" "/var/lib/crater-agent-workspace/cargo-home:/opt/rustwide/cargo-home:ro,Z" "-v" "/var/lib/crater-agent-workspace/rustup-home:/opt/rustwide/rustup-home:ro,Z" "-m" "1610612736" "--network" "none" "ghcr.io/rust-lang/crates-build-env/linux@sha256:77db811e55d90add9212f6832c23229e3de5f1c1f9905e8cb07319ea15df73ac" "sleep" "infinity", kill_on_drop: false }`
[INFO] [stdout] 2ac24f0f7f86e14813ba9c334652d7e36761f660083b9f31bc4d33a30366ea81
[INFO] running `Command { std: "docker" "start" "2ac24f0f7f86e14813ba9c334652d7e36761f660083b9f31bc4d33a30366ea81", kill_on_drop: false }`
[INFO] running `Command { std: "docker" "inspect" "2ac24f0f7f86e14813ba9c334652d7e36761f660083b9f31bc4d33a30366ea81", kill_on_drop: false }`
[INFO] running `Command { std: "docker" "exec" "-e" "SOURCE_DIR=/opt/rustwide/workdir" "-e" "CARGO_HOME=/opt/rustwide/cargo-home" "-e" "RUSTUP_HOME=/opt/rustwide/rustup-home" "-e" "CARGO_TARGET_DIR=/opt/rustwide/target" "-w" "/opt/rustwide/workdir" "--user" "0:0" "2ac24f0f7f86e14813ba9c334652d7e36761f660083b9f31bc4d33a30366ea81" "/opt/rustwide/cargo-home/bin/cargo" "+1.99.0-beta.8" "metadata" "--no-deps" "--format-version=1", kill_on_drop: false }`
[INFO] running `Command { std: "docker" "inspect" "2ac24f0f7f86e14813ba9c334652d7e36761f660083b9f31bc4d33a30366ea81", kill_on_drop: false }`
[INFO] running `Command { std: "docker" "exec" "-e" "SOURCE_DIR=/opt/rustwide/workdir" "-e" "CARGO_HOME=/opt/rustwide/cargo-home" "-e" "RUSTUP_HOME=/opt/rustwide/rustup-home" "-e" "CARGO_TARGET_DIR=/opt/rustwide/target" "-e" "CARGO_INCREMENTAL=0" "-e" "RUST_BACKTRACE=full" "-e" "RUSTFLAGS=--cap-lints=warn" "-e" "RUSTDOCFLAGS=--cap-lints=warn" "-w" "/opt/rustwide/workdir" "--user" "0:0" "2ac24f0f7f86e14813ba9c334652d7e36761f660083b9f31bc4d33a30366ea81" "/opt/rustwide/cargo-home/bin/cargo" "+1.99.0-beta.8" "build" "--frozen" "--message-format=json" "--release", kill_on_drop: false }`
[INFO] [stderr]    Compiling libc v0.2.183
[INFO] [stderr]    Compiling zstd-safe v7.2.4
[INFO] [stderr]    Compiling indexmap v2.13.0
[INFO] [stderr]    Compiling syn v2.0.117
[INFO] [stderr]    Compiling jobserver v0.1.34
[INFO] [stderr]    Compiling getrandom v0.4.2
[INFO] [stderr]    Compiling memmap2 v0.9.10
[INFO] [stderr]    Compiling uuid v1.22.0
[INFO] [stderr]    Compiling cc v1.2.56
[INFO] [stderr]    Compiling thiserror-impl v1.0.69
[INFO] [stderr]    Compiling zstd-sys v2.0.16+zstd.1.5.7
[INFO] [stderr]    Compiling thiserror v1.0.69
[INFO] [stderr]    Compiling zstd v0.13.3
[INFO] [stderr]    Compiling qjournal v0.3.1 (/opt/rustwide/workdir)
[INFO] [stdout] warning: unused variable: `n_data`
[INFO] [stdout]    --> src/verify.rs:768:5
[INFO] [stdout]     |
[INFO] [stdout] 768 |     n_data: u64,
[INFO] [stdout]     |     ^^^^^^ help: if this is intentional, prefix it with an underscore: `_n_data`
[INFO] [stdout]     |
[INFO] [stdout]     = note: `#[warn(unused_variables)]` (part of `#[warn(unused)]`) on by default
[INFO] [stdout] 
[INFO] [stdout] 
[INFO] [stderr]     Finished `release` profile [optimized] target(s) in 47.02s
[INFO] running `Command { std: "docker" "inspect" "2ac24f0f7f86e14813ba9c334652d7e36761f660083b9f31bc4d33a30366ea81", kill_on_drop: false }`
[INFO] running `Command { std: "docker" "exec" "-e" "SOURCE_DIR=/opt/rustwide/workdir" "-e" "CARGO_HOME=/opt/rustwide/cargo-home" "-e" "RUSTUP_HOME=/opt/rustwide/rustup-home" "-e" "CARGO_TARGET_DIR=/opt/rustwide/target" "-e" "CARGO_INCREMENTAL=0" "-e" "RUST_BACKTRACE=full" "-e" "RUSTFLAGS=--cap-lints=warn" "-e" "RUSTDOCFLAGS=--cap-lints=warn" "-w" "/opt/rustwide/workdir" "--user" "0:0" "2ac24f0f7f86e14813ba9c334652d7e36761f660083b9f31bc4d33a30366ea81" "/opt/rustwide/cargo-home/bin/cargo" "+1.99.0-beta.8" "test" "--frozen" "--no-run" "--message-format=json" "--release", kill_on_drop: false }`
[INFO] [stderr]    Compiling qjournal v0.3.1 (/opt/rustwide/workdir)
[INFO] [stdout] warning: unused variable: `n_data`
[INFO] [stdout]    --> src/verify.rs:768:5
[INFO] [stdout]     |
[INFO] [stdout] 768 |     n_data: u64,
[INFO] [stdout]     |     ^^^^^^ help: if this is intentional, prefix it with an underscore: `_n_data`
[INFO] [stdout]     |
[INFO] [stdout]     = note: `#[warn(unused_variables)]` (part of `#[warn(unused)]`) on by default
[INFO] [stdout] 
[INFO] [stdout] 
[INFO] [stdout] warning: unused import: `HashMap`
[INFO] [stdout]   --> tests/test_systemd_conformance.rs:11:24
[INFO] [stdout]    |
[INFO] [stdout] 11 | use std::collections::{HashMap, HashSet};
[INFO] [stdout]    |                        ^^^^^^^
[INFO] [stdout]    |
[INFO] [stdout]    = note: `#[warn(unused_imports)]` (part of `#[warn(unused)]`) on by default
[INFO] [stdout] 
[INFO] [stdout] 
[INFO] [stdout] warning: unused variable: `hdr`
[INFO] [stdout]    --> tests/test_systemd_conformance.rs:840:9
[INFO] [stdout]     |
[INFO] [stdout] 840 |     let hdr = read_raw_header(&mut f);
[INFO] [stdout]     |         ^^^ help: if this is intentional, prefix it with an underscore: `_hdr`
[INFO] [stdout]     |
[INFO] [stdout]     = note: `#[warn(unused_variables)]` (part of `#[warn(unused)]`) on by default
[INFO] [stdout] 
[INFO] [stdout] 
[INFO] [stdout] warning: fields `arena_size`, `tail_entry_monotonic`, `n_tags`, `tail_entry_array_offset`, and `tail_entry_array_n_entries` are never read
[INFO] [stdout]    --> tests/test_systemd_conformance.rs:91:5
[INFO] [stdout]     |
[INFO] [stdout]  85 | struct RawHeader {
[INFO] [stdout]     |        --------- fields in this struct
[INFO] [stdout] ...
[INFO] [stdout]  91 |     arena_size: u64,
[INFO] [stdout]     |     ^^^^^^^^^^
[INFO] [stdout] ...
[INFO] [stdout] 104 |     tail_entry_monotonic: u64,
[INFO] [stdout]     |     ^^^^^^^^^^^^^^^^^^^^
[INFO] [stdout] ...
[INFO] [stdout] 107 |     n_tags: u64,
[INFO] [stdout]     |     ^^^^^^
[INFO] [stdout] 108 |     n_entry_arrays: u64,
[INFO] [stdout] 109 |     tail_entry_array_offset: u32,
[INFO] [stdout]     |     ^^^^^^^^^^^^^^^^^^^^^^^
[INFO] [stdout] 110 |     tail_entry_array_n_entries: u32,
[INFO] [stdout]     |     ^^^^^^^^^^^^^^^^^^^^^^^^^^
[INFO] [stdout]     |
[INFO] [stdout]     = note: `#[warn(dead_code)]` (part of `#[warn(unused)]`) on by default
[INFO] [stdout] 
[INFO] [stdout] 
[INFO] [stdout] warning: field `flags` is never read
[INFO] [stdout]    --> tests/test_systemd_conformance.rs:148:5
[INFO] [stdout]     |
[INFO] [stdout] 145 | struct RawObject {
[INFO] [stdout]     |        --------- field in this struct
[INFO] [stdout] ...
[INFO] [stdout] 148 |     flags: u8,
[INFO] [stdout]     |     ^^^^^
[INFO] [stdout]     |
[INFO] [stdout]     = note: `RawObject` has derived impls for the traits `Clone` and `Debug`, but these are intentionally ignored during dead code analysis
[INFO] [stdout] 
[INFO] [stdout] 
[INFO] [stdout] warning: unused variable: `n_data`
[INFO] [stdout]    --> src/verify.rs:768:5
[INFO] [stdout]     |
[INFO] [stdout] 768 |     n_data: u64,
[INFO] [stdout]     |     ^^^^^^ help: if this is intentional, prefix it with an underscore: `_n_data`
[INFO] [stdout]     |
[INFO] [stdout]     = note: `#[warn(unused_variables)]` (part of `#[warn(unused)]`) on by default
[INFO] [stdout] 
[INFO] [stdout] 
[INFO] [stderr]     Finished `release` profile [optimized] target(s) in 6.13s
[INFO] running `Command { std: "docker" "inspect" "2ac24f0f7f86e14813ba9c334652d7e36761f660083b9f31bc4d33a30366ea81", kill_on_drop: false }`
[INFO] running `Command { std: "docker" "exec" "-e" "SOURCE_DIR=/opt/rustwide/workdir" "-e" "CARGO_HOME=/opt/rustwide/cargo-home" "-e" "RUSTUP_HOME=/opt/rustwide/rustup-home" "-e" "CARGO_TARGET_DIR=/opt/rustwide/target" "-e" "CARGO_INCREMENTAL=0" "-e" "RUST_BACKTRACE=full" "-e" "RUSTFLAGS=--cap-lints=warn" "-e" "RUSTDOCFLAGS=--cap-lints=warn" "-w" "/opt/rustwide/workdir" "--user" "0:0" "2ac24f0f7f86e14813ba9c334652d7e36761f660083b9f31bc4d33a30366ea81" "/opt/rustwide/cargo-home/bin/cargo" "+1.99.0-beta.8" "test" "--frozen" "--release", kill_on_drop: false }`
[INFO] [stderr] warning: unused variable: `n_data`
[INFO] [stderr]    --> src/verify.rs:768:5
[INFO] [stderr]     |
[INFO] [stderr] 768 |     n_data: u64,
[INFO] [stderr]     |     ^^^^^^ help: if this is intentional, prefix it with an underscore: `_n_data`
[INFO] [stderr]     |
[INFO] [stderr]     = note: `#[warn(unused_variables)]` (part of `#[warn(unused)]`) on by default
[INFO] [stderr] 
[INFO] [stderr] warning: `qjournal` (lib) generated 1 warning (run `cargo fix --lib -p qjournal` to apply 1 suggestion)
[INFO] [stderr] warning: `qjournal` (lib test) generated 1 warning (1 duplicate)
[INFO] [stderr] warning: unused import: `HashMap`
[INFO] [stderr]   --> tests/test_systemd_conformance.rs:11:24
[INFO] [stderr]    |
[INFO] [stderr] 11 | use std::collections::{HashMap, HashSet};
[INFO] [stderr]    |                        ^^^^^^^
[INFO] [stderr]    |
[INFO] [stderr]    = note: `#[warn(unused_imports)]` (part of `#[warn(unused)]`) on by default
[INFO] [stderr] 
[INFO] [stderr] warning: unused variable: `hdr`
[INFO] [stderr]    --> tests/test_systemd_conformance.rs:840:9
[INFO] [stderr]     |
[INFO] [stderr] 840 |     let hdr = read_raw_header(&mut f);
[INFO] [stderr]     |         ^^^ help: if this is intentional, prefix it with an underscore: `_hdr`
[INFO] [stderr]     |
[INFO] [stderr]     = note: `#[warn(unused_variables)]` (part of `#[warn(unused)]`) on by default
[INFO] [stderr] 
[INFO] [stderr] warning: fields `arena_size`, `tail_entry_monotonic`, `n_tags`, `tail_entry_array_offset`, and `tail_entry_array_n_entries` are never read
[INFO] [stderr]    --> tests/test_systemd_conformance.rs:91:5
[INFO] [stderr]     |
[INFO] [stderr]  85 | struct RawHeader {
[INFO] [stderr]     |        --------- fields in this struct
[INFO] [stderr] ...
[INFO] [stderr]  91 |     arena_size: u64,
[INFO] [stderr]     |     ^^^^^^^^^^
[INFO] [stderr] ...
[INFO] [stderr] 104 |     tail_entry_monotonic: u64,
[INFO] [stderr]     |     ^^^^^^^^^^^^^^^^^^^^
[INFO] [stderr] ...
[INFO] [stderr] 107 |     n_tags: u64,
[INFO] [stderr]     |     ^^^^^^
[INFO] [stderr] 108 |     n_entry_arrays: u64,
[INFO] [stderr] 109 |     tail_entry_array_offset: u32,
[INFO] [stderr]     |     ^^^^^^^^^^^^^^^^^^^^^^^
[INFO] [stderr] 110 |     tail_entry_array_n_entries: u32,
[INFO] [stderr]     |     ^^^^^^^^^^^^^^^^^^^^^^^^^^
[INFO] [stderr]     |
[INFO] [stderr]     = note: `#[warn(dead_code)]` (part of `#[warn(unused)]`) on by default
[INFO] [stderr] 
[INFO] [stderr] warning: field `flags` is never read
[INFO] [stderr]    --> tests/test_systemd_conformance.rs:148:5
[INFO] [stderr]     |
[INFO] [stderr] 145 | struct RawObject {
[INFO] [stderr]     |        --------- field in this struct
[INFO] [stderr] ...
[INFO] [stderr] 148 |     flags: u8,
[INFO] [stderr]     |     ^^^^^
[INFO] [stderr]     |
[INFO] [stderr]     = note: `RawObject` has derived impls for the traits `Clone` and `Debug`, but these are intentionally ignored during dead code analysis
[INFO] [stderr] 
[INFO] [stderr] warning: `qjournal` (test "test_systemd_conformance") generated 4 warnings (run `cargo fix --test "test_systemd_conformance" -p qjournal` to apply 2 suggestions)
[INFO] [stderr]     Finished `release` profile [optimized] target(s) in 0.06s
[INFO] [stderr]      Running unittests src/lib.rs (/opt/rustwide/target/release/deps/qjournal-2a1f8a5d5635ed2e)
[INFO] [stdout] 
[INFO] [stdout] running 50 tests
[INFO] [stdout] test hash::tests::test_deterministic ... ok
[INFO] [stdout] test hash::tests::test_different_inputs_differ ... ok
[INFO] [stdout] test hash::tests::test_fast_path_matches_slow_path ... ok
[INFO] [stdout] test hash::tests::test_empty ... ok
[INFO] [stdout] test hash::tests::test_known_hash ... ok
[INFO] [stdout] test writer::tests::test_check_object_entry_no_items ... ok
[INFO] [stdout] test writer::tests::test_check_object_data_bad_entries_mismatch ... ok
[INFO] [stdout] test writer::tests::test_check_object_entry_array_valid ... ok
[INFO] [stdout] test writer::tests::test_check_object_entry_valid ... ok
[INFO] [stdout] test writer::tests::test_check_object_entry_null_boot_id ... ok
[INFO] [stdout] test writer::tests::test_check_object_header_invalid_type ... ok
[INFO] [stdout] test writer::tests::test_check_object_entry_array_bad_next ... ok
[INFO] [stdout] test writer::tests::test_check_object_data_valid ... ok
[INFO] [stdout] test writer::tests::test_check_object_header_too_small ... ok
[INFO] [stdout] test writer::tests::test_check_object_header_valid ... ok
[INFO] [stdout] test reader::tests::test_find_data_object ... ok
[INFO] [stdout] test verify::tests::test_verify_bad_signature ... ok
[INFO] [stdout] test writer::tests::test_entry_array_n_items ... ok
[INFO] [stdout] test writer::tests::test_entry_item_cmp_and_dedup ... ok
[INFO] [stdout] test reader::tests::test_entries_for_field ... ok
[INFO] [stdout] test writer::tests::test_cutoff_realtime ... ok
[INFO] [stdout] test reader::tests::test_next_entry_navigation ... ok
[INFO] [stdout] test writer::tests::test_hash_table_sizes ... ok
[INFO] [stdout] test reader::tests::test_write_then_read ... ok
[INFO] [stdout] test writer::tests::test_inc_seqnum ... ok
[INFO] [stdout] test writer::tests::test_journal_field_valid ... ok
[INFO] [stdout] test writer::tests::test_header_size ... ok
[INFO] [stdout] test writer::tests::test_journal_file_entry_n_items ... ok
[INFO] [stdout] test writer::tests::test_minimum_header_size ... ok
[INFO] [stdout] test reader::tests::test_move_to_entry_by_seqnum ... ok
[INFO] [stdout] test writer::tests::test_offset_is_valid ... ok
[INFO] [stdout] test writer::tests::test_protected_field_validation ... ok
[INFO] [stdout] test writer::tests::test_data_payload_read ... ok
[INFO] [stdout] test writer::tests::test_data_dedup_with_payload_check ... ok
[INFO] [stdout] test writer::tests::test_verify_header_bad_signature ... ok
[INFO] [stdout] test writer::tests::test_create_and_write ... ok
[INFO] [stdout] test writer::tests::test_journal_file_hash_data_deterministic ... ok
[INFO] [stdout] test writer::tests::test_copy_entry ... ok
[INFO] [stdout] test writer::tests::test_entry_items_sorted_and_deduped ... ok
[INFO] [stdout] test writer::tests::test_rotate_suggested_empty_file ... ok
[INFO] [stdout] test writer::tests::test_dump_and_print_header ... ok
[INFO] [stdout] test writer::tests::test_reopen_and_append ... ok
[INFO] [stdout] test writer::tests::test_field_name_validation ... ok
[INFO] [stdout] test writer::tests::test_verify_header_valid ... ok
[INFO] [stdout] test writer::tests::test_many_entries_exponential_growth ... ok
[INFO] [stdout] test verify::tests::test_verify_multiple_entries ... ok
[INFO] [stdout] test verify::tests::test_verify_multiple_fields ... ok
[INFO] [stdout] test verify::tests::test_verify_entry_array_chain ... ok
[INFO] [stdout] test verify::tests::test_verify_empty_journal ... ok
[INFO] [stdout] test verify::tests::test_verify_data_hash_integrity ... ok
[INFO] [stdout] 
[INFO] [stdout] test result: ok. 50 passed; 0 failed; 0 ignored; 0 measured; 0 filtered out; finished in 5.81s
[INFO] [stdout] 
[INFO] [stderr]      Running tests/test_journal.rs (/opt/rustwide/target/release/deps/test_journal-cec08c96a26a8120)
[INFO] [stdout] 
[INFO] [stdout] running 2 tests
[INFO] [stdout] test test_empty_one ... ok
[INFO] [stdout] test test_non_empty_one ... ok
[INFO] [stdout] 
[INFO] [stdout] test result: ok. 2 passed; 0 failed; 0 ignored; 0 measured; 0 filtered out; finished in 0.05s
[INFO] [stdout] 
[INFO] [stderr]      Running tests/test_journal_append.rs (/opt/rustwide/target/release/deps/test_journal_append-31966551fb194820)
[INFO] [stdout] 
[INFO] [stdout] running 2 tests
[INFO] [stdout] test test_journal_append ... ok
[INFO] [stderr]      Running tests/test_journalctl_compat.rs (/opt/rustwide/target/release/deps/test_journalctl_compat-54c4d85d0fa7f4c0)
[INFO] [stdout] test test_corrupt_and_append ... ok
[INFO] [stdout] 
[INFO] [stdout] test result: ok. 2 passed; 0 failed; 0 ignored; 0 measured; 0 filtered out; finished in 0.07s
[INFO] [stdout] 
[INFO] [stdout] 
[INFO] [stdout] running 15 tests
[INFO] [stdout] test test_iteration_ordering ... ok
[INFO] [stdout] test test_seqnum_continuity_across_reopens ... ok
[INFO] [stdout] test test_entries_for_field_many_values ... ok
[INFO] [stdout] test test_data_entry_array_chain_overflow ... ok
[INFO] [stdout] test test_reopen_and_append ... ok
[INFO] [stdout] test test_field_enum_after_reopen ... ok
[INFO] [stdout] test test_basic_multi_entry ... ok
[INFO] [stdout] test test_field_name_validation_extended ... ok
[INFO] [stdout] test test_journalctl_json_field_presence ... ok
[INFO] [stdout] test test_field_enumeration_via_journalctl ... ok
[INFO] [stdout] test test_tail_entry_offset_reverse_and_n1 ... ok
[INFO] [stdout] test test_field_enum_multiple_fields ... ok
[INFO] [stdout] test test_journalctl_verify ... ok
[INFO] [stdout] test test_large_payload ... FAILED
[INFO] [stdout] test test_high_volume_mixed ... ok
[INFO] [stdout] 
[INFO] [stdout] failures:
[INFO] [stdout] 
[INFO] [stdout] ---- test_large_payload stdout ----
[INFO] [stdout] 
[INFO] [stdout] thread 'test_large_payload' (817) panicked at tests/test_journalctl_compat.rs:474:5:
[INFO] [stdout] journalctl didn't see MESSAGE field
[INFO] [stdout] stack backtrace:
[INFO] [stdout]    0:     0x57e07937f371 - <<std[70759c8f55707aa4]::sys::backtrace::BacktraceLock>::print::DisplayBacktrace as core[df12db4294e9bfd3]::fmt::Display>::fmt
[INFO] [stdout]    1:     0x57e0793948ea - core[df12db4294e9bfd3]::fmt::write
[INFO] [stdout]    2:     0x57e079383b5c - <alloc[2182bb758b4b3781]::vec::Vec<u8> as core[df12db4294e9bfd3]::io::write::Write>::write_fmt
[INFO] [stdout]    3:     0x57e07935a536 - std[70759c8f55707aa4]::panicking::default_hook::{closure#0}
[INFO] [stdout]    4:     0x57e0793775d9 - std[70759c8f55707aa4]::panicking::default_hook
[INFO] [stdout]    5:     0x57e07922ae30 - test[9d35eded1c95d3be]::test_main_inner::<test[9d35eded1c95d3be]::test_main_static::{closure#0}>::{closure#0}
[INFO] [stdout]    6:     0x57e079377792 - std[70759c8f55707aa4]::panicking::panic_with_hook
[INFO] [stdout]    7:     0x57e07935a614 - std[70759c8f55707aa4]::panicking::panic_handler::{closure#0}
[INFO] [stdout]    8:     0x57e0793530b9 - std[70759c8f55707aa4]::sys::backtrace::__rust_end_short_backtrace::<std[70759c8f55707aa4]::panicking::panic_handler::{closure#0}, !>
[INFO] [stdout]    9:     0x57e07935b1dd - __rustc[8fa7c3cbc660c2b3]::rust_begin_unwind
[INFO] [stdout]   10:     0x57e07939501c - core[df12db4294e9bfd3]::panicking::panic_fmt
[INFO] [stdout]   11:     0x57e07920ff6f - <test_journalctl_compat[e8daa2c704afb3ff]::test_large_payload::{closure#0} as core[df12db4294e9bfd3]::ops::function::FnOnce<()>>::call_once
[INFO] [stdout]   12:     0x57e07921e11b - test[9d35eded1c95d3be]::__rust_begin_short_backtrace::<core[df12db4294e9bfd3]::result::Result<(), alloc[2182bb758b4b3781]::string::String>, fn() -> core[df12db4294e9bfd3]::result::Result<(), alloc[2182bb758b4b3781]::string::String>>
[INFO] [stdout]   13:     0x57e07922b785 - test[9d35eded1c95d3be]::run_test::{closure#0}
[INFO] [stdout]   14:     0x57e079225044 - std[70759c8f55707aa4]::sys::backtrace::__rust_begin_short_backtrace::<test[9d35eded1c95d3be]::run_test::{closure#1}, ()>
[INFO] [stdout]   15:     0x57e07922e8e2 - <std[70759c8f55707aa4]::thread::lifecycle::spawn_unchecked<test[9d35eded1c95d3be]::run_test::{closure#1}, ()>::{closure#1} as core[df12db4294e9bfd3]::ops::function::FnOnce<()>>::call_once::{shim:vtable#0}
[INFO] [stdout]   16:     0x57e07937e8d9 - <std[70759c8f55707aa4]::sys::thread::unix::Thread>::new::thread_start
[INFO] [stdout]   17:     0x7eeeae890dfa - <unknown>
[INFO] [stdout]   18:     0x7eeeae9243d4 - clone
[INFO] [stdout]   19:                0x0 - <unknown>
[INFO] [stdout] 
[INFO] [stdout] 
[INFO] [stdout] failures:
[INFO] [stdout]     test_large_payload
[INFO] [stdout] 
[INFO] [stdout] test result: FAILED. 14 passed; 1 failed; 0 ignored; 0 measured; 0 filtered out; finished in 0.42s
[INFO] [stdout] 
[INFO] [stderr] error: test failed, to rerun pass `--test test_journalctl_compat`
[INFO] running `Command { std: "docker" "inspect" "2ac24f0f7f86e14813ba9c334652d7e36761f660083b9f31bc4d33a30366ea81", kill_on_drop: false }`
[INFO] running `Command { std: "docker" "rm" "-f" "2ac24f0f7f86e14813ba9c334652d7e36761f660083b9f31bc4d33a30366ea81", kill_on_drop: false }`
[INFO] [stdout] 2ac24f0f7f86e14813ba9c334652d7e36761f660083b9f31bc4d33a30366ea81
