[INFO] fetching crate qish 0.1.1...
[INFO] testing qish-0.1.1 against 1.99.0-beta.8+cargoflags=--release for beta-release-1.100-2
[INFO] extracting crate qish 0.1.1 into /workspace/builds/worker-3-tc1/source
[INFO] started tweaking crates.io crate qish 0.1.1
[INFO] finished tweaking crates.io crate qish 0.1.1
[INFO] tweaked toml for crates.io crate qish 0.1.1 written to /workspace/builds/worker-3-tc1/source/Cargo.toml
[INFO] validating manifest of crates.io crate qish 0.1.1 on toolchain 1.99.0-beta.8
[INFO] running `Command { std: CARGO_HOME="/workspace/cargo-home" RUSTUP_HOME="/workspace/rustup-home" "/workspace/cargo-home/bin/cargo" "+1.99.0-beta.8" "metadata" "--manifest-path" "Cargo.toml" "--no-deps", kill_on_drop: false }`
[INFO] crate crates.io crate qish 0.1.1 already has a lockfile, it will not be regenerated
[INFO] running `Command { std: CARGO_HOME="/workspace/cargo-home" RUSTUP_HOME="/workspace/rustup-home" "/workspace/cargo-home/bin/cargo" "+1.99.0-beta.8" "fetch" "--manifest-path" "Cargo.toml", kill_on_drop: false }`
[INFO] [stderr]     Updating crates.io index
[INFO] [stderr]  Downloading crates ...
[INFO] [stderr]   Downloaded nucleo v0.5.0
[INFO] running `Command { std: "docker" "create" "-v" "/var/lib/crater-agent-workspace/builds/worker-3-tc1/source:/opt/rustwide/workdir:ro,Z" "-v" "/var/lib/crater-agent-workspace/builds/worker-3-tc1/target:/opt/rustwide/target:rw,Z" "-v" "/var/lib/crater-agent-workspace/cargo-home:/opt/rustwide/cargo-home:ro,Z" "-v" "/var/lib/crater-agent-workspace/rustup-home:/opt/rustwide/rustup-home:ro,Z" "-m" "1610612736" "--network" "none" "ghcr.io/rust-lang/crates-build-env/linux@sha256:77db811e55d90add9212f6832c23229e3de5f1c1f9905e8cb07319ea15df73ac" "sleep" "infinity", kill_on_drop: false }`
[INFO] [stdout] dc728c2d006745784ab112645d3944646b2e384273652b98d064232251609e5e
[INFO] running `Command { std: "docker" "start" "dc728c2d006745784ab112645d3944646b2e384273652b98d064232251609e5e", kill_on_drop: false }`
[INFO] running `Command { std: "docker" "inspect" "dc728c2d006745784ab112645d3944646b2e384273652b98d064232251609e5e", kill_on_drop: false }`
[INFO] running `Command { std: "docker" "exec" "-e" "SOURCE_DIR=/opt/rustwide/workdir" "-e" "CARGO_HOME=/opt/rustwide/cargo-home" "-e" "RUSTUP_HOME=/opt/rustwide/rustup-home" "-e" "CARGO_TARGET_DIR=/opt/rustwide/target" "-w" "/opt/rustwide/workdir" "--user" "0:0" "dc728c2d006745784ab112645d3944646b2e384273652b98d064232251609e5e" "/opt/rustwide/cargo-home/bin/cargo" "+1.99.0-beta.8" "metadata" "--no-deps" "--format-version=1", kill_on_drop: false }`
[INFO] running `Command { std: "docker" "inspect" "dc728c2d006745784ab112645d3944646b2e384273652b98d064232251609e5e", kill_on_drop: false }`
[INFO] running `Command { std: "docker" "exec" "-e" "SOURCE_DIR=/opt/rustwide/workdir" "-e" "CARGO_HOME=/opt/rustwide/cargo-home" "-e" "RUSTUP_HOME=/opt/rustwide/rustup-home" "-e" "CARGO_TARGET_DIR=/opt/rustwide/target" "-e" "CARGO_INCREMENTAL=0" "-e" "RUST_BACKTRACE=full" "-e" "RUSTFLAGS=--cap-lints=warn" "-e" "RUSTDOCFLAGS=--cap-lints=warn" "-w" "/opt/rustwide/workdir" "--user" "0:0" "dc728c2d006745784ab112645d3944646b2e384273652b98d064232251609e5e" "/opt/rustwide/cargo-home/bin/cargo" "+1.99.0-beta.8" "build" "--frozen" "--message-format=json" "--release", kill_on_drop: false }`
[INFO] [stderr]    Compiling unicode-segmentation v1.13.2
[INFO] [stderr]    Compiling thiserror-impl v2.0.18
[INFO] [stderr]    Compiling crossbeam-utils v0.8.21
[INFO] [stderr]    Compiling itertools v0.14.0
[INFO] [stderr]    Compiling darling_core v0.23.0
[INFO] [stderr]    Compiling strum_macros v0.27.2
[INFO] [stderr]    Compiling castaway v0.2.4
[INFO] [stderr]    Compiling tree-sitter-language v0.1.7
[INFO] [stderr]    Compiling serde_core v1.0.228
[INFO] [stderr]    Compiling lock_api v0.4.14
[INFO] [stderr]    Compiling parking_lot_core v0.9.12
[INFO] [stderr]    Compiling lru v0.16.4
[INFO] [stderr]    Compiling rustix v1.1.4
[INFO] [stderr]    Compiling serde_json v1.0.149
[INFO] [stderr]    Compiling hashbrown v0.17.0
[INFO] [stderr]    Compiling compact_str v0.9.0
[INFO] [stderr]    Compiling mio v1.2.0
[INFO] [stderr]    Compiling signal-hook v0.3.18
[INFO] [stderr]    Compiling memchr v2.8.0
[INFO] [stderr]    Compiling parking_lot v0.12.5
[INFO] [stderr]    Compiling time v0.3.47
[INFO] [stderr]    Compiling convert_case v0.10.0
[INFO] [stderr]    Compiling line-clipping v0.3.7
[INFO] [stderr]    Compiling signal-hook-mio v0.2.5
[INFO] [stderr]    Compiling regex-syntax v0.8.10
[INFO] [stderr]    Compiling derive_more-impl v2.1.1
[INFO] [stderr]    Compiling crossbeam-epoch v0.9.18
[INFO] [stderr]    Compiling dirs-sys v0.5.0
[INFO] [stderr]    Compiling indexmap v2.14.0
[INFO] [stderr]    Compiling tree-sitter-bash v0.25.1
[INFO] [stderr]    Compiling winnow v1.0.2
[INFO] [stderr]    Compiling crossbeam-deque v0.8.6
[INFO] [stderr]    Compiling dirs v6.0.0
[INFO] [stderr]    Compiling nucleo-matcher v0.3.1
[INFO] [stderr]    Compiling toml_datetime v1.1.1+spec-1.1.0
[INFO] [stderr]    Compiling serde_spanned v1.1.1
[INFO] [stderr]    Compiling serde_derive v1.0.228
[INFO] [stderr]    Compiling streaming-iterator v0.1.9
[INFO] [stderr]    Compiling derive_more v2.1.1
[INFO] [stderr]    Compiling crossterm v0.29.0
[INFO] [stderr]    Compiling rayon-core v1.13.0
[INFO] [stderr]    Compiling toml_parser v1.1.2+spec-1.1.0
[INFO] [stderr]    Compiling shellexpand v3.1.2
[INFO] [stderr]    Compiling thiserror v2.0.18
[INFO] [stderr]    Compiling kasuari v0.4.12
[INFO] [stderr]    Compiling strum v0.27.2
[INFO] [stderr]    Compiling rayon v1.12.0
[INFO] [stderr]    Compiling toml v1.1.2+spec-1.1.0
[INFO] [stderr]    Compiling unicode-truncate v2.0.1
[INFO] [stderr]    Compiling ratatui-core v0.1.0
[INFO] [stderr]    Compiling regex-automata v0.4.14
[INFO] [stderr]    Compiling darling_macro v0.23.0
[INFO] [stderr]    Compiling darling v0.23.0
[INFO] [stderr]    Compiling serde v1.0.228
[INFO] [stderr]    Compiling instability v0.3.12
[INFO] [stderr]    Compiling tree-sitter v0.26.8
[INFO] [stderr]    Compiling ratatui-widgets v0.3.0
[INFO] [stderr]    Compiling ratatui-crossterm v0.1.0
[INFO] [stderr]    Compiling nucleo v0.5.0
[INFO] [stderr]    Compiling regex v1.12.3
[INFO] [stderr]    Compiling ratatui-macros v0.7.0
[INFO] [stderr]    Compiling ratatui v0.30.0
[INFO] [stderr]    Compiling qish v0.1.1 (/opt/rustwide/workdir)
[INFO] [stderr]     Finished `release` profile [optimized] target(s) in 54.62s
[INFO] running `Command { std: "docker" "inspect" "dc728c2d006745784ab112645d3944646b2e384273652b98d064232251609e5e", kill_on_drop: false }`
[INFO] running `Command { std: "docker" "exec" "-e" "SOURCE_DIR=/opt/rustwide/workdir" "-e" "CARGO_HOME=/opt/rustwide/cargo-home" "-e" "RUSTUP_HOME=/opt/rustwide/rustup-home" "-e" "CARGO_TARGET_DIR=/opt/rustwide/target" "-e" "CARGO_INCREMENTAL=0" "-e" "RUST_BACKTRACE=full" "-e" "RUSTFLAGS=--cap-lints=warn" "-e" "RUSTDOCFLAGS=--cap-lints=warn" "-w" "/opt/rustwide/workdir" "--user" "0:0" "dc728c2d006745784ab112645d3944646b2e384273652b98d064232251609e5e" "/opt/rustwide/cargo-home/bin/cargo" "+1.99.0-beta.8" "test" "--frozen" "--no-run" "--message-format=json" "--release", kill_on_drop: false }`
[INFO] [stderr]    Compiling rustix v1.1.4
[INFO] [stderr]    Compiling crossterm v0.29.0
[INFO] [stderr]    Compiling tempfile v3.27.0
[INFO] [stderr]    Compiling ratatui-crossterm v0.1.0
[INFO] [stderr]    Compiling ratatui v0.30.0
[INFO] [stderr]    Compiling qish v0.1.1 (/opt/rustwide/workdir)
[INFO] [stderr]     Finished `release` profile [optimized] target(s) in 11.85s
[INFO] running `Command { std: "docker" "inspect" "dc728c2d006745784ab112645d3944646b2e384273652b98d064232251609e5e", kill_on_drop: false }`
[INFO] running `Command { std: "docker" "exec" "-e" "SOURCE_DIR=/opt/rustwide/workdir" "-e" "CARGO_HOME=/opt/rustwide/cargo-home" "-e" "RUSTUP_HOME=/opt/rustwide/rustup-home" "-e" "CARGO_TARGET_DIR=/opt/rustwide/target" "-e" "CARGO_INCREMENTAL=0" "-e" "RUST_BACKTRACE=full" "-e" "RUSTFLAGS=--cap-lints=warn" "-e" "RUSTDOCFLAGS=--cap-lints=warn" "-w" "/opt/rustwide/workdir" "--user" "0:0" "dc728c2d006745784ab112645d3944646b2e384273652b98d064232251609e5e" "/opt/rustwide/cargo-home/bin/cargo" "+1.99.0-beta.8" "test" "--frozen" "--release", kill_on_drop: false }`
[INFO] [stderr]     Finished `release` profile [optimized] target(s) in 0.16s
[INFO] [stderr]      Running unittests src/main.rs (/opt/rustwide/target/release/deps/qish-ea3a6d9c2b690600)
[INFO] [stdout] 
[INFO] [stdout] running 150 tests
[INFO] [stdout] test completion::tests::context_first_word ... ok
[INFO] [stdout] test completion::tests::filter_empty_prefix ... ok
[INFO] [stdout] test completion::tests::complete_paths_in_tempdir ... ok
[INFO] [stdout] test completion::tests::prefix_empty_after_space ... ok
[INFO] [stdout] test completion::tests::prefix_second_word ... ok
[INFO] [stdout] test config::tests::config_keymap_resolves ... ok
[INFO] [stdout] test completion::tests::prefix_at_start ... ok
[INFO] [stdout] test config::tests::config_keymap_insert_char_fallback ... ok
[INFO] [stdout] test completion::tests::filter_matches ... ok
[INFO] [stdout] test completion::tests::filter_fuzzy ... ok
[INFO] [stdout] test completion::tests::context_after_space ... ok
[INFO] [stdout] test completion::tests::context_empty ... ok
[INFO] [stdout] test completion::tests::state_navigation ... ok
[INFO] [stdout] test completion::tests::state_confirm ... ok
[INFO] [stdout] test config::tests::parse_key_simple_char ... ok
[INFO] [stdout] test config::tests::parse_key_uppercase ... ok
[INFO] [stdout] test editor::buffer::tests::clear_buffer ... ok
[INFO] [stdout] test editor::buffer::tests::collapse_selection ... ok
[INFO] [stdout] test editor::buffer::tests::copy_selection_none ... ok
[INFO] [stdout] test completion::tests::context_second_word ... ok
[INFO] [stdout] test editor::buffer::tests::delete_forward ... ok
[INFO] [stdout] test editor::buffer::tests::delete_selection ... ok
[INFO] [stdout] test editor::buffer::tests::delete_forward_at_end ... ok
[INFO] [stdout] test editor::buffer::tests::delete_selection_backward ... ok
[INFO] [stdout] test completion::tests::complete_paths_partial ... ok
[INFO] [stdout] test config::tests::parse_action_unknown ... ok
[INFO] [stdout] test editor::buffer::tests::delete_to_line_start ... ok
[INFO] [stdout] test editor::buffer::tests::delete_word_back ... ok
[INFO] [stdout] test editor::buffer::tests::edit_after_undo_clears_redo ... ok
[INFO] [stdout] test config::tests::parse_key_special ... ok
[INFO] [stdout] test editor::buffer::tests::has_selection_true ... ok
[INFO] [stdout] test editor::buffer::tests::insert_multiple_chars ... ok
[INFO] [stdout] test editor::buffer::tests::insert_newline_already_space ... ok
[INFO] [stdout] test editor::buffer::tests::insert_newline_empty ... ok
[INFO] [stdout] test editor::buffer::tests::insert_newline_middle ... ok
[INFO] [stdout] test editor::buffer::tests::insert_newline_with_space ... ok
[INFO] [stdout] test editor::buffer::tests::move_down_basic ... ok
[INFO] [stdout] test editor::buffer::tests::move_down_last_line ... ok
[INFO] [stdout] test editor::buffer::tests::delete_word_back_at_start ... ok
[INFO] [stdout] test editor::buffer::tests::insert_char ... ok
[INFO] [stdout] test editor::buffer::tests::move_down_clamp ... ok
[INFO] [stdout] test editor::buffer::tests::has_selection_false ... ok
[INFO] [stdout] test editor::buffer::tests::move_left ... ok
[INFO] [stdout] test editor::buffer::tests::move_line_end ... ok
[INFO] [stdout] test editor::buffer::tests::move_left_at_start ... ok
[INFO] [stdout] test editor::buffer::tests::move_line_start ... ok
[INFO] [stdout] test editor::buffer::tests::move_up_basic ... ok
[INFO] [stdout] test editor::buffer::tests::move_up_clamp ... ok
[INFO] [stdout] test editor::buffer::tests::move_up_first_line ... ok
[INFO] [stdout] test editor::buffer::tests::move_word_back ... ok
[INFO] [stdout] test editor::buffer::tests::move_word_back_to_start ... ok
[INFO] [stdout] test editor::buffer::tests::copy_selection_text ... ok
[INFO] [stdout] test editor::buffer::tests::move_word_forward ... ok
[INFO] [stdout] test editor::buffer::tests::delete_back ... ok
[INFO] [stdout] test editor::buffer::tests::move_word_forward_from_middle ... ok
[INFO] [stdout] test editor::buffer::tests::delete_back_at_start ... ok
[INFO] [stdout] test editor::buffer::tests::new_buffer_is_empty ... ok
[INFO] [stdout] test editor::buffer::tests::paste_empty_register ... ok
[INFO] [stdout] test editor::buffer::tests::paste_from_register ... ok
[INFO] [stdout] test editor::buffer::tests::paste_text ... ok
[INFO] [stdout] test editor::buffer::tests::redo_after_undo ... ok
[INFO] [stdout] test editor::buffer::tests::redo_without_undo ... ok
[INFO] [stdout] test editor::buffer::tests::select_line_middle ... ok
[INFO] [stdout] test editor::buffer::tests::select_line_single ... ok
[INFO] [stdout] test editor::buffer::tests::select_left ... ok
[INFO] [stdout] test editor::buffer::tests::select_right ... ok
[INFO] [stdout] test editor::buffer::tests::select_word_forward_twice_selects_second_word ... ok
[INFO] [stdout] test editor::buffer::tests::selection_range_backward ... ok
[INFO] [stdout] test editor::buffer::tests::selection_range_forward ... ok
[INFO] [stdout] test editor::buffer::tests::undo_after_delete ... ok
[INFO] [stdout] test editor::buffer::tests::undo_on_empty ... ok
[INFO] [stdout] test config::tests::parse_key_ctrl ... ok
[INFO] [stdout] test editor::buffer::tests::undo_twice ... ok
[INFO] [stdout] test editor::buffer::tests::yank_delete_selection ... ok
[INFO] [stdout] test editor::buffer::tests::undo_after_insert ... ok
[INFO] [stdout] test editor::buffer::tests::select_word_forward ... ok
[INFO] [stdout] test editor::buffer::tests::move_right ... ok
[INFO] [stdout] test editor::buffer::tests::move_right_at_end ... ok
[INFO] [stdout] test config::tests::parse_action_search ... ok
[INFO] [stdout] test config::tests::load_config_from_toml ... ok
[INFO] [stdout] test editor::buffer::tests::select_word_back ... ok
[INFO] [stdout] test editor::buffer::tests::yank_selection ... ok
[INFO] [stdout] test editor::keymap::tests::ctrl_c_clipboard_copy ... ok
[INFO] [stdout] test editor::keymap::tests::ctrl_k_hover ... ok
[INFO] [stdout] test editor::keymap::tests::ctrl_l_clear ... ok
[INFO] [stdout] test editor::keymap::tests::ctrl_r_searches ... ok
[INFO] [stdout] test editor::keymap::tests::ctrl_u_delete_to_start ... ok
[INFO] [stdout] test editor::buffer::tests::select_left_twice ... ok
[INFO] [stdout] test completion::tests::filter_no_matches ... ok
[INFO] [stdout] test config::tests::parse_key_alt ... ok
[INFO] [stdout] test editor::keymap::tests::ctrl_v_clipboard_paste ... ok
[INFO] [stdout] test editor::keymap::tests::ctrl_w_delete_word ... ok
[INFO] [stdout] test editor::keymap::tests::ctrl_y_redoes ... ok
[INFO] [stdout] test editor::keymap::tests::ctrl_z_undoes ... ok
[INFO] [stdout] test editor::keymap::tests::insert_arrow_keys ... ok
[INFO] [stdout] test editor::keymap::tests::insert_esc_accepts ... ok
[INFO] [stdout] test editor::keymap::tests::insert_home_end ... ok
[INFO] [stdout] test editor::keymap::tests::insert_tab_completes ... ok
[INFO] [stdout] test editor::tests::abort_returns_abort ... ok
[INFO] [stdout] test editor::tests::delete_forward_in_normal ... ok
[INFO] [stdout] test editor::tests::hx_select_then_collapse ... ok
[INFO] [stdout] test config::tests::parse_action_move ... ok
[INFO] [stdout] test editor::tests::hx_select_word_then_change ... ok
[INFO] [stdout] test editor::tests::normal_mode_movement_then_insert ... ok
[INFO] [stdout] test editor::tests::type_and_accept ... ok
[INFO] [stdout] test editor::tests::hx_select_word_then_delete ... ok
[INFO] [stdout] test editor::keymap::tests::insert_backspace ... ok
[INFO] [stdout] test editor::tests::new_editor_starts_in_insert_mode ... ok
[INFO] [stdout] test editor::keymap::tests::insert_delete ... ok
[INFO] [stdout] test highlight::tests::highlight_command_name_empty_path ... ok
[INFO] [stdout] test highlight::tests::highlight_pipe ... ok
[INFO] [stdout] test editor::keymap::tests::insert_enter_newline ... ok
[INFO] [stdout] test highlight::tests::highlight_command_name_exists ... ok
[INFO] [stdout] test highlight::tests::highlight_empty ... ok
[INFO] [stdout] test editor::keymap::tests::insert_char_input ... ok
[INFO] [stdout] test highlight::tests::highlight_mixed_pipeline ... ok
[INFO] [stdout] test editor::tests::insert_at_line_end ... ok
[INFO] [stdout] test highlight::tests::highlight_command_name_not_exists ... ok
[INFO] [stdout] test highlight::tests::highlight_multiple_commands ... ok
[INFO] [stdout] test editor::tests::insert_at_line_start ... ok
[INFO] [stdout] test hover::tests::word_at_end ... ok
[INFO] [stdout] test hover::tests::word_at_middle ... ok
[INFO] [stdout] test hover::tests::word_at_start ... ok
[INFO] [stdout] test history::tests::load_plain_history ... ok
[INFO] [stdout] test preview::tests::empty_text ... ok
[INFO] [stdout] test preview::tests::expand_dot_alone ... ok
[INFO] [stdout] test history::tests::skip_empty_lines ... ok
[INFO] [stdout] test preview::tests::expand_nonexistent_relative ... ok
[INFO] [stdout] test preview::tests::expand_relative_dot ... ok
[INFO] [stdout] test preview::tests::expand_relative_dotdot ... ok
[INFO] [stdout] test preview::tests::expand_env_var ... ok
[INFO] [stdout] test preview::tests::expand_tilde ... ok
[INFO] [stdout] test preview::tests::no_expansion_needed ... ok
[INFO] [stdout] test preview::tests::unknown_var ... ok
[INFO] [stdout] test hover::tests::hover_directory ... ok
[INFO] [stdout] test hover::tests::hover_file ... ok
[INFO] [stdout] test highlight::tests::highlight_string ... ok
[INFO] [stdout] test highlight::tests::highlight_variable ... ok
[INFO] [stdout] test history::tests::dedup_keeps_most_recent ... ok
[INFO] [stdout] test history::tests::load_extended_history ... ok
[INFO] [stdout] test history::tests::missing_file_returns_error ... ok
[INFO] [stdout] test search::tests::no_matches ... ok
[INFO] [stdout] test hover::tests::hover_nonexistent_path ... ok
[INFO] [stdout] test hover::tests::word_empty_text ... ok
[INFO] [stdout] test search::tests::empty_query_returns_all ... ok
[INFO] [stdout] test search::tests::fuzzy_matching ... ok
[INFO] [stdout] test search::tests::query_filters_results ... ok
[INFO] [stdout] test hover::tests::hover_nonexistent_command ... FAILED
[INFO] [stdout] test hover::tests::hover_command_ls ... ok
[INFO] [stdout] test completion::tests::scan_path_returns_binaries ... ok
[INFO] [stdout] 
[INFO] [stdout] failures:
[INFO] [stdout] 
[INFO] [stdout] ---- hover::tests::hover_nonexistent_command stdout ----
[INFO] [stdout] 
[INFO] [stdout] thread 'hover::tests::hover_nonexistent_command' (1670) panicked at src/hover.rs:238:9:
[INFO] [stdout] assertion failed: result.is_none()
[INFO] [stdout] stack backtrace:
[INFO] [stdout]    0:     0x56797f809291 - <<std[70759c8f55707aa4]::sys::backtrace::BacktraceLock>::print::DisplayBacktrace as core[df12db4294e9bfd3]::fmt::Display>::fmt
[INFO] [stdout]    1:     0x56797f81f04a - core[df12db4294e9bfd3]::fmt::write
[INFO] [stdout]    2:     0x56797f80da6c - <alloc[2182bb758b4b3781]::vec::Vec<u8> as core[df12db4294e9bfd3]::io::write::Write>::write_fmt
[INFO] [stdout]    3:     0x56797f7e31b6 - std[70759c8f55707aa4]::panicking::default_hook::{closure#0}
[INFO] [stdout]    4:     0x56797f800559 - std[70759c8f55707aa4]::panicking::default_hook
[INFO] [stdout]    5:     0x56797f767190 - test[9d35eded1c95d3be]::test_main_inner::<test[9d35eded1c95d3be]::test_main_static::{closure#0}>::{closure#0}
[INFO] [stdout]    6:     0x56797f800882 - std[70759c8f55707aa4]::panicking::panic_with_hook
[INFO] [stdout]    7:     0x56797f7e3294 - std[70759c8f55707aa4]::panicking::panic_handler::{closure#0}
[INFO] [stdout]    8:     0x56797f7dbc99 - std[70759c8f55707aa4]::sys::backtrace::__rust_end_short_backtrace::<std[70759c8f55707aa4]::panicking::panic_handler::{closure#0}, !>
[INFO] [stdout]    9:     0x56797f7e3e5d - __rustc[8fa7c3cbc660c2b3]::rust_begin_unwind
[INFO] [stdout]   10:     0x56797f81f7bc - core[df12db4294e9bfd3]::panicking::panic_fmt
[INFO] [stdout]   11:     0x56797f81f782 - core[df12db4294e9bfd3]::panicking::panic
[INFO] [stdout]   12:     0x56797f6eec3e - <qish[25c0ca65f8e66f4d]::hover::tests::hover_nonexistent_command::{closure#0} as core[df12db4294e9bfd3]::ops::function::FnOnce<()>>::call_once
[INFO] [stdout]   13:     0x56797f75a47b - test[9d35eded1c95d3be]::__rust_begin_short_backtrace::<core[df12db4294e9bfd3]::result::Result<(), alloc[2182bb758b4b3781]::string::String>, fn() -> core[df12db4294e9bfd3]::result::Result<(), alloc[2182bb758b4b3781]::string::String>>
[INFO] [stdout]   14:     0x56797f767ae5 - test[9d35eded1c95d3be]::run_test::{closure#0}
[INFO] [stdout]   15:     0x56797f7613a4 - std[70759c8f55707aa4]::sys::backtrace::__rust_begin_short_backtrace::<test[9d35eded1c95d3be]::run_test::{closure#1}, ()>
[INFO] [stdout]   16:     0x56797f76ac42 - <std[70759c8f55707aa4]::thread::lifecycle::spawn_unchecked<test[9d35eded1c95d3be]::run_test::{closure#1}, ()>::{closure#1} as core[df12db4294e9bfd3]::ops::function::FnOnce<()>>::call_once::{shim:vtable#0}
[INFO] [stdout]   17:     0x56797f8082d9 - <std[70759c8f55707aa4]::sys::thread::unix::Thread>::new::thread_start
[INFO] [stdout]   18:     0x7c0929b2ddfa - <unknown>
[INFO] [stdout]   19:     0x7c0929bc13d4 - clone
[INFO] [stdout]   20:                0x0 - <unknown>
[INFO] [stdout] 
[INFO] [stdout] 
[INFO] [stdout] failures:
[INFO] [stdout]     hover::tests::hover_nonexistent_command
[INFO] [stdout] 
[INFO] [stdout] test result: FAILED. 149 passed; 1 failed; 0 ignored; 0 measured; 0 filtered out; finished in 0.04s
[INFO] [stdout] 
[INFO] [stderr] error: test failed, to rerun pass `--bin qish`
[INFO] running `Command { std: "docker" "inspect" "dc728c2d006745784ab112645d3944646b2e384273652b98d064232251609e5e", kill_on_drop: false }`
[INFO] running `Command { std: "docker" "rm" "-f" "dc728c2d006745784ab112645d3944646b2e384273652b98d064232251609e5e", kill_on_drop: false }`
[INFO] [stdout] dc728c2d006745784ab112645d3944646b2e384273652b98d064232251609e5e
