[INFO] fetching crate qif 0.1.0...
[INFO] testing qif-0.1.0 against 1.99.0-beta.8+cargoflags=--release for beta-release-1.100-2
[INFO] extracting crate qif 0.1.0 into /workspace/builds/worker-5-tc1/source
[INFO] started tweaking crates.io crate qif 0.1.0
[INFO] finished tweaking crates.io crate qif 0.1.0
[INFO] tweaked toml for crates.io crate qif 0.1.0 written to /workspace/builds/worker-5-tc1/source/Cargo.toml
[INFO] validating manifest of crates.io crate qif 0.1.0 on toolchain 1.99.0-beta.8
[INFO] running `Command { std: CARGO_HOME="/workspace/cargo-home" RUSTUP_HOME="/workspace/rustup-home" "/workspace/cargo-home/bin/cargo" "+1.99.0-beta.8" "metadata" "--manifest-path" "Cargo.toml" "--no-deps", kill_on_drop: false }`
[INFO] crate crates.io crate qif 0.1.0 already has a lockfile, it will not be regenerated
[INFO] running `Command { std: CARGO_HOME="/workspace/cargo-home" RUSTUP_HOME="/workspace/rustup-home" "/workspace/cargo-home/bin/cargo" "+1.99.0-beta.8" "fetch" "--manifest-path" "Cargo.toml", kill_on_drop: false }`
[INFO] running `Command { std: "docker" "create" "-v" "/var/lib/crater-agent-workspace/builds/worker-5-tc1/source:/opt/rustwide/workdir:ro,Z" "-v" "/var/lib/crater-agent-workspace/builds/worker-5-tc1/target:/opt/rustwide/target:rw,Z" "-v" "/var/lib/crater-agent-workspace/cargo-home:/opt/rustwide/cargo-home:ro,Z" "-v" "/var/lib/crater-agent-workspace/rustup-home:/opt/rustwide/rustup-home:ro,Z" "-m" "1610612736" "--network" "none" "ghcr.io/rust-lang/crates-build-env/linux@sha256:77db811e55d90add9212f6832c23229e3de5f1c1f9905e8cb07319ea15df73ac" "sleep" "infinity", kill_on_drop: false }`
[INFO] [stdout] ab5fdfc95c269633d11adad71e4c230ef63d6917bd2509f2063d36dc65b69803
[INFO] running `Command { std: "docker" "start" "ab5fdfc95c269633d11adad71e4c230ef63d6917bd2509f2063d36dc65b69803", kill_on_drop: false }`
[INFO] running `Command { std: "docker" "inspect" "ab5fdfc95c269633d11adad71e4c230ef63d6917bd2509f2063d36dc65b69803", kill_on_drop: false }`
[INFO] running `Command { std: "docker" "exec" "-e" "SOURCE_DIR=/opt/rustwide/workdir" "-e" "CARGO_HOME=/opt/rustwide/cargo-home" "-e" "RUSTUP_HOME=/opt/rustwide/rustup-home" "-e" "CARGO_TARGET_DIR=/opt/rustwide/target" "-w" "/opt/rustwide/workdir" "--user" "0:0" "ab5fdfc95c269633d11adad71e4c230ef63d6917bd2509f2063d36dc65b69803" "/opt/rustwide/cargo-home/bin/cargo" "+1.99.0-beta.8" "metadata" "--no-deps" "--format-version=1", kill_on_drop: false }`
[INFO] running `Command { std: "docker" "inspect" "ab5fdfc95c269633d11adad71e4c230ef63d6917bd2509f2063d36dc65b69803", kill_on_drop: false }`
[INFO] running `Command { std: "docker" "exec" "-e" "SOURCE_DIR=/opt/rustwide/workdir" "-e" "CARGO_HOME=/opt/rustwide/cargo-home" "-e" "RUSTUP_HOME=/opt/rustwide/rustup-home" "-e" "CARGO_TARGET_DIR=/opt/rustwide/target" "-e" "CARGO_INCREMENTAL=0" "-e" "RUST_BACKTRACE=full" "-e" "RUSTFLAGS=--cap-lints=warn" "-e" "RUSTDOCFLAGS=--cap-lints=warn" "-w" "/opt/rustwide/workdir" "--user" "0:0" "ab5fdfc95c269633d11adad71e4c230ef63d6917bd2509f2063d36dc65b69803" "/opt/rustwide/cargo-home/bin/cargo" "+1.99.0-beta.8" "build" "--frozen" "--message-format=json" "--release", kill_on_drop: false }`
[INFO] [stderr]    Compiling chrono v0.4.40
[INFO] [stderr]    Compiling qif v0.1.0 (/opt/rustwide/workdir)
[INFO] [stderr]     Finished `release` profile [optimized] target(s) in 3.41s
[INFO] running `Command { std: "docker" "inspect" "ab5fdfc95c269633d11adad71e4c230ef63d6917bd2509f2063d36dc65b69803", kill_on_drop: false }`
[INFO] running `Command { std: "docker" "exec" "-e" "SOURCE_DIR=/opt/rustwide/workdir" "-e" "CARGO_HOME=/opt/rustwide/cargo-home" "-e" "RUSTUP_HOME=/opt/rustwide/rustup-home" "-e" "CARGO_TARGET_DIR=/opt/rustwide/target" "-e" "CARGO_INCREMENTAL=0" "-e" "RUST_BACKTRACE=full" "-e" "RUSTFLAGS=--cap-lints=warn" "-e" "RUSTDOCFLAGS=--cap-lints=warn" "-w" "/opt/rustwide/workdir" "--user" "0:0" "ab5fdfc95c269633d11adad71e4c230ef63d6917bd2509f2063d36dc65b69803" "/opt/rustwide/cargo-home/bin/cargo" "+1.99.0-beta.8" "test" "--frozen" "--no-run" "--message-format=json" "--release", kill_on_drop: false }`
[INFO] [stderr]    Compiling qif v0.1.0 (/opt/rustwide/workdir)
[INFO] [stderr]     Finished `release` profile [optimized] target(s) in 2.09s
[INFO] running `Command { std: "docker" "inspect" "ab5fdfc95c269633d11adad71e4c230ef63d6917bd2509f2063d36dc65b69803", kill_on_drop: false }`
[INFO] running `Command { std: "docker" "exec" "-e" "SOURCE_DIR=/opt/rustwide/workdir" "-e" "CARGO_HOME=/opt/rustwide/cargo-home" "-e" "RUSTUP_HOME=/opt/rustwide/rustup-home" "-e" "CARGO_TARGET_DIR=/opt/rustwide/target" "-e" "CARGO_INCREMENTAL=0" "-e" "RUST_BACKTRACE=full" "-e" "RUSTFLAGS=--cap-lints=warn" "-e" "RUSTDOCFLAGS=--cap-lints=warn" "-w" "/opt/rustwide/workdir" "--user" "0:0" "ab5fdfc95c269633d11adad71e4c230ef63d6917bd2509f2063d36dc65b69803" "/opt/rustwide/cargo-home/bin/cargo" "+1.99.0-beta.8" "test" "--frozen" "--release", kill_on_drop: false }`
[INFO] [stderr]     Finished `release` profile [optimized] target(s) in 0.06s
[INFO] [stderr]      Running unittests src/lib.rs (/opt/rustwide/target/release/deps/qif-5e07004c543b4b0d)
[INFO] [stdout] 
[INFO] [stdout] running 24 tests
[INFO] [stdout] test tests::invalid_type_results_in_none ... ok
[INFO] [stdout] test tests::create_transaction ... ok
[INFO] [stdout] test tests::invalid_transaction_status_results_in_none ... ok
[INFO] [stdout] test tests::create_split ... ok
[INFO] [stdout] test tests::transaction_creation_fails_if_date_format_is_wrong ... ok
[INFO] [stdout] test tests::transaction_status_outputs_correctly ... ok
[INFO] [stdout] test tests::split_creation_fails_without_amount ... ok
[INFO] [stdout] test tests::transaction_creation_fails_if_amount_is_empty ... ok
[INFO] [stdout] test tests::qif_type_outputs_to_correct_string ... ok
[INFO] [stdout] test tests::parse_transaction_with_multiple_splits ... ok
[INFO] [stdout] test tests::qif_section_output_strng_correctly ... ok
[INFO] [stdout] test tests::qif_type_parses_correctly ... ok
[INFO] [stdout] test tests::parse_transaction_with_percentage_split ... ok
[INFO] [stdout] test tests::parse_qif_with_multiple_sections_ ... ok
[INFO] [stdout] test tests::parse_section ... ok
[INFO] [stdout] test tests::parse_transaction_with_explicit_split ... ok
[INFO] [stdout] test tests::transaction_status_parses_correctly ... ok
[INFO] [stdout] test tests::transaction_string_outputs_in_qif_format ... ok
[INFO] [stdout] test tests::transaction_with_multiple_splits_writes_proper_string ... ok
[INFO] [stdout] test tests::transaction_with_split_string_outputs_correctly ... ok
[INFO] [stdout] test tests::parse_qif_with_one_section ... ok
[INFO] [stdout] test tests::write_file ... FAILED
[INFO] [stdout] test tests::parse_transaction_from_string ... ok
[INFO] [stdout] test tests::transaction_creation_fails_if_vendor_is_empty ... ok
[INFO] [stdout] 
[INFO] [stdout] failures:
[INFO] [stdout] 
[INFO] [stdout] ---- tests::write_file stdout ----
[INFO] [stdout] 
[INFO] [stdout] thread 'tests::write_file' (224) panicked at src/lib.rs:727:9:
[INFO] [stdout] assertion failed: qif.save("test.qif", &format).is_ok()
[INFO] [stdout] stack backtrace:
[INFO] [stdout]    0:     0x61b6b7a76181 - <<std[70759c8f55707aa4]::sys::backtrace::BacktraceLock>::print::DisplayBacktrace as core[df12db4294e9bfd3]::fmt::Display>::fmt
[INFO] [stdout]    1:     0x61b6b7a8c80a - core[df12db4294e9bfd3]::fmt::write
[INFO] [stdout]    2:     0x61b6b7a7a61c - <alloc[2182bb758b4b3781]::vec::Vec<u8> as core[df12db4294e9bfd3]::io::write::Write>::write_fmt
[INFO] [stdout]    3:     0x61b6b7a51cf6 - std[70759c8f55707aa4]::panicking::default_hook::{closure#0}
[INFO] [stdout]    4:     0x61b6b7a6e039 - std[70759c8f55707aa4]::panicking::default_hook
[INFO] [stdout]    5:     0x61b6b79365c0 - test[9d35eded1c95d3be]::test_main_inner::<test[9d35eded1c95d3be]::test_main_static::{closure#0}>::{closure#0}
[INFO] [stdout]    6:     0x61b6b7a6e1f2 - std[70759c8f55707aa4]::panicking::panic_with_hook
[INFO] [stdout]    7:     0x61b6b7a51dd4 - std[70759c8f55707aa4]::panicking::panic_handler::{closure#0}
[INFO] [stdout]    8:     0x61b6b7a4a999 - std[70759c8f55707aa4]::sys::backtrace::__rust_end_short_backtrace::<std[70759c8f55707aa4]::panicking::panic_handler::{closure#0}, !>
[INFO] [stdout]    9:     0x61b6b7a5299d - __rustc[8fa7c3cbc660c2b3]::rust_begin_unwind
[INFO] [stdout]   10:     0x61b6b7a8cfec - core[df12db4294e9bfd3]::panicking::panic_fmt
[INFO] [stdout]   11:     0x61b6b7a8cfb2 - core[df12db4294e9bfd3]::panicking::panic
[INFO] [stdout]   12:     0x61b6b790c9a1 - qif[8a3c656da729155f]::tests::write_file
[INFO] [stdout]   13:     0x61b6b7922849 - <qif[8a3c656da729155f]::tests::write_file::{closure#0} as core[df12db4294e9bfd3]::ops::function::FnOnce<()>>::call_once
[INFO] [stdout]   14:     0x61b6b79298ab - test[9d35eded1c95d3be]::__rust_begin_short_backtrace::<core[df12db4294e9bfd3]::result::Result<(), alloc[2182bb758b4b3781]::string::String>, fn() -> core[df12db4294e9bfd3]::result::Result<(), alloc[2182bb758b4b3781]::string::String>>
[INFO] [stdout]   15:     0x61b6b7936f15 - test[9d35eded1c95d3be]::run_test::{closure#0}
[INFO] [stdout]   16:     0x61b6b79307d4 - std[70759c8f55707aa4]::sys::backtrace::__rust_begin_short_backtrace::<test[9d35eded1c95d3be]::run_test::{closure#1}, ()>
[INFO] [stdout]   17:     0x61b6b793a072 - <std[70759c8f55707aa4]::thread::lifecycle::spawn_unchecked<test[9d35eded1c95d3be]::run_test::{closure#1}, ()>::{closure#1} as core[df12db4294e9bfd3]::ops::function::FnOnce<()>>::call_once::{shim:vtable#0}
[INFO] [stdout]   18:     0x61b6b7a753c9 - <std[70759c8f55707aa4]::sys::thread::unix::Thread>::new::thread_start
[INFO] [stdout]   19:     0x708defb84dfa - <unknown>
[INFO] [stdout]   20:     0x708defc183d4 - clone
[INFO] [stdout]   21:                0x0 - <unknown>
[INFO] [stdout] 
[INFO] [stdout] 
[INFO] [stdout] failures:
[INFO] [stdout]     tests::write_file
[INFO] [stdout] 
[INFO] [stdout] test result: FAILED. 23 passed; 1 failed; 0 ignored; 0 measured; 0 filtered out; finished in 0.02s
[INFO] [stdout] 
[INFO] [stderr] error: test failed, to rerun pass `--lib`
[INFO] running `Command { std: "docker" "inspect" "ab5fdfc95c269633d11adad71e4c230ef63d6917bd2509f2063d36dc65b69803", kill_on_drop: false }`
[INFO] running `Command { std: "docker" "rm" "-f" "ab5fdfc95c269633d11adad71e4c230ef63d6917bd2509f2063d36dc65b69803", kill_on_drop: false }`
[INFO] [stdout] ab5fdfc95c269633d11adad71e4c230ef63d6917bd2509f2063d36dc65b69803
