[INFO] fetching crate qcms 0.3.0...
[INFO] testing qcms-0.3.0 against 1.99.0-beta.8+cargoflags=--release for beta-release-1.100-2
[INFO] extracting crate qcms 0.3.0 into /workspace/builds/worker-0-tc1/source
[INFO] started tweaking crates.io crate qcms 0.3.0
[INFO] finished tweaking crates.io crate qcms 0.3.0
[INFO] tweaked toml for crates.io crate qcms 0.3.0 written to /workspace/builds/worker-0-tc1/source/Cargo.toml
[INFO] validating manifest of crates.io crate qcms 0.3.0 on toolchain 1.99.0-beta.8
[INFO] running `Command { std: CARGO_HOME="/workspace/cargo-home" RUSTUP_HOME="/workspace/rustup-home" "/workspace/cargo-home/bin/cargo" "+1.99.0-beta.8" "metadata" "--manifest-path" "Cargo.toml" "--no-deps", kill_on_drop: false }`
[INFO] crate crates.io crate qcms 0.3.0 already has a lockfile, it will not be regenerated
[INFO] running `Command { std: CARGO_HOME="/workspace/cargo-home" RUSTUP_HOME="/workspace/rustup-home" "/workspace/cargo-home/bin/cargo" "+1.99.0-beta.8" "fetch" "--manifest-path" "Cargo.toml", kill_on_drop: false }`
[INFO] running `Command { std: "docker" "create" "-v" "/var/lib/crater-agent-workspace/builds/worker-0-tc1/source:/opt/rustwide/workdir:ro,Z" "-v" "/var/lib/crater-agent-workspace/builds/worker-0-tc1/target:/opt/rustwide/target:rw,Z" "-v" "/var/lib/crater-agent-workspace/cargo-home:/opt/rustwide/cargo-home:ro,Z" "-v" "/var/lib/crater-agent-workspace/rustup-home:/opt/rustwide/rustup-home:ro,Z" "-m" "1610612736" "--network" "none" "ghcr.io/rust-lang/crates-build-env/linux@sha256:77db811e55d90add9212f6832c23229e3de5f1c1f9905e8cb07319ea15df73ac" "sleep" "infinity", kill_on_drop: false }`
[INFO] [stdout] 06f519186af04c59498c083673bbcffe0108a4792d8905d08d7cfb96fabc0c42
[INFO] running `Command { std: "docker" "start" "06f519186af04c59498c083673bbcffe0108a4792d8905d08d7cfb96fabc0c42", kill_on_drop: false }`
[INFO] running `Command { std: "docker" "inspect" "06f519186af04c59498c083673bbcffe0108a4792d8905d08d7cfb96fabc0c42", kill_on_drop: false }`
[INFO] running `Command { std: "docker" "exec" "-e" "SOURCE_DIR=/opt/rustwide/workdir" "-e" "CARGO_HOME=/opt/rustwide/cargo-home" "-e" "RUSTUP_HOME=/opt/rustwide/rustup-home" "-e" "CARGO_TARGET_DIR=/opt/rustwide/target" "-w" "/opt/rustwide/workdir" "--user" "0:0" "06f519186af04c59498c083673bbcffe0108a4792d8905d08d7cfb96fabc0c42" "/opt/rustwide/cargo-home/bin/cargo" "+1.99.0-beta.8" "metadata" "--no-deps" "--format-version=1", kill_on_drop: false }`
[INFO] running `Command { std: "docker" "inspect" "06f519186af04c59498c083673bbcffe0108a4792d8905d08d7cfb96fabc0c42", kill_on_drop: false }`
[INFO] running `Command { std: "docker" "exec" "-e" "SOURCE_DIR=/opt/rustwide/workdir" "-e" "CARGO_HOME=/opt/rustwide/cargo-home" "-e" "RUSTUP_HOME=/opt/rustwide/rustup-home" "-e" "CARGO_TARGET_DIR=/opt/rustwide/target" "-e" "CARGO_INCREMENTAL=0" "-e" "RUST_BACKTRACE=full" "-e" "RUSTFLAGS=--cap-lints=warn" "-e" "RUSTDOCFLAGS=--cap-lints=warn" "-w" "/opt/rustwide/workdir" "--user" "0:0" "06f519186af04c59498c083673bbcffe0108a4792d8905d08d7cfb96fabc0c42" "/opt/rustwide/cargo-home/bin/cargo" "+1.99.0-beta.8" "build" "--frozen" "--message-format=json" "--release", kill_on_drop: false }`
[INFO] [stderr]    Compiling qcms v0.3.0 (/opt/rustwide/workdir)
[INFO] [stderr]     Finished `release` profile [optimized] target(s) in 1.98s
[INFO] running `Command { std: "docker" "inspect" "06f519186af04c59498c083673bbcffe0108a4792d8905d08d7cfb96fabc0c42", kill_on_drop: false }`
[INFO] running `Command { std: "docker" "exec" "-e" "SOURCE_DIR=/opt/rustwide/workdir" "-e" "CARGO_HOME=/opt/rustwide/cargo-home" "-e" "RUSTUP_HOME=/opt/rustwide/rustup-home" "-e" "CARGO_TARGET_DIR=/opt/rustwide/target" "-e" "CARGO_INCREMENTAL=0" "-e" "RUST_BACKTRACE=full" "-e" "RUSTFLAGS=--cap-lints=warn" "-e" "RUSTDOCFLAGS=--cap-lints=warn" "-w" "/opt/rustwide/workdir" "--user" "0:0" "06f519186af04c59498c083673bbcffe0108a4792d8905d08d7cfb96fabc0c42" "/opt/rustwide/cargo-home/bin/cargo" "+1.99.0-beta.8" "test" "--frozen" "--no-run" "--message-format=json" "--release", kill_on_drop: false }`
[INFO] [stderr]    Compiling qcms v0.3.0 (/opt/rustwide/workdir)
[INFO] [stderr]     Finished `release` profile [optimized] target(s) in 2.09s
[INFO] running `Command { std: "docker" "inspect" "06f519186af04c59498c083673bbcffe0108a4792d8905d08d7cfb96fabc0c42", kill_on_drop: false }`
[INFO] running `Command { std: "docker" "exec" "-e" "SOURCE_DIR=/opt/rustwide/workdir" "-e" "CARGO_HOME=/opt/rustwide/cargo-home" "-e" "RUSTUP_HOME=/opt/rustwide/rustup-home" "-e" "CARGO_TARGET_DIR=/opt/rustwide/target" "-e" "CARGO_INCREMENTAL=0" "-e" "RUST_BACKTRACE=full" "-e" "RUSTFLAGS=--cap-lints=warn" "-e" "RUSTDOCFLAGS=--cap-lints=warn" "-w" "/opt/rustwide/workdir" "--user" "0:0" "06f519186af04c59498c083673bbcffe0108a4792d8905d08d7cfb96fabc0c42" "/opt/rustwide/cargo-home/bin/cargo" "+1.99.0-beta.8" "test" "--frozen" "--release", kill_on_drop: false }`
[INFO] [stderr]     Finished `release` profile [optimized] target(s) in 0.03s
[INFO] [stderr]      Running unittests src/lib.rs (/opt/rustwide/target/release/deps/qcms-a8a2f951a878c1a8)
[INFO] [stdout] 
[INFO] [stdout] running 12 tests
[INFO] [stdout] test gtest::test::identity ... ok
[INFO] [stdout] test transform_util::param_invert ... ok
[INFO] [stdout] test iccread::colour_primaries ... ok
[INFO] [stdout] test gtest::test::sRGB_parametric ... ok
[INFO] [stdout] test iccread::transfer_characteristics ... ok
[INFO] [stdout] test iccread::bt2020_12bit_transfer_characteristics ... FAILED
[INFO] [stdout] test gtest::test::D50 ... ok
[INFO] [stdout] test iccread::srgb_transfer_characteristics ... FAILED
[INFO] [stdout] test iccread::bt709_transfer_characteristics ... FAILED
[INFO] [stdout] test iccread::bt2020_10bit_transfer_characteristics ... FAILED
[INFO] [stdout] test gtest::test::parametric_threshold ... FAILED
[INFO] [stdout] test gtest::test::cmyk ... FAILED
[INFO] [stdout] 
[INFO] [stdout] failures:
[INFO] [stdout] 
[INFO] [stdout] ---- iccread::bt2020_12bit_transfer_characteristics stdout ----
[INFO] [stdout] 
[INFO] [stdout] thread 'iccread::bt2020_12bit_transfer_characteristics' (169) panicked at src/iccread.rs:1407:48:
[INFO] [stdout] called `Option::unwrap()` on a `None` value
[INFO] [stdout] stack backtrace:
[INFO] [stdout]    0:     0x60756460c871 - <<std[70759c8f55707aa4]::sys::backtrace::BacktraceLock>::print::DisplayBacktrace as core[df12db4294e9bfd3]::fmt::Display>::fmt
[INFO] [stdout]    1:     0x607564621e0a - core[df12db4294e9bfd3]::fmt::write
[INFO] [stdout]    2:     0x607564610dbc - <alloc[2182bb758b4b3781]::vec::Vec<u8> as core[df12db4294e9bfd3]::io::write::Write>::write_fmt
[INFO] [stdout]    3:     0x6075645e8b46 - std[70759c8f55707aa4]::panicking::default_hook::{closure#0}
[INFO] [stdout]    4:     0x607564604cb9 - std[70759c8f55707aa4]::panicking::default_hook
[INFO] [stdout]    5:     0x6075645a0b90 - test[9d35eded1c95d3be]::test_main_inner::<test[9d35eded1c95d3be]::test_main_static::{closure#0}>::{closure#0}
[INFO] [stdout]    6:     0x607564604e72 - std[70759c8f55707aa4]::panicking::panic_with_hook
[INFO] [stdout]    7:     0x6075645e8c24 - std[70759c8f55707aa4]::panicking::panic_handler::{closure#0}
[INFO] [stdout]    8:     0x6075645e17b9 - std[70759c8f55707aa4]::sys::backtrace::__rust_end_short_backtrace::<std[70759c8f55707aa4]::panicking::panic_handler::{closure#0}, !>
[INFO] [stdout]    9:     0x6075645e97ed - __rustc[8fa7c3cbc660c2b3]::rust_begin_unwind
[INFO] [stdout]   10:     0x60756462253c - core[df12db4294e9bfd3]::panicking::panic_fmt
[INFO] [stdout]   11:     0x607564622502 - core[df12db4294e9bfd3]::panicking::panic
[INFO] [stdout]   12:     0x6075646222b9 - core[df12db4294e9bfd3]::option::unwrap_failed
[INFO] [stdout]   13:     0x60756458ed8e - qcms[4fa2b5a4ad782643]::iccread::check_transfer_characteristics
[INFO] [stdout]   14:     0x6075645906aa - <qcms[4fa2b5a4ad782643]::iccread::bt2020_12bit_transfer_characteristics::{closure#0} as core[df12db4294e9bfd3]::ops::function::FnOnce<()>>::call_once
[INFO] [stdout]   15:     0x607564593e7b - test[9d35eded1c95d3be]::__rust_begin_short_backtrace::<core[df12db4294e9bfd3]::result::Result<(), alloc[2182bb758b4b3781]::string::String>, fn() -> core[df12db4294e9bfd3]::result::Result<(), alloc[2182bb758b4b3781]::string::String>>
[INFO] [stdout]   16:     0x6075645a14e5 - test[9d35eded1c95d3be]::run_test::{closure#0}
[INFO] [stdout]   17:     0x60756459ada4 - std[70759c8f55707aa4]::sys::backtrace::__rust_begin_short_backtrace::<test[9d35eded1c95d3be]::run_test::{closure#1}, ()>
[INFO] [stdout]   18:     0x6075645a4642 - <std[70759c8f55707aa4]::thread::lifecycle::spawn_unchecked<test[9d35eded1c95d3be]::run_test::{closure#1}, ()>::{closure#1} as core[df12db4294e9bfd3]::ops::function::FnOnce<()>>::call_once::{shim:vtable#0}
[INFO] [stdout]   19:     0x60756460be29 - <std[70759c8f55707aa4]::sys::thread::unix::Thread>::new::thread_start
[INFO] [stdout]   20:     0x74f9b92d4dfa - <unknown>
[INFO] [stdout]   21:     0x74f9b93683d4 - clone
[INFO] [stdout]   22:                0x0 - <unknown>
[INFO] [stdout] 
[INFO] [stdout] ---- iccread::srgb_transfer_characteristics stdout ----
[INFO] [stdout] 
[INFO] [stdout] thread 'iccread::srgb_transfer_characteristics' (172) panicked at src/iccread.rs:1407:48:
[INFO] [stdout] called `Option::unwrap()` on a `None` value
[INFO] [stdout] stack backtrace:
[INFO] [stdout]    0:     0x60756460c871 - <<std[70759c8f55707aa4]::sys::backtrace::BacktraceLock>::print::DisplayBacktrace as core[df12db4294e9bfd3]::fmt::Display>::fmt
[INFO] [stdout]    1:     0x607564621e0a - core[df12db4294e9bfd3]::fmt::write
[INFO] [stdout]    2:     0x607564610dbc - <alloc[2182bb758b4b3781]::vec::Vec<u8> as core[df12db4294e9bfd3]::io::write::Write>::write_fmt
[INFO] [stdout]    3:     0x6075645e8b46 - std[70759c8f55707aa4]::panicking::default_hook::{closure#0}
[INFO] [stdout]    4:     0x607564604cb9 - std[70759c8f55707aa4]::panicking::default_hook
[INFO] [stdout]    5:     0x6075645a0b90 - test[9d35eded1c95d3be]::test_main_inner::<test[9d35eded1c95d3be]::test_main_static::{closure#0}>::{closure#0}
[INFO] [stdout]    6:     0x607564604e72 - std[70759c8f55707aa4]::panicking::panic_with_hook
[INFO] [stdout]    7:     0x6075645e8c24 - std[70759c8f55707aa4]::panicking::panic_handler::{closure#0}
[INFO] [stdout]    8:     0x6075645e17b9 - std[70759c8f55707aa4]::sys::backtrace::__rust_end_short_backtrace::<std[70759c8f55707aa4]::panicking::panic_handler::{closure#0}, !>
[INFO] [stdout]    9:     0x6075645e97ed - __rustc[8fa7c3cbc660c2b3]::rust_begin_unwind
[INFO] [stdout]   10:     0x60756462253c - core[df12db4294e9bfd3]::panicking::panic_fmt
[INFO] [stdout]   11:     0x607564622502 - core[df12db4294e9bfd3]::panicking::panic
[INFO] [stdout]   12:     0x6075646222b9 - core[df12db4294e9bfd3]::option::unwrap_failed
[INFO] [stdout]   13:     0x60756458ed8e - qcms[4fa2b5a4ad782643]::iccread::check_transfer_characteristics
[INFO] [stdout]   14:     0x60756459061a - <qcms[4fa2b5a4ad782643]::iccread::srgb_transfer_characteristics::{closure#0} as core[df12db4294e9bfd3]::ops::function::FnOnce<()>>::call_once
[INFO] [stdout]   15:     0x607564593e7b - test[9d35eded1c95d3be]::__rust_begin_short_backtrace::<core[df12db4294e9bfd3]::result::Result<(), alloc[2182bb758b4b3781]::string::String>, fn() -> core[df12db4294e9bfd3]::result::Result<(), alloc[2182bb758b4b3781]::string::String>>
[INFO] [stdout]   16:     0x6075645a14e5 - test[9d35eded1c95d3be]::run_test::{closure#0}
[INFO] [stdout]   17:     0x60756459ada4 - std[70759c8f55707aa4]::sys::backtrace::__rust_begin_short_backtrace::<test[9d35eded1c95d3be]::run_test::{closure#1}, ()>
[INFO] [stdout]   18:     0x6075645a4642 - <std[70759c8f55707aa4]::thread::lifecycle::spawn_unchecked<test[9d35eded1c95d3be]::run_test::{closure#1}, ()>::{closure#1} as core[df12db4294e9bfd3]::ops::function::FnOnce<()>>::call_once::{shim:vtable#0}
[INFO] [stdout]   19:     0x60756460be29 - <std[70759c8f55707aa4]::sys::thread::unix::Thread>::new::thread_start
[INFO] [stdout]   20:     0x74f9b92d4dfa - <unknown>
[INFO] [stdout]   21:     0x74f9b93683d4 - clone
[INFO] [stdout]   22:                0x0 - <unknown>
[INFO] [stdout] 
[INFO] [stdout] ---- iccread::bt709_transfer_characteristics stdout ----
[INFO] [stdout] 
[INFO] [stdout] thread 'iccread::bt709_transfer_characteristics' (170) panicked at src/iccread.rs:1407:48:
[INFO] [stdout] called `Option::unwrap()` on a `None` value
[INFO] [stdout] stack backtrace:
[INFO] [stdout]    0:     0x60756460c871 - <<std[70759c8f55707aa4]::sys::backtrace::BacktraceLock>::print::DisplayBacktrace as core[df12db4294e9bfd3]::fmt::Display>::fmt
[INFO] [stdout]    1:     0x607564621e0a - core[df12db4294e9bfd3]::fmt::write
[INFO] [stdout]    2:     0x607564610dbc - <alloc[2182bb758b4b3781]::vec::Vec<u8> as core[df12db4294e9bfd3]::io::write::Write>::write_fmt
[INFO] [stdout]    3:     0x6075645e8b46 - std[70759c8f55707aa4]::panicking::default_hook::{closure#0}
[INFO] [stdout]    4:     0x607564604cb9 - std[70759c8f55707aa4]::panicking::default_hook
[INFO] [stdout]    5:     0x6075645a0b90 - test[9d35eded1c95d3be]::test_main_inner::<test[9d35eded1c95d3be]::test_main_static::{closure#0}>::{closure#0}
[INFO] [stdout]    6:     0x607564604e72 - std[70759c8f55707aa4]::panicking::panic_with_hook
[INFO] [stdout]    7:     0x6075645e8c24 - std[70759c8f55707aa4]::panicking::panic_handler::{closure#0}
[INFO] [stdout]    8:     0x6075645e17b9 - std[70759c8f55707aa4]::sys::backtrace::__rust_end_short_backtrace::<std[70759c8f55707aa4]::panicking::panic_handler::{closure#0}, !>
[INFO] [stdout]    9:     0x6075645e97ed - __rustc[8fa7c3cbc660c2b3]::rust_begin_unwind
[INFO] [stdout]   10:     0x60756462253c - core[df12db4294e9bfd3]::panicking::panic_fmt
[INFO] [stdout]   11:     0x607564622502 - core[df12db4294e9bfd3]::panicking::panic
[INFO] [stdout]   12:     0x6075646222b9 - core[df12db4294e9bfd3]::option::unwrap_failed
[INFO] [stdout]   13:     0x60756458ed8e - qcms[4fa2b5a4ad782643]::iccread::check_transfer_characteristics
[INFO] [stdout]   14:     0x60756459064a - <qcms[4fa2b5a4ad782643]::iccread::bt709_transfer_characteristics::{closure#0} as core[df12db4294e9bfd3]::ops::function::FnOnce<()>>::call_once
[INFO] [stdout]   15:     0x607564593e7b - test[9d35eded1c95d3be]::__rust_begin_short_backtrace::<core[df12db4294e9bfd3]::result::Result<(), alloc[2182bb758b4b3781]::string::String>, fn() -> core[df12db4294e9bfd3]::result::Result<(), alloc[2182bb758b4b3781]::string::String>>
[INFO] [stdout]   16:     0x6075645a14e5 - test[9d35eded1c95d3be]::run_test::{closure#0}
[INFO] [stdout]   17:     0x60756459ada4 - std[70759c8f55707aa4]::sys::backtrace::__rust_begin_short_backtrace::<test[9d35eded1c95d3be]::run_test::{closure#1}, ()>
[INFO] [stdout]   18:     0x6075645a4642 - <std[70759c8f55707aa4]::thread::lifecycle::spawn_unchecked<test[9d35eded1c95d3be]::run_test::{closure#1}, ()>::{closure#1} as core[df12db4294e9bfd3]::ops::function::FnOnce<()>>::call_once::{shim:vtable#0}
[INFO] [stdout]   19:     0x60756460be29 - <std[70759c8f55707aa4]::sys::thread::unix::Thread>::new::thread_start
[INFO] [stdout]   20:     0x74f9b92d4dfa - <unknown>
[INFO] [stdout]   21:     0x74f9b93683d4 - clone
[INFO] [stdout]   22:                0x0 - <unknown>
[INFO] [stdout] 
[INFO] [stdout] ---- iccread::bt2020_10bit_transfer_characteristics stdout ----
[INFO] [stdout] 
[INFO] [stdout] thread 'iccread::bt2020_10bit_transfer_characteristics' (168) panicked at src/iccread.rs:1407:48:
[INFO] [stdout] called `Option::unwrap()` on a `None` value
[INFO] [stdout] stack backtrace:
[INFO] [stdout]    0:     0x60756460c871 - <<std[70759c8f55707aa4]::sys::backtrace::BacktraceLock>::print::DisplayBacktrace as core[df12db4294e9bfd3]::fmt::Display>::fmt
[INFO] [stdout]    1:     0x607564621e0a - core[df12db4294e9bfd3]::fmt::write
[INFO] [stdout]    2:     0x607564610dbc - <alloc[2182bb758b4b3781]::vec::Vec<u8> as core[df12db4294e9bfd3]::io::write::Write>::write_fmt
[INFO] [stdout]    3:     0x6075645e8b46 - std[70759c8f55707aa4]::panicking::default_hook::{closure#0}
[INFO] [stdout]    4:     0x607564604cb9 - std[70759c8f55707aa4]::panicking::default_hook
[INFO] [stdout]    5:     0x6075645a0b90 - test[9d35eded1c95d3be]::test_main_inner::<test[9d35eded1c95d3be]::test_main_static::{closure#0}>::{closure#0}
[INFO] [stdout]    6:     0x607564604e72 - std[70759c8f55707aa4]::panicking::panic_with_hook
[INFO] [stdout]    7:     0x6075645e8c24 - std[70759c8f55707aa4]::panicking::panic_handler::{closure#0}
[INFO] [stdout]    8:     0x6075645e17b9 - std[70759c8f55707aa4]::sys::backtrace::__rust_end_short_backtrace::<std[70759c8f55707aa4]::panicking::panic_handler::{closure#0}, !>
[INFO] [stdout]    9:     0x6075645e97ed - __rustc[8fa7c3cbc660c2b3]::rust_begin_unwind
[INFO] [stdout]   10:     0x60756462253c - core[df12db4294e9bfd3]::panicking::panic_fmt
[INFO] [stdout]   11:     0x607564622502 - core[df12db4294e9bfd3]::panicking::panic
[INFO] [stdout]   12:     0x6075646222b9 - core[df12db4294e9bfd3]::option::unwrap_failed
[INFO] [stdout]   13:     0x60756458ed8e - qcms[4fa2b5a4ad782643]::iccread::check_transfer_characteristics
[INFO] [stdout]   14:     0x60756459067a - <qcms[4fa2b5a4ad782643]::iccread::bt2020_10bit_transfer_characteristics::{closure#0} as core[df12db4294e9bfd3]::ops::function::FnOnce<()>>::call_once
[INFO] [stdout]   15:     0x607564593e7b - test[9d35eded1c95d3be]::__rust_begin_short_backtrace::<core[df12db4294e9bfd3]::result::Result<(), alloc[2182bb758b4b3781]::string::String>, fn() -> core[df12db4294e9bfd3]::result::Result<(), alloc[2182bb758b4b3781]::string::String>>
[INFO] [stdout]   16:     0x6075645a14e5 - test[9d35eded1c95d3be]::run_test::{closure#0}
[INFO] [stdout]   17:     0x60756459ada4 - std[70759c8f55707aa4]::sys::backtrace::__rust_begin_short_backtrace::<test[9d35eded1c95d3be]::run_test::{closure#1}, ()>
[INFO] [stdout]   18:     0x6075645a4642 - <std[70759c8f55707aa4]::thread::lifecycle::spawn_unchecked<test[9d35eded1c95d3be]::run_test::{closure#1}, ()>::{closure#1} as core[df12db4294e9bfd3]::ops::function::FnOnce<()>>::call_once::{shim:vtable#0}
[INFO] [stdout]   19:     0x60756460be29 - <std[70759c8f55707aa4]::sys::thread::unix::Thread>::new::thread_start
[INFO] [stdout]   20:     0x74f9b92d4dfa - <unknown>
[INFO] [stdout]   21:     0x74f9b93683d4 - clone
[INFO] [stdout]   22:                0x0 - <unknown>
[INFO] [stdout] 
[INFO] [stdout] ---- gtest::test::parametric_threshold stdout ----
[INFO] [stdout] 
[INFO] [stdout] thread 'gtest::test::parametric_threshold' (166) panicked at src/gtest.rs:917:50:
[INFO] [stdout] called `Result::unwrap()` on an `Err` value: Os { code: 2, kind: NotFound, message: "No such file or directory" }
[INFO] [stdout] stack backtrace:
[INFO] [stdout]    0:     0x60756460c871 - <<std[70759c8f55707aa4]::sys::backtrace::BacktraceLock>::print::DisplayBacktrace as core[df12db4294e9bfd3]::fmt::Display>::fmt
[INFO] [stdout]    1:     0x607564621e0a - core[df12db4294e9bfd3]::fmt::write
[INFO] [stdout]    2:     0x607564610dbc - <alloc[2182bb758b4b3781]::vec::Vec<u8> as core[df12db4294e9bfd3]::io::write::Write>::write_fmt
[INFO] [stdout]    3:     0x6075645e8b46 - std[70759c8f55707aa4]::panicking::default_hook::{closure#0}
[INFO] [stdout]    4:     0x607564604cb9 - std[70759c8f55707aa4]::panicking::default_hook
[INFO] [stdout]    5:     0x6075645a0b90 - test[9d35eded1c95d3be]::test_main_inner::<test[9d35eded1c95d3be]::test_main_static::{closure#0}>::{closure#0}
[INFO] [stdout]    6:     0x607564604e72 - std[70759c8f55707aa4]::panicking::panic_with_hook
[INFO] [stdout]    7:     0x6075645e8bf2 - std[70759c8f55707aa4]::panicking::panic_handler::{closure#0}
[INFO] [stdout]    8:     0x6075645e17b9 - std[70759c8f55707aa4]::sys::backtrace::__rust_end_short_backtrace::<std[70759c8f55707aa4]::panicking::panic_handler::{closure#0}, !>
[INFO] [stdout]    9:     0x6075645e97ed - __rustc[8fa7c3cbc660c2b3]::rust_begin_unwind
[INFO] [stdout]   10:     0x60756462253c - core[df12db4294e9bfd3]::panicking::panic_fmt
[INFO] [stdout]   11:     0x607564622312 - core[df12db4294e9bfd3]::result::unwrap_failed
[INFO] [stdout]   12:     0x607564590006 - qcms[4fa2b5a4ad782643]::gtest::test::profile_from_path
[INFO] [stdout]   13:     0x6075645907ef - <qcms[4fa2b5a4ad782643]::gtest::test::parametric_threshold::{closure#0} as core[df12db4294e9bfd3]::ops::function::FnOnce<()>>::call_once
[INFO] [stdout]   14:     0x607564593e7b - test[9d35eded1c95d3be]::__rust_begin_short_backtrace::<core[df12db4294e9bfd3]::result::Result<(), alloc[2182bb758b4b3781]::string::String>, fn() -> core[df12db4294e9bfd3]::result::Result<(), alloc[2182bb758b4b3781]::string::String>>
[INFO] [stdout]   15:     0x6075645a14e5 - test[9d35eded1c95d3be]::run_test::{closure#0}
[INFO] [stdout]   16:     0x60756459ada4 - std[70759c8f55707aa4]::sys::backtrace::__rust_begin_short_backtrace::<test[9d35eded1c95d3be]::run_test::{closure#1}, ()>
[INFO] [stdout]   17:     0x6075645a4642 - <std[70759c8f55707aa4]::thread::lifecycle::spawn_unchecked<test[9d35eded1c95d3be]::run_test::{closure#1}, ()>::{closure#1} as core[df12db4294e9bfd3]::ops::function::FnOnce<()>>::call_once::{shim:vtable#0}
[INFO] [stdout]   18:     0x60756460be29 - <std[70759c8f55707aa4]::sys::thread::unix::Thread>::new::thread_start
[INFO] [stdout]   19:     0x74f9b92d4dfa - <unknown>
[INFO] [stdout]   20:     0x74f9b93683d4 - clone
[INFO] [stdout]   21:                0x0 - <unknown>
[INFO] [stdout] 
[INFO] [stdout] ---- gtest::test::cmyk stdout ----
[INFO] [stdout] 
[INFO] [stdout] thread 'gtest::test::cmyk' (164) panicked at src/gtest.rs:917:50:
[INFO] [stdout] called `Result::unwrap()` on an `Err` value: Os { code: 2, kind: NotFound, message: "No such file or directory" }
[INFO] [stdout] stack backtrace:
[INFO] [stdout]    0:     0x60756460c871 - <<std[70759c8f55707aa4]::sys::backtrace::BacktraceLock>::print::DisplayBacktrace as core[df12db4294e9bfd3]::fmt::Display>::fmt
[INFO] [stdout]    1:     0x607564621e0a - core[df12db4294e9bfd3]::fmt::write
[INFO] [stdout]    2:     0x607564610dbc - <alloc[2182bb758b4b3781]::vec::Vec<u8> as core[df12db4294e9bfd3]::io::write::Write>::write_fmt
[INFO] [stdout]    3:     0x6075645e8b46 - std[70759c8f55707aa4]::panicking::default_hook::{closure#0}
[INFO] [stdout]    4:     0x607564604cb9 - std[70759c8f55707aa4]::panicking::default_hook
[INFO] [stdout]    5:     0x6075645a0b90 - test[9d35eded1c95d3be]::test_main_inner::<test[9d35eded1c95d3be]::test_main_static::{closure#0}>::{closure#0}
[INFO] [stdout]    6:     0x607564604e72 - std[70759c8f55707aa4]::panicking::panic_with_hook
[INFO] [stdout]    7:     0x6075645e8bf2 - std[70759c8f55707aa4]::panicking::panic_handler::{closure#0}
[INFO] [stdout]    8:     0x6075645e17b9 - std[70759c8f55707aa4]::sys::backtrace::__rust_end_short_backtrace::<std[70759c8f55707aa4]::panicking::panic_handler::{closure#0}, !>
[INFO] [stdout]    9:     0x6075645e97ed - __rustc[8fa7c3cbc660c2b3]::rust_begin_unwind
[INFO] [stdout]   10:     0x60756462253c - core[df12db4294e9bfd3]::panicking::panic_fmt
[INFO] [stdout]   11:     0x607564622312 - core[df12db4294e9bfd3]::result::unwrap_failed
[INFO] [stdout]   12:     0x607564590006 - qcms[4fa2b5a4ad782643]::gtest::test::profile_from_path
[INFO] [stdout]   13:     0x607564590a1f - <qcms[4fa2b5a4ad782643]::gtest::test::cmyk::{closure#0} as core[df12db4294e9bfd3]::ops::function::FnOnce<()>>::call_once
[INFO] [stdout]   14:     0x607564593e7b - test[9d35eded1c95d3be]::__rust_begin_short_backtrace::<core[df12db4294e9bfd3]::result::Result<(), alloc[2182bb758b4b3781]::string::String>, fn() -> core[df12db4294e9bfd3]::result::Result<(), alloc[2182bb758b4b3781]::string::String>>
[INFO] [stdout]   15:     0x6075645a14e5 - test[9d35eded1c95d3be]::run_test::{closure#0}
[INFO] [stdout]   16:     0x60756459ada4 - std[70759c8f55707aa4]::sys::backtrace::__rust_begin_short_backtrace::<test[9d35eded1c95d3be]::run_test::{closure#1}, ()>
[INFO] [stdout]   17:     0x6075645a4642 - <std[70759c8f55707aa4]::thread::lifecycle::spawn_unchecked<test[9d35eded1c95d3be]::run_test::{closure#1}, ()>::{closure#1} as core[df12db4294e9bfd3]::ops::function::FnOnce<()>>::call_once::{shim:vtable#0}
[INFO] [stdout]   18:     0x60756460be29 - <std[70759c8f55707aa4]::sys::thread::unix::Thread>::new::thread_start
[INFO] [stdout]   19:     0x74f9b92d4dfa - <unknown>
[INFO] [stdout]   20:     0x74f9b93683d4 - clone
[INFO] [stdout]   21:                0x0 - <unknown>
[INFO] [stdout] 
[INFO] [stdout] 
[INFO] [stdout] failures:
[INFO] [stdout]     gtest::test::cmyk
[INFO] [stdout]     gtest::test::parametric_threshold
[INFO] [stdout]     iccread::bt2020_10bit_transfer_characteristics
[INFO] [stdout]     iccread::bt2020_12bit_transfer_characteristics
[INFO] [stdout]     iccread::bt709_transfer_characteristics
[INFO] [stdout]     iccread::srgb_transfer_characteristics
[INFO] [stdout] 
[INFO] [stdout] test result: FAILED. 6 passed; 6 failed; 0 ignored; 0 measured; 0 filtered out; finished in 0.01s
[INFO] [stdout] 
[INFO] [stderr] error: test failed, to rerun pass `--lib`
[INFO] running `Command { std: "docker" "inspect" "06f519186af04c59498c083673bbcffe0108a4792d8905d08d7cfb96fabc0c42", kill_on_drop: false }`
[INFO] running `Command { std: "docker" "rm" "-f" "06f519186af04c59498c083673bbcffe0108a4792d8905d08d7cfb96fabc0c42", kill_on_drop: false }`
[INFO] [stdout] 06f519186af04c59498c083673bbcffe0108a4792d8905d08d7cfb96fabc0c42
