[INFO] fetching crate qcd 0.1.1...
[INFO] testing qcd-0.1.1 against 1.99.0-beta.8+cargoflags=--release for beta-release-1.100-2
[INFO] extracting crate qcd 0.1.1 into /workspace/builds/worker-6-tc1/source
[INFO] started tweaking crates.io crate qcd 0.1.1
[INFO] finished tweaking crates.io crate qcd 0.1.1
[INFO] tweaked toml for crates.io crate qcd 0.1.1 written to /workspace/builds/worker-6-tc1/source/Cargo.toml
[INFO] validating manifest of crates.io crate qcd 0.1.1 on toolchain 1.99.0-beta.8
[INFO] running `Command { std: CARGO_HOME="/workspace/cargo-home" RUSTUP_HOME="/workspace/rustup-home" "/workspace/cargo-home/bin/cargo" "+1.99.0-beta.8" "metadata" "--manifest-path" "Cargo.toml" "--no-deps", kill_on_drop: false }`
[INFO] crate crates.io crate qcd 0.1.1 already has a lockfile, it will not be regenerated
[INFO] running `Command { std: CARGO_HOME="/workspace/cargo-home" RUSTUP_HOME="/workspace/rustup-home" "/workspace/cargo-home/bin/cargo" "+1.99.0-beta.8" "fetch" "--manifest-path" "Cargo.toml", kill_on_drop: false }`
[INFO] [stderr]  Downloading crates ...
[INFO] [stderr]   Downloaded rusqlite v0.29.0
[INFO] [stderr]   Downloaded anstyle v1.0.2
[INFO] [stderr]   Downloaded serial_test v2.0.0
[INFO] [stderr]   Downloaded serial_test_derive v2.0.0
[INFO] [stderr]   Downloaded simple-home-dir v0.1.4
[INFO] [stderr]   Downloaded path-absolutize v3.1.0
[INFO] [stderr]   Downloaded path-dedot v3.1.0
[INFO] [stderr]   Downloaded clap v4.4.2
[INFO] [stderr]   Downloaded chrono v0.4.29
[INFO] [stderr]   Downloaded libsqlite3-sys v0.26.0
[INFO] running `Command { std: "docker" "create" "-v" "/var/lib/crater-agent-workspace/builds/worker-6-tc1/source:/opt/rustwide/workdir:ro,Z" "-v" "/var/lib/crater-agent-workspace/builds/worker-6-tc1/target:/opt/rustwide/target:rw,Z" "-v" "/var/lib/crater-agent-workspace/cargo-home:/opt/rustwide/cargo-home:ro,Z" "-v" "/var/lib/crater-agent-workspace/rustup-home:/opt/rustwide/rustup-home:ro,Z" "-m" "1610612736" "--network" "none" "ghcr.io/rust-lang/crates-build-env/linux@sha256:77db811e55d90add9212f6832c23229e3de5f1c1f9905e8cb07319ea15df73ac" "sleep" "infinity", kill_on_drop: false }`
[INFO] [stdout] 762185889e8d8d717176046309b89992fc156329a45ab51aa434e37e818dd6ac
[INFO] running `Command { std: "docker" "start" "762185889e8d8d717176046309b89992fc156329a45ab51aa434e37e818dd6ac", kill_on_drop: false }`
[INFO] running `Command { std: "docker" "inspect" "762185889e8d8d717176046309b89992fc156329a45ab51aa434e37e818dd6ac", kill_on_drop: false }`
[INFO] running `Command { std: "docker" "exec" "-e" "SOURCE_DIR=/opt/rustwide/workdir" "-e" "CARGO_HOME=/opt/rustwide/cargo-home" "-e" "RUSTUP_HOME=/opt/rustwide/rustup-home" "-e" "CARGO_TARGET_DIR=/opt/rustwide/target" "-w" "/opt/rustwide/workdir" "--user" "0:0" "762185889e8d8d717176046309b89992fc156329a45ab51aa434e37e818dd6ac" "/opt/rustwide/cargo-home/bin/cargo" "+1.99.0-beta.8" "metadata" "--no-deps" "--format-version=1", kill_on_drop: false }`
[INFO] running `Command { std: "docker" "inspect" "762185889e8d8d717176046309b89992fc156329a45ab51aa434e37e818dd6ac", kill_on_drop: false }`
[INFO] running `Command { std: "docker" "exec" "-e" "SOURCE_DIR=/opt/rustwide/workdir" "-e" "CARGO_HOME=/opt/rustwide/cargo-home" "-e" "RUSTUP_HOME=/opt/rustwide/rustup-home" "-e" "CARGO_TARGET_DIR=/opt/rustwide/target" "-e" "CARGO_INCREMENTAL=0" "-e" "RUST_BACKTRACE=full" "-e" "RUSTFLAGS=--cap-lints=warn" "-e" "RUSTDOCFLAGS=--cap-lints=warn" "-w" "/opt/rustwide/workdir" "--user" "0:0" "762185889e8d8d717176046309b89992fc156329a45ab51aa434e37e818dd6ac" "/opt/rustwide/cargo-home/bin/cargo" "+1.99.0-beta.8" "build" "--frozen" "--message-format=json" "--release", kill_on_drop: false }`
[INFO] [stderr]    Compiling libc v0.2.147
[INFO] [stderr]    Compiling proc-macro2 v1.0.66
[INFO] [stderr]    Compiling once_cell v1.18.0
[INFO] [stderr]    Compiling ahash v0.8.3
[INFO] [stderr]    Compiling unicode-ident v1.0.11
[INFO] [stderr]    Compiling pkg-config v0.3.27
[INFO] [stderr]    Compiling anstyle v1.0.2
[INFO] [stderr]    Compiling anstyle-query v1.0.0
[INFO] [stderr]    Compiling camino v1.1.6
[INFO] [stderr]    Compiling anstyle-parse v0.2.1
[INFO] [stderr]    Compiling num-traits v0.2.16
[INFO] [stderr]    Compiling clap_lex v0.5.1
[INFO] [stderr]    Compiling smallvec v1.11.0
[INFO] [stderr]    Compiling iana-time-zone v0.1.57
[INFO] [stderr]    Compiling bitflags v2.4.0
[INFO] [stderr]    Compiling time v0.1.45
[INFO] [stderr]    Compiling fallible-streaming-iterator v0.1.9
[INFO] [stderr]    Compiling fallible-iterator v0.2.0
[INFO] [stderr]    Compiling simple-home-dir v0.1.4
[INFO] [stderr]    Compiling anstream v0.5.0
[INFO] [stderr]    Compiling path-dedot v3.1.0
[INFO] [stderr]    Compiling clap_builder v4.4.2
[INFO] [stderr]    Compiling path-absolutize v3.1.0
[INFO] [stderr]    Compiling hashbrown v0.14.0
[INFO] [stderr]    Compiling cc v1.0.83
[INFO] [stderr]    Compiling quote v1.0.33
[INFO] [stderr]    Compiling syn v2.0.31
[INFO] [stderr]    Compiling hashlink v0.8.4
[INFO] [stderr]    Compiling chrono v0.4.29
[INFO] [stderr]    Compiling libsqlite3-sys v0.26.0
[INFO] [stderr]    Compiling clap_derive v4.4.2
[INFO] [stderr]    Compiling clap v4.4.2
[INFO] [stderr]    Compiling rusqlite v0.29.0
[INFO] [stderr]    Compiling qcd v0.1.1 (/opt/rustwide/workdir)
[INFO] [stderr]     Finished `release` profile [optimized] target(s) in 1m 32s
[INFO] running `Command { std: "docker" "inspect" "762185889e8d8d717176046309b89992fc156329a45ab51aa434e37e818dd6ac", kill_on_drop: false }`
[INFO] running `Command { std: "docker" "exec" "-e" "SOURCE_DIR=/opt/rustwide/workdir" "-e" "CARGO_HOME=/opt/rustwide/cargo-home" "-e" "RUSTUP_HOME=/opt/rustwide/rustup-home" "-e" "CARGO_TARGET_DIR=/opt/rustwide/target" "-e" "CARGO_INCREMENTAL=0" "-e" "RUST_BACKTRACE=full" "-e" "RUSTFLAGS=--cap-lints=warn" "-e" "RUSTDOCFLAGS=--cap-lints=warn" "-w" "/opt/rustwide/workdir" "--user" "0:0" "762185889e8d8d717176046309b89992fc156329a45ab51aa434e37e818dd6ac" "/opt/rustwide/cargo-home/bin/cargo" "+1.99.0-beta.8" "test" "--frozen" "--no-run" "--message-format=json" "--release", kill_on_drop: false }`
[INFO] [stderr]    Compiling futures-core v0.3.28
[INFO] [stderr]    Compiling slab v0.4.9
[INFO] [stderr]    Compiling futures-channel v0.3.28
[INFO] [stderr]    Compiling futures-task v0.3.28
[INFO] [stderr]    Compiling lock_api v0.4.10
[INFO] [stderr]    Compiling parking_lot_core v0.9.8
[INFO] [stderr]    Compiling futures-sink v0.3.28
[INFO] [stderr]    Compiling futures-util v0.3.28
[INFO] [stderr]    Compiling futures-io v0.3.28
[INFO] [stderr]    Compiling pin-project-lite v0.2.13
[INFO] [stderr]    Compiling memchr v2.6.3
[INFO] [stderr]    Compiling serial_test_derive v2.0.0
[INFO] [stderr]    Compiling log v0.4.20
[INFO] [stderr]    Compiling dashmap v5.5.3
[INFO] [stderr]    Compiling parking_lot v0.12.1
[INFO] [stderr]    Compiling futures-executor v0.3.28
[INFO] [stderr]    Compiling futures v0.3.28
[INFO] [stderr]    Compiling serial_test v2.0.0
[INFO] [stderr]    Compiling qcd v0.1.1 (/opt/rustwide/workdir)
[INFO] [stderr]     Finished `release` profile [optimized] target(s) in 7.79s
[INFO] running `Command { std: "docker" "inspect" "762185889e8d8d717176046309b89992fc156329a45ab51aa434e37e818dd6ac", kill_on_drop: false }`
[INFO] running `Command { std: "docker" "exec" "-e" "SOURCE_DIR=/opt/rustwide/workdir" "-e" "CARGO_HOME=/opt/rustwide/cargo-home" "-e" "RUSTUP_HOME=/opt/rustwide/rustup-home" "-e" "CARGO_TARGET_DIR=/opt/rustwide/target" "-e" "CARGO_INCREMENTAL=0" "-e" "RUST_BACKTRACE=full" "-e" "RUSTFLAGS=--cap-lints=warn" "-e" "RUSTDOCFLAGS=--cap-lints=warn" "-w" "/opt/rustwide/workdir" "--user" "0:0" "762185889e8d8d717176046309b89992fc156329a45ab51aa434e37e818dd6ac" "/opt/rustwide/cargo-home/bin/cargo" "+1.99.0-beta.8" "test" "--frozen" "--release", kill_on_drop: false }`
[INFO] [stderr]     Finished `release` profile [optimized] target(s) in 0.09s
[INFO] [stderr]      Running unittests src/main.rs (/opt/rustwide/target/release/deps/qcd_rs-6ed3c6bd3e3c7905)
[INFO] [stdout] 
[INFO] [stdout] running 5 tests
[INFO] [stdout] test db::tests::add_rows_get_rows ... FAILED
[INFO] [stdout] test db::tests::stack_add_remove ... FAILED
[INFO] [stdout] test db::tests::max_idx ... FAILED
[INFO] [stdout] test db::tests::remove_row ... FAILED
[INFO] [stdout] test db::tests::stack_tidyup ... FAILED
[INFO] [stdout] 
[INFO] [stdout] failures:
[INFO] [stdout] 
[INFO] [stdout] ---- db::tests::add_rows_get_rows stdout ----
[INFO] [stdout] 
[INFO] [stdout] thread 'db::tests::add_rows_get_rows' (1232) panicked at src/db.rs:557:25:
[INFO] [stdout] called `Result::unwrap()` on an `Err` value: "Could not open database\nunable to open database file: test_qcd_database.sqlite"
[INFO] [stdout] stack backtrace:
[INFO] [stdout]    0:     0x5ed23794e301 - <<std[70759c8f55707aa4]::sys::backtrace::BacktraceLock>::print::DisplayBacktrace as core[df12db4294e9bfd3]::fmt::Display>::fmt
[INFO] [stdout]    1:     0x5ed237962b6a - core[df12db4294e9bfd3]::fmt::write
[INFO] [stdout]    2:     0x5ed23795284c - <alloc[2182bb758b4b3781]::vec::Vec<u8> as core[df12db4294e9bfd3]::io::write::Write>::write_fmt
[INFO] [stdout]    3:     0x5ed23792a666 - std[70759c8f55707aa4]::panicking::default_hook::{closure#0}
[INFO] [stdout]    4:     0x5ed237946809 - std[70759c8f55707aa4]::panicking::default_hook
[INFO] [stdout]    5:     0x5ed23775cdc0 - test[9d35eded1c95d3be]::test_main_inner::<test[9d35eded1c95d3be]::test_main_static::{closure#0}>::{closure#0}
[INFO] [stdout]    6:     0x5ed2379469c2 - std[70759c8f55707aa4]::panicking::panic_with_hook
[INFO] [stdout]    7:     0x5ed23792a712 - std[70759c8f55707aa4]::panicking::panic_handler::{closure#0}
[INFO] [stdout]    8:     0x5ed2379233b9 - std[70759c8f55707aa4]::sys::backtrace::__rust_end_short_backtrace::<std[70759c8f55707aa4]::panicking::panic_handler::{closure#0}, !>
[INFO] [stdout]    9:     0x5ed23792b30d - __rustc[8fa7c3cbc660c2b3]::rust_begin_unwind
[INFO] [stdout]   10:     0x5ed2379632cc - core[df12db4294e9bfd3]::panicking::panic_fmt
[INFO] [stdout]   11:     0x5ed2379630a2 - core[df12db4294e9bfd3]::result::unwrap_failed
[INFO] [stdout]   12:     0x5ed23774a997 - qcd_rs[f7e79bdbc72a3786]::db::tests::just_open_db
[INFO] [stdout]   13:     0x5ed23774d551 - <qcd_rs[f7e79bdbc72a3786]::db::tests::add_rows_get_rows::{closure#0} as core[df12db4294e9bfd3]::ops::function::FnOnce<()>>::call_once
[INFO] [stdout]   14:     0x5ed237791966 - serial_test[7d1afd8efd269566]::serial_code_lock::local_serial_core
[INFO] [stdout]   15:     0x5ed237749da8 - <qcd_rs[f7e79bdbc72a3786]::db::tests::add_rows_get_rows::{closure#0} as core[df12db4294e9bfd3]::ops::function::FnOnce<()>>::call_once
[INFO] [stdout]   16:     0x5ed2377500ab - test[9d35eded1c95d3be]::__rust_begin_short_backtrace::<core[df12db4294e9bfd3]::result::Result<(), alloc[2182bb758b4b3781]::string::String>, fn() -> core[df12db4294e9bfd3]::result::Result<(), alloc[2182bb758b4b3781]::string::String>>
[INFO] [stdout]   17:     0x5ed23775d715 - test[9d35eded1c95d3be]::run_test::{closure#0}
[INFO] [stdout]   18:     0x5ed237756fd4 - std[70759c8f55707aa4]::sys::backtrace::__rust_begin_short_backtrace::<test[9d35eded1c95d3be]::run_test::{closure#1}, ()>
[INFO] [stdout]   19:     0x5ed237760872 - <std[70759c8f55707aa4]::thread::lifecycle::spawn_unchecked<test[9d35eded1c95d3be]::run_test::{closure#1}, ()>::{closure#1} as core[df12db4294e9bfd3]::ops::function::FnOnce<()>>::call_once::{shim:vtable#0}
[INFO] [stdout]   20:     0x5ed23794dba9 - <std[70759c8f55707aa4]::sys::thread::unix::Thread>::new::thread_start
[INFO] [stdout]   21:     0x792a6f3d2dfa - <unknown>
[INFO] [stdout]   22:     0x792a6f4663d4 - clone
[INFO] [stdout]   23:                0x0 - <unknown>
[INFO] [stdout] 
[INFO] [stdout] ---- db::tests::stack_add_remove stdout ----
[INFO] [stdout] 
[INFO] [stdout] thread 'db::tests::stack_add_remove' (1235) panicked at src/db.rs:557:25:
[INFO] [stdout] called `Result::unwrap()` on an `Err` value: "Could not open database\nunable to open database file: test_qcd_database.sqlite"
[INFO] [stdout] stack backtrace:
[INFO] [stdout]    0:     0x5ed23794e301 - <<std[70759c8f55707aa4]::sys::backtrace::BacktraceLock>::print::DisplayBacktrace as core[df12db4294e9bfd3]::fmt::Display>::fmt
[INFO] [stdout]    1:     0x5ed237962b6a - core[df12db4294e9bfd3]::fmt::write
[INFO] [stdout]    2:     0x5ed23795284c - <alloc[2182bb758b4b3781]::vec::Vec<u8> as core[df12db4294e9bfd3]::io::write::Write>::write_fmt
[INFO] [stdout]    3:     0x5ed23792a666 - std[70759c8f55707aa4]::panicking::default_hook::{closure#0}
[INFO] [stdout]    4:     0x5ed237946809 - std[70759c8f55707aa4]::panicking::default_hook
[INFO] [stdout]    5:     0x5ed23775cdc0 - test[9d35eded1c95d3be]::test_main_inner::<test[9d35eded1c95d3be]::test_main_static::{closure#0}>::{closure#0}
[INFO] [stdout]    6:     0x5ed2379469c2 - std[70759c8f55707aa4]::panicking::panic_with_hook
[INFO] [stdout]    7:     0x5ed23792a712 - std[70759c8f55707aa4]::panicking::panic_handler::{closure#0}
[INFO] [stdout]    8:     0x5ed2379233b9 - std[70759c8f55707aa4]::sys::backtrace::__rust_end_short_backtrace::<std[70759c8f55707aa4]::panicking::panic_handler::{closure#0}, !>
[INFO] [stdout]    9:     0x5ed23792b30d - __rustc[8fa7c3cbc660c2b3]::rust_begin_unwind
[INFO] [stdout]   10:     0x5ed2379632cc - core[df12db4294e9bfd3]::panicking::panic_fmt
[INFO] [stdout]   11:     0x5ed2379630a2 - core[df12db4294e9bfd3]::result::unwrap_failed
[INFO] [stdout]   12:     0x5ed23774a997 - qcd_rs[f7e79bdbc72a3786]::db::tests::just_open_db
[INFO] [stdout]   13:     0x5ed23774c72e - <qcd_rs[f7e79bdbc72a3786]::db::tests::stack_add_remove::{closure#0} as core[df12db4294e9bfd3]::ops::function::FnOnce<()>>::call_once
[INFO] [stdout]   14:     0x5ed237791966 - serial_test[7d1afd8efd269566]::serial_code_lock::local_serial_core
[INFO] [stdout]   15:     0x5ed237749d78 - <qcd_rs[f7e79bdbc72a3786]::db::tests::stack_add_remove::{closure#0} as core[df12db4294e9bfd3]::ops::function::FnOnce<()>>::call_once
[INFO] [stdout]   16:     0x5ed2377500ab - test[9d35eded1c95d3be]::__rust_begin_short_backtrace::<core[df12db4294e9bfd3]::result::Result<(), alloc[2182bb758b4b3781]::string::String>, fn() -> core[df12db4294e9bfd3]::result::Result<(), alloc[2182bb758b4b3781]::string::String>>
[INFO] [stdout]   17:     0x5ed23775d715 - test[9d35eded1c95d3be]::run_test::{closure#0}
[INFO] [stdout]   18:     0x5ed237756fd4 - std[70759c8f55707aa4]::sys::backtrace::__rust_begin_short_backtrace::<test[9d35eded1c95d3be]::run_test::{closure#1}, ()>
[INFO] [stdout]   19:     0x5ed237760872 - <std[70759c8f55707aa4]::thread::lifecycle::spawn_unchecked<test[9d35eded1c95d3be]::run_test::{closure#1}, ()>::{closure#1} as core[df12db4294e9bfd3]::ops::function::FnOnce<()>>::call_once::{shim:vtable#0}
[INFO] [stdout]   20:     0x5ed23794dba9 - <std[70759c8f55707aa4]::sys::thread::unix::Thread>::new::thread_start
[INFO] [stdout]   21:     0x792a6f3d2dfa - <unknown>
[INFO] [stdout]   22:     0x792a6f4663d4 - clone
[INFO] [stdout]   23:                0x0 - <unknown>
[INFO] [stdout] 
[INFO] [stdout] ---- db::tests::max_idx stdout ----
[INFO] [stdout] 
[INFO] [stdout] thread 'db::tests::max_idx' (1233) panicked at src/db.rs:557:25:
[INFO] [stdout] called `Result::unwrap()` on an `Err` value: "Could not open database\nunable to open database file: test_qcd_database.sqlite"
[INFO] [stdout] stack backtrace:
[INFO] [stdout]    0:     0x5ed23794e301 - <<std[70759c8f55707aa4]::sys::backtrace::BacktraceLock>::print::DisplayBacktrace as core[df12db4294e9bfd3]::fmt::Display>::fmt
[INFO] [stdout]    1:     0x5ed237962b6a - core[df12db4294e9bfd3]::fmt::write
[INFO] [stdout]    2:     0x5ed23795284c - <alloc[2182bb758b4b3781]::vec::Vec<u8> as core[df12db4294e9bfd3]::io::write::Write>::write_fmt
[INFO] [stdout]    3:     0x5ed23792a666 - std[70759c8f55707aa4]::panicking::default_hook::{closure#0}
[INFO] [stdout]    4:     0x5ed237946809 - std[70759c8f55707aa4]::panicking::default_hook
[INFO] [stdout]    5:     0x5ed23775cdc0 - test[9d35eded1c95d3be]::test_main_inner::<test[9d35eded1c95d3be]::test_main_static::{closure#0}>::{closure#0}
[INFO] [stdout]    6:     0x5ed2379469c2 - std[70759c8f55707aa4]::panicking::panic_with_hook
[INFO] [stdout]    7:     0x5ed23792a712 - std[70759c8f55707aa4]::panicking::panic_handler::{closure#0}
[INFO] [stdout]    8:     0x5ed2379233b9 - std[70759c8f55707aa4]::sys::backtrace::__rust_end_short_backtrace::<std[70759c8f55707aa4]::panicking::panic_handler::{closure#0}, !>
[INFO] [stdout]    9:     0x5ed23792b30d - __rustc[8fa7c3cbc660c2b3]::rust_begin_unwind
[INFO] [stdout]   10:     0x5ed2379632cc - core[df12db4294e9bfd3]::panicking::panic_fmt
[INFO] [stdout]   11:     0x5ed2379630a2 - core[df12db4294e9bfd3]::result::unwrap_failed
[INFO] [stdout]   12:     0x5ed23774a997 - qcd_rs[f7e79bdbc72a3786]::db::tests::just_open_db
[INFO] [stdout]   13:     0x5ed23774f981 - <qcd_rs[f7e79bdbc72a3786]::db::tests::max_idx::{closure#0} as core[df12db4294e9bfd3]::ops::function::FnOnce<()>>::call_once
[INFO] [stdout]   14:     0x5ed237791966 - serial_test[7d1afd8efd269566]::serial_code_lock::local_serial_core
[INFO] [stdout]   15:     0x5ed237749dd8 - <qcd_rs[f7e79bdbc72a3786]::db::tests::max_idx::{closure#0} as core[df12db4294e9bfd3]::ops::function::FnOnce<()>>::call_once
[INFO] [stdout]   16:     0x5ed2377500ab - test[9d35eded1c95d3be]::__rust_begin_short_backtrace::<core[df12db4294e9bfd3]::result::Result<(), alloc[2182bb758b4b3781]::string::String>, fn() -> core[df12db4294e9bfd3]::result::Result<(), alloc[2182bb758b4b3781]::string::String>>
[INFO] [stdout]   17:     0x5ed23775d715 - test[9d35eded1c95d3be]::run_test::{closure#0}
[INFO] [stdout]   18:     0x5ed237756fd4 - std[70759c8f55707aa4]::sys::backtrace::__rust_begin_short_backtrace::<test[9d35eded1c95d3be]::run_test::{closure#1}, ()>
[INFO] [stdout]   19:     0x5ed237760872 - <std[70759c8f55707aa4]::thread::lifecycle::spawn_unchecked<test[9d35eded1c95d3be]::run_test::{closure#1}, ()>::{closure#1} as core[df12db4294e9bfd3]::ops::function::FnOnce<()>>::call_once::{shim:vtable#0}
[INFO] [stdout]   20:     0x5ed23794dba9 - <std[70759c8f55707aa4]::sys::thread::unix::Thread>::new::thread_start
[INFO] [stdout]   21:     0x792a6f3d2dfa - <unknown>
[INFO] [stdout]   22:     0x792a6f4663d4 - clone
[INFO] [stdout]   23:                0x0 - <unknown>
[INFO] [stdout] 
[INFO] [stdout] ---- db::tests::remove_row stdout ----
[INFO] [stdout] 
[INFO] [stdout] thread 'db::tests::remove_row' (1234) panicked at src/db.rs:557:25:
[INFO] [stdout] called `Result::unwrap()` on an `Err` value: "Could not open database\nunable to open database file: test_qcd_database.sqlite"
[INFO] [stdout] stack backtrace:
[INFO] [stdout]    0:     0x5ed23794e301 - <<std[70759c8f55707aa4]::sys::backtrace::BacktraceLock>::print::DisplayBacktrace as core[df12db4294e9bfd3]::fmt::Display>::fmt
[INFO] [stdout]    1:     0x5ed237962b6a - core[df12db4294e9bfd3]::fmt::write
[INFO] [stdout]    2:     0x5ed23795284c - <alloc[2182bb758b4b3781]::vec::Vec<u8> as core[df12db4294e9bfd3]::io::write::Write>::write_fmt
[INFO] [stdout]    3:     0x5ed23792a666 - std[70759c8f55707aa4]::panicking::default_hook::{closure#0}
[INFO] [stdout]    4:     0x5ed237946809 - std[70759c8f55707aa4]::panicking::default_hook
[INFO] [stdout]    5:     0x5ed23775cdc0 - test[9d35eded1c95d3be]::test_main_inner::<test[9d35eded1c95d3be]::test_main_static::{closure#0}>::{closure#0}
[INFO] [stdout]    6:     0x5ed2379469c2 - std[70759c8f55707aa4]::panicking::panic_with_hook
[INFO] [stdout]    7:     0x5ed23792a712 - std[70759c8f55707aa4]::panicking::panic_handler::{closure#0}
[INFO] [stdout]    8:     0x5ed2379233b9 - std[70759c8f55707aa4]::sys::backtrace::__rust_end_short_backtrace::<std[70759c8f55707aa4]::panicking::panic_handler::{closure#0}, !>
[INFO] [stdout]    9:     0x5ed23792b30d - __rustc[8fa7c3cbc660c2b3]::rust_begin_unwind
[INFO] [stdout]   10:     0x5ed2379632cc - core[df12db4294e9bfd3]::panicking::panic_fmt
[INFO] [stdout]   11:     0x5ed2379630a2 - core[df12db4294e9bfd3]::result::unwrap_failed
[INFO] [stdout]   12:     0x5ed23774a997 - qcd_rs[f7e79bdbc72a3786]::db::tests::just_open_db
[INFO] [stdout]   13:     0x5ed23774aebe - <qcd_rs[f7e79bdbc72a3786]::db::tests::remove_row::{closure#0} as core[df12db4294e9bfd3]::ops::function::FnOnce<()>>::call_once
[INFO] [stdout]   14:     0x5ed237791966 - serial_test[7d1afd8efd269566]::serial_code_lock::local_serial_core
[INFO] [stdout]   15:     0x5ed237749d18 - <qcd_rs[f7e79bdbc72a3786]::db::tests::remove_row::{closure#0} as core[df12db4294e9bfd3]::ops::function::FnOnce<()>>::call_once
[INFO] [stdout]   16:     0x5ed2377500ab - test[9d35eded1c95d3be]::__rust_begin_short_backtrace::<core[df12db4294e9bfd3]::result::Result<(), alloc[2182bb758b4b3781]::string::String>, fn() -> core[df12db4294e9bfd3]::result::Result<(), alloc[2182bb758b4b3781]::string::String>>
[INFO] [stdout]   17:     0x5ed23775d715 - test[9d35eded1c95d3be]::run_test::{closure#0}
[INFO] [stdout]   18:     0x5ed237756fd4 - std[70759c8f55707aa4]::sys::backtrace::__rust_begin_short_backtrace::<test[9d35eded1c95d3be]::run_test::{closure#1}, ()>
[INFO] [stdout]   19:     0x5ed237760872 - <std[70759c8f55707aa4]::thread::lifecycle::spawn_unchecked<test[9d35eded1c95d3be]::run_test::{closure#1}, ()>::{closure#1} as core[df12db4294e9bfd3]::ops::function::FnOnce<()>>::call_once::{shim:vtable#0}
[INFO] [stdout]   20:     0x5ed23794dba9 - <std[70759c8f55707aa4]::sys::thread::unix::Thread>::new::thread_start
[INFO] [stdout]   21:     0x792a6f3d2dfa - <unknown>
[INFO] [stdout]   22:     0x792a6f4663d4 - clone
[INFO] [stdout]   23:                0x0 - <unknown>
[INFO] [stdout] 
[INFO] [stdout] ---- db::tests::stack_tidyup stdout ----
[INFO] [stdout] 
[INFO] [stdout] thread 'db::tests::stack_tidyup' (1236) panicked at src/db.rs:557:25:
[INFO] [stdout] called `Result::unwrap()` on an `Err` value: "Could not open database\nunable to open database file: test_qcd_database.sqlite"
[INFO] [stdout] stack backtrace:
[INFO] [stdout]    0:     0x5ed23794e301 - <<std[70759c8f55707aa4]::sys::backtrace::BacktraceLock>::print::DisplayBacktrace as core[df12db4294e9bfd3]::fmt::Display>::fmt
[INFO] [stdout]    1:     0x5ed237962b6a - core[df12db4294e9bfd3]::fmt::write
[INFO] [stdout]    2:     0x5ed23795284c - <alloc[2182bb758b4b3781]::vec::Vec<u8> as core[df12db4294e9bfd3]::io::write::Write>::write_fmt
[INFO] [stdout]    3:     0x5ed23792a666 - std[70759c8f55707aa4]::panicking::default_hook::{closure#0}
[INFO] [stdout]    4:     0x5ed237946809 - std[70759c8f55707aa4]::panicking::default_hook
[INFO] [stdout]    5:     0x5ed23775cdc0 - test[9d35eded1c95d3be]::test_main_inner::<test[9d35eded1c95d3be]::test_main_static::{closure#0}>::{closure#0}
[INFO] [stdout]    6:     0x5ed2379469c2 - std[70759c8f55707aa4]::panicking::panic_with_hook
[INFO] [stdout]    7:     0x5ed23792a712 - std[70759c8f55707aa4]::panicking::panic_handler::{closure#0}
[INFO] [stdout]    8:     0x5ed2379233b9 - std[70759c8f55707aa4]::sys::backtrace::__rust_end_short_backtrace::<std[70759c8f55707aa4]::panicking::panic_handler::{closure#0}, !>
[INFO] [stdout]    9:     0x5ed23792b30d - __rustc[8fa7c3cbc660c2b3]::rust_begin_unwind
[INFO] [stdout]   10:     0x5ed2379632cc - core[df12db4294e9bfd3]::panicking::panic_fmt
[INFO] [stdout]   11:     0x5ed2379630a2 - core[df12db4294e9bfd3]::result::unwrap_failed
[INFO] [stdout]   12:     0x5ed23774a997 - qcd_rs[f7e79bdbc72a3786]::db::tests::just_open_db
[INFO] [stdout]   13:     0x5ed23774b7a4 - <qcd_rs[f7e79bdbc72a3786]::db::tests::stack_tidyup::{closure#0} as core[df12db4294e9bfd3]::ops::function::FnOnce<()>>::call_once
[INFO] [stdout]   14:     0x5ed237791966 - serial_test[7d1afd8efd269566]::serial_code_lock::local_serial_core
[INFO] [stdout]   15:     0x5ed237749d48 - <qcd_rs[f7e79bdbc72a3786]::db::tests::stack_tidyup::{closure#0} as core[df12db4294e9bfd3]::ops::function::FnOnce<()>>::call_once
[INFO] [stdout]   16:     0x5ed2377500ab - test[9d35eded1c95d3be]::__rust_begin_short_backtrace::<core[df12db4294e9bfd3]::result::Result<(), alloc[2182bb758b4b3781]::string::String>, fn() -> core[df12db4294e9bfd3]::result::Result<(), alloc[2182bb758b4b3781]::string::String>>
[INFO] [stdout]   17:     0x5ed23775d715 - test[9d35eded1c95d3be]::run_test::{closure#0}
[INFO] [stdout]   18:     0x5ed237756fd4 - std[70759c8f55707aa4]::sys::backtrace::__rust_begin_short_backtrace::<test[9d35eded1c95d3be]::run_test::{closure#1}, ()>
[INFO] [stdout]   19:     0x5ed237760872 - <std[70759c8f55707aa4]::thread::lifecycle::spawn_unchecked<test[9d35eded1c95d3be]::run_test::{closure#1}, ()>::{closure#1} as core[df12db4294e9bfd3]::ops::function::FnOnce<()>>::call_once::{shim:vtable#0}
[INFO] [stdout]   20:     0x5ed23794dba9 - <std[70759c8f55707aa4]::sys::thread::unix::Thread>::new::thread_start
[INFO] [stdout]   21:     0x792a6f3d2dfa - <unknown>
[INFO] [stdout]   22:     0x792a6f4663d4 - clone
[INFO] [stdout]   23:                0x0 - <unknown>
[INFO] [stdout] 
[INFO] [stdout] 
[INFO] [stdout] failures:
[INFO] [stdout]     db::tests::add_rows_get_rows
[INFO] [stdout]     db::tests::max_idx
[INFO] [stdout]     db::tests::remove_row
[INFO] [stdout]     db::tests::stack_add_remove
[INFO] [stdout]     db::tests::stack_tidyup
[INFO] [stdout] 
[INFO] [stdout] test result: FAILED. 0 passed; 5 failed; 0 ignored; 0 measured; 0 filtered out; finished in 0.01s
[INFO] [stdout] 
[INFO] [stderr] error: test failed, to rerun pass `--bin qcd_rs`
[INFO] running `Command { std: "docker" "inspect" "762185889e8d8d717176046309b89992fc156329a45ab51aa434e37e818dd6ac", kill_on_drop: false }`
[INFO] running `Command { std: "docker" "rm" "-f" "762185889e8d8d717176046309b89992fc156329a45ab51aa434e37e818dd6ac", kill_on_drop: false }`
[INFO] [stdout] 762185889e8d8d717176046309b89992fc156329a45ab51aa434e37e818dd6ac
