[INFO] fetching crate qcalc 0.15.4...
[INFO] testing qcalc-0.15.4 against 1.100.0-beta.1+cargoflags=--release for beta-release-1.100-2
[INFO] extracting crate qcalc 0.15.4 into /workspace/builds/worker-7-tc2/source
[INFO] started tweaking crates.io crate qcalc 0.15.4
[INFO] finished tweaking crates.io crate qcalc 0.15.4
[INFO] tweaked toml for crates.io crate qcalc 0.15.4 written to /workspace/builds/worker-7-tc2/source/Cargo.toml
[INFO] validating manifest of crates.io crate qcalc 0.15.4 on toolchain 1.100.0-beta.1
[INFO] running `Command { std: CARGO_HOME="/workspace/cargo-home" RUSTUP_HOME="/workspace/rustup-home" "/workspace/cargo-home/bin/cargo" "+1.100.0-beta.1" "metadata" "--manifest-path" "Cargo.toml" "--no-deps", kill_on_drop: false }`
[INFO] crate crates.io crate qcalc 0.15.4 already has a lockfile, it will not be regenerated
[INFO] running `Command { std: CARGO_HOME="/workspace/cargo-home" RUSTUP_HOME="/workspace/rustup-home" "/workspace/cargo-home/bin/cargo" "+1.100.0-beta.1" "fetch" "--manifest-path" "Cargo.toml", kill_on_drop: false }`
[INFO] running `Command { std: "docker" "create" "-v" "/var/lib/crater-agent-workspace/builds/worker-7-tc2/source:/opt/rustwide/workdir:ro,Z" "-v" "/var/lib/crater-agent-workspace/builds/worker-7-tc2/target:/opt/rustwide/target:rw,Z" "-v" "/var/lib/crater-agent-workspace/cargo-home:/opt/rustwide/cargo-home:ro,Z" "-v" "/var/lib/crater-agent-workspace/rustup-home:/opt/rustwide/rustup-home:ro,Z" "-m" "1610612736" "--network" "none" "ghcr.io/rust-lang/crates-build-env/linux@sha256:77db811e55d90add9212f6832c23229e3de5f1c1f9905e8cb07319ea15df73ac" "sleep" "infinity", kill_on_drop: false }`
[INFO] [stdout] ba43436449f9b5d5ae48d6f92a6940027cffceb64d784d495a46ce2454ac4fa8
[INFO] running `Command { std: "docker" "start" "ba43436449f9b5d5ae48d6f92a6940027cffceb64d784d495a46ce2454ac4fa8", kill_on_drop: false }`
[INFO] running `Command { std: "docker" "inspect" "ba43436449f9b5d5ae48d6f92a6940027cffceb64d784d495a46ce2454ac4fa8", kill_on_drop: false }`
[INFO] running `Command { std: "docker" "exec" "-e" "SOURCE_DIR=/opt/rustwide/workdir" "-e" "CARGO_HOME=/opt/rustwide/cargo-home" "-e" "RUSTUP_HOME=/opt/rustwide/rustup-home" "-e" "CARGO_TARGET_DIR=/opt/rustwide/target" "-w" "/opt/rustwide/workdir" "--user" "0:0" "ba43436449f9b5d5ae48d6f92a6940027cffceb64d784d495a46ce2454ac4fa8" "/opt/rustwide/cargo-home/bin/cargo" "+1.100.0-beta.1" "metadata" "--no-deps" "--format-version=1", kill_on_drop: false }`
[INFO] running `Command { std: "docker" "inspect" "ba43436449f9b5d5ae48d6f92a6940027cffceb64d784d495a46ce2454ac4fa8", kill_on_drop: false }`
[INFO] running `Command { std: "docker" "exec" "-e" "SOURCE_DIR=/opt/rustwide/workdir" "-e" "CARGO_HOME=/opt/rustwide/cargo-home" "-e" "RUSTUP_HOME=/opt/rustwide/rustup-home" "-e" "CARGO_TARGET_DIR=/opt/rustwide/target" "-e" "CARGO_INCREMENTAL=0" "-e" "RUST_BACKTRACE=full" "-e" "RUSTFLAGS=--cap-lints=warn" "-e" "RUSTDOCFLAGS=--cap-lints=warn" "-w" "/opt/rustwide/workdir" "--user" "0:0" "ba43436449f9b5d5ae48d6f92a6940027cffceb64d784d495a46ce2454ac4fa8" "/opt/rustwide/cargo-home/bin/cargo" "+1.100.0-beta.1" "build" "--frozen" "--message-format=json" "--release", kill_on_drop: false }`
[INFO] [stderr]    Compiling unicode-ident v1.0.26
[INFO] [stderr]    Compiling libc v0.2.190
[INFO] [stderr]    Compiling thiserror v2.0.21
[INFO] [stderr]    Compiling rustix v1.1.5
[INFO] [stderr]    Compiling linux-raw-sys v0.12.1
[INFO] [stderr]    Compiling heck v0.5.0
[INFO] [stderr]    Compiling either v1.19.0
[INFO] [stderr]    Compiling hashbrown v0.17.1
[INFO] [stderr]    Compiling hashbrown v0.16.1
[INFO] [stderr]    Compiling smallvec v1.16.2
[INFO] [stderr]    Compiling simd-adler32 v0.3.10
[INFO] [stderr]    Compiling castaway v0.2.4
[INFO] [stderr]    Compiling unicode-segmentation v1.13.3
[INFO] [stderr]    Compiling critical-section v1.2.0
[INFO] [stderr]    Compiling indoc v2.0.7
[INFO] [stderr]    Compiling proc-macro2 v1.0.107
[INFO] [stderr]    Compiling autocfg v1.5.1
[INFO] [stderr]    Compiling deranged v0.5.8
[INFO] [stderr]    Compiling compact_str v0.9.1
[INFO] [stderr]    Compiling litrs v1.0.0
[INFO] [stderr]    Compiling itertools v0.14.0
[INFO] [stderr]    Compiling num_threads v0.1.7
[INFO] [stderr]    Compiling miniz_oxide v0.9.1
[INFO] [stderr]    Compiling line-clipping v0.3.8
[INFO] [stderr]    Compiling quote v1.0.47
[INFO] [stderr]    Compiling convert_case v0.10.0
[INFO] [stderr]    Compiling fdeflate v0.3.7
[INFO] [stderr]    Compiling syn v3.0.6
[INFO] [stderr]    Compiling syn v2.0.119
[INFO] [stderr]    Compiling num-traits v0.2.19
[INFO] [stderr]    Compiling miniz_oxide v0.8.9
[INFO] [stderr]    Compiling pxfm v0.1.30
[INFO] [stderr]    Compiling document-features v0.2.12
[INFO] [stderr]    Compiling byteorder-lite v0.1.0
[INFO] [stderr]    Compiling bytemuck v1.25.2
[INFO] [stderr]    Compiling x11rb-protocol v0.13.2
[INFO] [stderr]    Compiling lru v0.18.5
[INFO] [stderr]    Compiling flate2 v1.1.10
[INFO] [stderr]    Compiling png v0.18.1
[INFO] [stderr]    Compiling errno v0.3.14
[INFO] [stderr]    Compiling parking_lot_core v0.9.12
[INFO] [stderr]    Compiling mio v1.2.4
[INFO] [stderr]    Compiling time v0.3.55
[INFO] [stderr]    Compiling dirs-sys-next v0.1.2
[INFO] [stderr]    Compiling signal-hook-registry v1.4.8
[INFO] [stderr]    Compiling signal-hook v0.3.18
[INFO] [stderr]    Compiling dirs-next v2.0.0
[INFO] [stderr]    Compiling strum_macros v0.28.0
[INFO] [stderr]    Compiling derive_more-impl v2.1.1
[INFO] [stderr]    Compiling parking_lot v0.12.5
[INFO] [stderr]    Compiling signal-hook-mio v0.2.5
[INFO] [stderr]    Compiling unicode-truncate v2.0.1
[INFO] [stderr]    Compiling derive_more v2.1.1
[INFO] [stderr]    Compiling strum v0.28.0
[INFO] [stderr]    Compiling moxcms v0.8.1
[INFO] [stderr]    Compiling darling_core v0.24.1
[INFO] [stderr]    Compiling thiserror-impl v2.0.21
[INFO] [stderr]    Compiling kasuari v0.4.12
[INFO] [stderr]    Compiling crossterm v0.29.0
[INFO] [stderr]    Compiling gethostname v1.1.0
[INFO] [stderr]    Compiling x11rb v0.13.2
[INFO] [stderr]    Compiling ratatui-core v0.1.2
[INFO] [stderr]    Compiling darling_macro v0.24.1
[INFO] [stderr]    Compiling darling v0.24.1
[INFO] [stderr]    Compiling instability v0.3.14
[INFO] [stderr]    Compiling ratatui-widgets v0.3.2
[INFO] [stderr]    Compiling ratatui-crossterm v0.1.2
[INFO] [stderr]    Compiling ratatui-macros v0.7.2
[INFO] [stderr]    Compiling ratatui-textarea v0.9.3
[INFO] [stderr]    Compiling ratatui v0.30.2
[INFO] [stderr]    Compiling image v0.25.10
[INFO] [stderr]    Compiling arboard v3.6.1
[INFO] [stderr]    Compiling qcalc v0.15.4 (/opt/rustwide/workdir)
[INFO] [stderr]     Finished `release` profile [optimized] target(s) in 1m 08s
[INFO] running `Command { std: "docker" "inspect" "ba43436449f9b5d5ae48d6f92a6940027cffceb64d784d495a46ce2454ac4fa8", kill_on_drop: false }`
[INFO] running `Command { std: "docker" "exec" "-e" "SOURCE_DIR=/opt/rustwide/workdir" "-e" "CARGO_HOME=/opt/rustwide/cargo-home" "-e" "RUSTUP_HOME=/opt/rustwide/rustup-home" "-e" "CARGO_TARGET_DIR=/opt/rustwide/target" "-e" "CARGO_INCREMENTAL=0" "-e" "RUST_BACKTRACE=full" "-e" "RUSTFLAGS=--cap-lints=warn" "-e" "RUSTDOCFLAGS=--cap-lints=warn" "-w" "/opt/rustwide/workdir" "--user" "0:0" "ba43436449f9b5d5ae48d6f92a6940027cffceb64d784d495a46ce2454ac4fa8" "/opt/rustwide/cargo-home/bin/cargo" "+1.100.0-beta.1" "test" "--frozen" "--no-run" "--message-format=json" "--release", kill_on_drop: false }`
[INFO] [stderr]    Compiling qcalc v0.15.4 (/opt/rustwide/workdir)
[INFO] [stderr]     Finished `release` profile [optimized] target(s) in 3.69s
[INFO] running `Command { std: "docker" "inspect" "ba43436449f9b5d5ae48d6f92a6940027cffceb64d784d495a46ce2454ac4fa8", kill_on_drop: false }`
[INFO] running `Command { std: "docker" "exec" "-e" "SOURCE_DIR=/opt/rustwide/workdir" "-e" "CARGO_HOME=/opt/rustwide/cargo-home" "-e" "RUSTUP_HOME=/opt/rustwide/rustup-home" "-e" "CARGO_TARGET_DIR=/opt/rustwide/target" "-e" "CARGO_INCREMENTAL=0" "-e" "RUST_BACKTRACE=full" "-e" "RUSTFLAGS=--cap-lints=warn" "-e" "RUSTDOCFLAGS=--cap-lints=warn" "-w" "/opt/rustwide/workdir" "--user" "0:0" "ba43436449f9b5d5ae48d6f92a6940027cffceb64d784d495a46ce2454ac4fa8" "/opt/rustwide/cargo-home/bin/cargo" "+1.100.0-beta.1" "test" "--frozen" "--release", kill_on_drop: false }`
[INFO] [stderr]     Finished `release` profile [optimized] target(s) in 0.18s
[INFO] [stderr]      Running unittests src/lib.rs (/opt/rustwide/target/release/build/qcalc/e4ff8512cfc531cb/out/qcalc-e4ff8512cfc531cb)
[INFO] [stdout] 
[INFO] [stdout] running 48 tests
[INFO] [stdout] test interpreter::tests::nan_for_nan ... ok
[INFO] [stdout] test interpreter::tests::partial_cmp_values ... ok
[INFO] [stdout] test app::tests::test_factorial ... FAILED
[INFO] [stdout] test app::tests::test_range ... FAILED
[INFO] [stdout] test interpreter::tests::simple_add ... ok
[INFO] [stdout] test app::tests::test_bin_hex ... FAILED
[INFO] [stdout] test app::tests::test_iterator ... FAILED
[INFO] [stdout] test parse::tests::negative ... ok
[INFO] [stdout] test interpreter::tests::simple_variable ... ok
[INFO] [stdout] test interpreter::tests::test_ord ... ok
[INFO] [stdout] test parse::tests::grouping ... ok
[INFO] [stdout] test parse::tests::integer_base_log ... ok
[INFO] [stdout] test app::tests::create_and_call_function ... FAILED
[INFO] [stdout] test app::tests::test_if_else ... FAILED
[INFO] [stdout] test app::tests::test_rc_file ... FAILED
[INFO] [stdout] test app::tests::higher_order ... FAILED
[INFO] [stdout] test interpreter::tests::function_with_closure ... ok
[INFO] [stdout] test app::tests::test_list ... FAILED
[INFO] [stdout] test app::tests::test_bitwise_operators ... FAILED
[INFO] [stdout] test app::tests::test_assignment ... FAILED
[INFO] [stdout] test app::tests::test_elem ... FAILED
[INFO] [stdout] test app::tests::test_built_in_fns ... FAILED
[INFO] [stdout] test parse::tests::test_if ... ok
[INFO] [stdout] test parse::tests::test_nil ... ok
[INFO] [stdout] test parse::tests::test_no_params ... ok
[INFO] [stdout] test parse::tests::simple_add ... ok
[INFO] [stdout] test parse::tests::test_fact ... ok
[INFO] [stdout] test token::tests::alpha_underscore_idents ... ok
[INFO] [stdout] test parse::tests::test_bools ... ok
[INFO] [stdout] test parse::tests::test_function_underscore_params ... ok
[INFO] [stdout] test parse::tests::test_assignment ... ok
[INFO] [stdout] test parse::tests::test_missing_closing_paren ... ok
[INFO] [stdout] test parse::tests::test_exponent ... ok
[INFO] [stdout] test parse::tests::test_function_mult_params ... ok
[INFO] [stdout] test parse::tests::test_function_single_param ... ok
[INFO] [stdout] test parse::tests::test_tuple ... ok
[INFO] [stdout] test parse::tests::test_uniq_params ... ok
[INFO] [stdout] test parse::tests::simple_mult ... ok
[INFO] [stdout] test token::tests::test_tokenizer ... ok
[INFO] [stdout] test token::tests::divide ... ok
[INFO] [stdout] test token::tests::test_add ... ok
[INFO] [stdout] test token::tests::test_if_else ... ok
[INFO] [stdout] test token::tests::test_space ... ok
[INFO] [stderr] error: test failed, to rerun pass `--lib`
[INFO] [stdout] test token::tests::test_bin ... ok
[INFO] [stdout] test token::tests::test_hex ... ok
[INFO] [stdout] test token::tests::test_nan_and_nil ... ok
[INFO] [stdout] test interpreter::tests::non_numeric_operations ... ok
[INFO] [stdout] test token::tests::test_underscore ... ok
[INFO] [stdout] 
[INFO] [stdout] failures:
[INFO] [stdout] 
[INFO] [stdout] ---- app::tests::test_factorial stdout ----
[INFO] [stdout] 
[INFO] [stdout] thread 'app::tests::test_factorial' (1528) panicked at src/app.rs:246:37:
[INFO] [stdout] Failed to create test file: Os { code: 30, kind: ReadOnlyFilesystem, message: "Read-only file system" }
[INFO] [stdout] stack backtrace:
[INFO] [stdout]    0:     0x590661434b71 - <<std[617be2ca0a6fd877]::sys::backtrace::BacktraceLock>::print::DisplayBacktrace as core[a373ad73a504971]::fmt::Display>::fmt
[INFO] [stdout]    1:     0x59066144a72a - core[a373ad73a504971]::fmt::write
[INFO] [stdout]    2:     0x590661438fec - <alloc[2e1b2a31b91974c5]::vec::Vec<u8> as core[a373ad73a504971]::io::write::Write>::write_fmt
[INFO] [stdout]    3:     0x590661410416 - std[617be2ca0a6fd877]::panicking::default_hook::{closure#0}
[INFO] [stdout]    4:     0x59066142cbc9 - std[617be2ca0a6fd877]::panicking::default_hook
[INFO] [stdout]    5:     0x59066139df80 - test[aada8e7e76ba119b]::test_main_inner::{closure#0}
[INFO] [stdout]    6:     0x59066142cd82 - std[617be2ca0a6fd877]::panicking::panic_with_hook
[INFO] [stdout]    7:     0x5906614104c2 - std[617be2ca0a6fd877]::panicking::panic_handler::{closure#0}
[INFO] [stdout]    8:     0x590661409129 - std[617be2ca0a6fd877]::sys::backtrace::__rust_end_short_backtrace::<std[617be2ca0a6fd877]::panicking::panic_handler::{closure#0}, !>
[INFO] [stdout]    9:     0x5906614112bd - __rustc[ea4f61d10b84890b]::rust_begin_unwind
[INFO] [stdout]   10:     0x59066144ae8c - core[a373ad73a504971]::panicking::panic_fmt
[INFO] [stdout]   11:     0x59066144ac62 - core[a373ad73a504971]::result::unwrap_failed
[INFO] [stdout]   12:     0x590661376462 - qcalc[95fb360bf3530982]::app::tests::new_app
[INFO] [stdout]   13:     0x590661377f9f - <qcalc[95fb360bf3530982]::app::tests::test_factorial::{closure#0} as core[a373ad73a504971]::ops::function::FnOnce<()>>::call_once
[INFO] [stdout]   14:     0x5906613913cb - test[aada8e7e76ba119b]::__rust_begin_short_backtrace::<core[a373ad73a504971]::result::Result<(), alloc[2e1b2a31b91974c5]::string::String>, fn() -> core[a373ad73a504971]::result::Result<(), alloc[2e1b2a31b91974c5]::string::String>>
[INFO] [stdout]   15:     0x59066139e5a5 - test[aada8e7e76ba119b]::run_test::{closure#0}
[INFO] [stdout]   16:     0x590661397e94 - std[617be2ca0a6fd877]::sys::backtrace::__rust_begin_short_backtrace::<test[aada8e7e76ba119b]::run_test::{closure#1}, ()>
[INFO] [stdout]   17:     0x5906613a1632 - <std[617be2ca0a6fd877]::thread::lifecycle::spawn_unchecked<test[aada8e7e76ba119b]::run_test::{closure#1}, ()>::{closure#1} as core[a373ad73a504971]::ops::function::FnOnce<()>>::call_once::{shim:vtable#0}
[INFO] [stdout]   18:     0x590661433eaf - <std[617be2ca0a6fd877]::sys::thread::unix::Thread>::new::thread_start
[INFO] [stdout]   19:     0x769a937b5dfa - <unknown>
[INFO] [stdout]   20:     0x769a938493d4 - clone
[INFO] [stdout]   21:                0x0 - <unknown>
[INFO] [stdout] 
[INFO] [stdout] ---- app::tests::test_range stdout ----
[INFO] [stdout] 
[INFO] [stdout] thread 'app::tests::test_range' (1532) panicked at src/app.rs:246:37:
[INFO] [stdout] Failed to create test file: Os { code: 30, kind: ReadOnlyFilesystem, message: "Read-only file system" }
[INFO] [stdout] stack backtrace:
[INFO] [stdout]    0:     0x590661434b71 - <<std[617be2ca0a6fd877]::sys::backtrace::BacktraceLock>::print::DisplayBacktrace as core[a373ad73a504971]::fmt::Display>::fmt
[INFO] [stdout]    1:     0x59066144a72a - core[a373ad73a504971]::fmt::write
[INFO] [stdout]    2:     0x590661438fec - <alloc[2e1b2a31b91974c5]::vec::Vec<u8> as core[a373ad73a504971]::io::write::Write>::write_fmt
[INFO] [stdout]    3:     0x590661410416 - std[617be2ca0a6fd877]::panicking::default_hook::{closure#0}
[INFO] [stdout]    4:     0x59066142cbc9 - std[617be2ca0a6fd877]::panicking::default_hook
[INFO] [stdout]    5:     0x59066139df80 - test[aada8e7e76ba119b]::test_main_inner::{closure#0}
[INFO] [stdout]    6:     0x59066142cd82 - std[617be2ca0a6fd877]::panicking::panic_with_hook
[INFO] [stdout]    7:     0x5906614104c2 - std[617be2ca0a6fd877]::panicking::panic_handler::{closure#0}
[INFO] [stdout]    8:     0x590661409129 - std[617be2ca0a6fd877]::sys::backtrace::__rust_end_short_backtrace::<std[617be2ca0a6fd877]::panicking::panic_handler::{closure#0}, !>
[INFO] [stdout]    9:     0x5906614112bd - __rustc[ea4f61d10b84890b]::rust_begin_unwind
[INFO] [stdout]   10:     0x59066144ae8c - core[a373ad73a504971]::panicking::panic_fmt
[INFO] [stdout]   11:     0x59066144ac62 - core[a373ad73a504971]::result::unwrap_failed
[INFO] [stdout]   12:     0x590661376462 - qcalc[95fb360bf3530982]::app::tests::new_app
[INFO] [stdout]   13:     0x590661376daf - <qcalc[95fb360bf3530982]::app::tests::test_range::{closure#0} as core[a373ad73a504971]::ops::function::FnOnce<()>>::call_once
[INFO] [stdout]   14:     0x5906613913cb - test[aada8e7e76ba119b]::__rust_begin_short_backtrace::<core[a373ad73a504971]::result::Result<(), alloc[2e1b2a31b91974c5]::string::String>, fn() -> core[a373ad73a504971]::result::Result<(), alloc[2e1b2a31b91974c5]::string::String>>
[INFO] [stdout]   15:     0x59066139e5a5 - test[aada8e7e76ba119b]::run_test::{closure#0}
[INFO] [stdout]   16:     0x590661397e94 - std[617be2ca0a6fd877]::sys::backtrace::__rust_begin_short_backtrace::<test[aada8e7e76ba119b]::run_test::{closure#1}, ()>
[INFO] [stdout]   17:     0x5906613a1632 - <std[617be2ca0a6fd877]::thread::lifecycle::spawn_unchecked<test[aada8e7e76ba119b]::run_test::{closure#1}, ()>::{closure#1} as core[a373ad73a504971]::ops::function::FnOnce<()>>::call_once::{shim:vtable#0}
[INFO] [stdout]   18:     0x590661433eaf - <std[617be2ca0a6fd877]::sys::thread::unix::Thread>::new::thread_start
[INFO] [stdout]   19:     0x769a937b5dfa - <unknown>
[INFO] [stdout]   20:     0x769a938493d4 - clone
[INFO] [stdout]   21:                0x0 - <unknown>
[INFO] [stdout] 
[INFO] [stdout] ---- app::tests::test_bin_hex stdout ----
[INFO] [stdout] 
[INFO] [stdout] thread 'app::tests::test_bin_hex' (1524) panicked at src/app.rs:246:37:
[INFO] [stdout] Failed to create test file: Os { code: 30, kind: ReadOnlyFilesystem, message: "Read-only file system" }
[INFO] [stdout] stack backtrace:
[INFO] [stdout]    0:     0x590661434b71 - <<std[617be2ca0a6fd877]::sys::backtrace::BacktraceLock>::print::DisplayBacktrace as core[a373ad73a504971]::fmt::Display>::fmt
[INFO] [stdout]    1:     0x59066144a72a - core[a373ad73a504971]::fmt::write
[INFO] [stdout]    2:     0x590661438fec - <alloc[2e1b2a31b91974c5]::vec::Vec<u8> as core[a373ad73a504971]::io::write::Write>::write_fmt
[INFO] [stdout]    3:     0x590661410416 - std[617be2ca0a6fd877]::panicking::default_hook::{closure#0}
[INFO] [stdout]    4:     0x59066142cbc9 - std[617be2ca0a6fd877]::panicking::default_hook
[INFO] [stdout]    5:     0x59066139df80 - test[aada8e7e76ba119b]::test_main_inner::{closure#0}
[INFO] [stdout]    6:     0x59066142cd82 - std[617be2ca0a6fd877]::panicking::panic_with_hook
[INFO] [stdout]    7:     0x5906614104c2 - std[617be2ca0a6fd877]::panicking::panic_handler::{closure#0}
[INFO] [stdout]    8:     0x590661409129 - std[617be2ca0a6fd877]::sys::backtrace::__rust_end_short_backtrace::<std[617be2ca0a6fd877]::panicking::panic_handler::{closure#0}, !>
[INFO] [stdout]    9:     0x5906614112bd - __rustc[ea4f61d10b84890b]::rust_begin_unwind
[INFO] [stdout]   10:     0x59066144ae8c - core[a373ad73a504971]::panicking::panic_fmt
[INFO] [stdout]   11:     0x59066144ac62 - core[a373ad73a504971]::result::unwrap_failed
[INFO] [stdout]   12:     0x590661376462 - qcalc[95fb360bf3530982]::app::tests::new_app
[INFO] [stdout]   13:     0x59066137714f - <qcalc[95fb360bf3530982]::app::tests::test_bin_hex::{closure#0} as core[a373ad73a504971]::ops::function::FnOnce<()>>::call_once
[INFO] [stdout]   14:     0x5906613913cb - test[aada8e7e76ba119b]::__rust_begin_short_backtrace::<core[a373ad73a504971]::result::Result<(), alloc[2e1b2a31b91974c5]::string::String>, fn() -> core[a373ad73a504971]::result::Result<(), alloc[2e1b2a31b91974c5]::string::String>>
[INFO] [stdout]   15:     0x59066139e5a5 - test[aada8e7e76ba119b]::run_test::{closure#0}
[INFO] [stdout]   16:     0x590661397e94 - std[617be2ca0a6fd877]::sys::backtrace::__rust_begin_short_backtrace::<test[aada8e7e76ba119b]::run_test::{closure#1}, ()>
[INFO] [stdout]   17:     0x5906613a1632 - <std[617be2ca0a6fd877]::thread::lifecycle::spawn_unchecked<test[aada8e7e76ba119b]::run_test::{closure#1}, ()>::{closure#1} as core[a373ad73a504971]::ops::function::FnOnce<()>>::call_once::{shim:vtable#0}
[INFO] [stdout]   18:     0x590661433eaf - <std[617be2ca0a6fd877]::sys::thread::unix::Thread>::new::thread_start
[INFO] [stdout]   19:     0x769a937b5dfa - <unknown>
[INFO] [stdout]   20:     0x769a938493d4 - clone
[INFO] [stdout]   21:                0x0 - <unknown>
[INFO] [stdout] 
[INFO] [stdout] ---- app::tests::test_iterator stdout ----
[INFO] [stdout] 
[INFO] [stdout] thread 'app::tests::test_iterator' (1530) panicked at src/app.rs:246:37:
[INFO] [stdout] Failed to create test file: Os { code: 30, kind: ReadOnlyFilesystem, message: "Read-only file system" }
[INFO] [stdout] stack backtrace:
[INFO] [stdout]    0:     0x590661434b71 - <<std[617be2ca0a6fd877]::sys::backtrace::BacktraceLock>::print::DisplayBacktrace as core[a373ad73a504971]::fmt::Display>::fmt
[INFO] [stdout]    1:     0x59066144a72a - core[a373ad73a504971]::fmt::write
[INFO] [stdout]    2:     0x590661438fec - <alloc[2e1b2a31b91974c5]::vec::Vec<u8> as core[a373ad73a504971]::io::write::Write>::write_fmt
[INFO] [stdout]    3:     0x590661410416 - std[617be2ca0a6fd877]::panicking::default_hook::{closure#0}
[INFO] [stdout]    4:     0x59066142cbc9 - std[617be2ca0a6fd877]::panicking::default_hook
[INFO] [stdout]    5:     0x59066139df80 - test[aada8e7e76ba119b]::test_main_inner::{closure#0}
[INFO] [stdout]    6:     0x59066142cd82 - std[617be2ca0a6fd877]::panicking::panic_with_hook
[INFO] [stdout]    7:     0x5906614104c2 - std[617be2ca0a6fd877]::panicking::panic_handler::{closure#0}
[INFO] [stdout]    8:     0x590661409129 - std[617be2ca0a6fd877]::sys::backtrace::__rust_end_short_backtrace::<std[617be2ca0a6fd877]::panicking::panic_handler::{closure#0}, !>
[INFO] [stdout]    9:     0x5906614112bd - __rustc[ea4f61d10b84890b]::rust_begin_unwind
[INFO] [stdout]   10:     0x59066144ae8c - core[a373ad73a504971]::panicking::panic_fmt
[INFO] [stdout]   11:     0x59066144ac62 - core[a373ad73a504971]::result::unwrap_failed
[INFO] [stdout]   12:     0x590661376462 - qcalc[95fb360bf3530982]::app::tests::new_app
[INFO] [stdout]   13:     0x5906613779a1 - <qcalc[95fb360bf3530982]::app::tests::test_iterator::{closure#0} as core[a373ad73a504971]::ops::function::FnOnce<()>>::call_once
[INFO] [stdout]   14:     0x5906613913cb - test[aada8e7e76ba119b]::__rust_begin_short_backtrace::<core[a373ad73a504971]::result::Result<(), alloc[2e1b2a31b91974c5]::string::String>, fn() -> core[a373ad73a504971]::result::Result<(), alloc[2e1b2a31b91974c5]::string::String>>
[INFO] [stdout]   15:     0x59066139e5a5 - test[aada8e7e76ba119b]::run_test::{closure#0}
[INFO] [stdout]   16:     0x590661397e94 - std[617be2ca0a6fd877]::sys::backtrace::__rust_begin_short_backtrace::<test[aada8e7e76ba119b]::run_test::{closure#1}, ()>
[INFO] [stdout]   17:     0x5906613a1632 - <std[617be2ca0a6fd877]::thread::lifecycle::spawn_unchecked<test[aada8e7e76ba119b]::run_test::{closure#1}, ()>::{closure#1} as core[a373ad73a504971]::ops::function::FnOnce<()>>::call_once::{shim:vtable#0}
[INFO] [stdout]   18:     0x590661433eaf - <std[617be2ca0a6fd877]::sys::thread::unix::Thread>::new::thread_start
[INFO] [stdout]   19:     0x769a937b5dfa - <unknown>
[INFO] [stdout]   20:     0x769a938493d4 - clone
[INFO] [stdout]   21:                0x0 - <unknown>
[INFO] [stdout] 
[INFO] [stdout] ---- app::tests::create_and_call_function stdout ----
[INFO] [stdout] 
[INFO] [stdout] thread 'app::tests::create_and_call_function' (1521) panicked at src/app.rs:246:37:
[INFO] [stdout] Failed to create test file: Os { code: 30, kind: ReadOnlyFilesystem, message: "Read-only file system" }
[INFO] [stdout] stack backtrace:
[INFO] [stdout]    0:     0x590661434b71 - <<std[617be2ca0a6fd877]::sys::backtrace::BacktraceLock>::print::DisplayBacktrace as core[a373ad73a504971]::fmt::Display>::fmt
[INFO] [stdout]    1:     0x59066144a72a - core[a373ad73a504971]::fmt::write
[INFO] [stdout]    2:     0x590661438fec - <alloc[2e1b2a31b91974c5]::vec::Vec<u8> as core[a373ad73a504971]::io::write::Write>::write_fmt
[INFO] [stdout]    3:     0x590661410416 - std[617be2ca0a6fd877]::panicking::default_hook::{closure#0}
[INFO] [stdout]    4:     0x59066142cbc9 - std[617be2ca0a6fd877]::panicking::default_hook
[INFO] [stdout]    5:     0x59066139df80 - test[aada8e7e76ba119b]::test_main_inner::{closure#0}
[INFO] [stdout]    6:     0x59066142cd82 - std[617be2ca0a6fd877]::panicking::panic_with_hook
[INFO] [stdout]    7:     0x5906614104c2 - std[617be2ca0a6fd877]::panicking::panic_handler::{closure#0}
[INFO] [stdout]    8:     0x590661409129 - std[617be2ca0a6fd877]::sys::backtrace::__rust_end_short_backtrace::<std[617be2ca0a6fd877]::panicking::panic_handler::{closure#0}, !>
[INFO] [stdout]    9:     0x5906614112bd - __rustc[ea4f61d10b84890b]::rust_begin_unwind
[INFO] [stdout]   10:     0x59066144ae8c - core[a373ad73a504971]::panicking::panic_fmt
[INFO] [stdout]   11:     0x59066144ac62 - core[a373ad73a504971]::result::unwrap_failed
[INFO] [stdout]   12:     0x590661376462 - qcalc[95fb360bf3530982]::app::tests::new_app
[INFO] [stdout]   13:     0x59066137a404 - <qcalc[95fb360bf3530982]::app::tests::create_and_call_function::{closure#0} as core[a373ad73a504971]::ops::function::FnOnce<()>>::call_once
[INFO] [stdout]   14:     0x5906613913cb - test[aada8e7e76ba119b]::__rust_begin_short_backtrace::<core[a373ad73a504971]::result::Result<(), alloc[2e1b2a31b91974c5]::string::String>, fn() -> core[a373ad73a504971]::result::Result<(), alloc[2e1b2a31b91974c5]::string::String>>
[INFO] [stdout]   15:     0x59066139e5a5 - test[aada8e7e76ba119b]::run_test::{closure#0}
[INFO] [stdout]   16:     0x590661397e94 - std[617be2ca0a6fd877]::sys::backtrace::__rust_begin_short_backtrace::<test[aada8e7e76ba119b]::run_test::{closure#1}, ()>
[INFO] [stdout]   17:     0x5906613a1632 - <std[617be2ca0a6fd877]::thread::lifecycle::spawn_unchecked<test[aada8e7e76ba119b]::run_test::{closure#1}, ()>::{closure#1} as core[a373ad73a504971]::ops::function::FnOnce<()>>::call_once::{shim:vtable#0}
[INFO] [stdout]   18:     0x590661433eaf - <std[617be2ca0a6fd877]::sys::thread::unix::Thread>::new::thread_start
[INFO] [stdout]   19:     0x769a937b5dfa - <unknown>
[INFO] [stdout]   20:     0x769a938493d4 - clone
[INFO] [stdout]   21:                0x0 - <unknown>
[INFO] [stdout] 
[INFO] [stdout] ---- app::tests::test_if_else stdout ----
[INFO] [stdout] 
[INFO] [stdout] thread 'app::tests::test_if_else' (1529) panicked at src/app.rs:246:37:
[INFO] [stdout] Failed to create test file: Os { code: 30, kind: ReadOnlyFilesystem, message: "Read-only file system" }
[INFO] [stdout] stack backtrace:
[INFO] [stdout]    0:     0x590661434b71 - <<std[617be2ca0a6fd877]::sys::backtrace::BacktraceLock>::print::DisplayBacktrace as core[a373ad73a504971]::fmt::Display>::fmt
[INFO] [stdout]    1:     0x59066144a72a - core[a373ad73a504971]::fmt::write
[INFO] [stdout]    2:     0x590661438fec - <alloc[2e1b2a31b91974c5]::vec::Vec<u8> as core[a373ad73a504971]::io::write::Write>::write_fmt
[INFO] [stdout]    3:     0x590661410416 - std[617be2ca0a6fd877]::panicking::default_hook::{closure#0}
[INFO] [stdout]    4:     0x59066142cbc9 - std[617be2ca0a6fd877]::panicking::default_hook
[INFO] [stdout]    5:     0x59066139df80 - test[aada8e7e76ba119b]::test_main_inner::{closure#0}
[INFO] [stdout]    6:     0x59066142cd82 - std[617be2ca0a6fd877]::panicking::panic_with_hook
[INFO] [stdout]    7:     0x5906614104c2 - std[617be2ca0a6fd877]::panicking::panic_handler::{closure#0}
[INFO] [stdout]    8:     0x590661409129 - std[617be2ca0a6fd877]::sys::backtrace::__rust_end_short_backtrace::<std[617be2ca0a6fd877]::panicking::panic_handler::{closure#0}, !>
[INFO] [stdout]    9:     0x5906614112bd - __rustc[ea4f61d10b84890b]::rust_begin_unwind
[INFO] [stdout]   10:     0x59066144ae8c - core[a373ad73a504971]::panicking::panic_fmt
[INFO] [stdout]   11:     0x59066144ac62 - core[a373ad73a504971]::result::unwrap_failed
[INFO] [stdout]   12:     0x590661376462 - qcalc[95fb360bf3530982]::app::tests::new_app
[INFO] [stdout]   13:     0x5906613772cf - <qcalc[95fb360bf3530982]::app::tests::test_if_else::{closure#0} as core[a373ad73a504971]::ops::function::FnOnce<()>>::call_once
[INFO] [stdout]   14:     0x5906613913cb - test[aada8e7e76ba119b]::__rust_begin_short_backtrace::<core[a373ad73a504971]::result::Result<(), alloc[2e1b2a31b91974c5]::string::String>, fn() -> core[a373ad73a504971]::result::Result<(), alloc[2e1b2a31b91974c5]::string::String>>
[INFO] [stdout]   15:     0x59066139e5a5 - test[aada8e7e76ba119b]::run_test::{closure#0}
[INFO] [stdout]   16:     0x590661397e94 - std[617be2ca0a6fd877]::sys::backtrace::__rust_begin_short_backtrace::<test[aada8e7e76ba119b]::run_test::{closure#1}, ()>
[INFO] [stdout]   17:     0x5906613a1632 - <std[617be2ca0a6fd877]::thread::lifecycle::spawn_unchecked<test[aada8e7e76ba119b]::run_test::{closure#1}, ()>::{closure#1} as core[a373ad73a504971]::ops::function::FnOnce<()>>::call_once::{shim:vtable#0}
[INFO] [stdout]   18:     0x590661433eaf - <std[617be2ca0a6fd877]::sys::thread::unix::Thread>::new::thread_start
[INFO] [stdout]   19:     0x769a937b5dfa - <unknown>
[INFO] [stdout]   20:     0x769a938493d4 - clone
[INFO] [stdout]   21:                0x0 - <unknown>
[INFO] [stdout] 
[INFO] [stdout] ---- app::tests::test_rc_file stdout ----
[INFO] [stdout] 
[INFO] [stdout] thread 'app::tests::test_rc_file' (1533) panicked at src/app.rs:252:33:
[INFO] [stdout] Failed to create test file: Os { code: 30, kind: ReadOnlyFilesystem, message: "Read-only file system" }
[INFO] [stdout] stack backtrace:
[INFO] [stdout]    0:     0x590661434b71 - <<std[617be2ca0a6fd877]::sys::backtrace::BacktraceLock>::print::DisplayBacktrace as core[a373ad73a504971]::fmt::Display>::fmt
[INFO] [stdout]    1:     0x59066144a72a - core[a373ad73a504971]::fmt::write
[INFO] [stdout]    2:     0x590661438fec - <alloc[2e1b2a31b91974c5]::vec::Vec<u8> as core[a373ad73a504971]::io::write::Write>::write_fmt
[INFO] [stdout]    3:     0x590661410416 - std[617be2ca0a6fd877]::panicking::default_hook::{closure#0}
[INFO] [stdout]    4:     0x59066142cbc9 - std[617be2ca0a6fd877]::panicking::default_hook
[INFO] [stdout]    5:     0x59066139df80 - test[aada8e7e76ba119b]::test_main_inner::{closure#0}
[INFO] [stdout]    6:     0x59066142cd82 - std[617be2ca0a6fd877]::panicking::panic_with_hook
[INFO] [stdout]    7:     0x5906614104c2 - std[617be2ca0a6fd877]::panicking::panic_handler::{closure#0}
[INFO] [stdout]    8:     0x590661409129 - std[617be2ca0a6fd877]::sys::backtrace::__rust_end_short_backtrace::<std[617be2ca0a6fd877]::panicking::panic_handler::{closure#0}, !>
[INFO] [stdout]    9:     0x5906614112bd - __rustc[ea4f61d10b84890b]::rust_begin_unwind
[INFO] [stdout]   10:     0x59066144ae8c - core[a373ad73a504971]::panicking::panic_fmt
[INFO] [stdout]   11:     0x59066144ac62 - core[a373ad73a504971]::result::unwrap_failed
[INFO] [stdout]   12:     0x59066137782f - <qcalc[95fb360bf3530982]::app::tests::test_rc_file::{closure#0} as core[a373ad73a504971]::ops::function::FnOnce<()>>::call_once
[INFO] [stdout]   13:     0x5906613913cb - test[aada8e7e76ba119b]::__rust_begin_short_backtrace::<core[a373ad73a504971]::result::Result<(), alloc[2e1b2a31b91974c5]::string::String>, fn() -> core[a373ad73a504971]::result::Result<(), alloc[2e1b2a31b91974c5]::string::String>>
[INFO] [stdout]   14:     0x59066139e5a5 - test[aada8e7e76ba119b]::run_test::{closure#0}
[INFO] [stdout]   15:     0x590661397e94 - std[617be2ca0a6fd877]::sys::backtrace::__rust_begin_short_backtrace::<test[aada8e7e76ba119b]::run_test::{closure#1}, ()>
[INFO] [stdout]   16:     0x5906613a1632 - <std[617be2ca0a6fd877]::thread::lifecycle::spawn_unchecked<test[aada8e7e76ba119b]::run_test::{closure#1}, ()>::{closure#1} as core[a373ad73a504971]::ops::function::FnOnce<()>>::call_once::{shim:vtable#0}
[INFO] [stdout]   17:     0x590661433eaf - <std[617be2ca0a6fd877]::sys::thread::unix::Thread>::new::thread_start
[INFO] [stdout]   18:     0x769a937b5dfa - <unknown>
[INFO] [stdout]   19:     0x769a938493d4 - clone
[INFO] [stdout]   20:                0x0 - <unknown>
[INFO] [stdout] 
[INFO] [stdout] ---- app::tests::higher_order stdout ----
[INFO] [stdout] 
[INFO] [stdout] thread 'app::tests::higher_order' (1522) panicked at src/app.rs:246:37:
[INFO] [stdout] Failed to create test file: Os { code: 30, kind: ReadOnlyFilesystem, message: "Read-only file system" }
[INFO] [stdout] stack backtrace:
[INFO] [stdout]    0:     0x590661434b71 - <<std[617be2ca0a6fd877]::sys::backtrace::BacktraceLock>::print::DisplayBacktrace as core[a373ad73a504971]::fmt::Display>::fmt
[INFO] [stdout]    1:     0x59066144a72a - core[a373ad73a504971]::fmt::write
[INFO] [stdout]    2:     0x590661438fec - <alloc[2e1b2a31b91974c5]::vec::Vec<u8> as core[a373ad73a504971]::io::write::Write>::write_fmt
[INFO] [stdout]    3:     0x590661410416 - std[617be2ca0a6fd877]::panicking::default_hook::{closure#0}
[INFO] [stdout]    4:     0x59066142cbc9 - std[617be2ca0a6fd877]::panicking::default_hook
[INFO] [stdout]    5:     0x59066139df80 - test[aada8e7e76ba119b]::test_main_inner::{closure#0}
[INFO] [stdout]    6:     0x59066142cd82 - std[617be2ca0a6fd877]::panicking::panic_with_hook
[INFO] [stdout]    7:     0x5906614104c2 - std[617be2ca0a6fd877]::panicking::panic_handler::{closure#0}
[INFO] [stdout]    8:     0x590661409129 - std[617be2ca0a6fd877]::sys::backtrace::__rust_end_short_backtrace::<std[617be2ca0a6fd877]::panicking::panic_handler::{closure#0}, !>
[INFO] [stdout]    9:     0x5906614112bd - __rustc[ea4f61d10b84890b]::rust_begin_unwind
[INFO] [stdout]   10:     0x59066144ae8c - core[a373ad73a504971]::panicking::panic_fmt
[INFO] [stdout]   11:     0x59066144ac62 - core[a373ad73a504971]::result::unwrap_failed
[INFO] [stdout]   12:     0x590661376462 - qcalc[95fb360bf3530982]::app::tests::new_app
[INFO] [stdout]   13:     0x590661376faf - <qcalc[95fb360bf3530982]::app::tests::higher_order::{closure#0} as core[a373ad73a504971]::ops::function::FnOnce<()>>::call_once
[INFO] [stdout]   14:     0x5906613913cb - test[aada8e7e76ba119b]::__rust_begin_short_backtrace::<core[a373ad73a504971]::result::Result<(), alloc[2e1b2a31b91974c5]::string::String>, fn() -> core[a373ad73a504971]::result::Result<(), alloc[2e1b2a31b91974c5]::string::String>>
[INFO] [stdout]   15:     0x59066139e5a5 - test[aada8e7e76ba119b]::run_test::{closure#0}
[INFO] [stdout]   16:     0x590661397e94 - std[617be2ca0a6fd877]::sys::backtrace::__rust_begin_short_backtrace::<test[aada8e7e76ba119b]::run_test::{closure#1}, ()>
[INFO] [stdout]   17:     0x5906613a1632 - <std[617be2ca0a6fd877]::thread::lifecycle::spawn_unchecked<test[aada8e7e76ba119b]::run_test::{closure#1}, ()>::{closure#1} as core[a373ad73a504971]::ops::function::FnOnce<()>>::call_once::{shim:vtable#0}
[INFO] [stdout]   18:     0x590661433eaf - <std[617be2ca0a6fd877]::sys::thread::unix::Thread>::new::thread_start
[INFO] [stdout]   19:     0x769a937b5dfa - <unknown>
[INFO] [stdout]   20:     0x769a938493d4 - clone
[INFO] [stdout]   21:                0x0 - <unknown>
[INFO] [stdout] 
[INFO] [stdout] ---- app::tests::test_list stdout ----
[INFO] [stdout] 
[INFO] [stdout] thread 'app::tests::test_list' (1531) panicked at src/app.rs:246:37:
[INFO] [stdout] Failed to create test file: Os { code: 30, kind: ReadOnlyFilesystem, message: "Read-only file system" }
[INFO] [stdout] stack backtrace:
[INFO] [stdout]    0:     0x590661434b71 - <<std[617be2ca0a6fd877]::sys::backtrace::BacktraceLock>::print::DisplayBacktrace as core[a373ad73a504971]::fmt::Display>::fmt
[INFO] [stdout]    1:     0x59066144a72a - core[a373ad73a504971]::fmt::write
[INFO] [stdout]    2:     0x590661438fec - <alloc[2e1b2a31b91974c5]::vec::Vec<u8> as core[a373ad73a504971]::io::write::Write>::write_fmt
[INFO] [stdout]    3:     0x590661410416 - std[617be2ca0a6fd877]::panicking::default_hook::{closure#0}
[INFO] [stdout]    4:     0x59066142cbc9 - std[617be2ca0a6fd877]::panicking::default_hook
[INFO] [stdout]    5:     0x59066139df80 - test[aada8e7e76ba119b]::test_main_inner::{closure#0}
[INFO] [stdout]    6:     0x59066142cd82 - std[617be2ca0a6fd877]::panicking::panic_with_hook
[INFO] [stdout]    7:     0x5906614104c2 - std[617be2ca0a6fd877]::panicking::panic_handler::{closure#0}
[INFO] [stdout]    8:     0x590661409129 - std[617be2ca0a6fd877]::sys::backtrace::__rust_end_short_backtrace::<std[617be2ca0a6fd877]::panicking::panic_handler::{closure#0}, !>
[INFO] [stdout]    9:     0x5906614112bd - __rustc[ea4f61d10b84890b]::rust_begin_unwind
[INFO] [stdout]   10:     0x59066144ae8c - core[a373ad73a504971]::panicking::panic_fmt
[INFO] [stdout]   11:     0x59066144ac62 - core[a373ad73a504971]::result::unwrap_failed
[INFO] [stdout]   12:     0x590661376462 - qcalc[95fb360bf3530982]::app::tests::new_app
[INFO] [stdout]   13:     0x59066137ab0f - <qcalc[95fb360bf3530982]::app::tests::test_list::{closure#0} as core[a373ad73a504971]::ops::function::FnOnce<()>>::call_once
[INFO] [stdout]   14:     0x5906613913cb - test[aada8e7e76ba119b]::__rust_begin_short_backtrace::<core[a373ad73a504971]::result::Result<(), alloc[2e1b2a31b91974c5]::string::String>, fn() -> core[a373ad73a504971]::result::Result<(), alloc[2e1b2a31b91974c5]::string::String>>
[INFO] [stdout]   15:     0x59066139e5a5 - test[aada8e7e76ba119b]::run_test::{closure#0}
[INFO] [stdout]   16:     0x590661397e94 - std[617be2ca0a6fd877]::sys::backtrace::__rust_begin_short_backtrace::<test[aada8e7e76ba119b]::run_test::{closure#1}, ()>
[INFO] [stdout]   17:     0x5906613a1632 - <std[617be2ca0a6fd877]::thread::lifecycle::spawn_unchecked<test[aada8e7e76ba119b]::run_test::{closure#1}, ()>::{closure#1} as core[a373ad73a504971]::ops::function::FnOnce<()>>::call_once::{shim:vtable#0}
[INFO] [stdout]   18:     0x590661433eaf - <std[617be2ca0a6fd877]::sys::thread::unix::Thread>::new::thread_start
[INFO] [stdout]   19:     0x769a937b5dfa - <unknown>
[INFO] [stdout]   20:     0x769a938493d4 - clone
[INFO] [stdout]   21:                0x0 - <unknown>
[INFO] [stdout] 
[INFO] [stdout] ---- app::tests::test_bitwise_operators stdout ----
[INFO] [stdout] 
[INFO] [stdout] thread 'app::tests::test_bitwise_operators' (1525) panicked at src/app.rs:246:37:
[INFO] [stdout] Failed to create test file: Os { code: 30, kind: ReadOnlyFilesystem, message: "Read-only file system" }
[INFO] [stdout] stack backtrace:
[INFO] [stdout]    0:     0x590661434b71 - <<std[617be2ca0a6fd877]::sys::backtrace::BacktraceLock>::print::DisplayBacktrace as core[a373ad73a504971]::fmt::Display>::fmt
[INFO] [stdout]    1:     0x59066144a72a - core[a373ad73a504971]::fmt::write
[INFO] [stdout]    2:     0x590661438fec - <alloc[2e1b2a31b91974c5]::vec::Vec<u8> as core[a373ad73a504971]::io::write::Write>::write_fmt
[INFO] [stdout]    3:     0x590661410416 - std[617be2ca0a6fd877]::panicking::default_hook::{closure#0}
[INFO] [stdout]    4:     0x59066142cbc9 - std[617be2ca0a6fd877]::panicking::default_hook
[INFO] [stdout]    5:     0x59066139df80 - test[aada8e7e76ba119b]::test_main_inner::{closure#0}
[INFO] [stdout]    6:     0x59066142cd82 - std[617be2ca0a6fd877]::panicking::panic_with_hook
[INFO] [stdout]    7:     0x5906614104c2 - std[617be2ca0a6fd877]::panicking::panic_handler::{closure#0}
[INFO] [stdout]    8:     0x590661409129 - std[617be2ca0a6fd877]::sys::backtrace::__rust_end_short_backtrace::<std[617be2ca0a6fd877]::panicking::panic_handler::{closure#0}, !>
[INFO] [stdout]    9:     0x5906614112bd - __rustc[ea4f61d10b84890b]::rust_begin_unwind
[INFO] [stdout]   10:     0x59066144ae8c - core[a373ad73a504971]::panicking::panic_fmt
[INFO] [stdout]   11:     0x59066144ac62 - core[a373ad73a504971]::result::unwrap_failed
[INFO] [stdout]   12:     0x590661376462 - qcalc[95fb360bf3530982]::app::tests::new_app
[INFO] [stdout]   13:     0x590661379def - <qcalc[95fb360bf3530982]::app::tests::test_bitwise_operators::{closure#0} as core[a373ad73a504971]::ops::function::FnOnce<()>>::call_once
[INFO] [stdout]   14:     0x5906613913cb - test[aada8e7e76ba119b]::__rust_begin_short_backtrace::<core[a373ad73a504971]::result::Result<(), alloc[2e1b2a31b91974c5]::string::String>, fn() -> core[a373ad73a504971]::result::Result<(), alloc[2e1b2a31b91974c5]::string::String>>
[INFO] [stdout]   15:     0x59066139e5a5 - test[aada8e7e76ba119b]::run_test::{closure#0}
[INFO] [stdout]   16:     0x590661397e94 - std[617be2ca0a6fd877]::sys::backtrace::__rust_begin_short_backtrace::<test[aada8e7e76ba119b]::run_test::{closure#1}, ()>
[INFO] [stdout]   17:     0x5906613a1632 - <std[617be2ca0a6fd877]::thread::lifecycle::spawn_unchecked<test[aada8e7e76ba119b]::run_test::{closure#1}, ()>::{closure#1} as core[a373ad73a504971]::ops::function::FnOnce<()>>::call_once::{shim:vtable#0}
[INFO] [stdout]   18:     0x590661433eaf - <std[617be2ca0a6fd877]::sys::thread::unix::Thread>::new::thread_start
[INFO] [stdout]   19:     0x769a937b5dfa - <unknown>
[INFO] [stdout]   20:     0x769a938493d4 - clone
[INFO] [stdout]   21:                0x0 - <unknown>
[INFO] [stdout] 
[INFO] [stdout] ---- app::tests::test_assignment stdout ----
[INFO] [stdout] 
[INFO] [stdout] thread 'app::tests::test_assignment' (1523) panicked at src/app.rs:246:37:
[INFO] [stdout] Failed to create test file: Os { code: 30, kind: ReadOnlyFilesystem, message: "Read-only file system" }
[INFO] [stdout] stack backtrace:
[INFO] [stdout]    0:     0x590661434b71 - <<std[617be2ca0a6fd877]::sys::backtrace::BacktraceLock>::print::DisplayBacktrace as core[a373ad73a504971]::fmt::Display>::fmt
[INFO] [stdout]    1:     0x59066144a72a - core[a373ad73a504971]::fmt::write
[INFO] [stdout]    2:     0x590661438fec - <alloc[2e1b2a31b91974c5]::vec::Vec<u8> as core[a373ad73a504971]::io::write::Write>::write_fmt
[INFO] [stdout]    3:     0x590661410416 - std[617be2ca0a6fd877]::panicking::default_hook::{closure#0}
[INFO] [stdout]    4:     0x59066142cbc9 - std[617be2ca0a6fd877]::panicking::default_hook
[INFO] [stdout]    5:     0x59066139df80 - test[aada8e7e76ba119b]::test_main_inner::{closure#0}
[INFO] [stdout]    6:     0x59066142cd82 - std[617be2ca0a6fd877]::panicking::panic_with_hook
[INFO] [stdout]    7:     0x5906614104c2 - std[617be2ca0a6fd877]::panicking::panic_handler::{closure#0}
[INFO] [stdout]    8:     0x590661409129 - std[617be2ca0a6fd877]::sys::backtrace::__rust_end_short_backtrace::<std[617be2ca0a6fd877]::panicking::panic_handler::{closure#0}, !>
[INFO] [stdout]    9:     0x5906614112bd - __rustc[ea4f61d10b84890b]::rust_begin_unwind
[INFO] [stdout]   10:     0x59066144ae8c - core[a373ad73a504971]::panicking::panic_fmt
[INFO] [stdout]   11:     0x59066144ac62 - core[a373ad73a504971]::result::unwrap_failed
[INFO] [stdout]   12:     0x590661376462 - qcalc[95fb360bf3530982]::app::tests::new_app
[INFO] [stdout]   13:     0x59066137811f - <qcalc[95fb360bf3530982]::app::tests::test_assignment::{closure#0} as core[a373ad73a504971]::ops::function::FnOnce<()>>::call_once
[INFO] [stdout]   14:     0x5906613913cb - test[aada8e7e76ba119b]::__rust_begin_short_backtrace::<core[a373ad73a504971]::result::Result<(), alloc[2e1b2a31b91974c5]::string::String>, fn() -> core[a373ad73a504971]::result::Result<(), alloc[2e1b2a31b91974c5]::string::String>>
[INFO] [stdout]   15:     0x59066139e5a5 - test[aada8e7e76ba119b]::run_test::{closure#0}
[INFO] [stdout]   16:     0x590661397e94 - std[617be2ca0a6fd877]::sys::backtrace::__rust_begin_short_backtrace::<test[aada8e7e76ba119b]::run_test::{closure#1}, ()>
[INFO] [stdout]   17:     0x5906613a1632 - <std[617be2ca0a6fd877]::thread::lifecycle::spawn_unchecked<test[aada8e7e76ba119b]::run_test::{closure#1}, ()>::{closure#1} as core[a373ad73a504971]::ops::function::FnOnce<()>>::call_once::{shim:vtable#0}
[INFO] [stdout]   18:     0x590661433eaf - <std[617be2ca0a6fd877]::sys::thread::unix::Thread>::new::thread_start
[INFO] [stdout]   19:     0x769a937b5dfa - <unknown>
[INFO] [stdout]   20:     0x769a938493d4 - clone
[INFO] [stdout]   21:                0x0 - <unknown>
[INFO] [stdout] 
[INFO] [stdout] ---- app::tests::test_elem stdout ----
[INFO] [stdout] 
[INFO] [stdout] thread 'app::tests::test_elem' (1527) panicked at src/app.rs:246:37:
[INFO] [stdout] Failed to create test file: Os { code: 30, kind: ReadOnlyFilesystem, message: "Read-only file system" }
[INFO] [stdout] stack backtrace:
[INFO] [stdout]    0:     0x590661434b71 - <<std[617be2ca0a6fd877]::sys::backtrace::BacktraceLock>::print::DisplayBacktrace as core[a373ad73a504971]::fmt::Display>::fmt
[INFO] [stdout]    1:     0x59066144a72a - core[a373ad73a504971]::fmt::write
[INFO] [stdout]    2:     0x590661438fec - <alloc[2e1b2a31b91974c5]::vec::Vec<u8> as core[a373ad73a504971]::io::write::Write>::write_fmt
[INFO] [stdout]    3:     0x590661410416 - std[617be2ca0a6fd877]::panicking::default_hook::{closure#0}
[INFO] [stdout]    4:     0x59066142cbc9 - std[617be2ca0a6fd877]::panicking::default_hook
[INFO] [stdout]    5:     0x59066139df80 - test[aada8e7e76ba119b]::test_main_inner::{closure#0}
[INFO] [stdout]    6:     0x59066142cd82 - std[617be2ca0a6fd877]::panicking::panic_with_hook
[INFO] [stdout]    7:     0x5906614104c2 - std[617be2ca0a6fd877]::panicking::panic_handler::{closure#0}
[INFO] [stdout]    8:     0x590661409129 - std[617be2ca0a6fd877]::sys::backtrace::__rust_end_short_backtrace::<std[617be2ca0a6fd877]::panicking::panic_handler::{closure#0}, !>
[INFO] [stdout]    9:     0x5906614112bd - __rustc[ea4f61d10b84890b]::rust_begin_unwind
[INFO] [stdout]   10:     0x59066144ae8c - core[a373ad73a504971]::panicking::panic_fmt
[INFO] [stdout]   11:     0x59066144ac62 - core[a373ad73a504971]::result::unwrap_failed
[INFO] [stdout]   12:     0x590661376462 - qcalc[95fb360bf3530982]::app::tests::new_app
[INFO] [stdout]   13:     0x59066137a86f - <qcalc[95fb360bf3530982]::app::tests::test_elem::{closure#0} as core[a373ad73a504971]::ops::function::FnOnce<()>>::call_once
[INFO] [stdout]   14:     0x5906613913cb - test[aada8e7e76ba119b]::__rust_begin_short_backtrace::<core[a373ad73a504971]::result::Result<(), alloc[2e1b2a31b91974c5]::string::String>, fn() -> core[a373ad73a504971]::result::Result<(), alloc[2e1b2a31b91974c5]::string::String>>
[INFO] [stdout]   15:     0x59066139e5a5 - test[aada8e7e76ba119b]::run_test::{closure#0}
[INFO] [stdout]   16:     0x590661397e94 - std[617be2ca0a6fd877]::sys::backtrace::__rust_begin_short_backtrace::<test[aada8e7e76ba119b]::run_test::{closure#1}, ()>
[INFO] [stdout]   17:     0x5906613a1632 - <std[617be2ca0a6fd877]::thread::lifecycle::spawn_unchecked<test[aada8e7e76ba119b]::run_test::{closure#1}, ()>::{closure#1} as core[a373ad73a504971]::ops::function::FnOnce<()>>::call_once::{shim:vtable#0}
[INFO] [stdout]   18:     0x590661433eaf - <std[617be2ca0a6fd877]::sys::thread::unix::Thread>::new::thread_start
[INFO] [stdout]   19:     0x769a937b5dfa - <unknown>
[INFO] [stdout]   20:     0x769a938493d4 - clone
[INFO] [stdout]   21:                0x0 - <unknown>
[INFO] [stdout] 
[INFO] [stdout] ---- app::tests::test_built_in_fns stdout ----
[INFO] [stdout] 
[INFO] [stdout] thread 'app::tests::test_built_in_fns' (1526) panicked at src/app.rs:246:37:
[INFO] [stdout] Failed to create test file: Os { code: 30, kind: ReadOnlyFilesystem, message: "Read-only file system" }
[INFO] [stdout] stack backtrace:
[INFO] [stdout]    0:     0x590661434b71 - <<std[617be2ca0a6fd877]::sys::backtrace::BacktraceLock>::print::DisplayBacktrace as core[a373ad73a504971]::fmt::Display>::fmt
[INFO] [stdout]    1:     0x59066144a72a - core[a373ad73a504971]::fmt::write
[INFO] [stdout]    2:     0x590661438fec - <alloc[2e1b2a31b91974c5]::vec::Vec<u8> as core[a373ad73a504971]::io::write::Write>::write_fmt
[INFO] [stdout]    3:     0x590661410416 - std[617be2ca0a6fd877]::panicking::default_hook::{closure#0}
[INFO] [stdout]    4:     0x59066142cbc9 - std[617be2ca0a6fd877]::panicking::default_hook
[INFO] [stdout]    5:     0x59066139df80 - test[aada8e7e76ba119b]::test_main_inner::{closure#0}
[INFO] [stdout]    6:     0x59066142cd82 - std[617be2ca0a6fd877]::panicking::panic_with_hook
[INFO] [stdout]    7:     0x5906614104c2 - std[617be2ca0a6fd877]::panicking::panic_handler::{closure#0}
[INFO] [stdout]    8:     0x590661409129 - std[617be2ca0a6fd877]::sys::backtrace::__rust_end_short_backtrace::<std[617be2ca0a6fd877]::panicking::panic_handler::{closure#0}, !>
[INFO] [stdout]    9:     0x5906614112bd - __rustc[ea4f61d10b84890b]::rust_begin_unwind
[INFO] [stdout]   10:     0x59066144ae8c - core[a373ad73a504971]::panicking::panic_fmt
[INFO] [stdout]   11:     0x59066144ac62 - core[a373ad73a504971]::result::unwrap_failed
[INFO] [stdout]   12:     0x590661376462 - qcalc[95fb360bf3530982]::app::tests::new_app
[INFO] [stdout]   13:     0x590661378410 - <qcalc[95fb360bf3530982]::app::tests::test_built_in_fns::{closure#0} as core[a373ad73a504971]::ops::function::FnOnce<()>>::call_once
[INFO] [stdout]   14:     0x5906613913cb - test[aada8e7e76ba119b]::__rust_begin_short_backtrace::<core[a373ad73a504971]::result::Result<(), alloc[2e1b2a31b91974c5]::string::String>, fn() -> core[a373ad73a504971]::result::Result<(), alloc[2e1b2a31b91974c5]::string::String>>
[INFO] [stdout]   15:     0x59066139e5a5 - test[aada8e7e76ba119b]::run_test::{closure#0}
[INFO] [stdout]   16:     0x590661397e94 - std[617be2ca0a6fd877]::sys::backtrace::__rust_begin_short_backtrace::<test[aada8e7e76ba119b]::run_test::{closure#1}, ()>
[INFO] [stdout]   17:     0x5906613a1632 - <std[617be2ca0a6fd877]::thread::lifecycle::spawn_unchecked<test[aada8e7e76ba119b]::run_test::{closure#1}, ()>::{closure#1} as core[a373ad73a504971]::ops::function::FnOnce<()>>::call_once::{shim:vtable#0}
[INFO] [stdout]   18:     0x590661433eaf - <std[617be2ca0a6fd877]::sys::thread::unix::Thread>::new::thread_start
[INFO] [stdout]   19:     0x769a937b5dfa - <unknown>
[INFO] [stdout]   20:     0x769a938493d4 - clone
[INFO] [stdout]   21:                0x0 - <unknown>
[INFO] [stdout] 
[INFO] [stdout] 
[INFO] [stdout] failures:
[INFO] [stdout]     app::tests::create_and_call_function
[INFO] [stdout]     app::tests::higher_order
[INFO] [stdout]     app::tests::test_assignment
[INFO] [stdout]     app::tests::test_bin_hex
[INFO] [stdout]     app::tests::test_bitwise_operators
[INFO] [stdout]     app::tests::test_built_in_fns
[INFO] [stdout]     app::tests::test_elem
[INFO] [stdout]     app::tests::test_factorial
[INFO] [stdout]     app::tests::test_if_else
[INFO] [stdout]     app::tests::test_iterator
[INFO] [stdout]     app::tests::test_list
[INFO] [stdout]     app::tests::test_range
[INFO] [stdout]     app::tests::test_rc_file
[INFO] [stdout] 
[INFO] [stdout] test result: FAILED. 35 passed; 13 failed; 0 ignored; 0 measured; 0 filtered out; finished in 0.03s
[INFO] [stdout] 
[INFO] running `Command { std: "docker" "inspect" "ba43436449f9b5d5ae48d6f92a6940027cffceb64d784d495a46ce2454ac4fa8", kill_on_drop: false }`
[INFO] running `Command { std: "docker" "rm" "-f" "ba43436449f9b5d5ae48d6f92a6940027cffceb64d784d495a46ce2454ac4fa8", kill_on_drop: false }`
[INFO] [stdout] ba43436449f9b5d5ae48d6f92a6940027cffceb64d784d495a46ce2454ac4fa8
