[INFO] fetching crate pz 0.1.2...
[INFO] testing pz-0.1.2 against 1.99.0-beta.8+cargoflags=--release for beta-release-1.100-2
[INFO] extracting crate pz 0.1.2 into /workspace/builds/worker-4-tc1/source
[INFO] started tweaking crates.io crate pz 0.1.2
[INFO] removed 0 missing tests
[INFO] finished tweaking crates.io crate pz 0.1.2
[INFO] tweaked toml for crates.io crate pz 0.1.2 written to /workspace/builds/worker-4-tc1/source/Cargo.toml
[INFO] validating manifest of crates.io crate pz 0.1.2 on toolchain 1.99.0-beta.8
[INFO] running `Command { std: CARGO_HOME="/workspace/cargo-home" RUSTUP_HOME="/workspace/rustup-home" "/workspace/cargo-home/bin/cargo" "+1.99.0-beta.8" "metadata" "--manifest-path" "Cargo.toml" "--no-deps", kill_on_drop: false }`
[INFO] crate crates.io crate pz 0.1.2 already has a lockfile, it will not be regenerated
[INFO] running `Command { std: CARGO_HOME="/workspace/cargo-home" RUSTUP_HOME="/workspace/rustup-home" "/workspace/cargo-home/bin/cargo" "+1.99.0-beta.8" "fetch" "--manifest-path" "Cargo.toml", kill_on_drop: false }`
[INFO] [stderr]     Updating crates.io index
[INFO] [stderr]  Downloading crates ...
[INFO] [stderr]   Downloaded windows-interface v0.57.0
[INFO] [stderr]   Downloaded num-derive v0.3.3
[INFO] [stderr]   Downloaded windows-implement v0.57.0
[INFO] [stderr]   Downloaded netlink-packet-utils v0.5.2
[INFO] [stderr]   Downloaded wasm-bindgen-shared v0.2.123
[INFO] [stderr]   Downloaded wasm-bindgen-macro v0.2.123
[INFO] [stderr]   Downloaded fallible-streaming-iterator v0.1.9
[INFO] [stderr]   Downloaded netlink-packet-sock-diag v0.4.2
[INFO] [stderr]   Downloaded netlink-packet-core v0.7.0
[INFO] [stderr]   Downloaded sysinfo v0.33.1
[INFO] [stderr]   Downloaded hashlink v0.12.0
[INFO] [stderr]   Downloaded fallible-iterator v0.3.0
[INFO] [stderr]   Downloaded netstat2 v0.11.2
[INFO] [stderr]   Downloaded netlink-sys v0.8.8
[INFO] [stderr]   Downloaded assert_cmd v2.2.1
[INFO] [stderr]   Downloaded rusqlite_migration v2.6.0
[INFO] [stderr]   Downloaded rsqlite-vfs v0.1.1
[INFO] [stderr]   Downloaded clang-sys v1.8.1
[INFO] [stderr]   Downloaded windows-core v0.57.0
[INFO] [stderr]   Downloaded wasm-bindgen v0.2.123
[INFO] [stderr]   Downloaded wasm-bindgen-macro-support v0.2.123
[INFO] [stderr]   Downloaded js-sys v0.3.100
[INFO] [stderr]   Downloaded ntapi v0.4.3
[INFO] [stderr]   Downloaded rusqlite v0.40.1
[INFO] [stderr]   Downloaded tokio v1.52.2
[INFO] [stderr]   Downloaded libsqlite3-sys v0.38.1
[INFO] [stderr]   Downloaded sqlite-wasm-rs v0.5.5
[INFO] [stderr]   Downloaded windows v0.57.0
[INFO] running `Command { std: "docker" "create" "-v" "/var/lib/crater-agent-workspace/builds/worker-4-tc1/source:/opt/rustwide/workdir:ro,Z" "-v" "/var/lib/crater-agent-workspace/builds/worker-4-tc1/target:/opt/rustwide/target:rw,Z" "-v" "/var/lib/crater-agent-workspace/cargo-home:/opt/rustwide/cargo-home:ro,Z" "-v" "/var/lib/crater-agent-workspace/rustup-home:/opt/rustwide/rustup-home:ro,Z" "-m" "1610612736" "--network" "none" "ghcr.io/rust-lang/crates-build-env/linux@sha256:77db811e55d90add9212f6832c23229e3de5f1c1f9905e8cb07319ea15df73ac" "sleep" "infinity", kill_on_drop: false }`
[INFO] [stdout] 5251d6f623845f4ba098e9cd9521d2bc0a0fc4f5b22a60220c65ae164e8d8b66
[INFO] running `Command { std: "docker" "start" "5251d6f623845f4ba098e9cd9521d2bc0a0fc4f5b22a60220c65ae164e8d8b66", kill_on_drop: false }`
[INFO] running `Command { std: "docker" "inspect" "5251d6f623845f4ba098e9cd9521d2bc0a0fc4f5b22a60220c65ae164e8d8b66", kill_on_drop: false }`
[INFO] running `Command { std: "docker" "exec" "-e" "SOURCE_DIR=/opt/rustwide/workdir" "-e" "CARGO_HOME=/opt/rustwide/cargo-home" "-e" "RUSTUP_HOME=/opt/rustwide/rustup-home" "-e" "CARGO_TARGET_DIR=/opt/rustwide/target" "-w" "/opt/rustwide/workdir" "--user" "0:0" "5251d6f623845f4ba098e9cd9521d2bc0a0fc4f5b22a60220c65ae164e8d8b66" "/opt/rustwide/cargo-home/bin/cargo" "+1.99.0-beta.8" "metadata" "--no-deps" "--format-version=1", kill_on_drop: false }`
[INFO] running `Command { std: "docker" "inspect" "5251d6f623845f4ba098e9cd9521d2bc0a0fc4f5b22a60220c65ae164e8d8b66", kill_on_drop: false }`
[INFO] running `Command { std: "docker" "exec" "-e" "SOURCE_DIR=/opt/rustwide/workdir" "-e" "CARGO_HOME=/opt/rustwide/cargo-home" "-e" "RUSTUP_HOME=/opt/rustwide/rustup-home" "-e" "CARGO_TARGET_DIR=/opt/rustwide/target" "-e" "CARGO_INCREMENTAL=0" "-e" "RUST_BACKTRACE=full" "-e" "RUSTFLAGS=--cap-lints=warn" "-e" "RUSTDOCFLAGS=--cap-lints=warn" "-w" "/opt/rustwide/workdir" "--user" "0:0" "5251d6f623845f4ba098e9cd9521d2bc0a0fc4f5b22a60220c65ae164e8d8b66" "/opt/rustwide/cargo-home/bin/cargo" "+1.99.0-beta.8" "build" "--frozen" "--message-format=json" "--release", kill_on_drop: false }`
[INFO] [stderr]    Compiling syn v2.0.117
[INFO] [stderr]    Compiling libc v0.2.186
[INFO] [stderr]    Compiling glob v0.3.3
[INFO] [stderr]    Compiling foldhash v0.2.0
[INFO] [stderr]    Compiling crossbeam-utils v0.8.21
[INFO] [stderr]    Compiling prettyplease v0.2.37
[INFO] [stderr]    Compiling regex-syntax v0.8.10
[INFO] [stderr]    Compiling minimal-lexical v0.2.1
[INFO] [stderr]    Compiling memchr v2.8.0
[INFO] [stderr]    Compiling paste v1.0.15
[INFO] [stderr]    Compiling cc v1.2.61
[INFO] [stderr]    Compiling libloading v0.8.9
[INFO] [stderr]    Compiling bindgen v0.72.1
[INFO] [stderr]    Compiling vcpkg v0.2.15
[INFO] [stderr]    Compiling either v1.15.0
[INFO] [stderr]    Compiling smallvec v1.15.1
[INFO] [stderr]    Compiling rustc-hash v2.1.2
[INFO] [stderr]    Compiling hashbrown v0.17.0
[INFO] [stderr]    Compiling itertools v0.13.0
[INFO] [stderr]    Compiling rayon-core v1.13.0
[INFO] [stderr]    Compiling bitflags v2.11.1
[INFO] [stderr]    Compiling byteorder v1.5.0
[INFO] [stderr]    Compiling clang-sys v1.8.1
[INFO] [stderr]    Compiling anstyle-parse v1.0.0
[INFO] [stderr]    Compiling colorchoice v1.0.5
[INFO] [stderr]    Compiling anstyle v1.0.14
[INFO] [stderr]    Compiling bytes v1.11.1
[INFO] [stderr]    Compiling nix v0.29.0
[INFO] [stderr]    Compiling fallible-streaming-iterator v0.1.9
[INFO] [stderr]    Compiling anstream v1.0.0
[INFO] [stderr]    Compiling crossbeam-epoch v0.9.18
[INFO] [stderr]    Compiling fallible-iterator v0.3.0
[INFO] [stderr]    Compiling clap_lex v1.1.0
[INFO] [stderr]    Compiling bitflags v1.3.2
[INFO] [stderr]    Compiling nom v7.1.3
[INFO] [stderr]    Compiling toml_write v0.1.2
[INFO] [stderr]    Compiling rusqlite_migration v2.6.0
[INFO] [stderr]    Compiling clap_builder v4.6.0
[INFO] [stderr]    Compiling crossbeam-deque v0.8.6
[INFO] [stderr]    Compiling serde_json v1.0.149
[INFO] [stderr]    Compiling hashlink v0.12.0
[INFO] [stderr]    Compiling indexmap v2.14.0
[INFO] [stderr]    Compiling libsqlite3-sys v0.38.1
[INFO] [stderr]    Compiling rayon v1.12.0
[INFO] [stderr]    Compiling regex-automata v0.4.14
[INFO] [stderr]    Compiling errno v0.3.14
[INFO] [stderr]    Compiling mio v1.2.0
[INFO] [stderr]    Compiling netlink-sys v0.8.8
[INFO] [stderr]    Compiling socket2 v0.6.3
[INFO] [stderr]    Compiling cexpr v0.6.0
[INFO] [stderr]    Compiling signal-hook-registry v1.4.8
[INFO] [stderr]    Compiling regex v1.12.3
[INFO] [stderr]    Compiling sysinfo v0.33.1
[INFO] [stderr]    Compiling thiserror-impl v1.0.69
[INFO] [stderr]    Compiling serde_derive v1.0.228
[INFO] [stderr]    Compiling thiserror-impl v2.0.18
[INFO] [stderr]    Compiling clap_derive v4.6.1
[INFO] [stderr]    Compiling tokio-macros v2.7.0
[INFO] [stderr]    Compiling tokio v1.52.2
[INFO] [stderr]    Compiling thiserror v1.0.69
[INFO] [stderr]    Compiling netlink-packet-utils v0.5.2
[INFO] [stderr]    Compiling thiserror v2.0.18
[INFO] [stderr]    Compiling netlink-packet-core v0.7.0
[INFO] [stderr]    Compiling netlink-packet-sock-diag v0.4.2
[INFO] [stderr]    Compiling clap v4.6.1
[INFO] [stderr]    Compiling serde v1.0.228
[INFO] [stderr]    Compiling toml_datetime v0.6.11
[INFO] [stderr]    Compiling serde_spanned v0.6.9
[INFO] [stderr]    Compiling toml_edit v0.22.27
[INFO] [stderr]    Compiling netstat2 v0.11.2
[INFO] [stderr]    Compiling toml v0.8.23
[INFO] [stderr]    Compiling rusqlite v0.40.1
[INFO] [stderr]    Compiling pz v0.1.2 (/opt/rustwide/workdir)
[INFO] [stderr]     Finished `release` profile [optimized] target(s) in 2m 28s
[INFO] running `Command { std: "docker" "inspect" "5251d6f623845f4ba098e9cd9521d2bc0a0fc4f5b22a60220c65ae164e8d8b66", kill_on_drop: false }`
[INFO] running `Command { std: "docker" "exec" "-e" "SOURCE_DIR=/opt/rustwide/workdir" "-e" "CARGO_HOME=/opt/rustwide/cargo-home" "-e" "RUSTUP_HOME=/opt/rustwide/rustup-home" "-e" "CARGO_TARGET_DIR=/opt/rustwide/target" "-e" "CARGO_INCREMENTAL=0" "-e" "RUST_BACKTRACE=full" "-e" "RUSTFLAGS=--cap-lints=warn" "-e" "RUSTDOCFLAGS=--cap-lints=warn" "-w" "/opt/rustwide/workdir" "--user" "0:0" "5251d6f623845f4ba098e9cd9521d2bc0a0fc4f5b22a60220c65ae164e8d8b66" "/opt/rustwide/cargo-home/bin/cargo" "+1.99.0-beta.8" "test" "--frozen" "--no-run" "--message-format=json" "--release", kill_on_drop: false }`
[INFO] [stderr]    Compiling bitflags v2.11.1
[INFO] [stderr]    Compiling predicates-core v1.0.10
[INFO] [stderr]    Compiling regex-automata v0.4.14
[INFO] [stderr]    Compiling assert_cmd v2.2.1
[INFO] [stderr]    Compiling termtree v0.5.1
[INFO] [stderr]    Compiling difflib v0.4.0
[INFO] [stderr]    Compiling wait-timeout v0.2.1
[INFO] [stderr]    Compiling once_cell v1.21.4
[INFO] [stderr]    Compiling fastrand v2.4.1
[INFO] [stderr]    Compiling getrandom v0.4.2
[INFO] [stderr]    Compiling predicates-tree v1.0.13
[INFO] [stderr]    Compiling rusqlite v0.40.1
[INFO] [stderr]    Compiling netstat2 v0.11.2
[INFO] [stderr]    Compiling nix v0.29.0
[INFO] [stderr]    Compiling rustix v1.1.4
[INFO] [stderr]    Compiling predicates v3.1.4
[INFO] [stderr]    Compiling bstr v1.12.1
[INFO] [stderr]    Compiling rusqlite_migration v2.6.0
[INFO] [stderr]    Compiling pz v0.1.2 (/opt/rustwide/workdir)
[INFO] [stderr]    Compiling tempfile v3.27.0
[INFO] [stderr]     Finished `release` profile [optimized] target(s) in 45.08s
[INFO] running `Command { std: "docker" "inspect" "5251d6f623845f4ba098e9cd9521d2bc0a0fc4f5b22a60220c65ae164e8d8b66", kill_on_drop: false }`
[INFO] running `Command { std: "docker" "exec" "-e" "SOURCE_DIR=/opt/rustwide/workdir" "-e" "CARGO_HOME=/opt/rustwide/cargo-home" "-e" "RUSTUP_HOME=/opt/rustwide/rustup-home" "-e" "CARGO_TARGET_DIR=/opt/rustwide/target" "-e" "CARGO_INCREMENTAL=0" "-e" "RUST_BACKTRACE=full" "-e" "RUSTFLAGS=--cap-lints=warn" "-e" "RUSTDOCFLAGS=--cap-lints=warn" "-w" "/opt/rustwide/workdir" "--user" "0:0" "5251d6f623845f4ba098e9cd9521d2bc0a0fc4f5b22a60220c65ae164e8d8b66" "/opt/rustwide/cargo-home/bin/cargo" "+1.99.0-beta.8" "test" "--frozen" "--release", kill_on_drop: false }`
[INFO] [stderr]     Finished `release` profile [optimized] target(s) in 0.16s
[INFO] [stderr]      Running unittests src/lib.rs (/opt/rustwide/target/release/deps/pz-460ead6c3c4fa581)
[INFO] [stdout] 
[INFO] [stdout] running 66 tests
[INFO] [stdout] test config::tests::missing_config_uses_defaults ... ok
[INFO] [stdout] test daemon::daemon_state::tests::replacing_timeout_aborts_previous_handle ... ok
[INFO] [stdout] test daemon::daemon_state::tests::tracks_and_notifies_runtime_process_completion ... ok
[INFO] [stdout] test daemon::ports::linux_proc::tests::skips_non_listening_rows ... ok
[INFO] [stdout] test daemon::ports::linux_proc::tests::parses_ipv4_listener ... ok
[INFO] [stdout] test config::tests::parses_run_and_env_config ... ok
[INFO] [stdout] test daemon::ports::linux_proc::tests::parses_ipv6_loopback ... ok
[INFO] [stdout] test daemon::pid_identity::tests::dead_process_is_not_alive ... ok
[INFO] [stdout] test daemon::pid_identity::tests::current_process_has_a_token ... ok
[INFO] [stdout] test daemon::pid_identity::tests::is_alive_matches_only_the_same_incarnation ... ok
[INFO] [stdout] test daemon::server::tests::daemon_reports_status_and_stops ... ok
[INFO] [stdout] test daemon::server::tests::daemon_never_signals_a_recycled_lost_pgid ... ok
[INFO] [stdout] test daemon::server::tests::daemon_refuses_restart_with_inline_env_keys ... ok
[INFO] [stdout] test daemon::server::tests::daemon_records_pid_identity_on_spawn ... ok
[INFO] [stdout] test daemon::server::tests::daemon_reads_process_logs ... ok
[INFO] [stdout] test daemon::server::tests::daemon_applies_cwd_and_env_without_storing_values ... ok
[INFO] [stdout] test daemon::server::tests::daemon_reports_process_group_resources ... ok
[INFO] [stdout] test daemon::server::tests::daemon_rejects_stopping_finished_process ... ok
[INFO] [stdout] test daemon::server::tests::daemon_rejects_duplicate_running_name_without_leaking ... ok
[INFO] [stdout] test daemon::server::tests::daemon_can_set_and_clear_timeout ... ok
[INFO] [stdout] test daemon::server::tests::daemon_replace_without_conflict_just_spawns ... ok
[INFO] [stdout] test daemon::server::tests::daemon_lists_processes ... ok
[INFO] [stdout] test daemon::server::tests::daemon_shows_process_details ... ok
[INFO] [stdout] test daemon::server::tests::daemon_rejects_name_of_lost_but_alive_process ... ok
[INFO] [stdout] test daemon::server::tests::daemon_survives_failed_spawn ... ok
[INFO] [stdout] test daemon::server::tests::daemon_replace_takes_over_running_name ... ok
[INFO] [stdout] test daemon::server::tests::daemon_replace_reaps_lost_but_alive_generation ... ok
[INFO] [stdout] test daemon::server::tests::daemon_spawns_process_and_records_exit ... ok
[INFO] [stdout] test daemon::store::tests::fresh_database_is_versioned ... ok
[INFO] [stdout] test daemon::server::tests::daemon_spawns_process_and_captures_stdout ... ok
[INFO] [stdout] test daemon::server::tests::daemon_stops_process_with_sigterm ... ok
[INFO] [stdout] test daemon::store::tests::failed_spawn_keeps_reservation_metadata ... ok
[INFO] [stdout] test daemon::server::tests::daemon_wait_returns_finished_process_immediately ... ok
[INFO] [stdout] test daemon::store::tests::get_process_details_returns_full_metadata ... ok
[INFO] [stdout] test daemon::store::tests::insert_and_finish_process_metadata ... ok
[INFO] [stdout] test daemon::store::tests::legacy_database_is_patched_and_versioned ... ok
[INFO] [stdout] test daemon::store::tests::migrations_are_valid ... ok
[INFO] [stdout] test daemon::server::tests::daemon_times_out_running_process ... ok
[INFO] [stdout] test daemon::server::tests::daemon_waits_for_running_process_completion ... ok
[INFO] [stdout] test daemon::store::tests::mark_process_killed_sets_status ... ok
[INFO] [stdout] test daemon::store::tests::list_processes_orders_newest_first ... ok
[INFO] [stdout] test daemon::server::tests::daemon_restart_confirms_death_before_respawn ... ok
[INFO] [stdout] test daemon::server::tests::daemon_reports_listening_ports ... ok
[INFO] [stdout] test daemon::store::tests::migration_dedupes_running_names_before_indexing ... ok
[INFO] [stdout] test daemon::store::tests::open_creates_database_and_schema ... ok
[INFO] [stdout] test daemon::terminate::tests::dead_group_reports_term_immediately ... ok
[INFO] [stdout] test daemon::store::tests::mark_running_processes_lost_sets_only_running_rows ... ok
[INFO] [stdout] test daemon::server::tests::daemon_restarts_process_from_env_files ... ok
[INFO] [stdout] test daemon::store::tests::lost_generations_lists_newest_first ... ok
[INFO] [stdout] test daemon::terminate::tests::concurrent_kills_both_succeed ... ok
[INFO] [stdout] test runtime::tests::fallback_runtime_dir_is_keyed_by_uid_not_user_env ... ok
[INFO] [stdout] test daemon::terminate::tests::force_skips_straight_to_kill ... ok
[INFO] [stdout] test daemon::server::tests::daemon_stop_escalates_stubborn_process_and_confirms_death ... ok
[INFO] [stdout] test daemon::terminate::tests::polite_group_dies_on_term ... ok
[INFO] [stdout] test daemon::store::tests::reserve_process_rejects_duplicate_running_names ... ok
[INFO] [stdout] test daemon::store::tests::read_output_tail_counts_trailing_partial_line ... ok
[INFO] [stdout] test daemon::store::tests::read_output_tail_respects_time_window ... ok
[INFO] [stdout] test daemon::store::tests::read_output_tail_returns_exactly_last_lines ... ok
[INFO] [stdout] test daemon::store::tests::read_output_tail_keeps_lines_spanning_chunks_whole ... ok
[INFO] [stdout] test daemon::store::tests::stores_pid_identity_token ... ok
[INFO] [stdout] test daemon::store::tests::resolves_named_processes_and_blocks_duplicate_running_names ... ok
[INFO] [stdout] test daemon::store::tests::stores_and_filters_output_chunks ... ok
[INFO] [stdout] test daemon::terminate::tests::unreaped_zombie_group_counts_as_dead ... ok
[INFO] [stdout] test daemon::terminate::tests::surviving_grandchild_is_escalated_with_the_group ... ok
[INFO] [stdout] test daemon::terminate::tests::stubborn_group_is_escalated_to_kill ... ok
[INFO] [stdout] test daemon::server::tests::daemon_timeout_escalates_stubborn_process ... ok
[INFO] [stdout] 
[INFO] [stdout] test result: ok. 66 passed; 0 failed; 0 ignored; 0 measured; 0 filtered out; finished in 5.82s
[INFO] [stdout] 
[INFO] [stderr]      Running unittests src/main.rs (/opt/rustwide/target/release/deps/pz-c126c80baf59749f)
[INFO] [stdout] 
[INFO] [stderr]      Running tests/daemon_lifecycle.rs (/opt/rustwide/target/release/deps/daemon_lifecycle-0735f60db70296a5)
[INFO] [stdout] running 0 tests
[INFO] [stdout] 
[INFO] [stdout] test result: ok. 0 passed; 0 failed; 0 ignored; 0 measured; 0 filtered out; finished in 0.00s
[INFO] [stdout] 
[INFO] [stdout] 
[INFO] [stdout] running 19 tests
[INFO] [stdout] test help_guides_agents_to_managed_processes ... ok
[INFO] [stdout] test daemon_start_reports_startup_failure_cause ... ok
[INFO] [stdout] test wrong_subcommand_arg_prints_subcommand_help ... ok
[INFO] [stdout] test wrong_top_level_command_prints_help ... ok
[INFO] [stdout] test daemon_creates_private_runtime_dir ... ok
[INFO] [stdout] test daemon_start_runs_in_background ... ok
[INFO] [stdout] test wait_exits_with_process_status ... ok
[INFO] [stdout] test logs_tail_limits_output_lines ... ok
[INFO] [stdout] test logs_follow_prints_output_and_exits ... ok
[INFO] [stdout] test resources_do_not_count_threads_as_process_memory ... ok
[INFO] [stdout] test config_env_is_applied_at_spawn_and_restartable ... ok
[INFO] [stdout] test run_rejects_name_conflicts_until_previous_generation_dies ... ok
[INFO] [stdout] test logs_exits_quietly_when_consumer_closes_pipe ... ok
[INFO] [stdout] test wait_does_not_block_other_clients ... ok
[INFO] [stdout] test logs_follow_tail_replays_only_requested_lines ... ok
[INFO] [stdout] test replace_takes_over_name_across_daemon_restarts ... ok
[INFO] [stdout] test logs_all_mirrors_every_process_with_prefixes ... ok
[INFO] [stdout] test stop_escalates_and_does_not_block_other_clients ... ok
[INFO] [stdout] test ps_hides_finished_processes_unless_all ... FAILED
[INFO] [stderr] error: test failed, to rerun pass `--test daemon_lifecycle`
[INFO] [stdout] 
[INFO] [stdout] failures:
[INFO] [stdout] 
[INFO] [stdout] ---- ps_hides_finished_processes_unless_all stdout ----
[INFO] [stdout] 
[INFO] [stdout] thread 'ps_hides_finished_processes_unless_all' (2390) panicked at tests/daemon_lifecycle.rs:258:5:
[INFO] [stdout] assertion failed: !String::from_utf8(ps.stdout)?.contains("alive")
[INFO] [stdout] stack backtrace:
[INFO] [stdout]    0:     0x572424faf421 - <<std[70759c8f55707aa4]::sys::backtrace::BacktraceLock>::print::DisplayBacktrace as core[df12db4294e9bfd3]::fmt::Display>::fmt
[INFO] [stdout]    1:     0x572424fc46da - core[df12db4294e9bfd3]::fmt::write
[INFO] [stdout]    2:     0x572424fb40ac - <alloc[2182bb758b4b3781]::vec::Vec<u8> as core[df12db4294e9bfd3]::io::write::Write>::write_fmt
[INFO] [stdout]    3:     0x572424f89646 - std[70759c8f55707aa4]::panicking::default_hook::{closure#0}
[INFO] [stdout]    4:     0x572424fa7139 - std[70759c8f55707aa4]::panicking::default_hook
[INFO] [stdout]    5:     0x572424f3d500 - test[9d35eded1c95d3be]::test_main_inner::<test[9d35eded1c95d3be]::test_main_static::{closure#0}>::{closure#0}
[INFO] [stdout]    6:     0x572424fa72f2 - std[70759c8f55707aa4]::panicking::panic_with_hook
[INFO] [stdout]    7:     0x572424f89724 - std[70759c8f55707aa4]::panicking::panic_handler::{closure#0}
[INFO] [stdout]    8:     0x572424f81dc9 - std[70759c8f55707aa4]::sys::backtrace::__rust_end_short_backtrace::<std[70759c8f55707aa4]::panicking::panic_handler::{closure#0}, !>
[INFO] [stdout]    9:     0x572424f8a3fd - __rustc[8fa7c3cbc660c2b3]::rust_begin_unwind
[INFO] [stdout]   10:     0x572424fc4e0c - core[df12db4294e9bfd3]::panicking::panic_fmt
[INFO] [stdout]   11:     0x572424fc4dd2 - core[df12db4294e9bfd3]::panicking::panic
[INFO] [stdout]   12:     0x572424f237f3 - <daemon_lifecycle[ee1f191b2b29e02c]::ps_hides_finished_processes_unless_all::{closure#0} as core[df12db4294e9bfd3]::ops::function::FnOnce<()>>::call_once
[INFO] [stdout]   13:     0x572424f307eb - test[9d35eded1c95d3be]::__rust_begin_short_backtrace::<core[df12db4294e9bfd3]::result::Result<(), alloc[2182bb758b4b3781]::string::String>, fn() -> core[df12db4294e9bfd3]::result::Result<(), alloc[2182bb758b4b3781]::string::String>>
[INFO] [stdout]   14:     0x572424f3de55 - test[9d35eded1c95d3be]::run_test::{closure#0}
[INFO] [stdout]   15:     0x572424f37714 - std[70759c8f55707aa4]::sys::backtrace::__rust_begin_short_backtrace::<test[9d35eded1c95d3be]::run_test::{closure#1}, ()>
[INFO] [stdout]   16:     0x572424f40fb2 - <std[70759c8f55707aa4]::thread::lifecycle::spawn_unchecked<test[9d35eded1c95d3be]::run_test::{closure#1}, ()>::{closure#1} as core[df12db4294e9bfd3]::ops::function::FnOnce<()>>::call_once::{shim:vtable#0}
[INFO] [stdout]   17:     0x572424faeb09 - <std[70759c8f55707aa4]::sys::thread::unix::Thread>::new::thread_start
[INFO] [stdout]   18:     0x79170e73bdfa - <unknown>
[INFO] [stdout]   19:     0x79170e7cf3d4 - clone
[INFO] [stdout]   20:                0x0 - <unknown>
[INFO] [stdout] 
[INFO] [stdout] 
[INFO] [stdout] failures:
[INFO] [stdout]     ps_hides_finished_processes_unless_all
[INFO] [stdout] 
[INFO] [stdout] test result: FAILED. 18 passed; 1 failed; 0 ignored; 0 measured; 0 filtered out; finished in 9.72s
[INFO] [stdout] 
[INFO] running `Command { std: "docker" "inspect" "5251d6f623845f4ba098e9cd9521d2bc0a0fc4f5b22a60220c65ae164e8d8b66", kill_on_drop: false }`
[INFO] running `Command { std: "docker" "rm" "-f" "5251d6f623845f4ba098e9cd9521d2bc0a0fc4f5b22a60220c65ae164e8d8b66", kill_on_drop: false }`
[INFO] [stdout] 5251d6f623845f4ba098e9cd9521d2bc0a0fc4f5b22a60220c65ae164e8d8b66
