[INFO] fetching crate pyup 0.1.1...
[INFO] testing pyup-0.1.1 against 1.100.0-beta.1+cargoflags=--release for beta-release-1.100-2
[INFO] extracting crate pyup 0.1.1 into /workspace/builds/worker-6-tc2/source
[INFO] started tweaking crates.io crate pyup 0.1.1
[INFO] removed 0 missing examples
[INFO] removed 0 missing tests
[INFO] finished tweaking crates.io crate pyup 0.1.1
[INFO] tweaked toml for crates.io crate pyup 0.1.1 written to /workspace/builds/worker-6-tc2/source/Cargo.toml
[INFO] validating manifest of crates.io crate pyup 0.1.1 on toolchain 1.100.0-beta.1
[INFO] running `Command { std: CARGO_HOME="/workspace/cargo-home" RUSTUP_HOME="/workspace/rustup-home" "/workspace/cargo-home/bin/cargo" "+1.100.0-beta.1" "metadata" "--manifest-path" "Cargo.toml" "--no-deps", kill_on_drop: false }`
[INFO] crate crates.io crate pyup 0.1.1 already has a lockfile, it will not be regenerated
[INFO] running `Command { std: CARGO_HOME="/workspace/cargo-home" RUSTUP_HOME="/workspace/rustup-home" "/workspace/cargo-home/bin/cargo" "+1.100.0-beta.1" "fetch" "--manifest-path" "Cargo.toml", kill_on_drop: false }`
[INFO] [stderr] warning: `package.homepage` is redundant with `package.repository`
[INFO] [stderr]   --> Cargo.toml:39:12
[INFO] [stderr]    |
[INFO] [stderr] 39 | homepage = "https://github.com/yingkitw/pyup"
[INFO] [stderr]    |            ^^^^^^^^^^^^^^^^^^^^^^^^^^^^^^^^^^
[INFO] [stderr] ...
[INFO] [stderr] 44 | repository = "https://github.com/yingkitw/pyup"
[INFO] [stderr]    |              ----------------------------------
[INFO] [stderr]    |
[INFO] [stderr]    = note: `cargo::redundant_homepage` is set to `warn` by default
[INFO] [stderr] help: consider removing `package.homepage`
[INFO] [stderr] warning: `pyup` (manifest) generated 1 warning
[INFO] running `Command { std: "docker" "create" "-v" "/var/lib/crater-agent-workspace/builds/worker-6-tc2/source:/opt/rustwide/workdir:ro,Z" "-v" "/var/lib/crater-agent-workspace/builds/worker-6-tc2/target:/opt/rustwide/target:rw,Z" "-v" "/var/lib/crater-agent-workspace/cargo-home:/opt/rustwide/cargo-home:ro,Z" "-v" "/var/lib/crater-agent-workspace/rustup-home:/opt/rustwide/rustup-home:ro,Z" "-m" "1610612736" "--network" "none" "ghcr.io/rust-lang/crates-build-env/linux@sha256:77db811e55d90add9212f6832c23229e3de5f1c1f9905e8cb07319ea15df73ac" "sleep" "infinity", kill_on_drop: false }`
[INFO] [stdout] 480c07331c0cc9ba5b5f3ae798d4a05a3ce59f65ee134be2c268307d85e3a088
[INFO] running `Command { std: "docker" "start" "480c07331c0cc9ba5b5f3ae798d4a05a3ce59f65ee134be2c268307d85e3a088", kill_on_drop: false }`
[INFO] running `Command { std: "docker" "inspect" "480c07331c0cc9ba5b5f3ae798d4a05a3ce59f65ee134be2c268307d85e3a088", kill_on_drop: false }`
[INFO] running `Command { std: "docker" "exec" "-e" "SOURCE_DIR=/opt/rustwide/workdir" "-e" "CARGO_HOME=/opt/rustwide/cargo-home" "-e" "RUSTUP_HOME=/opt/rustwide/rustup-home" "-e" "CARGO_TARGET_DIR=/opt/rustwide/target" "-w" "/opt/rustwide/workdir" "--user" "0:0" "480c07331c0cc9ba5b5f3ae798d4a05a3ce59f65ee134be2c268307d85e3a088" "/opt/rustwide/cargo-home/bin/cargo" "+1.100.0-beta.1" "metadata" "--no-deps" "--format-version=1", kill_on_drop: false }`
[INFO] running `Command { std: "docker" "inspect" "480c07331c0cc9ba5b5f3ae798d4a05a3ce59f65ee134be2c268307d85e3a088", kill_on_drop: false }`
[INFO] running `Command { std: "docker" "exec" "-e" "SOURCE_DIR=/opt/rustwide/workdir" "-e" "CARGO_HOME=/opt/rustwide/cargo-home" "-e" "RUSTUP_HOME=/opt/rustwide/rustup-home" "-e" "CARGO_TARGET_DIR=/opt/rustwide/target" "-e" "CARGO_INCREMENTAL=0" "-e" "RUST_BACKTRACE=full" "-e" "RUSTFLAGS=--cap-lints=warn" "-e" "RUSTDOCFLAGS=--cap-lints=warn" "-w" "/opt/rustwide/workdir" "--user" "0:0" "480c07331c0cc9ba5b5f3ae798d4a05a3ce59f65ee134be2c268307d85e3a088" "/opt/rustwide/cargo-home/bin/cargo" "+1.100.0-beta.1" "build" "--frozen" "--message-format=json" "--release", kill_on_drop: false }`
[INFO] [stderr] warning: `package.homepage` is redundant with `package.repository`
[INFO] [stderr]   --> Cargo.toml:39:12
[INFO] [stderr]    |
[INFO] [stderr] 39 | homepage = "https://github.com/yingkitw/pyup"
[INFO] [stderr]    |            ^^^^^^^^^^^^^^^^^^^^^^^^^^^^^^^^^^
[INFO] [stderr] ...
[INFO] [stderr] 44 | repository = "https://github.com/yingkitw/pyup"
[INFO] [stderr]    |              ----------------------------------
[INFO] [stderr]    |
[INFO] [stderr]    = note: `cargo::redundant_homepage` is set to `warn` by default
[INFO] [stderr] help: consider removing `package.homepage`
[INFO] [stderr] warning: `pyup` (manifest) generated 1 warning
[INFO] [stderr]    Compiling proc-macro2 v1.0.107
[INFO] [stderr]    Compiling quote v1.0.47
[INFO] [stderr]    Compiling unicode-ident v1.0.24
[INFO] [stderr]    Compiling stable_deref_trait v1.2.1
[INFO] [stderr]    Compiling shlex v2.0.1
[INFO] [stderr]    Compiling litemap v0.8.3
[INFO] [stderr]    Compiling find-msvc-tools v0.1.11
[INFO] [stderr]    Compiling writeable v0.6.4
[INFO] [stderr]    Compiling utf8_iter v1.0.4
[INFO] [stderr]    Compiling cfg-if v1.0.4
[INFO] [stderr]    Compiling icu_normalizer_data v2.3.0
[INFO] [stderr]    Compiling libc v0.2.189
[INFO] [stderr]    Compiling icu_properties_data v2.3.0
[INFO] [stderr]    Compiling zeroize v1.9.0
[INFO] [stderr]    Compiling serde_core v1.0.229
[INFO] [stderr]    Compiling smallvec v1.15.2
[INFO] [stderr]    Compiling crc32fast v1.5.1
[INFO] [stderr]    Compiling untrusted v0.9.0
[INFO] [stderr]    Compiling utf8parse v0.2.2
[INFO] [stderr]    Compiling zmij v1.0.23
[INFO] [stderr]    Compiling adler2 v2.0.1
[INFO] [stderr]    Compiling rustls-pki-types v1.15.1
[INFO] [stderr]    Compiling anstyle-parse v1.0.0
[INFO] [stderr]    Compiling percent-encoding v2.3.2
[INFO] [stderr]    Compiling cc v1.4.4
[INFO] [stderr]    Compiling rustls v0.23.43
[INFO] [stderr]    Compiling anstyle-query v1.1.5
[INFO] [stderr]    Compiling serde v1.0.229
[INFO] [stderr]    Compiling is_terminal_polyfill v1.70.2
[INFO] [stderr]    Compiling simd-adler32 v0.3.10
[INFO] [stderr]    Compiling anstyle v1.0.14
[INFO] [stderr]    Compiling colorchoice v1.0.5
[INFO] [stderr]    Compiling serde_json v1.0.151
[INFO] [stderr]    Compiling heck v0.5.0
[INFO] [stderr]    Compiling once_cell v1.21.4
[INFO] [stderr]    Compiling subtle v2.6.1
[INFO] [stderr]    Compiling memchr v2.8.3
[INFO] [stderr]    Compiling form_urlencoded v1.2.2
[INFO] [stderr]    Compiling clap_lex v1.1.0
[INFO] [stderr]    Compiling itoa v1.0.18
[INFO] [stderr]    Compiling log v0.4.34
[INFO] [stderr]    Compiling strsim v0.11.1
[INFO] [stderr]    Compiling anstream v1.0.0
[INFO] [stderr]    Compiling base64 v0.22.1
[INFO] [stderr]    Compiling miniz_oxide v0.9.1
[INFO] [stderr]    Compiling clap_builder v4.6.6
[INFO] [stderr]    Compiling webpki-roots v1.0.9
[INFO] [stderr]    Compiling webpki-roots v0.26.11
[INFO] [stderr]    Compiling flate2 v1.1.10
[INFO] [stderr]    Compiling syn v2.0.119
[INFO] [stderr]    Compiling syn v3.0.4
[INFO] [stderr]    Compiling getrandom v0.2.17
[INFO] [stderr]    Compiling ring v0.17.14
[INFO] [stderr]    Compiling synstructure v0.13.2
[INFO] [stderr]    Compiling zerofrom-derive v0.1.7
[INFO] [stderr]    Compiling yoke-derive v0.8.2
[INFO] [stderr]    Compiling zerovec-derive v0.11.6
[INFO] [stderr]    Compiling displaydoc v0.2.7
[INFO] [stderr]    Compiling clap_derive v4.6.4
[INFO] [stderr]    Compiling zerofrom v0.1.8
[INFO] [stderr]    Compiling yoke v0.8.3
[INFO] [stderr]    Compiling zerotrie v0.2.5
[INFO] [stderr]    Compiling zerovec v0.11.8
[INFO] [stderr]    Compiling clap v4.6.6
[INFO] [stderr]    Compiling tinystr v0.8.4
[INFO] [stderr]    Compiling potential_utf v0.1.6
[INFO] [stderr]    Compiling icu_collections v2.3.0
[INFO] [stderr]    Compiling icu_locale_core v2.3.0
[INFO] [stderr]    Compiling icu_provider v2.3.1
[INFO] [stderr]    Compiling icu_normalizer v2.3.0
[INFO] [stderr]    Compiling icu_properties v2.3.0
[INFO] [stderr]    Compiling idna_adapter v1.2.2
[INFO] [stderr]    Compiling idna v1.1.0
[INFO] [stderr]    Compiling url v2.5.8
[INFO] [stderr]    Compiling rustls-webpki v0.103.15
[INFO] [stderr]    Compiling ureq v2.12.1
[INFO] [stderr]    Compiling pyup v0.1.1 (/opt/rustwide/workdir)
[INFO] [stderr]     Finished `release` profile [optimized] target(s) in 1m 09s
[INFO] running `Command { std: "docker" "inspect" "480c07331c0cc9ba5b5f3ae798d4a05a3ce59f65ee134be2c268307d85e3a088", kill_on_drop: false }`
[INFO] running `Command { std: "docker" "exec" "-e" "SOURCE_DIR=/opt/rustwide/workdir" "-e" "CARGO_HOME=/opt/rustwide/cargo-home" "-e" "RUSTUP_HOME=/opt/rustwide/rustup-home" "-e" "CARGO_TARGET_DIR=/opt/rustwide/target" "-e" "CARGO_INCREMENTAL=0" "-e" "RUST_BACKTRACE=full" "-e" "RUSTFLAGS=--cap-lints=warn" "-e" "RUSTDOCFLAGS=--cap-lints=warn" "-w" "/opt/rustwide/workdir" "--user" "0:0" "480c07331c0cc9ba5b5f3ae798d4a05a3ce59f65ee134be2c268307d85e3a088" "/opt/rustwide/cargo-home/bin/cargo" "+1.100.0-beta.1" "test" "--frozen" "--no-run" "--message-format=json" "--release", kill_on_drop: false }`
[INFO] [stderr] warning: `package.homepage` is redundant with `package.repository`
[INFO] [stderr]   --> Cargo.toml:39:12
[INFO] [stderr]    |
[INFO] [stderr] 39 | homepage = "https://github.com/yingkitw/pyup"
[INFO] [stderr]    |            ^^^^^^^^^^^^^^^^^^^^^^^^^^^^^^^^^^
[INFO] [stderr] ...
[INFO] [stderr] 44 | repository = "https://github.com/yingkitw/pyup"
[INFO] [stderr]    |              ----------------------------------
[INFO] [stderr]    |
[INFO] [stderr]    = note: `cargo::redundant_homepage` is set to `warn` by default
[INFO] [stderr] help: consider removing `package.homepage`
[INFO] [stderr] warning: `pyup` (manifest) generated 1 warning
[INFO] [stderr]    Compiling pyup v0.1.1 (/opt/rustwide/workdir)
[INFO] [stderr]     Finished `release` profile [optimized] target(s) in 37.59s
[INFO] running `Command { std: "docker" "inspect" "480c07331c0cc9ba5b5f3ae798d4a05a3ce59f65ee134be2c268307d85e3a088", kill_on_drop: false }`
[INFO] running `Command { std: "docker" "exec" "-e" "SOURCE_DIR=/opt/rustwide/workdir" "-e" "CARGO_HOME=/opt/rustwide/cargo-home" "-e" "RUSTUP_HOME=/opt/rustwide/rustup-home" "-e" "CARGO_TARGET_DIR=/opt/rustwide/target" "-e" "CARGO_INCREMENTAL=0" "-e" "RUST_BACKTRACE=full" "-e" "RUSTFLAGS=--cap-lints=warn" "-e" "RUSTDOCFLAGS=--cap-lints=warn" "-w" "/opt/rustwide/workdir" "--user" "0:0" "480c07331c0cc9ba5b5f3ae798d4a05a3ce59f65ee134be2c268307d85e3a088" "/opt/rustwide/cargo-home/bin/cargo" "+1.100.0-beta.1" "test" "--frozen" "--release", kill_on_drop: false }`
[INFO] [stderr] warning: `package.homepage` is redundant with `package.repository`
[INFO] [stderr]   --> Cargo.toml:39:12
[INFO] [stderr]    |
[INFO] [stderr] 39 | homepage = "https://github.com/yingkitw/pyup"
[INFO] [stderr]    |            ^^^^^^^^^^^^^^^^^^^^^^^^^^^^^^^^^^
[INFO] [stderr] ...
[INFO] [stderr] 44 | repository = "https://github.com/yingkitw/pyup"
[INFO] [stderr]    |              ----------------------------------
[INFO] [stderr]    |
[INFO] [stderr]    = note: `cargo::redundant_homepage` is set to `warn` by default
[INFO] [stderr] help: consider removing `package.homepage`
[INFO] [stderr] warning: `pyup` (manifest) generated 1 warning
[INFO] [stderr]     Finished `release` profile [optimized] target(s) in 0.12s
[INFO] [stderr]      Running unittests src/lib.rs (/opt/rustwide/target/release/build/pyup/8fe40a770f6e5b82/out/pyup-8fe40a770f6e5b82)
[INFO] [stdout] 
[INFO] [stdout] running 32 tests
[INFO] [stdout] test tests::fetches_latest_from_pypi ... ignored, requires network
[INFO] [stdout] test tests::fast_path_returns_none_for_prerelease_without_pre_flag ... ok
[INFO] [stdout] test tests::constraint_violation_range_specifiers ... ok
[INFO] [stdout] test tests::numeric_ordering ... ok
[INFO] [stdout] test tests::glob_matching ... ok
[INFO] [stdout] test tests::fast_path_extracts_version_from_prefix ... ok
[INFO] [stdout] test tests::pyproject_config_defaults_when_no_section ... ok
[INFO] [stdout] test tests::fast_path_ignores_version_outside_info ... ok
[INFO] [stdout] test tests::parses_pip_list_json ... ok
[INFO] [stdout] test tests::satisfies_specifier_compatible_release ... ok
[INFO] [stdout] test tests::satisfies_specifier_comparison ... ok
[INFO] [stdout] test tests::satisfies_specifier_exact ... ok
[INFO] [stdout] test tests::snapshot_empty ... ok
[INFO] [stdout] test tests::parses_pyproject_config ... ok
[INFO] [stdout] test tests::pyproject_config_handles_underscore_key ... ok
[INFO] [stdout] test tests::postreleases_sort_after_final ... ok
[INFO] [stdout] test tests::prereleases_sort_before_final ... ok
[INFO] [stdout] test tests::date_based_and_odd_versions ... ok
[INFO] [stdout] test tests::snapshot_rejects_bad_json ... ok
[INFO] [stdout] test tests::rejects_bad_pip_json ... ok
[INFO] [stdout] test tests::snapshot_roundtrip ... ok
[INFO] [stdout] test tests::tokenizes_weird_versions ... ok
[INFO] [stdout] test tests::is_pre_detection ... ok
[INFO] [stdout] test tests::latest_from_json_filters_yanked_and_empty ... ok
[INFO] [stdout] test tests::bump_level_threshold_ordering ... ok
[INFO] [stdout] test tests::update_requirements_pins_normalizes_names ... ok
[INFO] [stdout] test tests::update_requirements_pins_basic ... ok
[INFO] [stdout] test tests::update_requirements_pins_no_match ... ok
[INFO] [stdout] test tests::update_requirements_pins_already_up_to_date ... ok
[INFO] [stdout] test tests::update_requirements_pins_preserves_comments_and_options ... ok
[INFO] [stdout] test tests::constraint_violation_detected ... ok
[INFO] [stdout] test tests::bump_level_classification ... ok
[INFO] [stdout] 
[INFO] [stdout] test result: ok. 31 passed; 0 failed; 1 ignored; 0 measured; 0 filtered out; finished in 0.01s
[INFO] [stdout] 
[INFO] [stderr]      Running unittests src/main.rs (/opt/rustwide/target/release/build/pyup/cefdd0e5a8d1d737/out/pyup-cefdd0e5a8d1d737)
[INFO] [stdout] 
[INFO] [stderr]      Running tests/cli.rs (/opt/rustwide/target/release/build/pyup/9b1bba5d0e86090b/out/cli-9b1bba5d0e86090b)
[INFO] [stdout] running 0 tests
[INFO] [stdout] 
[INFO] [stdout] test result: ok. 0 passed; 0 failed; 0 ignored; 0 measured; 0 filtered out; finished in 0.00s
[INFO] [stdout] 
[INFO] [stdout] 
[INFO] [stdout] running 16 tests
[INFO] [stdout] test uv_dry_run_and_upgrade ... ok
[INFO] [stdout] test help_and_version ... ok
[INFO] [stdout] test fails_cleanly_on_missing_python ... ok
[INFO] [stdout] The virtual environment was not created successfully because ensurepip is not
[INFO] [stdout] available.  On Debian/Ubuntu systems, you need to install the python3-venv
[INFO] [stdout] package using the following command.
[INFO] [stdout] 
[INFO] [stdout]     apt install python3.14-venv
[INFO] [stdout] 
[INFO] [stdout] You may need to use sudo with that command.  After installing the python3-venv
[INFO] [stdout] package, recreate your virtual environment.
[INFO] [stdout] 
[INFO] [stdout] Failing command: /tmp/pyup-it-check-1606/bin/python3
[INFO] [stdout] 
[INFO] [stdout] test post_upgrade_check_runs_by_default ... FAILED
[INFO] [stdout] The virtual environment was not created successfully because ensurepip is not
[INFO] [stdout] available.  On Debian/Ubuntu systems, you need to install the python3-venv
[INFO] [stdout] package using the following command.
[INFO] [stdout] 
[INFO] [stdout]     apt install python3.14-venv
[INFO] [stdout] 
[INFO] [stdout] You may need to use sudo with that command.  After installing the python3-venv
[INFO] [stdout] package, recreate your virtual environment.
[INFO] [stdout] 
[INFO] [stdout] Failing command: /tmp/pyup-it-save-1606/bin/python3
[INFO] [stdout] 
[INFO] [stdout] test save_updates_requirements_file ... FAILED
[INFO] [stdout] The virtual environment was not created successfully because ensurepip is not
[INFO] [stdout] available.  On Debian/Ubuntu systems, you need to install the python3-venv
[INFO] [stdout] package using the following command.
[INFO] [stdout] 
[INFO] [stdout]     apt install python3.14-venv
[INFO] [stdout] 
[INFO] [stdout] You may need to use sudo with that command.  After installing the python3-venv
[INFO] [stdout] package, recreate your virtual environment.
[INFO] [stdout] 
[INFO] [stdout] Failing command: /tmp/pyup-it-1606/bin/python3
[INFO] [stdout] 
[INFO] [stdout] The virtual environment was not created successfully because ensurepip is not
[INFO] [stdout] available.  On Debian/Ubuntu systems, you need to install the python3-venv
[INFO] [stdout] package using the following command.
[INFO] [stdout] 
[INFO] [stdout]     apt install python3.14-venv
[INFO] [stdout] 
[INFO] [stdout] You may need to use sudo with that command.  After installing the python3-venv
[INFO] [stdout] package, recreate your virtual environment.
[INFO] [stdout] 
[INFO] [stdout] Failing command: /tmp/pyup-it-target-1606/bin/python3
[INFO] [stdout] 
[INFO] [stdout] The virtual environment was not created successfully because ensurepip is not
[INFO] [stdout] available.  On Debian/Ubuntu systems, you need to install the python3-venv
[INFO] [stdout] package using the following command.
[INFO] [stdout] 
[INFO] [stdout]     apt install python3.14-venv
[INFO] [stdout] 
[INFO] [stdout] You may need to use sudo with that command.  After installing the python3-venv
[INFO] [stdout] package, recreate your virtual environment.
[INFO] [stdout] 
[INFO] [stdout] Failing command: /tmp/pyup-it-nocheck-1606/bin/python3
[INFO] [stdout] 
[INFO] [stdout] test skip_flag_excludes_package ... FAILED
[INFO] [stdout] The virtual environment was not created successfully because ensurepip is not
[INFO] [stdout] available.  On Debian/Ubuntu systems, you need to install the python3-venv
[INFO] [stdout] package using the following command.
[INFO] [stdout] 
[INFO] [stdout]     apt install python3.14-venv
[INFO] [stdout] 
[INFO] [stdout] You may need to use sudo with that command.  After installing the python3-venv
[INFO] [stdout] package, recreate your virtual environment.
[INFO] [stdout] 
[INFO] [stdout] Failing command: /tmp/pyup-it-interactive-1606/bin/python3
[INFO] [stdout] 
[INFO] [stdout] test upgrade_strategy_flag_accepted ... FAILED
[INFO] [stdout] The virtual environment was not created successfully because ensurepip is not
[INFO] [stdout] available.  On Debian/Ubuntu systems, you need to install the python3-venv
[INFO] [stdout] package using the following command.
[INFO] [stdout] 
[INFO] [stdout]     apt install python3.14-venv
[INFO] [stdout] 
[INFO] [stdout] You may need to use sudo with that command.  After installing the python3-venv
[INFO] [stdout] package, recreate your virtual environment.
[INFO] [stdout] 
[INFO] [stdout] Failing command: /tmp/pyup-it-rollback-1606/bin/python3
[INFO] [stdout] 
[INFO] [stdout] test interactive_skip_then_upgrade ... FAILED
[INFO] [stdout] test no_check_flag_skips_post_upgrade_check ... FAILED
[INFO] [stdout] test rollback_restores_pre_upgrade_versions ... FAILED
[INFO] [stdout] The virtual environment was not created successfully because ensurepip is not
[INFO] [stdout] available.  On Debian/Ubuntu systems, you need to install the python3-venv
[INFO] [stdout] package using the following command.
[INFO] [stdout] 
[INFO] [stdout]     apt install python3.14-venv
[INFO] [stdout] 
[INFO] [stdout] You may need to use sudo with that command.  After installing the python3-venv
[INFO] [stdout] package, recreate your virtual environment.
[INFO] [stdout] 
[INFO] [stdout] Failing command: /tmp/pyup-it-1606/bin/python3
[INFO] [stdout] 
[INFO] [stdout] test end_to_end_upgrade_in_one_call ... FAILED
[INFO] [stdout] The virtual environment was not created successfully because ensurepip is not
[INFO] [stdout] available.  On Debian/Ubuntu systems, you need to install the python3-venv
[INFO] [stdout] package using the following command.
[INFO] [stdout] 
[INFO] [stdout]     apt install python3.14-venv
[INFO] [stdout] 
[INFO] [stdout] You may need to use sudo with that command.  After installing the python3-venv
[INFO] [stdout] package, recreate your virtual environment.
[INFO] [stdout] 
[INFO] [stdout] Failing command: /tmp/pyup-it-target-1606/bin/python3
[INFO] [stdout] 
[INFO] [stdout] test target_patch_excludes_minor_bumps ... FAILED
[INFO] [stdout] The virtual environment was not created successfully because ensurepip is not
[INFO] [stdout] available.  On Debian/Ubuntu systems, you need to install the python3-venv
[INFO] [stdout] package using the following command.
[INFO] [stdout] 
[INFO] [stdout]     apt install python3.14-venv
[INFO] [stdout] 
[INFO] [stdout] You may need to use sudo with that command.  After installing the python3-venv
[INFO] [stdout] package, recreate your virtual environment.
[INFO] [stdout] 
[INFO] [stdout] Failing command: /tmp/pyup-it-1606/bin/python3
[INFO] [stdout] 
[INFO] [stdout] test warns_on_unknown_package ... FAILED
[INFO] [stdout] The virtual environment was not created successfully because ensurepip is not
[INFO] [stdout] available.  On Debian/Ubuntu systems, you need to install the python3-venv
[INFO] [stdout] package using the following command.
[INFO] [stdout] 
[INFO] [stdout]     apt install python3.14-venv
[INFO] [stdout] 
[INFO] [stdout] You may need to use sudo with that command.  After installing the python3-venv
[INFO] [stdout] package, recreate your virtual environment.
[INFO] [stdout] 
[INFO] [stdout] Failing command: /tmp/pyup-it-target-1606/bin/python3
[INFO] [stdout] 
[INFO] [stdout] test filter_glob_selects_matching ... FAILED
[INFO] [stdout] The virtual environment was not created successfully because ensurepip is not
[INFO] [stdout] available.  On Debian/Ubuntu systems, you need to install the python3-venv
[INFO] [stdout] package using the following command.
[INFO] [stdout] 
[INFO] [stdout]     apt install python3.14-venv
[INFO] [stdout] 
[INFO] [stdout] You may need to use sudo with that command.  After installing the python3-venv
[INFO] [stdout] package, recreate your virtual environment.
[INFO] [stdout] 
[INFO] [stdout] Failing command: /tmp/pyup-it-target-1606/bin/python3
[INFO] [stdout] 
[INFO] [stdout] test check_exits_nonzero_when_outdated ... FAILED
[INFO] [stdout] The virtual environment was not created successfully because ensurepip is not
[INFO] [stdout] available.  On Debian/Ubuntu systems, you need to install the python3-venv
[INFO] [stdout] package using the following command.
[INFO] [stdout] 
[INFO] [stdout]     apt install python3.14-venv
[INFO] [stdout] 
[INFO] [stdout] You may need to use sudo with that command.  After installing the python3-venv
[INFO] [stdout] package, recreate your virtual environment.
[INFO] [stdout] 
[INFO] [stdout] Failing command: /tmp/pyup-it-target-1606/bin/python3
[INFO] [stdout] 
[INFO] [stdout] test json_output_shape ... FAILED
[INFO] [stdout] 
[INFO] [stdout] failures:
[INFO] [stdout] 
[INFO] [stdout] ---- post_upgrade_check_runs_by_default stdout ----
[INFO] [stdout] 
[INFO] [stdout] thread 'post_upgrade_check_runs_by_default' (1615) panicked at tests/cli.rs:39:5:
[INFO] [stdout] python3 -m venv failed
[INFO] [stdout] stack backtrace:
[INFO] [stdout]    0:     0x654c6c17c007 - <unknown>
[INFO] [stdout]    1:     0x654c6c15e66a - <unknown>
[INFO] [stdout]    2:     0x654c6c17b5bb - <unknown>
[INFO] [stdout]    3:     0x654c6c17b09f - <unknown>
[INFO] [stdout]    4:     0x654c6c17acca - <unknown>
[INFO] [stdout]    5:     0x654c6c17a805 - <unknown>
[INFO] [stdout]    6:     0x654c6c1a15e2 - <unknown>
[INFO] [stdout]    7:     0x654c6c1a1569 - <unknown>
[INFO] [stdout]    8:     0x654c6c1a1a6c - <unknown>
[INFO] [stdout]    9:     0x654c6c15e4fb - <unknown>
[INFO] [stdout]   10:     0x654c6c14d332 - <unknown>
[INFO] [stdout]   11:     0x654c6c15add5 - <unknown>
[INFO] [stdout]   12:     0x654c6c1a2789 - <unknown>
[INFO] [stdout]   13:     0x654c6c15ad08 - <unknown>
[INFO] [stdout]   14:     0x654c6c155599 - <unknown>
[INFO] [stdout]   15:     0x654c6c1bb29b - <unknown>
[INFO] [stdout]   16:     0x654c6c1b7261 - <unknown>
[INFO] [stdout]   17:     0x654c6c1b6a4c - <unknown>
[INFO] [stdout]   18:     0x654c6c1d66ec - <unknown>
[INFO] [stdout]   19:     0x654c6c1a32e4 - <unknown>
[INFO] [stdout]   20:     0x7e0a3a9f1dfa - <unknown>
[INFO] [stdout]   21:     0x7e0a3aa853d4 - clone
[INFO] [stdout]   22:                0x0 - <unknown>
[INFO] [stdout] 
[INFO] [stdout] ---- save_updates_requirements_file stdout ----
[INFO] [stdout] 
[INFO] [stdout] thread 'save_updates_requirements_file' (1617) panicked at tests/cli.rs:39:5:
[INFO] [stdout] python3 -m venv failed
[INFO] [stdout] stack backtrace:
[INFO] [stdout]    0:     0x654c6c17c007 - <unknown>
[INFO] [stdout]    1:     0x654c6c15e66a - <unknown>
[INFO] [stdout]    2:     0x654c6c17b5bb - <unknown>
[INFO] [stdout]    3:     0x654c6c17b09f - <unknown>
[INFO] [stdout]    4:     0x654c6c17acca - <unknown>
[INFO] [stdout]    5:     0x654c6c17a805 - <unknown>
[INFO] [stdout]    6:     0x654c6c1a15e2 - <unknown>
[INFO] [stdout]    7:     0x654c6c1a1569 - <unknown>
[INFO] [stdout]    8:     0x654c6c1a1a6c - <unknown>
[INFO] [stdout]    9:     0x654c6c15e4fb - <unknown>
[INFO] [stdout]   10:     0x654c6c14d332 - <unknown>
[INFO] [stdout]   11:     0x654c6c15ac45 - <unknown>
[INFO] [stdout]   12:     0x654c6c1a2789 - <unknown>
[INFO] [stdout]   13:     0x654c6c15ab77 - <unknown>
[INFO] [stdout]   14:     0x654c6c1531c9 - <unknown>
[INFO] [stdout]   15:     0x654c6c1bb29b - <unknown>
[INFO] [stdout]   16:     0x654c6c1b7261 - <unknown>
[INFO] [stdout]   17:     0x654c6c1b6a4c - <unknown>
[INFO] [stdout]   18:     0x654c6c1d66ec - <unknown>
[INFO] [stdout]   19:     0x654c6c1a32e4 - <unknown>
[INFO] [stdout]   20:     0x7e0a3a9f1dfa - <unknown>
[INFO] [stdout]   21:     0x7e0a3aa853d4 - clone
[INFO] [stdout]   22:                0x0 - <unknown>
[INFO] [stdout] 
[INFO] [stdout] ---- skip_flag_excludes_package stdout ----
[INFO] [stdout] 
[INFO] [stdout] thread 'skip_flag_excludes_package' (1618) panicked at tests/cli.rs:39:5:
[INFO] [stdout] python3 -m venv failed
[INFO] [stdout] stack backtrace:
[INFO] [stdout]    0:     0x654c6c17c007 - <unknown>
[INFO] [stdout]    1:     0x654c6c15e66a - <unknown>
[INFO] [stdout]    2:     0x654c6c17b5bb - <unknown>
[INFO] [stdout]    3:     0x654c6c17b09f - <unknown>
[INFO] [stdout]    4:     0x654c6c17acca - <unknown>
[INFO] [stdout]    5:     0x654c6c17a805 - <unknown>
[INFO] [stdout]    6:     0x654c6c1a15e2 - <unknown>
[INFO] [stdout]    7:     0x654c6c1a1569 - <unknown>
[INFO] [stdout]    8:     0x654c6c1a1a6c - <unknown>
[INFO] [stdout]    9:     0x654c6c15e4fb - <unknown>
[INFO] [stdout]   10:     0x654c6c14d332 - <unknown>
[INFO] [stdout]   11:     0x654c6c15a565 - <unknown>
[INFO] [stdout]   12:     0x654c6c1a2789 - <unknown>
[INFO] [stdout]   13:     0x654c6c15a49a - <unknown>
[INFO] [stdout]   14:     0x654c6c151839 - <unknown>
[INFO] [stdout]   15:     0x654c6c1bb29b - <unknown>
[INFO] [stdout]   16:     0x654c6c1b7261 - <unknown>
[INFO] [stdout]   17:     0x654c6c1b6a4c - <unknown>
[INFO] [stdout]   18:     0x654c6c1d66ec - <unknown>
[INFO] [stdout]   19:     0x654c6c1a32e4 - <unknown>
[INFO] [stdout]   20:     0x7e0a3a9f1dfa - <unknown>
[INFO] [stdout]   21:     0x7e0a3aa853d4 - clone
[INFO] [stdout]   22:                0x0 - <unknown>
[INFO] [stdout] 
[INFO] [stdout] ---- upgrade_strategy_flag_accepted stdout ----
[INFO] [stdout] 
[INFO] [stdout] thread 'upgrade_strategy_flag_accepted' (1620) panicked at tests/cli.rs:39:5:
[INFO] [stdout] python3 -m venv failed
[INFO] [stdout] stack backtrace:
[INFO] [stdout]    0:     0x654c6c17c007 - <unknown>
[INFO] [stdout]    1:     0x654c6c15e66a - <unknown>
[INFO] [stdout]    2:     0x654c6c17b5bb - <unknown>
[INFO] [stdout]    3:     0x654c6c17b09f - <unknown>
[INFO] [stdout]    4:     0x654c6c17acca - <unknown>
[INFO] [stdout]    5:     0x654c6c17a805 - <unknown>
[INFO] [stdout]    6:     0x654c6c1a15e2 - <unknown>
[INFO] [stdout]    7:     0x654c6c1a1569 - <unknown>
[INFO] [stdout]    8:     0x654c6c1a1a6c - <unknown>
[INFO] [stdout]    9:     0x654c6c15e4fb - <unknown>
[INFO] [stdout]   10:     0x654c6c14d332 - <unknown>
[INFO] [stdout]   11:     0x654c6c15af65 - <unknown>
[INFO] [stdout]   12:     0x654c6c1a2789 - <unknown>
[INFO] [stdout]   13:     0x654c6c15ae98 - <unknown>
[INFO] [stdout]   14:     0x654c6c154556 - <unknown>
[INFO] [stdout]   15:     0x654c6c1bb29b - <unknown>
[INFO] [stdout]   16:     0x654c6c1b7261 - <unknown>
[INFO] [stdout]   17:     0x654c6c1b6a4c - <unknown>
[INFO] [stdout]   18:     0x654c6c1d66ec - <unknown>
[INFO] [stdout]   19:     0x654c6c1a32e4 - <unknown>
[INFO] [stdout]   20:     0x7e0a3a9f1dfa - <unknown>
[INFO] [stdout]   21:     0x7e0a3aa853d4 - clone
[INFO] [stdout]   22:                0x0 - <unknown>
[INFO] [stdout] 
[INFO] [stdout] ---- interactive_skip_then_upgrade stdout ----
[INFO] [stdout] 
[INFO] [stdout] thread 'interactive_skip_then_upgrade' (1612) panicked at tests/cli.rs:39:5:
[INFO] [stdout] python3 -m venv failed
[INFO] [stdout] stack backtrace:
[INFO] [stdout]    0:     0x654c6c17c007 - <unknown>
[INFO] [stdout]    1:     0x654c6c15e66a - <unknown>
[INFO] [stdout]    2:     0x654c6c17b5bb - <unknown>
[INFO] [stdout]    3:     0x654c6c17b09f - <unknown>
[INFO] [stdout]    4:     0x654c6c17acca - <unknown>
[INFO] [stdout]    5:     0x654c6c17a805 - <unknown>
[INFO] [stdout]    6:     0x654c6c1a15e2 - <unknown>
[INFO] [stdout]    7:     0x654c6c1a1569 - <unknown>
[INFO] [stdout]    8:     0x654c6c1a1a6c - <unknown>
[INFO] [stdout]    9:     0x654c6c15e4fb - <unknown>
[INFO] [stdout]   10:     0x654c6c14d332 - <unknown>
[INFO] [stdout]   11:     0x654c6c15b415 - <unknown>
[INFO] [stdout]   12:     0x654c6c1a2789 - <unknown>
[INFO] [stdout]   13:     0x654c6c15b348 - <unknown>
[INFO] [stdout]   14:     0x654c6c152219 - <unknown>
[INFO] [stdout]   15:     0x654c6c1bb29b - <unknown>
[INFO] [stdout]   16:     0x654c6c1b7261 - <unknown>
[INFO] [stdout]   17:     0x654c6c1b6a4c - <unknown>
[INFO] [stdout]   18:     0x654c6c1d66ec - <unknown>
[INFO] [stdout]   19:     0x654c6c1a32e4 - <unknown>
[INFO] [stdout]   20:     0x7e0a3a9f1dfa - <unknown>
[INFO] [stdout]   21:     0x7e0a3aa853d4 - clone
[INFO] [stdout]   22:                0x0 - <unknown>
[INFO] [stdout] 
[INFO] [stdout] ---- no_check_flag_skips_post_upgrade_check stdout ----
[INFO] [stdout] 
[INFO] [stdout] thread 'no_check_flag_skips_post_upgrade_check' (1614) panicked at tests/cli.rs:39:5:
[INFO] [stdout] python3 -m venv failed
[INFO] [stdout] stack backtrace:
[INFO] [stdout]    0:     0x654c6c17c007 - <unknown>
[INFO] [stdout]    1:     0x654c6c15e66a - <unknown>
[INFO] [stdout]    2:     0x654c6c17b5bb - <unknown>
[INFO] [stdout]    3:     0x654c6c17b09f - <unknown>
[INFO] [stdout]    4:     0x654c6c17acca - <unknown>
[INFO] [stdout]    5:     0x654c6c17a805 - <unknown>
[INFO] [stdout]    6:     0x654c6c1a15e2 - <unknown>
[INFO] [stdout]    7:     0x654c6c1a1569 - <unknown>
[INFO] [stdout]    8:     0x654c6c1a1a6c - <unknown>
[INFO] [stdout]    9:     0x654c6c15e4fb - <unknown>
[INFO] [stdout]   10:     0x654c6c14d332 - <unknown>
[INFO] [stdout]   11:     0x654c6c15b0f5 - <unknown>
[INFO] [stdout]   12:     0x654c6c1a2789 - <unknown>
[INFO] [stdout]   13:     0x654c6c15b028 - <unknown>
[INFO] [stdout]   14:     0x654c6c155819 - <unknown>
[INFO] [stdout]   15:     0x654c6c1bb29b - <unknown>
[INFO] [stdout]   16:     0x654c6c1b7261 - <unknown>
[INFO] [stdout]   17:     0x654c6c1b6a4c - <unknown>
[INFO] [stdout]   18:     0x654c6c1d66ec - <unknown>
[INFO] [stdout]   19:     0x654c6c1a32e4 - <unknown>
[INFO] [stdout]   20:     0x7e0a3a9f1dfa - <unknown>
[INFO] [stdout]   21:     0x7e0a3aa853d4 - clone
[INFO] [stdout]   22:                0x0 - <unknown>
[INFO] [stdout] 
[INFO] [stdout] ---- rollback_restores_pre_upgrade_versions stdout ----
[INFO] [stdout] 
[INFO] [stdout] thread 'rollback_restores_pre_upgrade_versions' (1616) panicked at tests/cli.rs:39:5:
[INFO] [stdout] python3 -m venv failed
[INFO] [stdout] stack backtrace:
[INFO] [stdout]    0:     0x654c6c17c007 - <unknown>
[INFO] [stdout]    1:     0x654c6c15e66a - <unknown>
[INFO] [stdout]    2:     0x654c6c17b5bb - <unknown>
[INFO] [stdout]    3:     0x654c6c17b09f - <unknown>
[INFO] [stdout]    4:     0x654c6c17acca - <unknown>
[INFO] [stdout]    5:     0x654c6c17a805 - <unknown>
[INFO] [stdout]    6:     0x654c6c1a15e2 - <unknown>
[INFO] [stdout]    7:     0x654c6c1a1569 - <unknown>
[INFO] [stdout]    8:     0x654c6c1a1a6c - <unknown>
[INFO] [stdout]    9:     0x654c6c15e4fb - <unknown>
[INFO] [stdout]   10:     0x654c6c14d332 - <unknown>
[INFO] [stdout]   11:     0x654c6c15b285 - <unknown>
[INFO] [stdout]   12:     0x654c6c1a2789 - <unknown>
[INFO] [stdout]   13:     0x654c6c15b1b8 - <unknown>
[INFO] [stdout]   14:     0x654c6c155af9 - <unknown>
[INFO] [stdout]   15:     0x654c6c1bb29b - <unknown>
[INFO] [stdout]   16:     0x654c6c1b7261 - <unknown>
[INFO] [stdout]   17:     0x654c6c1b6a4c - <unknown>
[INFO] [stdout]   18:     0x654c6c1d66ec - <unknown>
[INFO] [stdout]   19:     0x654c6c1a32e4 - <unknown>
[INFO] [stdout]   20:     0x7e0a3a9f1dfa - <unknown>
[INFO] [stdout]   21:     0x7e0a3aa853d4 - clone
[INFO] [stdout]   22:                0x0 - <unknown>
[INFO] [stdout] 
[INFO] [stdout] ---- end_to_end_upgrade_in_one_call stdout ----
[INFO] [stdout] 
[INFO] [stdout] thread 'end_to_end_upgrade_in_one_call' (1608) panicked at tests/cli.rs:39:5:
[INFO] [stdout] python3 -m venv failed
[INFO] [stdout] stack backtrace:
[INFO] [stdout]    0:     0x654c6c17c007 - <unknown>
[INFO] [stdout]    1:     0x654c6c15e66a - <unknown>
[INFO] [stdout]    2:     0x654c6c17b5bb - <unknown>
[INFO] [stdout]    3:     0x654c6c17b09f - <unknown>
[INFO] [stdout]    4:     0x654c6c17acca - <unknown>
[INFO] [stdout]    5:     0x654c6c17a805 - <unknown>
[INFO] [stdout]    6:     0x654c6c1a15e2 - <unknown>
[INFO] [stdout]    7:     0x654c6c1a1569 - <unknown>
[INFO] [stdout]    8:     0x654c6c1a1a6c - <unknown>
[INFO] [stdout]    9:     0x654c6c15e4fb - <unknown>
[INFO] [stdout]   10:     0x654c6c14d332 - <unknown>
[INFO] [stdout]   11:     0x654c6c15a565 - <unknown>
[INFO] [stdout]   12:     0x654c6c1a2789 - <unknown>
[INFO] [stdout]   13:     0x654c6c15a49a - <unknown>
[INFO] [stdout]   14:     0x654c6c152875 - <unknown>
[INFO] [stdout]   15:     0x654c6c1bb29b - <unknown>
[INFO] [stdout]   16:     0x654c6c1b7261 - <unknown>
[INFO] [stdout]   17:     0x654c6c1b6a4c - <unknown>
[INFO] [stdout]   18:     0x654c6c1d66ec - <unknown>
[INFO] [stdout]   19:     0x654c6c1a32e4 - <unknown>
[INFO] [stdout]   20:     0x7e0a3a9f1dfa - <unknown>
[INFO] [stdout]   21:     0x7e0a3aa853d4 - clone
[INFO] [stdout]   22:                0x0 - <unknown>
[INFO] [stdout] 
[INFO] [stdout] ---- target_patch_excludes_minor_bumps stdout ----
[INFO] [stdout] 
[INFO] [stdout] thread 'target_patch_excludes_minor_bumps' (1619) panicked at tests/cli.rs:39:5:
[INFO] [stdout] python3 -m venv failed
[INFO] [stdout] stack backtrace:
[INFO] [stdout]    0:     0x654c6c17c007 - <unknown>
[INFO] [stdout]    1:     0x654c6c15e66a - <unknown>
[INFO] [stdout]    2:     0x654c6c17b5bb - <unknown>
[INFO] [stdout]    3:     0x654c6c17b09f - <unknown>
[INFO] [stdout]    4:     0x654c6c17acca - <unknown>
[INFO] [stdout]    5:     0x654c6c17a805 - <unknown>
[INFO] [stdout]    6:     0x654c6c1a15e2 - <unknown>
[INFO] [stdout]    7:     0x654c6c1a1569 - <unknown>
[INFO] [stdout]    8:     0x654c6c1a1a6c - <unknown>
[INFO] [stdout]    9:     0x654c6c15e4fb - <unknown>
[INFO] [stdout]   10:     0x654c6c14d332 - <unknown>
[INFO] [stdout]   11:     0x654c6c15af65 - <unknown>
[INFO] [stdout]   12:     0x654c6c1a2789 - <unknown>
[INFO] [stdout]   13:     0x654c6c15ae98 - <unknown>
[INFO] [stdout]   14:     0x654c6c154e49 - <unknown>
[INFO] [stdout]   15:     0x654c6c1bb29b - <unknown>
[INFO] [stdout]   16:     0x654c6c1b7261 - <unknown>
[INFO] [stdout]   17:     0x654c6c1b6a4c - <unknown>
[INFO] [stdout]   18:     0x654c6c1d66ec - <unknown>
[INFO] [stdout]   19:     0x654c6c1a32e4 - <unknown>
[INFO] [stdout]   20:     0x7e0a3a9f1dfa - <unknown>
[INFO] [stdout]   21:     0x7e0a3aa853d4 - clone
[INFO] [stdout]   22:                0x0 - <unknown>
[INFO] [stdout] 
[INFO] [stdout] ---- warns_on_unknown_package stdout ----
[INFO] [stdout] 
[INFO] [stdout] thread 'warns_on_unknown_package' (1622) panicked at tests/cli.rs:39:5:
[INFO] [stdout] python3 -m venv failed
[INFO] [stdout] stack backtrace:
[INFO] [stdout]    0:     0x654c6c17c007 - <unknown>
[INFO] [stdout]    1:     0x654c6c15e66a - <unknown>
[INFO] [stdout]    2:     0x654c6c17b5bb - <unknown>
[INFO] [stdout]    3:     0x654c6c17b09f - <unknown>
[INFO] [stdout]    4:     0x654c6c17acca - <unknown>
[INFO] [stdout]    5:     0x654c6c17a805 - <unknown>
[INFO] [stdout]    6:     0x654c6c1a15e2 - <unknown>
[INFO] [stdout]    7:     0x654c6c1a1569 - <unknown>
[INFO] [stdout]    8:     0x654c6c1a1a6c - <unknown>
[INFO] [stdout]    9:     0x654c6c15e4fb - <unknown>
[INFO] [stdout]   10:     0x654c6c14d332 - <unknown>
[INFO] [stdout]   11:     0x654c6c15a565 - <unknown>
[INFO] [stdout]   12:     0x654c6c1a2789 - <unknown>
[INFO] [stdout]   13:     0x654c6c15a49a - <unknown>
[INFO] [stdout]   14:     0x654c6c151596 - <unknown>
[INFO] [stdout]   15:     0x654c6c1bb29b - <unknown>
[INFO] [stdout]   16:     0x654c6c1b7261 - <unknown>
[INFO] [stdout]   17:     0x654c6c1b6a4c - <unknown>
[INFO] [stdout]   18:     0x654c6c1d66ec - <unknown>
[INFO] [stdout]   19:     0x654c6c1a32e4 - <unknown>
[INFO] [stdout]   20:     0x7e0a3a9f1dfa - <unknown>
[INFO] [stdout]   21:     0x7e0a3aa853d4 - clone
[INFO] [stdout]   22:                0x0 - <unknown>
[INFO] [stdout] 
[INFO] [stdout] ---- filter_glob_selects_matching stdout ----
[INFO] [stdout] 
[INFO] [stdout] thread 'filter_glob_selects_matching' (1610) panicked at tests/cli.rs:39:5:
[INFO] [stdout] python3 -m venv failed
[INFO] [stdout] stack backtrace:
[INFO] [stdout]    0:     0x654c6c17c007 - <unknown>
[INFO] [stdout]    1:     0x654c6c15e66a - <unknown>
[INFO] [stdout]    2:     0x654c6c17b5bb - <unknown>
[INFO] [stdout]    3:     0x654c6c17b09f - <unknown>
[INFO] [stdout]    4:     0x654c6c17acca - <unknown>
[INFO] [stdout]    5:     0x654c6c17a805 - <unknown>
[INFO] [stdout]    6:     0x654c6c1a15e2 - <unknown>
[INFO] [stdout]    7:     0x654c6c1a1569 - <unknown>
[INFO] [stdout]    8:     0x654c6c1a1a6c - <unknown>
[INFO] [stdout]    9:     0x654c6c15e4fb - <unknown>
[INFO] [stdout]   10:     0x654c6c14d332 - <unknown>
[INFO] [stdout]   11:     0x654c6c15af65 - <unknown>
[INFO] [stdout]   12:     0x654c6c1a2789 - <unknown>
[INFO] [stdout]   13:     0x654c6c15ae98 - <unknown>
[INFO] [stdout]   14:     0x654c6c151ba9 - <unknown>
[INFO] [stdout]   15:     0x654c6c1bb29b - <unknown>
[INFO] [stdout]   16:     0x654c6c1b7261 - <unknown>
[INFO] [stdout]   17:     0x654c6c1b6a4c - <unknown>
[INFO] [stdout]   18:     0x654c6c1d66ec - <unknown>
[INFO] [stdout]   19:     0x654c6c1a32e4 - <unknown>
[INFO] [stdout]   20:     0x7e0a3a9f1dfa - <unknown>
[INFO] [stdout]   21:     0x7e0a3aa853d4 - clone
[INFO] [stdout]   22:                0x0 - <unknown>
[INFO] [stdout] 
[INFO] [stdout] ---- check_exits_nonzero_when_outdated stdout ----
[INFO] [stdout] 
[INFO] [stdout] thread 'check_exits_nonzero_when_outdated' (1607) panicked at tests/cli.rs:39:5:
[INFO] [stdout] python3 -m venv failed
[INFO] [stdout] stack backtrace:
[INFO] [stdout]    0:     0x654c6c17c007 - <unknown>
[INFO] [stdout]    1:     0x654c6c15e66a - <unknown>
[INFO] [stdout]    2:     0x654c6c17b5bb - <unknown>
[INFO] [stdout]    3:     0x654c6c17b09f - <unknown>
[INFO] [stdout]    4:     0x654c6c17acca - <unknown>
[INFO] [stdout]    5:     0x654c6c17a805 - <unknown>
[INFO] [stdout]    6:     0x654c6c1a15e2 - <unknown>
[INFO] [stdout]    7:     0x654c6c1a1569 - <unknown>
[INFO] [stdout]    8:     0x654c6c1a1a6c - <unknown>
[INFO] [stdout]    9:     0x654c6c15e4fb - <unknown>
[INFO] [stdout]   10:     0x654c6c14d332 - <unknown>
[INFO] [stdout]   11:     0x654c6c15af65 - <unknown>
[INFO] [stdout]   12:     0x654c6c1a2789 - <unknown>
[INFO] [stdout]   13:     0x654c6c15ae98 - <unknown>
[INFO] [stdout]   14:     0x654c6c1548e9 - <unknown>
[INFO] [stdout]   15:     0x654c6c1bb29b - <unknown>
[INFO] [stdout]   16:     0x654c6c1b7261 - <unknown>
[INFO] [stdout]   17:     0x654c6c1b6a4c - <unknown>
[INFO] [stdout]   18:     0x654c6c1d66ec - <unknown>
[INFO] [stdout]   19:     0x654c6c1a32e4 - <unknown>
[INFO] [stdout]   20:     0x7e0a3a9f1dfa - <unknown>
[INFO] [stdout]   21:     0x7e0a3aa853d4 - clone
[INFO] [stdout]   22:                0x0 - <unknown>
[INFO] [stdout] 
[INFO] [stdout] ---- json_output_shape stdout ----
[INFO] [stdout] 
[INFO] [stdout] thread 'json_output_shape' (1613) panicked at tests/cli.rs:39:5:
[INFO] [stdout] python3 -m venv failed
[INFO] [stdout] stack backtrace:
[INFO] [stdout]    0:     0x654c6c17c007 - <unknown>
[INFO] [stdout]    1:     0x654c6c15e66a - <unknown>
[INFO] [stdout]    2:     0x654c6c17b5bb - <unknown>
[INFO] [stdout]    3:     0x654c6c17b09f - <unknown>
[INFO] [stdout]    4:     0x654c6c17acca - <unknown>
[INFO] [stdout]    5:     0x654c6c17a805 - <unknown>
[INFO] [stdout]    6:     0x654c6c1a15e2 - <unknown>
[INFO] [stdout]    7:     0x654c6c1a1569 - <unknown>
[INFO] [stdout]    8:     0x654c6c1a1a6c - <unknown>
[INFO] [stdout]    9:     0x654c6c15e4fb - <unknown>
[INFO] [stdout]   10:     0x654c6c14d332 - <unknown>
[INFO] [stdout]   11:     0x654c6c15af65 - <unknown>
[INFO] [stdout]   12:     0x654c6c1a2789 - <unknown>
[INFO] [stdout]   13:     0x654c6c15ae98 - <unknown>
[INFO] [stdout]   14:     0x654c6c14f796 - <unknown>
[INFO] [stdout]   15:     0x654c6c1bb29b - <unknown>
[INFO] [stdout]   16:     0x654c6c1b7261 - <unknown>
[INFO] [stdout]   17:     0x654c6c1b6a4c - <unknown>
[INFO] [stdout]   18:     0x654c6c1d66ec - <unknown>
[INFO] [stdout]   19:     0x654c6c1a32e4 - <unknown>
[INFO] [stdout]   20:     0x7e0a3a9f1dfa - <unknown>
[INFO] [stdout]   21:     0x7e0a3aa853d4 - clone
[INFO] [stdout]   22:                0x0 - <unknown>
[INFO] [stdout] 
[INFO] [stdout] 
[INFO] [stdout] failures:
[INFO] [stdout]     check_exits_nonzero_when_outdated
[INFO] [stdout]     end_to_end_upgrade_in_one_call
[INFO] [stdout]     filter_glob_selects_matching
[INFO] [stdout]     interactive_skip_then_upgrade
[INFO] [stdout]     json_output_shape
[INFO] [stdout]     no_check_flag_skips_post_upgrade_check
[INFO] [stdout]     post_upgrade_check_runs_by_default
[INFO] [stdout]     rollback_restores_pre_upgrade_versions
[INFO] [stdout]     save_updates_requirements_file
[INFO] [stdout]     skip_flag_excludes_package
[INFO] [stdout]     target_patch_excludes_minor_bumps
[INFO] [stdout]     upgrade_strategy_flag_accepted
[INFO] [stdout]     warns_on_unknown_package
[INFO] [stdout] 
[INFO] [stdout] test result: FAILED. 3 passed; 13 failed; 0 ignored; 0 measured; 0 filtered out; finished in 1.06s
[INFO] [stdout] 
[INFO] [stderr] error: test failed, to rerun pass `--test cli`
[INFO] running `Command { std: "docker" "inspect" "480c07331c0cc9ba5b5f3ae798d4a05a3ce59f65ee134be2c268307d85e3a088", kill_on_drop: false }`
[INFO] running `Command { std: "docker" "rm" "-f" "480c07331c0cc9ba5b5f3ae798d4a05a3ce59f65ee134be2c268307d85e3a088", kill_on_drop: false }`
[INFO] [stdout] 480c07331c0cc9ba5b5f3ae798d4a05a3ce59f65ee134be2c268307d85e3a088
