[INFO] fetching crate python-config-rs 0.1.2...
[INFO] testing python-config-rs-0.1.2 against 1.100.0-beta.1+cargoflags=--release for beta-release-1.100-2
[INFO] extracting crate python-config-rs 0.1.2 into /workspace/builds/worker-5-tc2/source
[INFO] started tweaking crates.io crate python-config-rs 0.1.2
[INFO] finished tweaking crates.io crate python-config-rs 0.1.2
[INFO] tweaked toml for crates.io crate python-config-rs 0.1.2 written to /workspace/builds/worker-5-tc2/source/Cargo.toml
[INFO] validating manifest of crates.io crate python-config-rs 0.1.2 on toolchain 1.100.0-beta.1
[INFO] running `Command { std: CARGO_HOME="/workspace/cargo-home" RUSTUP_HOME="/workspace/rustup-home" "/workspace/cargo-home/bin/cargo" "+1.100.0-beta.1" "metadata" "--manifest-path" "Cargo.toml" "--no-deps", kill_on_drop: false }`
[INFO] running `Command { std: CARGO_HOME="/workspace/cargo-home" RUSTUP_HOME="/workspace/rustup-home" "/workspace/cargo-home/bin/cargo" "+1.100.0-beta.1" "generate-lockfile" "--manifest-path" "Cargo.toml", kill_on_drop: false }`
[INFO] [stderr]     Updating crates.io index
[INFO] [stderr]      Locking 22 packages to highest compatible versions
[INFO] [stderr]       Adding assert_cmd v0.11.1 (available: v2.2.2)
[INFO] [stderr]       Adding semver v0.9.0 (available: v1.0.28)
[INFO] running `Command { std: CARGO_HOME="/workspace/cargo-home" RUSTUP_HOME="/workspace/rustup-home" "/workspace/cargo-home/bin/cargo" "+1.100.0-beta.1" "fetch" "--manifest-path" "Cargo.toml", kill_on_drop: false }`
[INFO] running `Command { std: "docker" "create" "-v" "/var/lib/crater-agent-workspace/builds/worker-5-tc2/source:/opt/rustwide/workdir:ro,Z" "-v" "/var/lib/crater-agent-workspace/builds/worker-5-tc2/target:/opt/rustwide/target:rw,Z" "-v" "/var/lib/crater-agent-workspace/cargo-home:/opt/rustwide/cargo-home:ro,Z" "-v" "/var/lib/crater-agent-workspace/rustup-home:/opt/rustwide/rustup-home:ro,Z" "-m" "1610612736" "--network" "none" "ghcr.io/rust-lang/crates-build-env/linux@sha256:77db811e55d90add9212f6832c23229e3de5f1c1f9905e8cb07319ea15df73ac" "sleep" "infinity", kill_on_drop: false }`
[INFO] [stdout] f83943bae9b90b9ab962c209ff07562a96d1bd1174f12a0eaf0ab162394fcc6f
[INFO] running `Command { std: "docker" "start" "f83943bae9b90b9ab962c209ff07562a96d1bd1174f12a0eaf0ab162394fcc6f", kill_on_drop: false }`
[INFO] running `Command { std: "docker" "inspect" "f83943bae9b90b9ab962c209ff07562a96d1bd1174f12a0eaf0ab162394fcc6f", kill_on_drop: false }`
[INFO] running `Command { std: "docker" "exec" "-e" "SOURCE_DIR=/opt/rustwide/workdir" "-e" "CARGO_HOME=/opt/rustwide/cargo-home" "-e" "RUSTUP_HOME=/opt/rustwide/rustup-home" "-e" "CARGO_TARGET_DIR=/opt/rustwide/target" "-w" "/opt/rustwide/workdir" "--user" "0:0" "f83943bae9b90b9ab962c209ff07562a96d1bd1174f12a0eaf0ab162394fcc6f" "/opt/rustwide/cargo-home/bin/cargo" "+1.100.0-beta.1" "metadata" "--no-deps" "--format-version=1", kill_on_drop: false }`
[INFO] running `Command { std: "docker" "inspect" "f83943bae9b90b9ab962c209ff07562a96d1bd1174f12a0eaf0ab162394fcc6f", kill_on_drop: false }`
[INFO] running `Command { std: "docker" "exec" "-e" "SOURCE_DIR=/opt/rustwide/workdir" "-e" "CARGO_HOME=/opt/rustwide/cargo-home" "-e" "RUSTUP_HOME=/opt/rustwide/rustup-home" "-e" "CARGO_TARGET_DIR=/opt/rustwide/target" "-e" "CARGO_INCREMENTAL=0" "-e" "RUST_BACKTRACE=full" "-e" "RUSTFLAGS=--cap-lints=warn" "-e" "RUSTDOCFLAGS=--cap-lints=warn" "-w" "/opt/rustwide/workdir" "--user" "0:0" "f83943bae9b90b9ab962c209ff07562a96d1bd1174f12a0eaf0ab162394fcc6f" "/opt/rustwide/cargo-home/bin/cargo" "+1.100.0-beta.1" "build" "--frozen" "--message-format=json" "--release", kill_on_drop: false }`
[INFO] [stderr]    Compiling semver-parser v0.7.0
[INFO] [stderr]    Compiling semver v0.9.0
[INFO] [stderr]    Compiling python-config-rs v0.1.2 (/opt/rustwide/workdir)
[INFO] [stderr]     Finished `release` profile [optimized] target(s) in 2.54s
[INFO] running `Command { std: "docker" "inspect" "f83943bae9b90b9ab962c209ff07562a96d1bd1174f12a0eaf0ab162394fcc6f", kill_on_drop: false }`
[INFO] running `Command { std: "docker" "exec" "-e" "SOURCE_DIR=/opt/rustwide/workdir" "-e" "CARGO_HOME=/opt/rustwide/cargo-home" "-e" "RUSTUP_HOME=/opt/rustwide/rustup-home" "-e" "CARGO_TARGET_DIR=/opt/rustwide/target" "-e" "CARGO_INCREMENTAL=0" "-e" "RUST_BACKTRACE=full" "-e" "RUSTFLAGS=--cap-lints=warn" "-e" "RUSTDOCFLAGS=--cap-lints=warn" "-w" "/opt/rustwide/workdir" "--user" "0:0" "f83943bae9b90b9ab962c209ff07562a96d1bd1174f12a0eaf0ab162394fcc6f" "/opt/rustwide/cargo-home/bin/cargo" "+1.100.0-beta.1" "test" "--frozen" "--no-run" "--message-format=json" "--release", kill_on_drop: false }`
[INFO] [stderr]    Compiling escargot v0.4.0
[INFO] [stderr]    Compiling proc-macro2 v1.0.107
[INFO] [stderr]    Compiling predicates-core v1.0.10
[INFO] [stderr]    Compiling serde_json v1.0.154
[INFO] [stderr]    Compiling termtree v0.5.1
[INFO] [stderr]    Compiling predicates v1.0.8
[INFO] [stderr]    Compiling predicates-tree v1.0.13
[INFO] [stderr]    Compiling quote v1.0.47
[INFO] [stderr]    Compiling syn v3.0.9
[INFO] [stderr]    Compiling serde_derive v1.0.229
[INFO] [stderr]    Compiling serde v1.0.229
[INFO] [stderr]    Compiling assert_cmd v0.11.1
[INFO] [stderr]    Compiling python-config-rs v0.1.2 (/opt/rustwide/workdir)
[INFO] [stderr]     Finished `release` profile [optimized] target(s) in 18.79s
[INFO] running `Command { std: "docker" "inspect" "f83943bae9b90b9ab962c209ff07562a96d1bd1174f12a0eaf0ab162394fcc6f", kill_on_drop: false }`
[INFO] running `Command { std: "docker" "exec" "-e" "SOURCE_DIR=/opt/rustwide/workdir" "-e" "CARGO_HOME=/opt/rustwide/cargo-home" "-e" "RUSTUP_HOME=/opt/rustwide/rustup-home" "-e" "CARGO_TARGET_DIR=/opt/rustwide/target" "-e" "CARGO_INCREMENTAL=0" "-e" "RUST_BACKTRACE=full" "-e" "RUSTFLAGS=--cap-lints=warn" "-e" "RUSTDOCFLAGS=--cap-lints=warn" "-w" "/opt/rustwide/workdir" "--user" "0:0" "f83943bae9b90b9ab962c209ff07562a96d1bd1174f12a0eaf0ab162394fcc6f" "/opt/rustwide/cargo-home/bin/cargo" "+1.100.0-beta.1" "test" "--frozen" "--release", kill_on_drop: false }`
[INFO] [stderr]     Finished `release` profile [optimized] target(s) in 0.07s
[INFO] [stderr]      Running unittests src/lib.rs (/opt/rustwide/target/release/build/python-config-rs/cc01ecd0f8515b5d/out/python_config-cc01ecd0f8515b5d)
[INFO] [stdout] 
[INFO] [stdout] running 0 tests
[INFO] [stdout] 
[INFO] [stdout] test result: ok. 0 passed; 0 failed; 0 ignored; 0 measured; 0 filtered out; finished in 0.00s
[INFO] [stdout] 
[INFO] [stderr]      Running unittests src/bin/python3-config.rs (/opt/rustwide/target/release/build/python-config-rs/581c466812e7a220/out/python3_config-581c466812e7a220)
[INFO] [stderr]      Running tests/equivalence.rs (/opt/rustwide/target/release/build/python-config-rs/6b49a4c55c209d55/out/equivalence-6b49a4c55c209d55)
[INFO] [stdout] 
[INFO] [stdout] running 0 tests
[INFO] [stdout] 
[INFO] [stdout] test result: ok. 0 passed; 0 failed; 0 ignored; 0 measured; 0 filtered out; finished in 0.00s
[INFO] [stdout] 
[INFO] [stdout] 
[INFO] [stdout] running 13 tests
[INFO] [stdout] test extension_suffix ... FAILED
[INFO] [stdout] test configdir ... FAILED
[INFO] [stdout] test exec_prefix ... FAILED
[INFO] [stdout] test cflags ... FAILED
[INFO] [stdout] test flag_ordering ... FAILED
[INFO] [stdout] test abiflags ... FAILED
[INFO] [stdout] test help_flag ... FAILED
[INFO] [stdout] test help_no_input ... FAILED
[INFO] [stdout] test prefix ... FAILED
[INFO] [stdout] test unknown_flag ... FAILED
[INFO] [stdout] test ldflags ... FAILED
[INFO] [stdout] test includes ... FAILED
[INFO] [stdout] test libs ... FAILED
[INFO] [stdout] 
[INFO] [stdout] failures:
[INFO] [stdout] 
[INFO] [stdout] ---- extension_suffix stdout ----
[INFO] [stdout] 
[INFO] [stdout] thread 'extension_suffix' (427) panicked at tests/equivalence.rs:140:10:
[INFO] [stdout] cannot find our Rust binary: CargoError { cause: Some(NotFoundError { path: "/opt/rustwide/target/release/build/python-config-rs/6b49a4c55c209d55/out/python3-config" }) }
[INFO] [stdout] stack backtrace:
[INFO] [stdout]    0:     0x601dea11a3b1 - <<std[617be2ca0a6fd877]::sys::backtrace::BacktraceLock>::print::DisplayBacktrace as core[a373ad73a504971]::fmt::Display>::fmt
[INFO] [stdout]    1:     0x601dea12e6aa - core[a373ad73a504971]::fmt::write
[INFO] [stdout]    2:     0x601dea11e6ec - <alloc[2e1b2a31b91974c5]::vec::Vec<u8> as core[a373ad73a504971]::io::write::Write>::write_fmt
[INFO] [stdout]    3:     0x601dea0f6306 - std[617be2ca0a6fd877]::panicking::default_hook::{closure#0}
[INFO] [stdout]    4:     0x601dea112a49 - std[617be2ca0a6fd877]::panicking::default_hook
[INFO] [stdout]    5:     0x601dea0ae960 - test[aada8e7e76ba119b]::test_main_inner::{closure#0}
[INFO] [stdout]    6:     0x601dea112c02 - std[617be2ca0a6fd877]::panicking::panic_with_hook
[INFO] [stdout]    7:     0x601dea0f63b2 - std[617be2ca0a6fd877]::panicking::panic_handler::{closure#0}
[INFO] [stdout]    8:     0x601dea0ef099 - std[617be2ca0a6fd877]::sys::backtrace::__rust_end_short_backtrace::<std[617be2ca0a6fd877]::panicking::panic_handler::{closure#0}, !>
[INFO] [stdout]    9:     0x601dea0f6fbd - __rustc[ea4f61d10b84890b]::rust_begin_unwind
[INFO] [stdout]   10:     0x601dea12eddc - core[a373ad73a504971]::panicking::panic_fmt
[INFO] [stdout]   11:     0x601dea12ebb2 - core[a373ad73a504971]::result::unwrap_failed
[INFO] [stdout]   12:     0x601dea09f668 - equivalence[9203ea16c65d9ba0]::test_outputs_given
[INFO] [stdout]   13:     0x601dea0a0825 - <equivalence[9203ea16c65d9ba0]::extension_suffix::{closure#0} as core[a373ad73a504971]::ops::function::FnOnce<()>>::call_once
[INFO] [stdout]   14:     0x601dea0a1dab - test[aada8e7e76ba119b]::__rust_begin_short_backtrace::<core[a373ad73a504971]::result::Result<(), alloc[2e1b2a31b91974c5]::string::String>, fn() -> core[a373ad73a504971]::result::Result<(), alloc[2e1b2a31b91974c5]::string::String>>
[INFO] [stdout]   15:     0x601dea0aef85 - test[aada8e7e76ba119b]::run_test::{closure#0}
[INFO] [stdout]   16:     0x601dea0a8874 - std[617be2ca0a6fd877]::sys::backtrace::__rust_begin_short_backtrace::<test[aada8e7e76ba119b]::run_test::{closure#1}, ()>
[INFO] [stdout]   17:     0x601dea0b2012 - <std[617be2ca0a6fd877]::thread::lifecycle::spawn_unchecked<test[aada8e7e76ba119b]::run_test::{closure#1}, ()>::{closure#1} as core[a373ad73a504971]::ops::function::FnOnce<()>>::call_once::{shim:vtable#0}
[INFO] [stdout]   18:     0x601dea119c0f - <std[617be2ca0a6fd877]::sys::thread::unix::Thread>::new::thread_start
[INFO] [stdout]   19:     0x756eddde8dfa - <unknown>
[INFO] [stdout]   20:     0x756edde7c3d4 - clone
[INFO] [stdout]   21:                0x0 - <unknown>
[INFO] [stdout] 
[INFO] [stdout] ---- configdir stdout ----
[INFO] [stdout] 
[INFO] [stdout] thread 'configdir' (425) panicked at tests/equivalence.rs:140:10:
[INFO] [stdout] cannot find our Rust binary: CargoError { cause: Some(NotFoundError { path: "/opt/rustwide/target/release/build/python-config-rs/6b49a4c55c209d55/out/python3-config" }) }
[INFO] [stdout] stack backtrace:
[INFO] [stdout]    0:     0x601dea11a3b1 - <<std[617be2ca0a6fd877]::sys::backtrace::BacktraceLock>::print::DisplayBacktrace as core[a373ad73a504971]::fmt::Display>::fmt
[INFO] [stdout]    1:     0x601dea12e6aa - core[a373ad73a504971]::fmt::write
[INFO] [stdout]    2:     0x601dea11e6ec - <alloc[2e1b2a31b91974c5]::vec::Vec<u8> as core[a373ad73a504971]::io::write::Write>::write_fmt
[INFO] [stdout]    3:     0x601dea0f6306 - std[617be2ca0a6fd877]::panicking::default_hook::{closure#0}
[INFO] [stdout]    4:     0x601dea112a49 - std[617be2ca0a6fd877]::panicking::default_hook
[INFO] [stdout]    5:     0x601dea0ae960 - test[aada8e7e76ba119b]::test_main_inner::{closure#0}
[INFO] [stdout]    6:     0x601dea112c02 - std[617be2ca0a6fd877]::panicking::panic_with_hook
[INFO] [stdout]    7:     0x601dea0f63b2 - std[617be2ca0a6fd877]::panicking::panic_handler::{closure#0}
[INFO] [stdout]    8:     0x601dea0ef099 - std[617be2ca0a6fd877]::sys::backtrace::__rust_end_short_backtrace::<std[617be2ca0a6fd877]::panicking::panic_handler::{closure#0}, !>
[INFO] [stdout]    9:     0x601dea0f6fbd - __rustc[ea4f61d10b84890b]::rust_begin_unwind
[INFO] [stdout]   10:     0x601dea12eddc - core[a373ad73a504971]::panicking::panic_fmt
[INFO] [stdout]   11:     0x601dea12ebb2 - core[a373ad73a504971]::result::unwrap_failed
[INFO] [stdout]   12:     0x601dea09f668 - equivalence[9203ea16c65d9ba0]::test_outputs_given
[INFO] [stdout]   13:     0x601dea0a0975 - <equivalence[9203ea16c65d9ba0]::configdir::{closure#0} as core[a373ad73a504971]::ops::function::FnOnce<()>>::call_once
[INFO] [stdout]   14:     0x601dea0a1dab - test[aada8e7e76ba119b]::__rust_begin_short_backtrace::<core[a373ad73a504971]::result::Result<(), alloc[2e1b2a31b91974c5]::string::String>, fn() -> core[a373ad73a504971]::result::Result<(), alloc[2e1b2a31b91974c5]::string::String>>
[INFO] [stdout]   15:     0x601dea0aef85 - test[aada8e7e76ba119b]::run_test::{closure#0}
[INFO] [stdout]   16:     0x601dea0a8874 - std[617be2ca0a6fd877]::sys::backtrace::__rust_begin_short_backtrace::<test[aada8e7e76ba119b]::run_test::{closure#1}, ()>
[INFO] [stdout]   17:     0x601dea0b2012 - <std[617be2ca0a6fd877]::thread::lifecycle::spawn_unchecked<test[aada8e7e76ba119b]::run_test::{closure#1}, ()>::{closure#1} as core[a373ad73a504971]::ops::function::FnOnce<()>>::call_once::{shim:vtable#0}
[INFO] [stdout]   18:     0x601dea119c0f - <std[617be2ca0a6fd877]::sys::thread::unix::Thread>::new::thread_start
[INFO] [stdout]   19:     0x756eddde8dfa - <unknown>
[INFO] [stdout]   20:     0x756edde7c3d4 - clone
[INFO] [stdout]   21:                0x0 - <unknown>
[INFO] [stdout] 
[INFO] [stdout] ---- exec_prefix stdout ----
[INFO] [stdout] 
[INFO] [stdout] thread 'exec_prefix' (426) panicked at tests/equivalence.rs:140:10:
[INFO] [stdout] cannot find our Rust binary: CargoError { cause: Some(NotFoundError { path: "/opt/rustwide/target/release/build/python-config-rs/6b49a4c55c209d55/out/python3-config" }) }
[INFO] [stdout] stack backtrace:
[INFO] [stdout]    0:     0x601dea11a3b1 - <<std[617be2ca0a6fd877]::sys::backtrace::BacktraceLock>::print::DisplayBacktrace as core[a373ad73a504971]::fmt::Display>::fmt
[INFO] [stdout]    1:     0x601dea12e6aa - core[a373ad73a504971]::fmt::write
[INFO] [stdout]    2:     0x601dea11e6ec - <alloc[2e1b2a31b91974c5]::vec::Vec<u8> as core[a373ad73a504971]::io::write::Write>::write_fmt
[INFO] [stdout]    3:     0x601dea0f6306 - std[617be2ca0a6fd877]::panicking::default_hook::{closure#0}
[INFO] [stdout]    4:     0x601dea112a49 - std[617be2ca0a6fd877]::panicking::default_hook
[INFO] [stdout]    5:     0x601dea0ae960 - test[aada8e7e76ba119b]::test_main_inner::{closure#0}
[INFO] [stdout]    6:     0x601dea112c02 - std[617be2ca0a6fd877]::panicking::panic_with_hook
[INFO] [stdout]    7:     0x601dea0f63b2 - std[617be2ca0a6fd877]::panicking::panic_handler::{closure#0}
[INFO] [stdout]    8:     0x601dea0ef099 - std[617be2ca0a6fd877]::sys::backtrace::__rust_end_short_backtrace::<std[617be2ca0a6fd877]::panicking::panic_handler::{closure#0}, !>
[INFO] [stdout]    9:     0x601dea0f6fbd - __rustc[ea4f61d10b84890b]::rust_begin_unwind
[INFO] [stdout]   10:     0x601dea12eddc - core[a373ad73a504971]::panicking::panic_fmt
[INFO] [stdout]   11:     0x601dea12ebb2 - core[a373ad73a504971]::result::unwrap_failed
[INFO] [stdout]   12:     0x601dea09f668 - equivalence[9203ea16c65d9ba0]::test_outputs_given
[INFO] [stdout]   13:     0x601dea09f995 - <equivalence[9203ea16c65d9ba0]::exec_prefix::{closure#0} as core[a373ad73a504971]::ops::function::FnOnce<()>>::call_once
[INFO] [stdout]   14:     0x601dea0a1dab - test[aada8e7e76ba119b]::__rust_begin_short_backtrace::<core[a373ad73a504971]::result::Result<(), alloc[2e1b2a31b91974c5]::string::String>, fn() -> core[a373ad73a504971]::result::Result<(), alloc[2e1b2a31b91974c5]::string::String>>
[INFO] [stdout]   15:     0x601dea0aef85 - test[aada8e7e76ba119b]::run_test::{closure#0}
[INFO] [stdout]   16:     0x601dea0a8874 - std[617be2ca0a6fd877]::sys::backtrace::__rust_begin_short_backtrace::<test[aada8e7e76ba119b]::run_test::{closure#1}, ()>
[INFO] [stdout]   17:     0x601dea0b2012 - <std[617be2ca0a6fd877]::thread::lifecycle::spawn_unchecked<test[aada8e7e76ba119b]::run_test::{closure#1}, ()>::{closure#1} as core[a373ad73a504971]::ops::function::FnOnce<()>>::call_once::{shim:vtable#0}
[INFO] [stdout]   18:     0x601dea119c0f - <std[617be2ca0a6fd877]::sys::thread::unix::Thread>::new::thread_start
[INFO] [stdout]   19:     0x756eddde8dfa - <unknown>
[INFO] [stdout]   20:     0x756edde7c3d4 - clone
[INFO] [stdout]   21:                0x0 - <unknown>
[INFO] [stdout] 
[INFO] [stdout] ---- cflags stdout ----
[INFO] [stdout] 
[INFO] [stdout] thread 'cflags' (424) panicked at tests/equivalence.rs:140:10:
[INFO] [stdout] cannot find our Rust binary: CargoError { cause: Some(NotFoundError { path: "/opt/rustwide/target/release/build/python-config-rs/6b49a4c55c209d55/out/python3-config" }) }
[INFO] [stdout] stack backtrace:
[INFO] [stdout]    0:     0x601dea11a3b1 - <<std[617be2ca0a6fd877]::sys::backtrace::BacktraceLock>::print::DisplayBacktrace as core[a373ad73a504971]::fmt::Display>::fmt
[INFO] [stdout]    1:     0x601dea12e6aa - core[a373ad73a504971]::fmt::write
[INFO] [stdout]    2:     0x601dea11e6ec - <alloc[2e1b2a31b91974c5]::vec::Vec<u8> as core[a373ad73a504971]::io::write::Write>::write_fmt
[INFO] [stdout]    3:     0x601dea0f6306 - std[617be2ca0a6fd877]::panicking::default_hook::{closure#0}
[INFO] [stdout]    4:     0x601dea112a49 - std[617be2ca0a6fd877]::panicking::default_hook
[INFO] [stdout]    5:     0x601dea0ae960 - test[aada8e7e76ba119b]::test_main_inner::{closure#0}
[INFO] [stdout]    6:     0x601dea112c02 - std[617be2ca0a6fd877]::panicking::panic_with_hook
[INFO] [stdout]    7:     0x601dea0f63b2 - std[617be2ca0a6fd877]::panicking::panic_handler::{closure#0}
[INFO] [stdout]    8:     0x601dea0ef099 - std[617be2ca0a6fd877]::sys::backtrace::__rust_end_short_backtrace::<std[617be2ca0a6fd877]::panicking::panic_handler::{closure#0}, !>
[INFO] [stdout]    9:     0x601dea0f6fbd - __rustc[ea4f61d10b84890b]::rust_begin_unwind
[INFO] [stdout]   10:     0x601dea12eddc - core[a373ad73a504971]::panicking::panic_fmt
[INFO] [stdout]   11:     0x601dea12ebb2 - core[a373ad73a504971]::result::unwrap_failed
[INFO] [stdout]   12:     0x601dea09f668 - equivalence[9203ea16c65d9ba0]::test_outputs_given
[INFO] [stdout]   13:     0x601dea0a0885 - <equivalence[9203ea16c65d9ba0]::cflags::{closure#0} as core[a373ad73a504971]::ops::function::FnOnce<()>>::call_once
[INFO] [stdout]   14:     0x601dea0a1dab - test[aada8e7e76ba119b]::__rust_begin_short_backtrace::<core[a373ad73a504971]::result::Result<(), alloc[2e1b2a31b91974c5]::string::String>, fn() -> core[a373ad73a504971]::result::Result<(), alloc[2e1b2a31b91974c5]::string::String>>
[INFO] [stdout]   15:     0x601dea0aef85 - test[aada8e7e76ba119b]::run_test::{closure#0}
[INFO] [stdout]   16:     0x601dea0a8874 - std[617be2ca0a6fd877]::sys::backtrace::__rust_begin_short_backtrace::<test[aada8e7e76ba119b]::run_test::{closure#1}, ()>
[INFO] [stdout]   17:     0x601dea0b2012 - <std[617be2ca0a6fd877]::thread::lifecycle::spawn_unchecked<test[aada8e7e76ba119b]::run_test::{closure#1}, ()>::{closure#1} as core[a373ad73a504971]::ops::function::FnOnce<()>>::call_once::{shim:vtable#0}
[INFO] [stdout]   18:     0x601dea119c0f - <std[617be2ca0a6fd877]::sys::thread::unix::Thread>::new::thread_start
[INFO] [stdout]   19:     0x756eddde8dfa - <unknown>
[INFO] [stdout]   20:     0x756edde7c3d4 - clone
[INFO] [stdout]   21:                0x0 - <unknown>
[INFO] [stdout] 
[INFO] [stdout] ---- flag_ordering stdout ----
[INFO] [stdout] 
[INFO] [stdout] thread 'flag_ordering' (428) panicked at tests/equivalence.rs:140:10:
[INFO] [stdout] cannot find our Rust binary: CargoError { cause: Some(NotFoundError { path: "/opt/rustwide/target/release/build/python-config-rs/6b49a4c55c209d55/out/python3-config" }) }
[INFO] [stdout] stack backtrace:
[INFO] [stdout]    0:     0x601dea11a3b1 - <<std[617be2ca0a6fd877]::sys::backtrace::BacktraceLock>::print::DisplayBacktrace as core[a373ad73a504971]::fmt::Display>::fmt
[INFO] [stdout]    1:     0x601dea12e6aa - core[a373ad73a504971]::fmt::write
[INFO] [stdout]    2:     0x601dea11e6ec - <alloc[2e1b2a31b91974c5]::vec::Vec<u8> as core[a373ad73a504971]::io::write::Write>::write_fmt
[INFO] [stdout]    3:     0x601dea0f6306 - std[617be2ca0a6fd877]::panicking::default_hook::{closure#0}
[INFO] [stdout]    4:     0x601dea112a49 - std[617be2ca0a6fd877]::panicking::default_hook
[INFO] [stdout]    5:     0x601dea0ae960 - test[aada8e7e76ba119b]::test_main_inner::{closure#0}
[INFO] [stdout]    6:     0x601dea112c02 - std[617be2ca0a6fd877]::panicking::panic_with_hook
[INFO] [stdout]    7:     0x601dea0f63b2 - std[617be2ca0a6fd877]::panicking::panic_handler::{closure#0}
[INFO] [stdout]    8:     0x601dea0ef099 - std[617be2ca0a6fd877]::sys::backtrace::__rust_end_short_backtrace::<std[617be2ca0a6fd877]::panicking::panic_handler::{closure#0}, !>
[INFO] [stdout]    9:     0x601dea0f6fbd - __rustc[ea4f61d10b84890b]::rust_begin_unwind
[INFO] [stdout]   10:     0x601dea12eddc - core[a373ad73a504971]::panicking::panic_fmt
[INFO] [stdout]   11:     0x601dea12ebb2 - core[a373ad73a504971]::result::unwrap_failed
[INFO] [stdout]   12:     0x601dea09f668 - equivalence[9203ea16c65d9ba0]::test_outputs_given
[INFO] [stdout]   13:     0x601dea0a008c - <equivalence[9203ea16c65d9ba0]::flag_ordering::{closure#0} as core[a373ad73a504971]::ops::function::FnOnce<()>>::call_once
[INFO] [stdout]   14:     0x601dea0a1dab - test[aada8e7e76ba119b]::__rust_begin_short_backtrace::<core[a373ad73a504971]::result::Result<(), alloc[2e1b2a31b91974c5]::string::String>, fn() -> core[a373ad73a504971]::result::Result<(), alloc[2e1b2a31b91974c5]::string::String>>
[INFO] [stdout]   15:     0x601dea0aef85 - test[aada8e7e76ba119b]::run_test::{closure#0}
[INFO] [stdout]   16:     0x601dea0a8874 - std[617be2ca0a6fd877]::sys::backtrace::__rust_begin_short_backtrace::<test[aada8e7e76ba119b]::run_test::{closure#1}, ()>
[INFO] [stdout]   17:     0x601dea0b2012 - <std[617be2ca0a6fd877]::thread::lifecycle::spawn_unchecked<test[aada8e7e76ba119b]::run_test::{closure#1}, ()>::{closure#1} as core[a373ad73a504971]::ops::function::FnOnce<()>>::call_once::{shim:vtable#0}
[INFO] [stdout]   18:     0x601dea119c0f - <std[617be2ca0a6fd877]::sys::thread::unix::Thread>::new::thread_start
[INFO] [stdout]   19:     0x756eddde8dfa - <unknown>
[INFO] [stdout]   20:     0x756edde7c3d4 - clone
[INFO] [stdout]   21:                0x0 - <unknown>
[INFO] [stdout] 
[INFO] [stdout] ---- abiflags stdout ----
[INFO] [stdout] 
[INFO] [stdout] thread 'abiflags' (423) panicked at tests/equivalence.rs:140:10:
[INFO] [stdout] cannot find our Rust binary: CargoError { cause: Some(NotFoundError { path: "/opt/rustwide/target/release/build/python-config-rs/6b49a4c55c209d55/out/python3-config" }) }
[INFO] [stdout] stack backtrace:
[INFO] [stdout]    0:     0x601dea11a3b1 - <<std[617be2ca0a6fd877]::sys::backtrace::BacktraceLock>::print::DisplayBacktrace as core[a373ad73a504971]::fmt::Display>::fmt
[INFO] [stdout]    1:     0x601dea12e6aa - core[a373ad73a504971]::fmt::write
[INFO] [stdout]    2:     0x601dea11e6ec - <alloc[2e1b2a31b91974c5]::vec::Vec<u8> as core[a373ad73a504971]::io::write::Write>::write_fmt
[INFO] [stdout]    3:     0x601dea0f6306 - std[617be2ca0a6fd877]::panicking::default_hook::{closure#0}
[INFO] [stdout]    4:     0x601dea112a49 - std[617be2ca0a6fd877]::panicking::default_hook
[INFO] [stdout]    5:     0x601dea0ae960 - test[aada8e7e76ba119b]::test_main_inner::{closure#0}
[INFO] [stdout]    6:     0x601dea112c02 - std[617be2ca0a6fd877]::panicking::panic_with_hook
[INFO] [stdout]    7:     0x601dea0f63b2 - std[617be2ca0a6fd877]::panicking::panic_handler::{closure#0}
[INFO] [stdout]    8:     0x601dea0ef099 - std[617be2ca0a6fd877]::sys::backtrace::__rust_end_short_backtrace::<std[617be2ca0a6fd877]::panicking::panic_handler::{closure#0}, !>
[INFO] [stdout]    9:     0x601dea0f6fbd - __rustc[ea4f61d10b84890b]::rust_begin_unwind
[INFO] [stdout]   10:     0x601dea12eddc - core[a373ad73a504971]::panicking::panic_fmt
[INFO] [stdout]   11:     0x601dea12ebb2 - core[a373ad73a504971]::result::unwrap_failed
[INFO] [stdout]   12:     0x601dea09f668 - equivalence[9203ea16c65d9ba0]::test_outputs_given
[INFO] [stdout]   13:     0x601dea0a0915 - <equivalence[9203ea16c65d9ba0]::abiflags::{closure#0} as core[a373ad73a504971]::ops::function::FnOnce<()>>::call_once
[INFO] [stdout]   14:     0x601dea0a1dab - test[aada8e7e76ba119b]::__rust_begin_short_backtrace::<core[a373ad73a504971]::result::Result<(), alloc[2e1b2a31b91974c5]::string::String>, fn() -> core[a373ad73a504971]::result::Result<(), alloc[2e1b2a31b91974c5]::string::String>>
[INFO] [stdout]   15:     0x601dea0aef85 - test[aada8e7e76ba119b]::run_test::{closure#0}
[INFO] [stdout]   16:     0x601dea0a8874 - std[617be2ca0a6fd877]::sys::backtrace::__rust_begin_short_backtrace::<test[aada8e7e76ba119b]::run_test::{closure#1}, ()>
[INFO] [stdout]   17:     0x601dea0b2012 - <std[617be2ca0a6fd877]::thread::lifecycle::spawn_unchecked<test[aada8e7e76ba119b]::run_test::{closure#1}, ()>::{closure#1} as core[a373ad73a504971]::ops::function::FnOnce<()>>::call_once::{shim:vtable#0}
[INFO] [stdout]   18:     0x601dea119c0f - <std[617be2ca0a6fd877]::sys::thread::unix::Thread>::new::thread_start
[INFO] [stdout]   19:     0x756eddde8dfa - <unknown>
[INFO] [stdout]   20:     0x756edde7c3d4 - clone
[INFO] [stdout]   21:                0x0 - <unknown>
[INFO] [stdout] 
[INFO] [stdout] ---- help_flag stdout ----
[INFO] [stdout] 
[INFO] [stdout] thread 'help_flag' (429) panicked at tests/equivalence.rs:91:10:
[INFO] [stdout] cannot find our Rust binary: CargoError { cause: Some(NotFoundError { path: "/opt/rustwide/target/release/build/python-config-rs/6b49a4c55c209d55/out/python3-config" }) }
[INFO] [stdout] stack backtrace:
[INFO] [stdout]    0:     0x601dea11a3b1 - <<std[617be2ca0a6fd877]::sys::backtrace::BacktraceLock>::print::DisplayBacktrace as core[a373ad73a504971]::fmt::Display>::fmt
[INFO] [stdout]    1:     0x601dea12e6aa - core[a373ad73a504971]::fmt::write
[INFO] [stdout]    2:     0x601dea11e6ec - <alloc[2e1b2a31b91974c5]::vec::Vec<u8> as core[a373ad73a504971]::io::write::Write>::write_fmt
[INFO] [stdout]    3:     0x601dea0f6306 - std[617be2ca0a6fd877]::panicking::default_hook::{closure#0}
[INFO] [stdout]    4:     0x601dea112a49 - std[617be2ca0a6fd877]::panicking::default_hook
[INFO] [stdout]    5:     0x601dea0ae960 - test[aada8e7e76ba119b]::test_main_inner::{closure#0}
[INFO] [stdout]    6:     0x601dea112c02 - std[617be2ca0a6fd877]::panicking::panic_with_hook
[INFO] [stdout]    7:     0x601dea0f63b2 - std[617be2ca0a6fd877]::panicking::panic_handler::{closure#0}
[INFO] [stdout]    8:     0x601dea0ef099 - std[617be2ca0a6fd877]::sys::backtrace::__rust_end_short_backtrace::<std[617be2ca0a6fd877]::panicking::panic_handler::{closure#0}, !>
[INFO] [stdout]    9:     0x601dea0f6fbd - __rustc[ea4f61d10b84890b]::rust_begin_unwind
[INFO] [stdout]   10:     0x601dea12eddc - core[a373ad73a504971]::panicking::panic_fmt
[INFO] [stdout]   11:     0x601dea12ebb2 - core[a373ad73a504971]::result::unwrap_failed
[INFO] [stdout]   12:     0x601dea0a0e58 - <equivalence[9203ea16c65d9ba0]::help_flag::{closure#0} as core[a373ad73a504971]::ops::function::FnOnce<()>>::call_once
[INFO] [stdout]   13:     0x601dea0a1dab - test[aada8e7e76ba119b]::__rust_begin_short_backtrace::<core[a373ad73a504971]::result::Result<(), alloc[2e1b2a31b91974c5]::string::String>, fn() -> core[a373ad73a504971]::result::Result<(), alloc[2e1b2a31b91974c5]::string::String>>
[INFO] [stdout]   14:     0x601dea0aef85 - test[aada8e7e76ba119b]::run_test::{closure#0}
[INFO] [stdout]   15:     0x601dea0a8874 - std[617be2ca0a6fd877]::sys::backtrace::__rust_begin_short_backtrace::<test[aada8e7e76ba119b]::run_test::{closure#1}, ()>
[INFO] [stdout]   16:     0x601dea0b2012 - <std[617be2ca0a6fd877]::thread::lifecycle::spawn_unchecked<test[aada8e7e76ba119b]::run_test::{closure#1}, ()>::{closure#1} as core[a373ad73a504971]::ops::function::FnOnce<()>>::call_once::{shim:vtable#0}
[INFO] [stdout]   17:     0x601dea119c0f - <std[617be2ca0a6fd877]::sys::thread::unix::Thread>::new::thread_start
[INFO] [stdout]   18:     0x756eddde8dfa - <unknown>
[INFO] [stdout]   19:     0x756edde7c3d4 - clone
[INFO] [stdout]   20:                0x0 - <unknown>
[INFO] [stdout] 
[INFO] [stdout] ---- help_no_input stdout ----
[INFO] [stdout] 
[INFO] [stdout] thread 'help_no_input' (430) panicked at tests/equivalence.rs:78:10:
[INFO] [stdout] cannot find our Rust binary: CargoError { cause: Some(NotFoundError { path: "/opt/rustwide/target/release/build/python-config-rs/6b49a4c55c209d55/out/python3-config" }) }
[INFO] [stdout] stack backtrace:
[INFO] [stdout]    0:     0x601dea11a3b1 - <<std[617be2ca0a6fd877]::sys::backtrace::BacktraceLock>::print::DisplayBacktrace as core[a373ad73a504971]::fmt::Display>::fmt
[INFO] [stdout]    1:     0x601dea12e6aa - core[a373ad73a504971]::fmt::write
[INFO] [stdout]    2:     0x601dea11e6ec - <alloc[2e1b2a31b91974c5]::vec::Vec<u8> as core[a373ad73a504971]::io::write::Write>::write_fmt
[INFO] [stdout]    3:     0x601dea0f6306 - std[617be2ca0a6fd877]::panicking::default_hook::{closure#0}
[INFO] [stdout]    4:     0x601dea112a49 - std[617be2ca0a6fd877]::panicking::default_hook
[INFO] [stdout]    5:     0x601dea0ae960 - test[aada8e7e76ba119b]::test_main_inner::{closure#0}
[INFO] [stdout]    6:     0x601dea112c02 - std[617be2ca0a6fd877]::panicking::panic_with_hook
[INFO] [stdout]    7:     0x601dea0f63b2 - std[617be2ca0a6fd877]::panicking::panic_handler::{closure#0}
[INFO] [stdout]    8:     0x601dea0ef099 - std[617be2ca0a6fd877]::sys::backtrace::__rust_end_short_backtrace::<std[617be2ca0a6fd877]::panicking::panic_handler::{closure#0}, !>
[INFO] [stdout]    9:     0x601dea0f6fbd - __rustc[ea4f61d10b84890b]::rust_begin_unwind
[INFO] [stdout]   10:     0x601dea12eddc - core[a373ad73a504971]::panicking::panic_fmt
[INFO] [stdout]   11:     0x601dea12ebb2 - core[a373ad73a504971]::result::unwrap_failed
[INFO] [stdout]   12:     0x601dea0a0654 - <equivalence[9203ea16c65d9ba0]::help_no_input::{closure#0} as core[a373ad73a504971]::ops::function::FnOnce<()>>::call_once
[INFO] [stdout]   13:     0x601dea0a1dab - test[aada8e7e76ba119b]::__rust_begin_short_backtrace::<core[a373ad73a504971]::result::Result<(), alloc[2e1b2a31b91974c5]::string::String>, fn() -> core[a373ad73a504971]::result::Result<(), alloc[2e1b2a31b91974c5]::string::String>>
[INFO] [stdout]   14:     0x601dea0aef85 - test[aada8e7e76ba119b]::run_test::{closure#0}
[INFO] [stdout]   15:     0x601dea0a8874 - std[617be2ca0a6fd877]::sys::backtrace::__rust_begin_short_backtrace::<test[aada8e7e76ba119b]::run_test::{closure#1}, ()>
[INFO] [stdout]   16:     0x601dea0b2012 - <std[617be2ca0a6fd877]::thread::lifecycle::spawn_unchecked<test[aada8e7e76ba119b]::run_test::{closure#1}, ()>::{closure#1} as core[a373ad73a504971]::ops::function::FnOnce<()>>::call_once::{shim:vtable#0}
[INFO] [stdout]   17:     0x601dea119c0f - <std[617be2ca0a6fd877]::sys::thread::unix::Thread>::new::thread_start
[INFO] [stdout]   18:     0x756eddde8dfa - <unknown>
[INFO] [stdout]   19:     0x756edde7c3d4 - clone
[INFO] [stdout]   20:                0x0 - <unknown>
[INFO] [stdout] 
[INFO] [stdout] ---- prefix stdout ----
[INFO] [stdout] 
[INFO] [stdout] thread 'prefix' (442) panicked at tests/equivalence.rs:140:10:
[INFO] [stdout] cannot find our Rust binary: CargoError { cause: Some(NotFoundError { path: "/opt/rustwide/target/release/build/python-config-rs/6b49a4c55c209d55/out/python3-config" }) }
[INFO] [stdout] stack backtrace:
[INFO] [stdout]    0:     0x601dea11a3b1 - <<std[617be2ca0a6fd877]::sys::backtrace::BacktraceLock>::print::DisplayBacktrace as core[a373ad73a504971]::fmt::Display>::fmt
[INFO] [stdout]    1:     0x601dea12e6aa - core[a373ad73a504971]::fmt::write
[INFO] [stdout]    2:     0x601dea11e6ec - <alloc[2e1b2a31b91974c5]::vec::Vec<u8> as core[a373ad73a504971]::io::write::Write>::write_fmt
[INFO] [stdout]    3:     0x601dea0f6306 - std[617be2ca0a6fd877]::panicking::default_hook::{closure#0}
[INFO] [stdout]    4:     0x601dea112a49 - std[617be2ca0a6fd877]::panicking::default_hook
[INFO] [stdout]    5:     0x601dea0ae960 - test[aada8e7e76ba119b]::test_main_inner::{closure#0}
[INFO] [stdout]    6:     0x601dea112c02 - std[617be2ca0a6fd877]::panicking::panic_with_hook
[INFO] [stdout]    7:     0x601dea0f63b2 - std[617be2ca0a6fd877]::panicking::panic_handler::{closure#0}
[INFO] [stdout]    8:     0x601dea0ef099 - std[617be2ca0a6fd877]::sys::backtrace::__rust_end_short_backtrace::<std[617be2ca0a6fd877]::panicking::panic_handler::{closure#0}, !>
[INFO] [stdout]    9:     0x601dea0f6fbd - __rustc[ea4f61d10b84890b]::rust_begin_unwind
[INFO] [stdout]   10:     0x601dea12eddc - core[a373ad73a504971]::panicking::panic_fmt
[INFO] [stdout]   11:     0x601dea12ebb2 - core[a373ad73a504971]::result::unwrap_failed
[INFO] [stdout]   12:     0x601dea09f668 - equivalence[9203ea16c65d9ba0]::test_outputs_given
[INFO] [stdout]   13:     0x601dea0a08b5 - <equivalence[9203ea16c65d9ba0]::prefix::{closure#0} as core[a373ad73a504971]::ops::function::FnOnce<()>>::call_once
[INFO] [stdout]   14:     0x601dea0a1dab - test[aada8e7e76ba119b]::__rust_begin_short_backtrace::<core[a373ad73a504971]::result::Result<(), alloc[2e1b2a31b91974c5]::string::String>, fn() -> core[a373ad73a504971]::result::Result<(), alloc[2e1b2a31b91974c5]::string::String>>
[INFO] [stdout]   15:     0x601dea0aef85 - test[aada8e7e76ba119b]::run_test::{closure#0}
[INFO] [stdout]   16:     0x601dea0a8874 - std[617be2ca0a6fd877]::sys::backtrace::__rust_begin_short_backtrace::<test[aada8e7e76ba119b]::run_test::{closure#1}, ()>
[INFO] [stdout]   17:     0x601dea0b2012 - <std[617be2ca0a6fd877]::thread::lifecycle::spawn_unchecked<test[aada8e7e76ba119b]::run_test::{closure#1}, ()>::{closure#1} as core[a373ad73a504971]::ops::function::FnOnce<()>>::call_once::{shim:vtable#0}
[INFO] [stdout]   18:     0x601dea119c0f - <std[617be2ca0a6fd877]::sys::thread::unix::Thread>::new::thread_start
[INFO] [stdout]   19:     0x756eddde8dfa - <unknown>
[INFO] [stdout]   20:     0x756edde7c3d4 - clone
[INFO] [stdout]   21:                0x0 - <unknown>
[INFO] [stdout] 
[INFO] [stdout] ---- unknown_flag stdout ----
[INFO] [stdout] 
[INFO] [stdout] thread 'unknown_flag' (443) panicked at tests/equivalence.rs:108:10:
[INFO] [stdout] cannot find our Rust binary: CargoError { cause: Some(NotFoundError { path: "/opt/rustwide/target/release/build/python-config-rs/6b49a4c55c209d55/out/python3-config" }) }
[INFO] [stdout] stack backtrace:
[INFO] [stdout]    0:     0x601dea11a3b1 - <<std[617be2ca0a6fd877]::sys::backtrace::BacktraceLock>::print::DisplayBacktrace as core[a373ad73a504971]::fmt::Display>::fmt
[INFO] [stdout]    1:     0x601dea12e6aa - core[a373ad73a504971]::fmt::write
[INFO] [stdout]    2:     0x601dea11e6ec - <alloc[2e1b2a31b91974c5]::vec::Vec<u8> as core[a373ad73a504971]::io::write::Write>::write_fmt
[INFO] [stdout]    3:     0x601dea0f6306 - std[617be2ca0a6fd877]::panicking::default_hook::{closure#0}
[INFO] [stdout]    4:     0x601dea112a49 - std[617be2ca0a6fd877]::panicking::default_hook
[INFO] [stdout]    5:     0x601dea0ae960 - test[aada8e7e76ba119b]::test_main_inner::{closure#0}
[INFO] [stdout]    6:     0x601dea112c02 - std[617be2ca0a6fd877]::panicking::panic_with_hook
[INFO] [stdout]    7:     0x601dea0f63b2 - std[617be2ca0a6fd877]::panicking::panic_handler::{closure#0}
[INFO] [stdout]    8:     0x601dea0ef099 - std[617be2ca0a6fd877]::sys::backtrace::__rust_end_short_backtrace::<std[617be2ca0a6fd877]::panicking::panic_handler::{closure#0}, !>
[INFO] [stdout]    9:     0x601dea0f6fbd - __rustc[ea4f61d10b84890b]::rust_begin_unwind
[INFO] [stdout]   10:     0x601dea12eddc - core[a373ad73a504971]::panicking::panic_fmt
[INFO] [stdout]   11:     0x601dea12ebb2 - core[a373ad73a504971]::result::unwrap_failed
[INFO] [stdout]   12:     0x601dea09fe78 - <equivalence[9203ea16c65d9ba0]::unknown_flag::{closure#0} as core[a373ad73a504971]::ops::function::FnOnce<()>>::call_once
[INFO] [stdout]   13:     0x601dea0a1dab - test[aada8e7e76ba119b]::__rust_begin_short_backtrace::<core[a373ad73a504971]::result::Result<(), alloc[2e1b2a31b91974c5]::string::String>, fn() -> core[a373ad73a504971]::result::Result<(), alloc[2e1b2a31b91974c5]::string::String>>
[INFO] [stdout]   14:     0x601dea0aef85 - test[aada8e7e76ba119b]::run_test::{closure#0}
[INFO] [stdout]   15:     0x601dea0a8874 - std[617be2ca0a6fd877]::sys::backtrace::__rust_begin_short_backtrace::<test[aada8e7e76ba119b]::run_test::{closure#1}, ()>
[INFO] [stdout]   16:     0x601dea0b2012 - <std[617be2ca0a6fd877]::thread::lifecycle::spawn_unchecked<test[aada8e7e76ba119b]::run_test::{closure#1}, ()>::{closure#1} as core[a373ad73a504971]::ops::function::FnOnce<()>>::call_once::{shim:vtable#0}
[INFO] [stdout]   17:     0x601dea119c0f - <std[617be2ca0a6fd877]::sys::thread::unix::Thread>::new::thread_start
[INFO] [stdout]   18:     0x756eddde8dfa - <unknown>
[INFO] [stdout]   19:     0x756edde7c3d4 - clone
[INFO] [stdout]   20:                0x0 - <unknown>
[INFO] [stdout] 
[INFO] [stdout] ---- ldflags stdout ----
[INFO] [stdout] 
[INFO] [stdout] thread 'ldflags' (440) panicked at tests/equivalence.rs:140:10:
[INFO] [stdout] cannot find our Rust binary: CargoError { cause: Some(NotFoundError { path: "/opt/rustwide/target/release/build/python-config-rs/6b49a4c55c209d55/out/python3-config" }) }
[INFO] [stdout] stack backtrace:
[INFO] [stdout]    0:     0x601dea11a3b1 - <<std[617be2ca0a6fd877]::sys::backtrace::BacktraceLock>::print::DisplayBacktrace as core[a373ad73a504971]::fmt::Display>::fmt
[INFO] [stdout]    1:     0x601dea12e6aa - core[a373ad73a504971]::fmt::write
[INFO] [stdout]    2:     0x601dea11e6ec - <alloc[2e1b2a31b91974c5]::vec::Vec<u8> as core[a373ad73a504971]::io::write::Write>::write_fmt
[INFO] [stdout]    3:     0x601dea0f6306 - std[617be2ca0a6fd877]::panicking::default_hook::{closure#0}
[INFO] [stdout]    4:     0x601dea112a49 - std[617be2ca0a6fd877]::panicking::default_hook
[INFO] [stdout]    5:     0x601dea0ae960 - test[aada8e7e76ba119b]::test_main_inner::{closure#0}
[INFO] [stdout]    6:     0x601dea112c02 - std[617be2ca0a6fd877]::panicking::panic_with_hook
[INFO] [stdout]    7:     0x601dea0f63b2 - std[617be2ca0a6fd877]::panicking::panic_handler::{closure#0}
[INFO] [stdout]    8:     0x601dea0ef099 - std[617be2ca0a6fd877]::sys::backtrace::__rust_end_short_backtrace::<std[617be2ca0a6fd877]::panicking::panic_handler::{closure#0}, !>
[INFO] [stdout]    9:     0x601dea0f6fbd - __rustc[ea4f61d10b84890b]::rust_begin_unwind
[INFO] [stdout]   10:     0x601dea12eddc - core[a373ad73a504971]::panicking::panic_fmt
[INFO] [stdout]   11:     0x601dea12ebb2 - core[a373ad73a504971]::result::unwrap_failed
[INFO] [stdout]   12:     0x601dea09f668 - equivalence[9203ea16c65d9ba0]::test_outputs_given
[INFO] [stdout]   13:     0x601dea0a08e5 - <equivalence[9203ea16c65d9ba0]::ldflags::{closure#0} as core[a373ad73a504971]::ops::function::FnOnce<()>>::call_once
[INFO] [stdout]   14:     0x601dea0a1dab - test[aada8e7e76ba119b]::__rust_begin_short_backtrace::<core[a373ad73a504971]::result::Result<(), alloc[2e1b2a31b91974c5]::string::String>, fn() -> core[a373ad73a504971]::result::Result<(), alloc[2e1b2a31b91974c5]::string::String>>
[INFO] [stdout]   15:     0x601dea0aef85 - test[aada8e7e76ba119b]::run_test::{closure#0}
[INFO] [stdout]   16:     0x601dea0a8874 - std[617be2ca0a6fd877]::sys::backtrace::__rust_begin_short_backtrace::<test[aada8e7e76ba119b]::run_test::{closure#1}, ()>
[INFO] [stdout]   17:     0x601dea0b2012 - <std[617be2ca0a6fd877]::thread::lifecycle::spawn_unchecked<test[aada8e7e76ba119b]::run_test::{closure#1}, ()>::{closure#1} as core[a373ad73a504971]::ops::function::FnOnce<()>>::call_once::{shim:vtable#0}
[INFO] [stdout]   18:     0x601dea119c0f - <std[617be2ca0a6fd877]::sys::thread::unix::Thread>::new::thread_start
[INFO] [stdout]   19:     0x756eddde8dfa - <unknown>
[INFO] [stdout]   20:     0x756edde7c3d4 - clone
[INFO] [stdout]   21:                0x0 - <unknown>
[INFO] [stdout] 
[INFO] [stdout] ---- includes stdout ----
[INFO] [stdout] 
[INFO] [stdout] thread 'includes' (439) panicked at tests/equivalence.rs:140:10:
[INFO] [stdout] cannot find our Rust binary: CargoError { cause: Some(NotFoundError { path: "/opt/rustwide/target/release/build/python-config-rs/6b49a4c55c209d55/out/python3-config" }) }
[INFO] [stdout] stack backtrace:
[INFO] [stdout]    0:     0x601dea11a3b1 - <<std[617be2ca0a6fd877]::sys::backtrace::BacktraceLock>::print::DisplayBacktrace as core[a373ad73a504971]::fmt::Display>::fmt
[INFO] [stdout]    1:     0x601dea12e6aa - core[a373ad73a504971]::fmt::write
[INFO] [stdout]    2:     0x601dea11e6ec - <alloc[2e1b2a31b91974c5]::vec::Vec<u8> as core[a373ad73a504971]::io::write::Write>::write_fmt
[INFO] [stdout]    3:     0x601dea0f6306 - std[617be2ca0a6fd877]::panicking::default_hook::{closure#0}
[INFO] [stdout]    4:     0x601dea112a49 - std[617be2ca0a6fd877]::panicking::default_hook
[INFO] [stdout]    5:     0x601dea0ae960 - test[aada8e7e76ba119b]::test_main_inner::{closure#0}
[INFO] [stdout]    6:     0x601dea112c02 - std[617be2ca0a6fd877]::panicking::panic_with_hook
[INFO] [stdout]    7:     0x601dea0f63b2 - std[617be2ca0a6fd877]::panicking::panic_handler::{closure#0}
[INFO] [stdout]    8:     0x601dea0ef099 - std[617be2ca0a6fd877]::sys::backtrace::__rust_end_short_backtrace::<std[617be2ca0a6fd877]::panicking::panic_handler::{closure#0}, !>
[INFO] [stdout]    9:     0x601dea0f6fbd - __rustc[ea4f61d10b84890b]::rust_begin_unwind
[INFO] [stdout]   10:     0x601dea12eddc - core[a373ad73a504971]::panicking::panic_fmt
[INFO] [stdout]   11:     0x601dea12ebb2 - core[a373ad73a504971]::result::unwrap_failed
[INFO] [stdout]   12:     0x601dea09f668 - equivalence[9203ea16c65d9ba0]::test_outputs_given
[INFO] [stdout]   13:     0x601dea0a0945 - <equivalence[9203ea16c65d9ba0]::includes::{closure#0} as core[a373ad73a504971]::ops::function::FnOnce<()>>::call_once
[INFO] [stdout]   14:     0x601dea0a1dab - test[aada8e7e76ba119b]::__rust_begin_short_backtrace::<core[a373ad73a504971]::result::Result<(), alloc[2e1b2a31b91974c5]::string::String>, fn() -> core[a373ad73a504971]::result::Result<(), alloc[2e1b2a31b91974c5]::string::String>>
[INFO] [stdout]   15:     0x601dea0aef85 - test[aada8e7e76ba119b]::run_test::{closure#0}
[INFO] [stdout]   16:     0x601dea0a8874 - std[617be2ca0a6fd877]::sys::backtrace::__rust_begin_short_backtrace::<test[aada8e7e76ba119b]::run_test::{closure#1}, ()>
[INFO] [stdout]   17:     0x601dea0b2012 - <std[617be2ca0a6fd877]::thread::lifecycle::spawn_unchecked<test[aada8e7e76ba119b]::run_test::{closure#1}, ()>::{closure#1} as core[a373ad73a504971]::ops::function::FnOnce<()>>::call_once::{shim:vtable#0}
[INFO] [stdout]   18:     0x601dea119c0f - <std[617be2ca0a6fd877]::sys::thread::unix::Thread>::new::thread_start
[INFO] [stdout]   19:     0x756eddde8dfa - <unknown>
[INFO] [stdout]   20:     0x756edde7c3d4 - clone
[INFO] [stdout]   21:                0x0 - <unknown>
[INFO] [stdout] 
[INFO] [stdout] ---- libs stdout ----
[INFO] [stdout] 
[INFO] [stdout] thread 'libs' (441) panicked at tests/equivalence.rs:140:10:
[INFO] [stdout] cannot find our Rust binary: CargoError { cause: Some(NotFoundError { path: "/opt/rustwide/target/release/build/python-config-rs/6b49a4c55c209d55/out/python3-config" }) }
[INFO] [stdout] stack backtrace:
[INFO] [stdout]    0:     0x601dea11a3b1 - <<std[617be2ca0a6fd877]::sys::backtrace::BacktraceLock>::print::DisplayBacktrace as core[a373ad73a504971]::fmt::Display>::fmt
[INFO] [stdout]    1:     0x601dea12e6aa - core[a373ad73a504971]::fmt::write
[INFO] [stdout]    2:     0x601dea11e6ec - <alloc[2e1b2a31b91974c5]::vec::Vec<u8> as core[a373ad73a504971]::io::write::Write>::write_fmt
[INFO] [stdout]    3:     0x601dea0f6306 - std[617be2ca0a6fd877]::panicking::default_hook::{closure#0}
[INFO] [stdout]    4:     0x601dea112a49 - std[617be2ca0a6fd877]::panicking::default_hook
[INFO] [stdout]    5:     0x601dea0ae960 - test[aada8e7e76ba119b]::test_main_inner::{closure#0}
[INFO] [stdout]    6:     0x601dea112c02 - std[617be2ca0a6fd877]::panicking::panic_with_hook
[INFO] [stdout]    7:     0x601dea0f63b2 - std[617be2ca0a6fd877]::panicking::panic_handler::{closure#0}
[INFO] [stdout]    8:     0x601dea0ef099 - std[617be2ca0a6fd877]::sys::backtrace::__rust_end_short_backtrace::<std[617be2ca0a6fd877]::panicking::panic_handler::{closure#0}, !>
[INFO] [stdout]    9:     0x601dea0f6fbd - __rustc[ea4f61d10b84890b]::rust_begin_unwind
[INFO] [stdout]   10:     0x601dea12eddc - core[a373ad73a504971]::panicking::panic_fmt
[INFO] [stdout]   11:     0x601dea12ebb2 - core[a373ad73a504971]::result::unwrap_failed
[INFO] [stdout]   12:     0x601dea09f668 - equivalence[9203ea16c65d9ba0]::test_outputs_given
[INFO] [stdout]   13:     0x601dea0a0855 - <equivalence[9203ea16c65d9ba0]::libs::{closure#0} as core[a373ad73a504971]::ops::function::FnOnce<()>>::call_once
[INFO] [stdout]   14:     0x601dea0a1dab - test[aada8e7e76ba119b]::__rust_begin_short_backtrace::<core[a373ad73a504971]::result::Result<(), alloc[2e1b2a31b91974c5]::string::String>, fn() -> core[a373ad73a504971]::result::Result<(), alloc[2e1b2a31b91974c5]::string::String>>
[INFO] [stdout]   15:     0x601dea0aef85 - test[aada8e7e76ba119b]::run_test::{closure#0}
[INFO] [stdout]   16:     0x601dea0a8874 - std[617be2ca0a6fd877]::sys::backtrace::__rust_begin_short_backtrace::<test[aada8e7e76ba119b]::run_test::{closure#1}, ()>
[INFO] [stdout]   17:     0x601dea0b2012 - <std[617be2ca0a6fd877]::thread::lifecycle::spawn_unchecked<test[aada8e7e76ba119b]::run_test::{closure#1}, ()>::{closure#1} as core[a373ad73a504971]::ops::function::FnOnce<()>>::call_once::{shim:vtable#0}
[INFO] [stdout]   18:     0x601dea119c0f - <std[617be2ca0a6fd877]::sys::thread::unix::Thread>::new::thread_start
[INFO] [stdout]   19:     0x756eddde8dfa - <unknown>
[INFO] [stdout]   20:     0x756edde7c3d4 - clone
[INFO] [stdout]   21:                0x0 - <unknown>
[INFO] [stdout] 
[INFO] [stdout] 
[INFO] [stdout] failures:
[INFO] [stdout]     abiflags
[INFO] [stdout]     cflags
[INFO] [stdout]     configdir
[INFO] [stdout]     exec_prefix
[INFO] [stdout]     extension_suffix
[INFO] [stdout]     flag_ordering
[INFO] [stdout]     help_flag
[INFO] [stdout]     help_no_input
[INFO] [stdout]     includes
[INFO] [stdout]     ldflags
[INFO] [stdout]     libs
[INFO] [stdout]     prefix
[INFO] [stdout]     unknown_flag
[INFO] [stdout] 
[INFO] [stdout] test result: FAILED. 0 passed; 13 failed; 0 ignored; 0 measured; 0 filtered out; finished in 0.03s
[INFO] [stdout] 
[INFO] [stderr] error: test failed, to rerun pass `--test equivalence`
[INFO] running `Command { std: "docker" "inspect" "f83943bae9b90b9ab962c209ff07562a96d1bd1174f12a0eaf0ab162394fcc6f", kill_on_drop: false }`
[INFO] running `Command { std: "docker" "rm" "-f" "f83943bae9b90b9ab962c209ff07562a96d1bd1174f12a0eaf0ab162394fcc6f", kill_on_drop: false }`
[INFO] [stdout] f83943bae9b90b9ab962c209ff07562a96d1bd1174f12a0eaf0ab162394fcc6f
