[INFO] fetching crate pyth-sdk-2 0.9.0...
[INFO] testing pyth-sdk-2-0.9.0 against 1.99.0-beta.8+cargoflags=--release for beta-release-1.100-2
[INFO] extracting crate pyth-sdk-2 0.9.0 into /workspace/builds/worker-7-tc1/source
[INFO] started tweaking crates.io crate pyth-sdk-2 0.9.0
[INFO] removed 0 missing examples
[INFO] finished tweaking crates.io crate pyth-sdk-2 0.9.0
[INFO] tweaked toml for crates.io crate pyth-sdk-2 0.9.0 written to /workspace/builds/worker-7-tc1/source/Cargo.toml
[INFO] validating manifest of crates.io crate pyth-sdk-2 0.9.0 on toolchain 1.99.0-beta.8
[INFO] running `Command { std: CARGO_HOME="/workspace/cargo-home" RUSTUP_HOME="/workspace/rustup-home" "/workspace/cargo-home/bin/cargo" "+1.99.0-beta.8" "metadata" "--manifest-path" "Cargo.toml" "--no-deps", kill_on_drop: false }`
[INFO] crate crates.io crate pyth-sdk-2 0.9.0 already has a lockfile, it will not be regenerated
[INFO] running `Command { std: CARGO_HOME="/workspace/cargo-home" RUSTUP_HOME="/workspace/rustup-home" "/workspace/cargo-home/bin/cargo" "+1.99.0-beta.8" "fetch" "--manifest-path" "Cargo.toml", kill_on_drop: false }`
[INFO] [stderr]  Downloading crates ...
[INFO] [stderr]   Downloaded quickcheck_macros v1.0.0
[INFO] [stderr]   Downloaded borsh-derive v1.7.0
[INFO] [stderr]   Downloaded schemars v0.8.21
[INFO] [stderr]   Downloaded quickcheck v1.0.3
[INFO] [stderr]   Downloaded schemars_derive v0.8.21
[INFO] [stderr]   Downloaded borsh v1.7.0
[INFO] running `Command { std: "docker" "create" "-v" "/var/lib/crater-agent-workspace/builds/worker-7-tc1/source:/opt/rustwide/workdir:ro,Z" "-v" "/var/lib/crater-agent-workspace/builds/worker-7-tc1/target:/opt/rustwide/target:rw,Z" "-v" "/var/lib/crater-agent-workspace/cargo-home:/opt/rustwide/cargo-home:ro,Z" "-v" "/var/lib/crater-agent-workspace/rustup-home:/opt/rustwide/rustup-home:ro,Z" "-m" "1610612736" "--network" "none" "ghcr.io/rust-lang/crates-build-env/linux@sha256:77db811e55d90add9212f6832c23229e3de5f1c1f9905e8cb07319ea15df73ac" "sleep" "infinity", kill_on_drop: false }`
[INFO] [stdout] 4ec2acc6f1aef2f3ea80eff4592bc64c43f27d111044a9b3bb7766eb50a47f5f
[INFO] running `Command { std: "docker" "start" "4ec2acc6f1aef2f3ea80eff4592bc64c43f27d111044a9b3bb7766eb50a47f5f", kill_on_drop: false }`
[INFO] running `Command { std: "docker" "inspect" "4ec2acc6f1aef2f3ea80eff4592bc64c43f27d111044a9b3bb7766eb50a47f5f", kill_on_drop: false }`
[INFO] running `Command { std: "docker" "exec" "-e" "SOURCE_DIR=/opt/rustwide/workdir" "-e" "CARGO_HOME=/opt/rustwide/cargo-home" "-e" "RUSTUP_HOME=/opt/rustwide/rustup-home" "-e" "CARGO_TARGET_DIR=/opt/rustwide/target" "-w" "/opt/rustwide/workdir" "--user" "0:0" "4ec2acc6f1aef2f3ea80eff4592bc64c43f27d111044a9b3bb7766eb50a47f5f" "/opt/rustwide/cargo-home/bin/cargo" "+1.99.0-beta.8" "metadata" "--no-deps" "--format-version=1", kill_on_drop: false }`
[INFO] running `Command { std: "docker" "inspect" "4ec2acc6f1aef2f3ea80eff4592bc64c43f27d111044a9b3bb7766eb50a47f5f", kill_on_drop: false }`
[INFO] running `Command { std: "docker" "exec" "-e" "SOURCE_DIR=/opt/rustwide/workdir" "-e" "CARGO_HOME=/opt/rustwide/cargo-home" "-e" "RUSTUP_HOME=/opt/rustwide/rustup-home" "-e" "CARGO_TARGET_DIR=/opt/rustwide/target" "-e" "CARGO_INCREMENTAL=0" "-e" "RUST_BACKTRACE=full" "-e" "RUSTFLAGS=--cap-lints=warn" "-e" "RUSTDOCFLAGS=--cap-lints=warn" "-w" "/opt/rustwide/workdir" "--user" "0:0" "4ec2acc6f1aef2f3ea80eff4592bc64c43f27d111044a9b3bb7766eb50a47f5f" "/opt/rustwide/cargo-home/bin/cargo" "+1.99.0-beta.8" "build" "--frozen" "--message-format=json" "--release", kill_on_drop: false }`
[INFO] [stderr]    Compiling proc-macro2 v1.0.106
[INFO] [stderr]    Compiling indexmap v2.14.0
[INFO] [stderr]    Compiling borsh v1.7.0
[INFO] [stderr]    Compiling schemars v0.8.21
[INFO] [stderr]    Compiling serde_json v1.0.150
[INFO] [stderr]    Compiling dyn-clone v1.0.17
[INFO] [stderr]    Compiling getrandom v0.2.15
[INFO] [stderr]    Compiling quote v1.0.46
[INFO] [stderr]    Compiling syn v2.0.119
[INFO] [stderr]    Compiling toml_edit v0.21.1
[INFO] [stderr]    Compiling proc-macro-crate v3.1.0
[INFO] [stderr]    Compiling serde_derive_internals v0.29.1
[INFO] [stderr]    Compiling serde_derive v1.0.228
[INFO] [stderr]    Compiling borsh-derive v1.7.0
[INFO] [stderr]    Compiling schemars_derive v0.8.21
[INFO] [stderr]    Compiling serde v1.0.228
[INFO] [stderr]    Compiling hex v0.4.3
[INFO] [stderr]    Compiling pyth-sdk-2 v0.9.0 (/opt/rustwide/workdir)
[INFO] [stderr]     Finished `release` profile [optimized] target(s) in 28.29s
[INFO] running `Command { std: "docker" "inspect" "4ec2acc6f1aef2f3ea80eff4592bc64c43f27d111044a9b3bb7766eb50a47f5f", kill_on_drop: false }`
[INFO] running `Command { std: "docker" "exec" "-e" "SOURCE_DIR=/opt/rustwide/workdir" "-e" "CARGO_HOME=/opt/rustwide/cargo-home" "-e" "RUSTUP_HOME=/opt/rustwide/rustup-home" "-e" "CARGO_TARGET_DIR=/opt/rustwide/target" "-e" "CARGO_INCREMENTAL=0" "-e" "RUST_BACKTRACE=full" "-e" "RUSTFLAGS=--cap-lints=warn" "-e" "RUSTDOCFLAGS=--cap-lints=warn" "-w" "/opt/rustwide/workdir" "--user" "0:0" "4ec2acc6f1aef2f3ea80eff4592bc64c43f27d111044a9b3bb7766eb50a47f5f" "/opt/rustwide/cargo-home/bin/cargo" "+1.99.0-beta.8" "test" "--frozen" "--no-run" "--message-format=json" "--release", kill_on_drop: false }`
[INFO] [stderr]    Compiling aho-corasick v1.1.3
[INFO] [stderr]    Compiling rand_core v0.6.4
[INFO] [stderr]    Compiling syn v1.0.109
[INFO] [stderr]    Compiling rand v0.8.5
[INFO] [stderr]    Compiling regex-automata v0.4.16
[INFO] [stderr]    Compiling quickcheck_macros v1.0.0
[INFO] [stderr]    Compiling regex v1.13.1
[INFO] [stderr]    Compiling env_logger v0.8.4
[INFO] [stderr]    Compiling quickcheck v1.0.3
[INFO] [stderr]    Compiling pyth-sdk-2 v0.9.0 (/opt/rustwide/workdir)
[INFO] [stderr]     Finished `release` profile [optimized] target(s) in 35.85s
[INFO] running `Command { std: "docker" "inspect" "4ec2acc6f1aef2f3ea80eff4592bc64c43f27d111044a9b3bb7766eb50a47f5f", kill_on_drop: false }`
[INFO] running `Command { std: "docker" "exec" "-e" "SOURCE_DIR=/opt/rustwide/workdir" "-e" "CARGO_HOME=/opt/rustwide/cargo-home" "-e" "RUSTUP_HOME=/opt/rustwide/rustup-home" "-e" "CARGO_TARGET_DIR=/opt/rustwide/target" "-e" "CARGO_INCREMENTAL=0" "-e" "RUST_BACKTRACE=full" "-e" "RUSTFLAGS=--cap-lints=warn" "-e" "RUSTDOCFLAGS=--cap-lints=warn" "-w" "/opt/rustwide/workdir" "--user" "0:0" "4ec2acc6f1aef2f3ea80eff4592bc64c43f27d111044a9b3bb7766eb50a47f5f" "/opt/rustwide/cargo-home/bin/cargo" "+1.99.0-beta.8" "test" "--frozen" "--release", kill_on_drop: false }`
[INFO] [stderr]     Finished `release` profile [optimized] target(s) in 0.12s
[INFO] [stderr]      Running unittests src/lib.rs (/opt/rustwide/target/release/deps/pyth_sdk_2-ebece595b6876960)
[INFO] [stdout] 
[INFO] [stdout] running 19 tests
[INFO] [stdout] test price::test::test_mul ... ok
[INFO] [stdout] test price::test::test_normalize ... ok
[INFO] [stdout] test price::test::test_get_collateral_valuation_price ... ok
[INFO] [stdout] test price::test::test_affine_combination ... ok
[INFO] [stdout] test price::test::test_div ... ok
[INFO] [stdout] test test::test_deser_large_number ... ok
[INFO] [stdout] test test::test_identifier_debug_fmt ... ok
[INFO] [stdout] test price::test::test_get_borrow_valuation_price ... ok
[INFO] [stdout] test price::test::test_scale_to_exponent ... ok
[INFO] [stdout] test test::test_deser_invalid_id_length_fails ... ok
[INFO] [stdout] test test::test_identifier_display_fmt ... ok
[INFO] [stdout] test price::test::quickcheck_affine_combination_normalize_fractions ... ok
[INFO] [stdout] test price::test::test_fraction ... ok
[INFO] [stdout] test price::test::quickcheck_affine_combination_normalize_prices ... ok
[INFO] [stdout] test test::test_ser_then_deser_default ... ok
[INFO] [stdout] test test::test_identifier_from_hex_invalid_err ... ok
[INFO] [stdout] test test::test_ser_id_length_32_bytes ... ok
[INFO] [stdout] test test::test_ser_large_number ... ok
[INFO] [stdout] test test::test_identifier_from_hex_ok ... ok
[INFO] [stdout] 
[INFO] [stdout] test result: ok. 19 passed; 0 failed; 0 ignored; 0 measured; 0 filtered out; finished in 0.01s
[INFO] [stdout] 
[INFO] [stderr]    Doc-tests pyth_sdk_2
[INFO] [stdout] 
[INFO] [stdout] running 3 tests
[INFO] [stdout] test src/price.rs - price::Price::get_price_in_quote (line 83) ... ignored
[INFO] [stdout] test src/price.rs - price::Price::price_basket (line 359) ... ignored
[INFO] [stderr] error: doctest failed, to rerun pass `--doc`
[INFO] [stdout] test src/price.rs - price::Price (line 30) ... FAILED
[INFO] [stdout] 
[INFO] [stdout] failures:
[INFO] [stdout] 
[INFO] [stdout] ---- src/price.rs - price::Price (line 30) stdout ----
[INFO] [stdout] error[E0432]: unresolved import `pyth_sdk`
[INFO] [stdout]   --> src/price.rs:31:5
[INFO] [stdout]    |
[INFO] [stdout] 31 | use pyth_sdk::Price;
[INFO] [stdout]    |     ^^^^^^^^ use of unresolved module or unlinked crate `pyth_sdk`
[INFO] [stdout]    |
[INFO] [stdout] help: there is a crate or module with a similar name
[INFO] [stdout]    |
[INFO] [stdout] 31 | use pyth_sdk_2::Price;
[INFO] [stdout]    |             ++
[INFO] [stdout] 
[INFO] [stdout] error: aborting due to 1 previous error
[INFO] [stdout] 
[INFO] [stdout] For more information about this error, try `rustc --explain E0432`.
[INFO] [stdout] Couldn't compile the test.
[INFO] [stdout] 
[INFO] [stdout] failures:
[INFO] [stdout]     src/price.rs - price::Price (line 30)
[INFO] [stdout] 
[INFO] [stdout] test result: FAILED. 0 passed; 1 failed; 2 ignored; 0 measured; 0 filtered out; finished in 0.10s
[INFO] [stdout] 
[INFO] running `Command { std: "docker" "inspect" "4ec2acc6f1aef2f3ea80eff4592bc64c43f27d111044a9b3bb7766eb50a47f5f", kill_on_drop: false }`
[INFO] running `Command { std: "docker" "rm" "-f" "4ec2acc6f1aef2f3ea80eff4592bc64c43f27d111044a9b3bb7766eb50a47f5f", kill_on_drop: false }`
[INFO] [stdout] 4ec2acc6f1aef2f3ea80eff4592bc64c43f27d111044a9b3bb7766eb50a47f5f
