[INFO] fetching crate pystse-safetensors 0.0.1...
[INFO] testing pystse-safetensors-0.0.1 against 1.100.0-beta.1+cargoflags=--release for beta-release-1.100-2
[INFO] extracting crate pystse-safetensors 0.0.1 into /workspace/builds/worker-1-tc2/source
[INFO] started tweaking crates.io crate pystse-safetensors 0.0.1
[INFO] finished tweaking crates.io crate pystse-safetensors 0.0.1
[INFO] tweaked toml for crates.io crate pystse-safetensors 0.0.1 written to /workspace/builds/worker-1-tc2/source/Cargo.toml
[INFO] validating manifest of crates.io crate pystse-safetensors 0.0.1 on toolchain 1.100.0-beta.1
[INFO] running `Command { std: CARGO_HOME="/workspace/cargo-home" RUSTUP_HOME="/workspace/rustup-home" "/workspace/cargo-home/bin/cargo" "+1.100.0-beta.1" "metadata" "--manifest-path" "Cargo.toml" "--no-deps", kill_on_drop: false }`
[INFO] running `Command { std: CARGO_HOME="/workspace/cargo-home" RUSTUP_HOME="/workspace/rustup-home" "/workspace/cargo-home/bin/cargo" "+1.100.0-beta.1" "generate-lockfile" "--manifest-path" "Cargo.toml", kill_on_drop: false }`
[INFO] [stderr]     Updating crates.io index
[INFO] [stderr]      Locking 110 packages to highest compatible versions
[INFO] [stderr]       Adding criterion v0.4.0 (available: v0.8.2)
[INFO] [stderr]       Adding memmap2 v0.5.10 (available: v0.9.11)
[INFO] running `Command { std: CARGO_HOME="/workspace/cargo-home" RUSTUP_HOME="/workspace/rustup-home" "/workspace/cargo-home/bin/cargo" "+1.100.0-beta.1" "fetch" "--manifest-path" "Cargo.toml", kill_on_drop: false }`
[INFO] [stderr] warning: `package.homepage` is redundant with `package.repository`
[INFO] [stderr]   --> Cargo.toml:36:12
[INFO] [stderr]    |
[INFO] [stderr] 36 | homepage = "https://gitee.com/xiatian0716/safetensors"
[INFO] [stderr]    |            ^^^^^^^^^^^^^^^^^^^^^^^^^^^^^^^^^^^^^^^^^^^
[INFO] [stderr] ...
[INFO] [stderr] 41 | repository = "https://gitee.com/xiatian0716/safetensors"
[INFO] [stderr]    |              -------------------------------------------
[INFO] [stderr]    |
[INFO] [stderr]    = note: `cargo::redundant_homepage` is set to `warn` by default
[INFO] [stderr] help: consider removing `package.homepage`
[INFO] [stderr] warning: `pystse-safetensors` (manifest) generated 1 warning
[INFO] running `Command { std: "docker" "create" "-v" "/var/lib/crater-agent-workspace/builds/worker-1-tc2/source:/opt/rustwide/workdir:ro,Z" "-v" "/var/lib/crater-agent-workspace/builds/worker-1-tc2/target:/opt/rustwide/target:rw,Z" "-v" "/var/lib/crater-agent-workspace/cargo-home:/opt/rustwide/cargo-home:ro,Z" "-v" "/var/lib/crater-agent-workspace/rustup-home:/opt/rustwide/rustup-home:ro,Z" "-m" "1610612736" "--network" "none" "ghcr.io/rust-lang/crates-build-env/linux@sha256:77db811e55d90add9212f6832c23229e3de5f1c1f9905e8cb07319ea15df73ac" "sleep" "infinity", kill_on_drop: false }`
[INFO] [stdout] 1d51a0669c4215a69fe5ea7ad0444dd1ed97b6ff4fcb8cddff3c937b57018ac6
[INFO] running `Command { std: "docker" "start" "1d51a0669c4215a69fe5ea7ad0444dd1ed97b6ff4fcb8cddff3c937b57018ac6", kill_on_drop: false }`
[INFO] running `Command { std: "docker" "inspect" "1d51a0669c4215a69fe5ea7ad0444dd1ed97b6ff4fcb8cddff3c937b57018ac6", kill_on_drop: false }`
[INFO] running `Command { std: "docker" "exec" "-e" "SOURCE_DIR=/opt/rustwide/workdir" "-e" "CARGO_HOME=/opt/rustwide/cargo-home" "-e" "RUSTUP_HOME=/opt/rustwide/rustup-home" "-e" "CARGO_TARGET_DIR=/opt/rustwide/target" "-w" "/opt/rustwide/workdir" "--user" "0:0" "1d51a0669c4215a69fe5ea7ad0444dd1ed97b6ff4fcb8cddff3c937b57018ac6" "/opt/rustwide/cargo-home/bin/cargo" "+1.100.0-beta.1" "metadata" "--no-deps" "--format-version=1", kill_on_drop: false }`
[INFO] running `Command { std: "docker" "inspect" "1d51a0669c4215a69fe5ea7ad0444dd1ed97b6ff4fcb8cddff3c937b57018ac6", kill_on_drop: false }`
[INFO] running `Command { std: "docker" "exec" "-e" "SOURCE_DIR=/opt/rustwide/workdir" "-e" "CARGO_HOME=/opt/rustwide/cargo-home" "-e" "RUSTUP_HOME=/opt/rustwide/rustup-home" "-e" "CARGO_TARGET_DIR=/opt/rustwide/target" "-e" "CARGO_INCREMENTAL=0" "-e" "RUST_BACKTRACE=full" "-e" "RUSTFLAGS=--cap-lints=warn" "-e" "RUSTDOCFLAGS=--cap-lints=warn" "-w" "/opt/rustwide/workdir" "--user" "0:0" "1d51a0669c4215a69fe5ea7ad0444dd1ed97b6ff4fcb8cddff3c937b57018ac6" "/opt/rustwide/cargo-home/bin/cargo" "+1.100.0-beta.1" "build" "--frozen" "--message-format=json" "--release", kill_on_drop: false }`
[INFO] [stderr] warning: `package.homepage` is redundant with `package.repository`
[INFO] [stderr]   --> Cargo.toml:36:12
[INFO] [stderr]    |
[INFO] [stderr] 36 | homepage = "https://gitee.com/xiatian0716/safetensors"
[INFO] [stderr]    |            ^^^^^^^^^^^^^^^^^^^^^^^^^^^^^^^^^^^^^^^^^^^
[INFO] [stderr] ...
[INFO] [stderr] 41 | repository = "https://gitee.com/xiatian0716/safetensors"
[INFO] [stderr]    |              -------------------------------------------
[INFO] [stderr]    |
[INFO] [stderr]    = note: `cargo::redundant_homepage` is set to `warn` by default
[INFO] [stderr] help: consider removing `package.homepage`
[INFO] [stderr] warning: `pystse-safetensors` (manifest) generated 1 warning
[INFO] [stderr]    Compiling serde_json v1.0.154
[INFO] [stderr]    Compiling pystse-safetensors v0.0.1 (/opt/rustwide/workdir)
[INFO] [stdout] warning: unnecessary parentheses around closure body
[INFO] [stdout]    --> src/slice.rs:337:34
[INFO] [stdout]     |
[INFO] [stdout] 337 |             .map(|(start, stop)| (stop - start))
[INFO] [stdout]     |                                  ^            ^
[INFO] [stdout]     |
[INFO] [stdout]     = note: `#[warn(unused_parens)]` (part of `#[warn(unused)]`) on by default
[INFO] [stdout] help: remove these parentheses
[INFO] [stdout]     |
[INFO] [stdout] 337 -             .map(|(start, stop)| (stop - start))
[INFO] [stdout] 337 +             .map(|(start, stop)| stop - start)
[INFO] [stdout]     |
[INFO] [stdout] 
[INFO] [stdout] 
[INFO] [stdout] warning: hiding a lifetime that's elided elsewhere is confusing
[INFO] [stdout]    --> src/tensor.rs:163:13
[INFO] [stdout]     |
[INFO] [stdout] 163 |     fn data(&self) -> Cow<[u8]>;
[INFO] [stdout]     |             ^^^^^     ^^^^^^^^^ the same lifetime is hidden here
[INFO] [stdout]     |             |
[INFO] [stdout]     |             the lifetime is elided here
[INFO] [stdout]     |
[INFO] [stdout]     = help: the same lifetime is referred to in inconsistent ways, making the signature confusing
[INFO] [stdout]     = note: `#[warn(mismatched_lifetime_syntaxes)]` on by default
[INFO] [stdout] help: use `'_` for type paths
[INFO] [stdout]     |
[INFO] [stdout] 163 |     fn data(&self) -> Cow<'_, [u8]>;
[INFO] [stdout]     |                           +++
[INFO] [stdout] 
[INFO] [stdout] 
[INFO] [stdout] warning: hiding a lifetime that's elided elsewhere is confusing
[INFO] [stdout]    --> src/tensor.rs:558:13
[INFO] [stdout]     |
[INFO] [stdout] 558 |     fn data(&self) -> Cow<[u8]> {
[INFO] [stdout]     |             ^^^^^     ^^^^^^^^^ the same lifetime is hidden here
[INFO] [stdout]     |             |
[INFO] [stdout]     |             the lifetime is elided here
[INFO] [stdout]     |
[INFO] [stdout]     = help: the same lifetime is referred to in inconsistent ways, making the signature confusing
[INFO] [stdout] help: use `'_` for type paths
[INFO] [stdout]     |
[INFO] [stdout] 558 |     fn data(&self) -> Cow<'_, [u8]> {
[INFO] [stdout]     |                           +++
[INFO] [stdout] 
[INFO] [stdout] 
[INFO] [stdout] warning: hiding a lifetime that's elided elsewhere is confusing
[INFO] [stdout]    --> src/tensor.rs:576:13
[INFO] [stdout]     |
[INFO] [stdout] 576 |     fn data(&self) -> Cow<[u8]> {
[INFO] [stdout]     |             ^^^^^     ^^^^^^^^^ the same lifetime is hidden here
[INFO] [stdout]     |             |
[INFO] [stdout]     |             the lifetime is elided here
[INFO] [stdout]     |
[INFO] [stdout]     = help: the same lifetime is referred to in inconsistent ways, making the signature confusing
[INFO] [stdout] help: use `'_` for type paths
[INFO] [stdout]     |
[INFO] [stdout] 576 |     fn data(&self) -> Cow<'_, [u8]> {
[INFO] [stdout]     |                           +++
[INFO] [stdout] 
[INFO] [stdout] 
[INFO] [stderr]     Finished `release` profile [optimized] target(s) in 3.39s
[INFO] running `Command { std: "docker" "inspect" "1d51a0669c4215a69fe5ea7ad0444dd1ed97b6ff4fcb8cddff3c937b57018ac6", kill_on_drop: false }`
[INFO] running `Command { std: "docker" "exec" "-e" "SOURCE_DIR=/opt/rustwide/workdir" "-e" "CARGO_HOME=/opt/rustwide/cargo-home" "-e" "RUSTUP_HOME=/opt/rustwide/rustup-home" "-e" "CARGO_TARGET_DIR=/opt/rustwide/target" "-e" "CARGO_INCREMENTAL=0" "-e" "RUST_BACKTRACE=full" "-e" "RUSTFLAGS=--cap-lints=warn" "-e" "RUSTDOCFLAGS=--cap-lints=warn" "-w" "/opt/rustwide/workdir" "--user" "0:0" "1d51a0669c4215a69fe5ea7ad0444dd1ed97b6ff4fcb8cddff3c937b57018ac6" "/opt/rustwide/cargo-home/bin/cargo" "+1.100.0-beta.1" "test" "--frozen" "--no-run" "--message-format=json" "--release", kill_on_drop: false }`
[INFO] [stderr] warning: `package.homepage` is redundant with `package.repository`
[INFO] [stderr]   --> Cargo.toml:36:12
[INFO] [stderr]    |
[INFO] [stderr] 36 | homepage = "https://gitee.com/xiatian0716/safetensors"
[INFO] [stderr]    |            ^^^^^^^^^^^^^^^^^^^^^^^^^^^^^^^^^^^^^^^^^^^
[INFO] [stderr] ...
[INFO] [stderr] 41 | repository = "https://gitee.com/xiatian0716/safetensors"
[INFO] [stderr]    |              -------------------------------------------
[INFO] [stderr]    |
[INFO] [stderr]    = note: `cargo::redundant_homepage` is set to `warn` by default
[INFO] [stderr] help: consider removing `package.homepage`
[INFO] [stderr] warning: `pystse-safetensors` (manifest) generated 1 warning
[INFO] [stderr]    Compiling zerocopy v0.8.63
[INFO] [stderr]    Compiling num-traits v0.2.19
[INFO] [stderr]    Compiling indexmap v1.9.3
[INFO] [stderr]    Compiling syn v2.0.119
[INFO] [stderr]    Compiling syn v3.0.9
[INFO] [stderr]    Compiling getrandom v0.4.3
[INFO] [stderr]    Compiling serde_json v1.0.154
[INFO] [stderr]    Compiling os_str_bytes v6.6.1
[INFO] [stderr]    Compiling wait-timeout v0.2.1
[INFO] [stderr]    Compiling itertools v0.10.5
[INFO] [stderr]    Compiling regex-automata v0.4.18
[INFO] [stderr]    Compiling bit-vec v0.10.1
[INFO] [stderr]    Compiling textwrap v0.16.4
[INFO] [stderr]    Compiling atty v0.2.14
[INFO] [stderr]    Compiling memmap2 v0.5.10
[INFO] [stderr]    Compiling tempfile v3.27.0
[INFO] [stderr]    Compiling rand v0.10.3
[INFO] [stderr]    Compiling clap_lex v0.2.4
[INFO] [stderr]    Compiling rusty-fork v0.3.1
[INFO] [stderr]    Compiling bit-set v0.11.1
[INFO] [stderr]    Compiling clap v3.2.25
[INFO] [stderr]    Compiling plotters v0.3.7
[INFO] [stderr]    Compiling proptest v1.12.0
[INFO] [stderr]    Compiling criterion-plot v0.5.0
[INFO] [stderr]    Compiling regex v1.13.1
[INFO] [stderr]    Compiling serde_derive v1.0.229
[INFO] [stderr]    Compiling zerocopy-derive v0.8.63
[INFO] [stderr]    Compiling serde v1.0.229
[INFO] [stderr]    Compiling tinytemplate v1.2.1
[INFO] [stderr]    Compiling pystse-safetensors v0.0.1 (/opt/rustwide/workdir)
[INFO] [stdout] warning: unnecessary parentheses around closure body
[INFO] [stdout]    --> src/slice.rs:337:34
[INFO] [stdout]     |
[INFO] [stdout] 337 |             .map(|(start, stop)| (stop - start))
[INFO] [stdout]     |                                  ^            ^
[INFO] [stdout]     |
[INFO] [stdout]     = note: `#[warn(unused_parens)]` (part of `#[warn(unused)]`) on by default
[INFO] [stdout] help: remove these parentheses
[INFO] [stdout]     |
[INFO] [stdout] 337 -             .map(|(start, stop)| (stop - start))
[INFO] [stdout] 337 +             .map(|(start, stop)| stop - start)
[INFO] [stdout]     |
[INFO] [stdout] 
[INFO] [stdout] 
[INFO] [stdout] warning: hiding a lifetime that's elided elsewhere is confusing
[INFO] [stdout]    --> src/tensor.rs:163:13
[INFO] [stdout]     |
[INFO] [stdout] 163 |     fn data(&self) -> Cow<[u8]>;
[INFO] [stdout]     |             ^^^^^     ^^^^^^^^^ the same lifetime is hidden here
[INFO] [stdout]     |             |
[INFO] [stdout]     |             the lifetime is elided here
[INFO] [stdout]     |
[INFO] [stdout]     = help: the same lifetime is referred to in inconsistent ways, making the signature confusing
[INFO] [stdout]     = note: `#[warn(mismatched_lifetime_syntaxes)]` on by default
[INFO] [stdout] help: use `'_` for type paths
[INFO] [stdout]     |
[INFO] [stdout] 163 |     fn data(&self) -> Cow<'_, [u8]>;
[INFO] [stdout]     |                           +++
[INFO] [stdout] 
[INFO] [stdout] 
[INFO] [stdout] warning: hiding a lifetime that's elided elsewhere is confusing
[INFO] [stdout]    --> src/tensor.rs:558:13
[INFO] [stdout]     |
[INFO] [stdout] 558 |     fn data(&self) -> Cow<[u8]> {
[INFO] [stdout]     |             ^^^^^     ^^^^^^^^^ the same lifetime is hidden here
[INFO] [stdout]     |             |
[INFO] [stdout]     |             the lifetime is elided here
[INFO] [stdout]     |
[INFO] [stdout]     = help: the same lifetime is referred to in inconsistent ways, making the signature confusing
[INFO] [stdout] help: use `'_` for type paths
[INFO] [stdout]     |
[INFO] [stdout] 558 |     fn data(&self) -> Cow<'_, [u8]> {
[INFO] [stdout]     |                           +++
[INFO] [stdout] 
[INFO] [stdout] 
[INFO] [stdout] warning: hiding a lifetime that's elided elsewhere is confusing
[INFO] [stdout]    --> src/tensor.rs:576:13
[INFO] [stdout]     |
[INFO] [stdout] 576 |     fn data(&self) -> Cow<[u8]> {
[INFO] [stdout]     |             ^^^^^     ^^^^^^^^^ the same lifetime is hidden here
[INFO] [stdout]     |             |
[INFO] [stdout]     |             the lifetime is elided here
[INFO] [stdout]     |
[INFO] [stdout]     = help: the same lifetime is referred to in inconsistent ways, making the signature confusing
[INFO] [stdout] help: use `'_` for type paths
[INFO] [stdout]     |
[INFO] [stdout] 576 |     fn data(&self) -> Cow<'_, [u8]> {
[INFO] [stdout]     |                           +++
[INFO] [stdout] 
[INFO] [stdout] 
[INFO] [stderr]    Compiling half v2.7.1
[INFO] [stderr]    Compiling ciborium-ll v0.2.2
[INFO] [stderr]    Compiling ciborium v0.2.2
[INFO] [stderr]    Compiling criterion v0.4.0
[INFO] [stdout] warning: unnecessary parentheses around closure body
[INFO] [stdout]    --> src/slice.rs:337:34
[INFO] [stdout]     |
[INFO] [stdout] 337 |             .map(|(start, stop)| (stop - start))
[INFO] [stdout]     |                                  ^            ^
[INFO] [stdout]     |
[INFO] [stdout]     = note: `#[warn(unused_parens)]` (part of `#[warn(unused)]`) on by default
[INFO] [stdout] help: remove these parentheses
[INFO] [stdout]     |
[INFO] [stdout] 337 -             .map(|(start, stop)| (stop - start))
[INFO] [stdout] 337 +             .map(|(start, stop)| stop - start)
[INFO] [stdout]     |
[INFO] [stdout] 
[INFO] [stdout] 
[INFO] [stdout] warning: hiding a lifetime that's elided elsewhere is confusing
[INFO] [stdout]    --> src/tensor.rs:163:13
[INFO] [stdout]     |
[INFO] [stdout] 163 |     fn data(&self) -> Cow<[u8]>;
[INFO] [stdout]     |             ^^^^^     ^^^^^^^^^ the same lifetime is hidden here
[INFO] [stdout]     |             |
[INFO] [stdout]     |             the lifetime is elided here
[INFO] [stdout]     |
[INFO] [stdout]     = help: the same lifetime is referred to in inconsistent ways, making the signature confusing
[INFO] [stdout]     = note: `#[warn(mismatched_lifetime_syntaxes)]` on by default
[INFO] [stdout] help: use `'_` for type paths
[INFO] [stdout]     |
[INFO] [stdout] 163 |     fn data(&self) -> Cow<'_, [u8]>;
[INFO] [stdout]     |                           +++
[INFO] [stdout] 
[INFO] [stdout] 
[INFO] [stdout] warning: hiding a lifetime that's elided elsewhere is confusing
[INFO] [stdout]    --> src/tensor.rs:558:13
[INFO] [stdout]     |
[INFO] [stdout] 558 |     fn data(&self) -> Cow<[u8]> {
[INFO] [stdout]     |             ^^^^^     ^^^^^^^^^ the same lifetime is hidden here
[INFO] [stdout]     |             |
[INFO] [stdout]     |             the lifetime is elided here
[INFO] [stdout]     |
[INFO] [stdout]     = help: the same lifetime is referred to in inconsistent ways, making the signature confusing
[INFO] [stdout] help: use `'_` for type paths
[INFO] [stdout]     |
[INFO] [stdout] 558 |     fn data(&self) -> Cow<'_, [u8]> {
[INFO] [stdout]     |                           +++
[INFO] [stdout] 
[INFO] [stdout] 
[INFO] [stdout] warning: hiding a lifetime that's elided elsewhere is confusing
[INFO] [stdout]    --> src/tensor.rs:576:13
[INFO] [stdout]     |
[INFO] [stdout] 576 |     fn data(&self) -> Cow<[u8]> {
[INFO] [stdout]     |             ^^^^^     ^^^^^^^^^ the same lifetime is hidden here
[INFO] [stdout]     |             |
[INFO] [stdout]     |             the lifetime is elided here
[INFO] [stdout]     |
[INFO] [stdout]     = help: the same lifetime is referred to in inconsistent ways, making the signature confusing
[INFO] [stdout] help: use `'_` for type paths
[INFO] [stdout]     |
[INFO] [stdout] 576 |     fn data(&self) -> Cow<'_, [u8]> {
[INFO] [stdout]     |                           +++
[INFO] [stdout] 
[INFO] [stdout] 
[INFO] [stderr]     Finished `release` profile [optimized] target(s) in 59.14s
[INFO] running `Command { std: "docker" "inspect" "1d51a0669c4215a69fe5ea7ad0444dd1ed97b6ff4fcb8cddff3c937b57018ac6", kill_on_drop: false }`
[INFO] running `Command { std: "docker" "exec" "-e" "SOURCE_DIR=/opt/rustwide/workdir" "-e" "CARGO_HOME=/opt/rustwide/cargo-home" "-e" "RUSTUP_HOME=/opt/rustwide/rustup-home" "-e" "CARGO_TARGET_DIR=/opt/rustwide/target" "-e" "CARGO_INCREMENTAL=0" "-e" "RUST_BACKTRACE=full" "-e" "RUSTFLAGS=--cap-lints=warn" "-e" "RUSTDOCFLAGS=--cap-lints=warn" "-w" "/opt/rustwide/workdir" "--user" "0:0" "1d51a0669c4215a69fe5ea7ad0444dd1ed97b6ff4fcb8cddff3c937b57018ac6" "/opt/rustwide/cargo-home/bin/cargo" "+1.100.0-beta.1" "test" "--frozen" "--release", kill_on_drop: false }`
[INFO] [stderr] warning: `package.homepage` is redundant with `package.repository`
[INFO] [stderr]   --> Cargo.toml:36:12
[INFO] [stderr]    |
[INFO] [stderr] 36 | homepage = "https://gitee.com/xiatian0716/safetensors"
[INFO] [stderr]    |            ^^^^^^^^^^^^^^^^^^^^^^^^^^^^^^^^^^^^^^^^^^^
[INFO] [stderr] ...
[INFO] [stderr] 41 | repository = "https://gitee.com/xiatian0716/safetensors"
[INFO] [stderr]    |              -------------------------------------------
[INFO] [stderr]    |
[INFO] [stderr]    = note: `cargo::redundant_homepage` is set to `warn` by default
[INFO] [stderr] help: consider removing `package.homepage`
[INFO] [stderr] warning: `pystse-safetensors` (manifest) generated 1 warning
[INFO] [stderr] warning: unnecessary parentheses around closure body
[INFO] [stderr]    --> src/slice.rs:337:34
[INFO] [stderr]     |
[INFO] [stderr] 337 |             .map(|(start, stop)| (stop - start))
[INFO] [stderr]     |                                  ^            ^
[INFO] [stderr]     |
[INFO] [stderr]     = note: `#[warn(unused_parens)]` (part of `#[warn(unused)]`) on by default
[INFO] [stderr] help: remove these parentheses
[INFO] [stderr]     |
[INFO] [stderr] 337 -             .map(|(start, stop)| (stop - start))
[INFO] [stderr] 337 +             .map(|(start, stop)| stop - start)
[INFO] [stderr]     |
[INFO] [stderr] 
[INFO] [stderr] warning: hiding a lifetime that's elided elsewhere is confusing
[INFO] [stderr]    --> src/tensor.rs:163:13
[INFO] [stderr]     |
[INFO] [stderr] 163 |     fn data(&self) -> Cow<[u8]>;
[INFO] [stderr]     |             ^^^^^     ^^^^^^^^^ the same lifetime is hidden here
[INFO] [stderr]     |             |
[INFO] [stderr]     |             the lifetime is elided here
[INFO] [stderr]     |
[INFO] [stderr]     = help: the same lifetime is referred to in inconsistent ways, making the signature confusing
[INFO] [stderr]     = note: `#[warn(mismatched_lifetime_syntaxes)]` on by default
[INFO] [stderr] help: use `'_` for type paths
[INFO] [stderr]     |
[INFO] [stderr] 163 |     fn data(&self) -> Cow<'_, [u8]>;
[INFO] [stderr]     |                           +++
[INFO] [stderr] 
[INFO] [stderr] warning: hiding a lifetime that's elided elsewhere is confusing
[INFO] [stderr]    --> src/tensor.rs:558:13
[INFO] [stderr]     |
[INFO] [stderr] 558 |     fn data(&self) -> Cow<[u8]> {
[INFO] [stderr]     |             ^^^^^     ^^^^^^^^^ the same lifetime is hidden here
[INFO] [stderr]     |             |
[INFO] [stderr]     |             the lifetime is elided here
[INFO] [stderr]     |
[INFO] [stderr]     = help: the same lifetime is referred to in inconsistent ways, making the signature confusing
[INFO] [stderr] help: use `'_` for type paths
[INFO] [stderr]     |
[INFO] [stderr] 558 |     fn data(&self) -> Cow<'_, [u8]> {
[INFO] [stderr]     |                           +++
[INFO] [stderr] 
[INFO] [stderr] warning: hiding a lifetime that's elided elsewhere is confusing
[INFO] [stderr]    --> src/tensor.rs:576:13
[INFO] [stderr]     |
[INFO] [stderr] 576 |     fn data(&self) -> Cow<[u8]> {
[INFO] [stderr]     |             ^^^^^     ^^^^^^^^^ the same lifetime is hidden here
[INFO] [stderr]     |             |
[INFO] [stderr]     |             the lifetime is elided here
[INFO] [stderr]     |
[INFO] [stderr]     = help: the same lifetime is referred to in inconsistent ways, making the signature confusing
[INFO] [stderr] help: use `'_` for type paths
[INFO] [stderr]     |
[INFO] [stderr] 576 |     fn data(&self) -> Cow<'_, [u8]> {
[INFO] [stderr]     |                           +++
[INFO] [stderr] 
[INFO] [stderr] warning: `pystse-safetensors` (lib) generated 4 warnings (run `cargo fix --lib -p pystse-safetensors` to apply 4 suggestions)
[INFO] [stderr] warning: `pystse-safetensors` (lib test) generated 4 warnings (4 duplicates)
[INFO] [stderr]     Finished `release` profile [optimized] target(s) in 0.19s
[INFO] [stderr]      Running unittests src/lib.rs (/opt/rustwide/target/release/build/pystse-safetensors/93382d4b73d6c59d/out/pystse_safetensors-93382d4b73d6c59d)
[INFO] [stdout] 
[INFO] [stdout] running 25 tests
[INFO] [stdout] test tensor::tests::test_header_too_large ... ok
[INFO] [stdout] test slice::tests::test_slice_variety2 ... ok
[INFO] [stdout] test slice::tests::test_slice_variety ... ok
[INFO] [stdout] test slice::tests::test_dummy ... ok
[INFO] [stdout] test tensor::tests::test_invalid_header_not_json ... ok
[INFO] [stdout] test tensor::tests::test_invalid_info ... ok
[INFO] [stdout] test tensor::tests::test_json_attack ... FAILED
[INFO] [stdout] test tensor::tests::test_invalid_header_length ... ok
[INFO] [stdout] test tensor::tests::test_header_too_small ... ok
[INFO] [stdout] test tensor::tests::test_deserialization ... ok
[INFO] [stdout] test tensor::tests::test_empty_shapes_allowed ... ok
[INFO] [stdout] test tensor::tests::test_metadata_incomplete_buffer ... ok
[INFO] [stdout] test tensor::tests::test_roundtrip ... ok
[INFO] [stdout] test tensor::tests::test_serialization ... ok
[INFO] [stdout] test tensor::tests::test_serialization_forced_alignement ... ok
[INFO] [stdout] test slice::tests::test_slice_select ... ok
[INFO] [stdout] test tensor::tests::test_validation_overflow ... ok
[INFO] [stdout] test tensor::tests::test_whitespace_padded_header ... ok
[INFO] [stdout] test tensor::tests::test_zero_sized_tensor ... ok
[INFO] [stdout] test slice::tests::test_helpers ... ok
[INFO] [stdout] test tensor::tests::test_invalid_header_non_utf8 ... ok
[INFO] [stdout] test tensor::tests::test_slicing ... ok
[INFO] [stdout] test tensor::tests::test_indexing ... ok
[INFO] [stdout] test tensor::tests::test_gpt2_tiny ... FAILED
[INFO] [stdout] test tensor::tests::test_gpt2 ... FAILED
[INFO] [stdout] 
[INFO] [stdout] failures:
[INFO] [stdout] 
[INFO] [stdout] ---- tensor::tests::test_json_attack stdout ----
[INFO] [stdout] 
[INFO] [stdout] thread 'tensor::tests::test_json_attack' (930) panicked at src/tensor.rs:1039:59:
[INFO] [stdout] called `Result::unwrap()` on an `Err` value: Os { code: 30, kind: ReadOnlyFilesystem, message: "Read-only file system" }
[INFO] [stdout] stack backtrace:
[INFO] [stdout]    0:     0x5c1792765e71 - <<std[617be2ca0a6fd877]::sys::backtrace::BacktraceLock>::print::DisplayBacktrace as core[a373ad73a504971]::fmt::Display>::fmt
[INFO] [stdout]    1:     0x5c179277ba9a - core[a373ad73a504971]::fmt::write
[INFO] [stdout]    2:     0x5c179276a4ec - <alloc[2e1b2a31b91974c5]::vec::Vec<u8> as core[a373ad73a504971]::io::write::Write>::write_fmt
[INFO] [stdout]    3:     0x5c17927408b6 - std[617be2ca0a6fd877]::panicking::default_hook::{closure#0}
[INFO] [stdout]    4:     0x5c179275de69 - std[617be2ca0a6fd877]::panicking::default_hook
[INFO] [stdout]    5:     0x5c17926e36a0 - test[aada8e7e76ba119b]::test_main_inner::{closure#0}
[INFO] [stdout]    6:     0x5c179275e022 - std[617be2ca0a6fd877]::panicking::panic_with_hook
[INFO] [stdout]    7:     0x5c1792740962 - std[617be2ca0a6fd877]::panicking::panic_handler::{closure#0}
[INFO] [stdout]    8:     0x5c1792739399 - std[617be2ca0a6fd877]::sys::backtrace::__rust_end_short_backtrace::<std[617be2ca0a6fd877]::panicking::panic_handler::{closure#0}, !>
[INFO] [stdout]    9:     0x5c179274156d - __rustc[ea4f61d10b84890b]::rust_begin_unwind
[INFO] [stdout]   10:     0x5c179277c1fc - core[a373ad73a504971]::panicking::panic_fmt
[INFO] [stdout]   11:     0x5c179277bfd2 - core[a373ad73a504971]::result::unwrap_failed
[INFO] [stdout]   12:     0x5c17926b2a71 - <pystse_safetensors[f8e0e0c1ae339960]::tensor::tests::test_json_attack::{closure#0} as core[a373ad73a504971]::ops::function::FnOnce<()>>::call_once
[INFO] [stdout]   13:     0x5c17926d6aeb - test[aada8e7e76ba119b]::__rust_begin_short_backtrace::<core[a373ad73a504971]::result::Result<(), alloc[2e1b2a31b91974c5]::string::String>, fn() -> core[a373ad73a504971]::result::Result<(), alloc[2e1b2a31b91974c5]::string::String>>
[INFO] [stdout]   14:     0x5c17926e3cc5 - test[aada8e7e76ba119b]::run_test::{closure#0}
[INFO] [stdout]   15:     0x5c17926dd5b4 - std[617be2ca0a6fd877]::sys::backtrace::__rust_begin_short_backtrace::<test[aada8e7e76ba119b]::run_test::{closure#1}, ()>
[INFO] [stdout]   16:     0x5c17926e6d52 - <std[617be2ca0a6fd877]::thread::lifecycle::spawn_unchecked<test[aada8e7e76ba119b]::run_test::{closure#1}, ()>::{closure#1} as core[a373ad73a504971]::ops::function::FnOnce<()>>::call_once::{shim:vtable#0}
[INFO] [stdout]   17:     0x5c17927651df - <std[617be2ca0a6fd877]::sys::thread::unix::Thread>::new::thread_start
[INFO] [stdout]   18:     0x7a8eced1bdfa - <unknown>
[INFO] [stdout]   19:     0x7a8ecedaf3d4 - clone
[INFO] [stdout]   20:                0x0 - <unknown>
[INFO] [stdout] 
[INFO] [stdout] ---- tensor::tests::test_gpt2_tiny stdout ----
[INFO] [stdout] 
[INFO] [stdout] thread 'tensor::tests::test_gpt2_tiny' (922) panicked at src/tensor.rs:972:40:
[INFO] [stdout] called `Result::unwrap()` on an `Err` value: Os { code: 30, kind: ReadOnlyFilesystem, message: "Read-only file system" }
[INFO] [stdout] stack backtrace:
[INFO] [stdout]    0:     0x5c1792765e71 - <<std[617be2ca0a6fd877]::sys::backtrace::BacktraceLock>::print::DisplayBacktrace as core[a373ad73a504971]::fmt::Display>::fmt
[INFO] [stdout]    1:     0x5c179277ba9a - core[a373ad73a504971]::fmt::write
[INFO] [stdout]    2:     0x5c179276a4ec - <alloc[2e1b2a31b91974c5]::vec::Vec<u8> as core[a373ad73a504971]::io::write::Write>::write_fmt
[INFO] [stdout]    3:     0x5c17927408b6 - std[617be2ca0a6fd877]::panicking::default_hook::{closure#0}
[INFO] [stdout]    4:     0x5c179275de69 - std[617be2ca0a6fd877]::panicking::default_hook
[INFO] [stdout]    5:     0x5c17926e36a0 - test[aada8e7e76ba119b]::test_main_inner::{closure#0}
[INFO] [stdout]    6:     0x5c179275e022 - std[617be2ca0a6fd877]::panicking::panic_with_hook
[INFO] [stdout]    7:     0x5c1792740962 - std[617be2ca0a6fd877]::panicking::panic_handler::{closure#0}
[INFO] [stdout]    8:     0x5c1792739399 - std[617be2ca0a6fd877]::sys::backtrace::__rust_end_short_backtrace::<std[617be2ca0a6fd877]::panicking::panic_handler::{closure#0}, !>
[INFO] [stdout]    9:     0x5c179274156d - __rustc[ea4f61d10b84890b]::rust_begin_unwind
[INFO] [stdout]   10:     0x5c179277c1fc - core[a373ad73a504971]::panicking::panic_fmt
[INFO] [stdout]   11:     0x5c179277bfd2 - core[a373ad73a504971]::result::unwrap_failed
[INFO] [stdout]   12:     0x5c17926af982 - pystse_safetensors[f8e0e0c1ae339960]::tensor::tests::gpt2_like
[INFO] [stdout]   13:     0x5c17926b214a - <pystse_safetensors[f8e0e0c1ae339960]::tensor::tests::test_gpt2_tiny::{closure#0} as core[a373ad73a504971]::ops::function::FnOnce<()>>::call_once
[INFO] [stdout]   14:     0x5c17926d6aeb - test[aada8e7e76ba119b]::__rust_begin_short_backtrace::<core[a373ad73a504971]::result::Result<(), alloc[2e1b2a31b91974c5]::string::String>, fn() -> core[a373ad73a504971]::result::Result<(), alloc[2e1b2a31b91974c5]::string::String>>
[INFO] [stdout]   15:     0x5c17926e3cc5 - test[aada8e7e76ba119b]::run_test::{closure#0}
[INFO] [stdout]   16:     0x5c17926dd5b4 - std[617be2ca0a6fd877]::sys::backtrace::__rust_begin_short_backtrace::<test[aada8e7e76ba119b]::run_test::{closure#1}, ()>
[INFO] [stdout]   17:     0x5c17926e6d52 - <std[617be2ca0a6fd877]::thread::lifecycle::spawn_unchecked<test[aada8e7e76ba119b]::run_test::{closure#1}, ()>::{closure#1} as core[a373ad73a504971]::ops::function::FnOnce<()>>::call_once::{shim:vtable#0}
[INFO] [stdout]   18:     0x5c17927651df - <std[617be2ca0a6fd877]::sys::thread::unix::Thread>::new::thread_start
[INFO] [stdout]   19:     0x7a8eced1bdfa - <unknown>
[INFO] [stdout]   20:     0x7a8ecedaf3d4 - clone
[INFO] [stdout]   21:                0x0 - <unknown>
[INFO] [stdout] 
[INFO] [stdout] ---- tensor::tests::test_gpt2 stdout ----
[INFO] [stdout] 
[INFO] [stdout] thread 'tensor::tests::test_gpt2' (921) panicked at src/tensor.rs:972:40:
[INFO] [stdout] called `Result::unwrap()` on an `Err` value: Os { code: 30, kind: ReadOnlyFilesystem, message: "Read-only file system" }
[INFO] [stdout] stack backtrace:
[INFO] [stdout]    0:     0x5c1792765e71 - <<std[617be2ca0a6fd877]::sys::backtrace::BacktraceLock>::print::DisplayBacktrace as core[a373ad73a504971]::fmt::Display>::fmt
[INFO] [stdout]    1:     0x5c179277ba9a - core[a373ad73a504971]::fmt::write
[INFO] [stdout]    2:     0x5c179276a4ec - <alloc[2e1b2a31b91974c5]::vec::Vec<u8> as core[a373ad73a504971]::io::write::Write>::write_fmt
[INFO] [stdout]    3:     0x5c17927408b6 - std[617be2ca0a6fd877]::panicking::default_hook::{closure#0}
[INFO] [stdout]    4:     0x5c179275de69 - std[617be2ca0a6fd877]::panicking::default_hook
[INFO] [stdout]    5:     0x5c17926e36a0 - test[aada8e7e76ba119b]::test_main_inner::{closure#0}
[INFO] [stdout]    6:     0x5c179275e022 - std[617be2ca0a6fd877]::panicking::panic_with_hook
[INFO] [stdout]    7:     0x5c1792740962 - std[617be2ca0a6fd877]::panicking::panic_handler::{closure#0}
[INFO] [stdout]    8:     0x5c1792739399 - std[617be2ca0a6fd877]::sys::backtrace::__rust_end_short_backtrace::<std[617be2ca0a6fd877]::panicking::panic_handler::{closure#0}, !>
[INFO] [stdout]    9:     0x5c179274156d - __rustc[ea4f61d10b84890b]::rust_begin_unwind
[INFO] [stdout]   10:     0x5c179277c1fc - core[a373ad73a504971]::panicking::panic_fmt
[INFO] [stdout]   11:     0x5c179277bfd2 - core[a373ad73a504971]::result::unwrap_failed
[INFO] [stdout]   12:     0x5c17926af982 - pystse_safetensors[f8e0e0c1ae339960]::tensor::tests::gpt2_like
[INFO] [stdout]   13:     0x5c17926b4cba - <pystse_safetensors[f8e0e0c1ae339960]::tensor::tests::test_gpt2::{closure#0} as core[a373ad73a504971]::ops::function::FnOnce<()>>::call_once
[INFO] [stdout]   14:     0x5c17926d6aeb - test[aada8e7e76ba119b]::__rust_begin_short_backtrace::<core[a373ad73a504971]::result::Result<(), alloc[2e1b2a31b91974c5]::string::String>, fn() -> core[a373ad73a504971]::result::Result<(), alloc[2e1b2a31b91974c5]::string::String>>
[INFO] [stdout]   15:     0x5c17926e3cc5 - test[aada8e7e76ba119b]::run_test::{closure#0}
[INFO] [stdout]   16:     0x5c17926dd5b4 - std[617be2ca0a6fd877]::sys::backtrace::__rust_begin_short_backtrace::<test[aada8e7e76ba119b]::run_test::{closure#1}, ()>
[INFO] [stdout]   17:     0x5c17926e6d52 - <std[617be2ca0a6fd877]::thread::lifecycle::spawn_unchecked<test[aada8e7e76ba119b]::run_test::{closure#1}, ()>::{closure#1} as core[a373ad73a504971]::ops::function::FnOnce<()>>::call_once::{shim:vtable#0}
[INFO] [stdout]   18:     0x5c17927651df - <std[617be2ca0a6fd877]::sys::thread::unix::Thread>::new::thread_start
[INFO] [stdout]   19:     0x7a8eced1bdfa - <unknown>
[INFO] [stdout]   20:     0x7a8ecedaf3d4 - clone
[INFO] [stdout]   21:                0x0 - <unknown>
[INFO] [stdout] 
[INFO] [stdout] 
[INFO] [stdout] failures:
[INFO] [stdout]     tensor::tests::test_gpt2
[INFO] [stdout]     tensor::tests::test_gpt2_tiny
[INFO] [stdout]     tensor::tests::test_json_attack
[INFO] [stdout] 
[INFO] [stdout] test result: FAILED. 22 passed; 3 failed; 0 ignored; 0 measured; 0 filtered out; finished in 0.59s
[INFO] [stdout] 
[INFO] [stderr] error: test failed, to rerun pass `--lib`
[INFO] running `Command { std: "docker" "inspect" "1d51a0669c4215a69fe5ea7ad0444dd1ed97b6ff4fcb8cddff3c937b57018ac6", kill_on_drop: false }`
[INFO] running `Command { std: "docker" "rm" "-f" "1d51a0669c4215a69fe5ea7ad0444dd1ed97b6ff4fcb8cddff3c937b57018ac6", kill_on_drop: false }`
[INFO] [stdout] 1d51a0669c4215a69fe5ea7ad0444dd1ed97b6ff4fcb8cddff3c937b57018ac6
