[INFO] fetching crate pyo3-stub-gen 0.23.1...
[INFO] testing pyo3-stub-gen-0.23.1 against 1.99.0-beta.8+cargoflags=--release for beta-release-1.100-2
[INFO] extracting crate pyo3-stub-gen 0.23.1 into /workspace/builds/worker-0-tc1/source
[INFO] started tweaking crates.io crate pyo3-stub-gen 0.23.1
[INFO] finished tweaking crates.io crate pyo3-stub-gen 0.23.1
[INFO] tweaked toml for crates.io crate pyo3-stub-gen 0.23.1 written to /workspace/builds/worker-0-tc1/source/Cargo.toml
[INFO] validating manifest of crates.io crate pyo3-stub-gen 0.23.1 on toolchain 1.99.0-beta.8
[INFO] running `Command { std: CARGO_HOME="/workspace/cargo-home" RUSTUP_HOME="/workspace/rustup-home" "/workspace/cargo-home/bin/cargo" "+1.99.0-beta.8" "metadata" "--manifest-path" "Cargo.toml" "--no-deps", kill_on_drop: false }`
[INFO] crate crates.io crate pyo3-stub-gen 0.23.1 already has a lockfile, it will not be regenerated
[INFO] running `Command { std: CARGO_HOME="/workspace/cargo-home" RUSTUP_HOME="/workspace/rustup-home" "/workspace/cargo-home/bin/cargo" "+1.99.0-beta.8" "fetch" "--manifest-path" "Cargo.toml", kill_on_drop: false }`
[INFO] [stderr]     Updating crates.io index
[INFO] [stderr]  Downloading crates ...
[INFO] [stderr]   Downloaded test-case v3.4.0
[INFO] [stderr]   Downloaded test-case-macros v3.4.0
[INFO] [stderr]   Downloaded test-case-core v3.4.0
[INFO] [stderr]   Downloaded rustpython-parser-core v0.4.0
[INFO] [stderr]   Downloaded unicode_names2_generator v1.3.0
[INFO] [stderr]   Downloaded rustpython-parser-vendored v0.4.0
[INFO] [stderr]   Downloaded unic-ucd-ident v0.9.0
[INFO] [stderr]   Downloaded unic-emoji-char v0.9.0
[INFO] [stderr]   Downloaded pyo3-macros v0.29.0
[INFO] [stderr]   Downloaded pyo3-build-config v0.29.0
[INFO] [stderr]   Downloaded rustpython-ast v0.4.0
[INFO] [stderr]   Downloaded pyo3-stub-gen-derive v0.23.1
[INFO] [stderr]   Downloaded pyo3-macros-backend v0.29.0
[INFO] [stderr]   Downloaded pyo3-ffi v0.29.0
[INFO] [stderr]   Downloaded rustpython-parser v0.4.0
[INFO] [stderr]   Downloaded unicode_names2 v1.3.0
[INFO] [stderr]   Downloaded pyo3 v0.29.0
[INFO] running `Command { std: "docker" "create" "-v" "/var/lib/crater-agent-workspace/builds/worker-0-tc1/source:/opt/rustwide/workdir:ro,Z" "-v" "/var/lib/crater-agent-workspace/builds/worker-0-tc1/target:/opt/rustwide/target:rw,Z" "-v" "/var/lib/crater-agent-workspace/cargo-home:/opt/rustwide/cargo-home:ro,Z" "-v" "/var/lib/crater-agent-workspace/rustup-home:/opt/rustwide/rustup-home:ro,Z" "-m" "1610612736" "--network" "none" "ghcr.io/rust-lang/crates-build-env/linux@sha256:77db811e55d90add9212f6832c23229e3de5f1c1f9905e8cb07319ea15df73ac" "sleep" "infinity", kill_on_drop: false }`
[INFO] [stdout] 2d7e43e55fc97d38e642c43b4d1d281110a099482379dcf74f6631b19a58d58f
[INFO] running `Command { std: "docker" "start" "2d7e43e55fc97d38e642c43b4d1d281110a099482379dcf74f6631b19a58d58f", kill_on_drop: false }`
[INFO] running `Command { std: "docker" "inspect" "2d7e43e55fc97d38e642c43b4d1d281110a099482379dcf74f6631b19a58d58f", kill_on_drop: false }`
[INFO] running `Command { std: "docker" "exec" "-e" "SOURCE_DIR=/opt/rustwide/workdir" "-e" "CARGO_HOME=/opt/rustwide/cargo-home" "-e" "RUSTUP_HOME=/opt/rustwide/rustup-home" "-e" "CARGO_TARGET_DIR=/opt/rustwide/target" "-w" "/opt/rustwide/workdir" "--user" "0:0" "2d7e43e55fc97d38e642c43b4d1d281110a099482379dcf74f6631b19a58d58f" "/opt/rustwide/cargo-home/bin/cargo" "+1.99.0-beta.8" "metadata" "--no-deps" "--format-version=1", kill_on_drop: false }`
[INFO] running `Command { std: "docker" "inspect" "2d7e43e55fc97d38e642c43b4d1d281110a099482379dcf74f6631b19a58d58f", kill_on_drop: false }`
[INFO] running `Command { std: "docker" "exec" "-e" "SOURCE_DIR=/opt/rustwide/workdir" "-e" "CARGO_HOME=/opt/rustwide/cargo-home" "-e" "RUSTUP_HOME=/opt/rustwide/rustup-home" "-e" "CARGO_TARGET_DIR=/opt/rustwide/target" "-e" "CARGO_INCREMENTAL=0" "-e" "RUST_BACKTRACE=full" "-e" "RUSTFLAGS=--cap-lints=warn" "-e" "RUSTDOCFLAGS=--cap-lints=warn" "-w" "/opt/rustwide/workdir" "--user" "0:0" "2d7e43e55fc97d38e642c43b4d1d281110a099482379dcf74f6631b19a58d58f" "/opt/rustwide/cargo-home/bin/cargo" "+1.99.0-beta.8" "build" "--frozen" "--message-format=json" "--release", kill_on_drop: false }`
[INFO] [stderr]    Compiling libc v0.2.189
[INFO] [stderr]    Compiling zerocopy v0.8.59
[INFO] [stderr]    Compiling siphasher v1.0.4
[INFO] [stderr]    Compiling unicode-width v0.2.2
[INFO] [stderr]    Compiling log v0.4.34
[INFO] [stderr]    Compiling tiny-keccak v2.0.2
[INFO] [stderr]    Compiling num-traits v0.2.19
[INFO] [stderr]    Compiling unic-char-range v0.9.0
[INFO] [stderr]    Compiling pyo3-build-config v0.29.0
[INFO] [stderr]    Compiling unic-common v0.9.0
[INFO] [stderr]    Compiling matrixmultiply v0.3.11
[INFO] [stderr]    Compiling syn v2.0.119
[INFO] [stderr]    Compiling rustpython-parser-vendored v0.4.0
[INFO] [stderr]    Compiling unic-char-property v0.9.0
[INFO] [stderr]    Compiling unic-ucd-version v0.9.0
[INFO] [stderr]    Compiling syn v3.0.6
[INFO] [stderr]    Compiling phf_shared v0.11.3
[INFO] [stderr]    Compiling either v1.18.0
[INFO] [stderr]    Compiling itertools v0.11.0
[INFO] [stderr]    Compiling unic-ucd-ident v0.9.0
[INFO] [stderr]    Compiling getopts v0.2.24
[INFO] [stderr]    Compiling phf v0.11.3
[INFO] [stderr]    Compiling unic-emoji-char v0.9.0
[INFO] [stderr]    Compiling num-complex v0.4.6
[INFO] [stderr]    Compiling lalrpop-util v0.20.2
[INFO] [stderr]    Compiling winnow v1.0.4
[INFO] [stderr]    Compiling indexmap v2.14.2
[INFO] [stderr]    Compiling serde_spanned v1.1.1
[INFO] [stderr]    Compiling toml_datetime v1.1.1+spec-1.1.0
[INFO] [stderr]    Compiling rustc-hash v1.1.0
[INFO] [stderr]    Compiling rustc-hash v2.1.3
[INFO] [stderr]    Compiling chrono v0.4.45
[INFO] [stderr]    Compiling time v0.3.55
[INFO] [stderr]    Compiling itertools v0.15.0
[INFO] [stderr]    Compiling ordered-float v5.5.0
[INFO] [stderr]    Compiling pyo3-ffi v0.29.0
[INFO] [stderr]    Compiling pyo3 v0.29.0
[INFO] [stderr]    Compiling num-integer v0.1.47
[INFO] [stderr]    Compiling numpy v0.29.0
[INFO] [stderr]    Compiling ndarray v0.17.2
[INFO] [stderr]    Compiling toml_parser v1.1.3+spec-1.1.0
[INFO] [stderr]    Compiling inventory v0.3.24
[INFO] [stderr]    Compiling maplit v1.0.2
[INFO] [stderr]    Compiling num-bigint v0.4.8
[INFO] [stderr]    Compiling toml v1.1.6+spec-1.1.0
[INFO] [stderr]    Compiling getrandom v0.2.17
[INFO] [stderr]    Compiling rand_core v0.6.4
[INFO] [stderr]    Compiling ppv-lite86 v0.2.21
[INFO] [stderr]    Compiling rand_chacha v0.3.1
[INFO] [stderr]    Compiling rand v0.8.8
[INFO] [stderr]    Compiling serde_derive v1.0.229
[INFO] [stderr]    Compiling phf_generator v0.11.3
[INFO] [stderr]    Compiling pyo3-macros-backend v0.29.0
[INFO] [stderr]    Compiling phf_codegen v0.11.3
[INFO] [stderr]    Compiling unicode_names2_generator v1.3.0
[INFO] [stderr]    Compiling rustpython-parser v0.4.0
[INFO] [stderr]    Compiling is-macro v0.3.8
[INFO] [stderr]    Compiling unicode_names2 v1.3.0
[INFO] [stderr]    Compiling rustpython-parser-core v0.4.0
[INFO] [stderr]    Compiling rustpython-ast v0.4.0
[INFO] [stderr]    Compiling serde v1.0.229
[INFO] [stderr]    Compiling pyo3-macros v0.29.0
[INFO] [stderr]    Compiling pyo3-stub-gen-derive v0.23.1
[INFO] [stderr]    Compiling pyo3-stub-gen v0.23.1 (/opt/rustwide/workdir)
[INFO] [stderr]     Finished `release` profile [optimized] target(s) in 1m 04s
[INFO] running `Command { std: "docker" "inspect" "2d7e43e55fc97d38e642c43b4d1d281110a099482379dcf74f6631b19a58d58f", kill_on_drop: false }`
[INFO] running `Command { std: "docker" "exec" "-e" "SOURCE_DIR=/opt/rustwide/workdir" "-e" "CARGO_HOME=/opt/rustwide/cargo-home" "-e" "RUSTUP_HOME=/opt/rustwide/rustup-home" "-e" "CARGO_TARGET_DIR=/opt/rustwide/target" "-e" "CARGO_INCREMENTAL=0" "-e" "RUST_BACKTRACE=full" "-e" "RUSTFLAGS=--cap-lints=warn" "-e" "RUSTDOCFLAGS=--cap-lints=warn" "-w" "/opt/rustwide/workdir" "--user" "0:0" "2d7e43e55fc97d38e642c43b4d1d281110a099482379dcf74f6631b19a58d58f" "/opt/rustwide/cargo-home/bin/cargo" "+1.99.0-beta.8" "test" "--frozen" "--no-run" "--message-format=json" "--release", kill_on_drop: false }`
[INFO] [stderr]    Compiling test-case-core v3.4.0
[INFO] [stderr]    Compiling test-case-macros v3.4.0
[INFO] [stderr]    Compiling test-case v3.4.0
[INFO] [stderr]    Compiling pyo3-stub-gen v0.23.1 (/opt/rustwide/workdir)
[INFO] [stderr]     Finished `release` profile [optimized] target(s) in 15.05s
[INFO] running `Command { std: "docker" "inspect" "2d7e43e55fc97d38e642c43b4d1d281110a099482379dcf74f6631b19a58d58f", kill_on_drop: false }`
[INFO] running `Command { std: "docker" "exec" "-e" "SOURCE_DIR=/opt/rustwide/workdir" "-e" "CARGO_HOME=/opt/rustwide/cargo-home" "-e" "RUSTUP_HOME=/opt/rustwide/rustup-home" "-e" "CARGO_TARGET_DIR=/opt/rustwide/target" "-e" "CARGO_INCREMENTAL=0" "-e" "RUST_BACKTRACE=full" "-e" "RUSTFLAGS=--cap-lints=warn" "-e" "RUSTDOCFLAGS=--cap-lints=warn" "-w" "/opt/rustwide/workdir" "--user" "0:0" "2d7e43e55fc97d38e642c43b4d1d281110a099482379dcf74f6631b19a58d58f" "/opt/rustwide/cargo-home/bin/cargo" "+1.99.0-beta.8" "test" "--frozen" "--release", kill_on_drop: false }`
[INFO] [stderr]     Finished `release` profile [optimized] target(s) in 0.13s
[INFO] [stderr]      Running unittests src/lib.rs (/opt/rustwide/target/release/deps/pyo3_stub_gen-f36550615929c225)
[INFO] [stdout] 
[INFO] [stdout] running 82 tests
[INFO] [stdout] test docgen::util::tests::test_strip_type_prefixes ... ok
[INFO] [stdout] test docgen::util::tests::test_strip_package_prefixes ... ok
[INFO] [stdout] test docgen::util::tests::test_strip_stdlib_prefixes ... ok
[INFO] [stdout] test generate::parameters::tests::test_keyword_only ... ok
[INFO] [stdout] test generate::parameters::tests::test_mixed_with_defaults ... ok
[INFO] [stdout] test generate::parameters::tests::test_positional_only ... ok
[INFO] [stdout] test docgen::util::tests::test_strip_default_value_prefixes ... ok
[INFO] [stdout] test docgen::util::tests::test_public_parent_module ... ok
[INFO] [stdout] test docgen::util::tests::test_strip_internal_prefixes ... ok
[INFO] [stdout] test docgen::util::tests::test_is_hidden_module ... ok
[INFO] [stdout] test generate::parameters::tests::test_varargs_kwargs ... ok
[INFO] [stdout] test generate::qualifier::tests::test_qualify_callable ... ok
[INFO] [stdout] test generate::parameters::tests::test_qualify_default_value_different_module ... ok
[INFO] [stdout] test generate::qualifier::tests::test_external_dotted_path_preserved ... ok
[INFO] [stdout] test generate::parameters::tests::test_qualify_default_value_different_submodules ... ok
[INFO] [stdout] test generate::parameters::tests::test_qualify_default_value_no_source_module ... ok
[INFO] [stdout] test generate::parameters::tests::test_qualify_default_value_same_module ... ok
[INFO] [stdout] test generate::qualifier::tests::test_qualify_dotted_path_three_parts_different_module ... ok
[INFO] [stdout] test generate::qualifier::tests::test_qualify_dotted_path_three_parts_same_module ... ok
[INFO] [stdout] test generate::qualifier::tests::test_qualify_dotted_path_two_parts_same_module ... ok
[INFO] [stdout] test generate::qualifier::tests::test_qualify_numeric_literal_preserved ... ok
[INFO] [stdout] test generate::qualifier::tests::test_qualify_optional ... ok
[INFO] [stdout] test generate::qualifier::tests::test_qualify_same_module ... ok
[INFO] [stdout] test generate::qualifier::tests::test_tokenize_numeric_literals ... ok
[INFO] [stdout] test generate::stub_info::tests::test_pure_layout_rejects_multiple_modules ... ok
[INFO] [stdout] test generate::qualifier::tests::test_qualify_simple ... ok
[INFO] [stdout] test generate::qualifier::tests::test_tokenize_callable ... ok
[INFO] [stdout] test generate::qualifier::tests::test_tokenize_optional ... ok
[INFO] [stdout] test generate::qualifier::tests::test_tokenize_simple ... ok
[INFO] [stdout] test generate::qualifier::tests::test_tokenize_union ... ok
[INFO] [stdout] test generate::stub_info::tests::test_register_submodules_creates_empty_parent_modules ... ok
[INFO] [stdout] test pyproject::tests::test_generate_init_py_dash_underscore_normalization ... ok
[INFO] [stdout] test generate::type_alias::tests::test_312_syntax ... ok
[INFO] [stdout] test generate::stub_info::tests::test_register_submodules_with_multiple_levels ... ok
[INFO] [stdout] test pyproject::tests::test_generate_init_py_default ... ok
[INFO] [stdout] test generate::type_alias::tests::test_pre_312_syntax ... ok
[INFO] [stdout] test pyproject::tests::test_stub_gen_config_default ... ok
[INFO] [stdout] test pyproject::tests::test_generate_init_py_empty_modules ... ok
[INFO] [stdout] test pyproject::tests::test_generate_init_py_false ... ok
[INFO] [stdout] test pyproject::tests::test_stub_gen_config_empty_section ... ok
[INFO] [stdout] test pyproject::tests::test_stub_gen_config_true ... ok
[INFO] [stdout] test rule_name::tests::test_mypy_error_codes ... ok
[INFO] [stdout] test pyproject::tests::test_stub_gen_config_false ... ok
[INFO] [stdout] test pyproject::tests::test_generate_init_py_modules ... ok
[INFO] [stdout] test rule_name::tests::test_pyright_rules ... ok
[INFO] [stdout] test rule_name::tests::test_custom_rule ... ok
[INFO] [stdout] test pyproject::tests::test_generate_init_py_true ... ok
[INFO] [stdout] test runtime::tests::test_py_type_alias_constants ... ok
[INFO] [stdout] test stub_type::test::test::test_case_10_hashmap_u32_vec_u32_output ... ok
[INFO] [stdout] test stub_type::test::test::test_case_11_hashset_u32_input ... ok
[INFO] [stdout] test stub_type::test::test::test_case_12_indexset_u32_input ... ok
[INFO] [stdout] test stub_type::test::test::test_case_13_dict_of_u32_string ... ok
[INFO] [stdout] test stub_type::test::test::test_case_1_bool_input ... ok
[INFO] [stdout] test stub_type::test::test::test_case_2_str_input ... ok
[INFO] [stdout] test stub_type::test::test::test_case_3_vec_u32_input ... ok
[INFO] [stdout] test stub_type::test::test::test_case_4_vec_u32_output ... ok
[INFO] [stdout] test stub_type::test::test::test_case_5_hashmap_u32_string_input ... ok
[INFO] [stdout] test stub_type::test::test::test_case_6_hashmap_u32_string_output ... ok
[INFO] [stdout] test stub_type::test::test::test_case_7_indexmap_u32_string_input ... ok
[INFO] [stdout] test stub_type::test::test::test_case_8_indexmap_u32_string_output ... ok
[INFO] [stdout] test stub_type::test::test::test_case_9_hashmap_u32_vec_u32_input ... ok
[INFO] [stdout] test runtime::tests::test_union_type_empty ... ok
[INFO] [stdout] test util::test::test_fmt_enum ... ok
[INFO] [stdout] test util::test::test_fmt_dict ... ok
[INFO] [stdout] test util::test::test_fmt_list ... ok
[INFO] [stdout] test util::test::test_fmt_special_float_values ... ok
[INFO] [stdout] test util::test::test_fmt_tuple ... ok
[INFO] [stdout] test runtime::tests::test_union_type_with_pyclass ... ok
[INFO] [stdout] test runtime::tests::test_type_alias_with_pyclass ... ok
[INFO] [stdout] test runtime::tests::test_union_type_multiple ... ok
[INFO] [stdout] test runtime::tests::test_union_type_single ... ok
[INFO] [stdout] test util::test::test_fmt_other ... ok
[INFO] [stdout] test generate::docstring::tests::docstrings_round_trip_through_python::test_case_4_literal_backslashes ... ok
[INFO] [stdout] test generate::docstring::tests::docstrings_round_trip_through_python::test_case_2_triple_quotes ... ok
[INFO] [stdout] test generate::docstring::tests::docstrings_round_trip_through_python::test_case_3_escaped_quotes ... ok
[INFO] [stdout] test generate::docstring::tests::docstrings_round_trip_through_python::test_case_6_backslash_before_newline ... ok
[INFO] [stdout] test generate::docstring::tests::docstrings_round_trip_through_python::test_case_8_escaped_trailing_backslash ... ok
[INFO] [stdout] test generate::docstring::tests::docstrings_round_trip_through_python::test_case_1_multiline ... ok
[INFO] [stdout] test generate::docstring::tests::docstrings_round_trip_through_python::test_case_5_quoted_literal_backslashes ... ok
[INFO] [stdout] test generate::docstring::tests::docstrings_round_trip_through_python::test_case_9_control_characters ... ok
[INFO] [stdout] test generate::docstring::tests::docstrings_round_trip_through_python::test_case_10_unicode ... ok
[INFO] [stdout] test generate::docstring::tests::docstrings_round_trip_through_python::test_case_7_trailing_backslash ... ok
[INFO] [stdout] 
[INFO] [stdout] test result: ok. 82 passed; 0 failed; 0 ignored; 0 measured; 0 filtered out; finished in 0.23s
[INFO] [stdout] 
[INFO] [stderr]    Doc-tests pyo3_stub_gen
[INFO] [stdout] 
[INFO] [stdout] running 43 tests
[INFO] [stdout] test src/lib.rs - export_verbatim (line 507) ... ok
[INFO] [stdout] test src/generate/docstring.rs - generate::docstring::normalize_docstring (line 11) ... ok
[INFO] [stdout] test src/lib.rs - (line 127) ... ok
[INFO] [stdout] test src/lib.rs - (line 116) ... ok
[INFO] [stdout] test src/lib.rs - exclude_from_all (line 525) ... ok
[INFO] [stdout] test src/lib.rs - module_doc (line 219) ... ok
[INFO] [stdout] test src/lib.rs - readme (line 1039) ... ok
[INFO] [stdout] test src/lib.rs - (line 91) ... ok
[INFO] [stdout] test src/lib.rs - module_variable (line 247) ... ok
[INFO] [stdout] test src/lib.rs - (line 138) ... ok
[INFO] [stdout] test src/lib.rs - readme (line 599) ... ok
[INFO] [stdout] test src/lib.rs - readme (line 1158) ... ok
[INFO] [stdout] test src/lib.rs - readme (line 1077) ... ok
[INFO] [stdout] test src/lib.rs - readme (line 1143) ... ok
[INFO] [stdout] test src/lib.rs - (line 12) ... ok
[INFO] [stdout] test src/lib.rs - readme (line 1057) ... ok
[INFO] [stdout] test src/lib.rs - type_alias (line 289) ... ignored
[INFO] [stdout] test src/lib.rs - readme (line 643) ... ok
[INFO] [stdout] test src/lib.rs - type_alias (line 316) ... ignored
[INFO] [stdout] test src/lib.rs - readme (line 616) ... ok
[INFO] [stdout] test src/runtime/mod.rs - runtime (line 9) ... ignored
[INFO] [stdout] test src/runtime/mod.rs - runtime::PyModuleTypeAliasExt (line 191) ... ignored
[INFO] [stdout] test src/runtime/mod.rs - runtime::PyRuntimeType (line 39) ... ignored
[INFO] [stdout] test src/runtime/mod.rs - runtime::impl_py_runtime_type (line 76) ... ignored
[INFO] [stdout] test src/runtime/mod.rs - runtime::union_type (line 119) ... ignored
[INFO] [stdout] test src/lib.rs - readme (line 665) ... ok
[INFO] [stdout] test src/lib.rs - reexport_module_members (line 425) ... ok
[INFO] [stdout] test src/lib.rs - reexport_module_members (line 420) ... ok
[INFO] [stdout] test src/lib.rs - reexport_module_members (line 437) ... ok
[INFO] [stdout] test src/lib.rs - readme (line 889) ... ok
[INFO] [stdout] test src/lib.rs - readme (line 734) ... ok
[INFO] [stdout] test src/lib.rs - reexport_module_members (line 415) ... ok
[INFO] [stdout] test src/lib.rs - reexport_module_members (line 432) ... ok
[INFO] [stdout] test src/lib.rs - readme (line 852) ... ok
[INFO] [stdout] test src/lib.rs - readme (line 824) ... ok
[INFO] [stdout] test src/lib.rs - readme (line 988) ... ok
[INFO] [stdout] test src/lib.rs - type_alias (line 302) ... ok
[INFO] [stdout] test src/lib.rs - readme (line 919) ... ok
[INFO] [stdout] test src/lib.rs - readme (line 941) ... ok
[INFO] [stdout] test src/stub_type.rs - stub_type::TypeInfo::with_module (line 323) ... ok
[INFO] [stdout] test src/stub_type.rs - stub_type::impl_stub_type (line 535) ... ok
[INFO] [stdout] test src/stub_type.rs - stub_type::TypeInfo::locally_defined (line 345) ... ok
[INFO] [stdout] test src/pyproject.rs - pyproject (line 3) ... FAILED
[INFO] [stdout] 
[INFO] [stdout] failures:
[INFO] [stdout] 
[INFO] [stdout] ---- src/pyproject.rs - pyproject (line 3) stdout ----
[INFO] [stdout] Test executable failed (exit status: 101).
[INFO] [stdout] 
[INFO] [stdout] stderr:
[INFO] [stdout] 
[INFO] [stdout] thread 'main' (2563) panicked at src/pyproject.rs:11:3:
[INFO] [stdout] called `Result::unwrap()` on an `Err` value: No such file or directory (os error 2)
[INFO] [stdout] 
[INFO] [stdout] Stack backtrace:
[INFO] [stdout]    0: <anyhow::Error as core::convert::From<core::io::error::Error>>::from
[INFO] [stdout]    1: <pyo3_stub_gen::pyproject::PyProject>::parse_toml::<std::path::PathBuf>
[INFO] [stdout]    2: rust_out::main::_doctest_main_src_pyproject_rs_3_0
[INFO] [stdout]    3: rust_out::main
[INFO] [stdout]    4: <fn() as core::ops::function::FnOnce<()>>::call_once
[INFO] [stdout]    5: std::sys::backtrace::__rust_begin_short_backtrace::<fn(), ()>
[INFO] [stdout]    6: std::rt::lang_start::<()>::{closure#0}
[INFO] [stdout]    7: <&dyn core::ops::function::Fn<(), Output = i32> + core::panic::unwind_safe::RefUnwindSafe + core::marker::Sync as core::ops::function::FnOnce<()>>::call_once
[INFO] [stdout]              at /rustc/dfb0accb7f508ae8be965d8629557221c889dd98/library/core/src/ops/function.rs:287:21
[INFO] [stdout]    8: std::panicking::catch_unwind::do_call::<&dyn core::ops::function::Fn<(), Output = i32> + core::panic::unwind_safe::RefUnwindSafe + core::marker::Sync, i32>
[INFO] [stdout]              at /rustc/dfb0accb7f508ae8be965d8629557221c889dd98/library/std/src/panicking.rs:576:43
[INFO] [stdout]    9: std::panicking::catch_unwind::<i32, &dyn core::ops::function::Fn<(), Output = i32> + core::panic::unwind_safe::RefUnwindSafe + core::marker::Sync>
[INFO] [stdout]              at /rustc/dfb0accb7f508ae8be965d8629557221c889dd98/library/std/src/panicking.rs:544:19
[INFO] [stdout]   10: std::panic::catch_unwind::<&dyn core::ops::function::Fn<(), Output = i32> + core::panic::unwind_safe::RefUnwindSafe + core::marker::Sync, i32>
[INFO] [stdout]              at /rustc/dfb0accb7f508ae8be965d8629557221c889dd98/library/std/src/panic.rs:359:14
[INFO] [stdout]   11: std::rt::lang_start_internal::{closure#0}
[INFO] [stdout]              at /rustc/dfb0accb7f508ae8be965d8629557221c889dd98/library/std/src/rt.rs:175:24
[INFO] [stdout]   12: std::panicking::catch_unwind::do_call::<std::rt::lang_start_internal::{closure#0}, isize>
[INFO] [stdout]              at /rustc/dfb0accb7f508ae8be965d8629557221c889dd98/library/std/src/panicking.rs:576:43
[INFO] [stdout]   13: std::panicking::catch_unwind::<isize, std::rt::lang_start_internal::{closure#0}>
[INFO] [stdout]              at /rustc/dfb0accb7f508ae8be965d8629557221c889dd98/library/std/src/panicking.rs:544:19
[INFO] [stdout]   14: std::panic::catch_unwind::<std::rt::lang_start_internal::{closure#0}, isize>
[INFO] [stdout]              at /rustc/dfb0accb7f508ae8be965d8629557221c889dd98/library/std/src/panic.rs:359:14
[INFO] [stdout]   15: std::rt::lang_start_internal
[INFO] [stdout]              at /rustc/dfb0accb7f508ae8be965d8629557221c889dd98/library/std/src/rt.rs:171:5
[INFO] [stdout]   16: std::rt::lang_start::<()>
[INFO] [stdout]   17: main
[INFO] [stdout]   18: <unknown>
[INFO] [stdout]   19: __libc_start_main
[INFO] [stdout]   20: _start
[INFO] [stdout] stack backtrace:
[INFO] [stdout]    0:     0x578c10d9d431 - std[70759c8f55707aa4]::backtrace_rs::backtrace::libunwind::trace
[INFO] [stdout]                                at /rustc/dfb0accb7f508ae8be965d8629557221c889dd98/library/std/src/../../backtrace/src/backtrace/libunwind.rs:117:9
[INFO] [stdout]    1:     0x578c10d9d431 - std[70759c8f55707aa4]::backtrace_rs::backtrace::trace_unsynchronized::<std[70759c8f55707aa4]::sys::backtrace::_print_fmt::{closure#1}>
[INFO] [stdout]                                at /rustc/dfb0accb7f508ae8be965d8629557221c889dd98/library/std/src/../../backtrace/src/backtrace/mod.rs:66:14
[INFO] [stdout]    2:     0x578c10d9d431 - std[70759c8f55707aa4]::sys::backtrace::_print_fmt
[INFO] [stdout]                                at /rustc/dfb0accb7f508ae8be965d8629557221c889dd98/library/std/src/sys/backtrace.rs:74:9
[INFO] [stdout]    3:     0x578c10d9d431 - <<std[70759c8f55707aa4]::sys::backtrace::BacktraceLock>::print::DisplayBacktrace as core[df12db4294e9bfd3]::fmt::Display>::fmt
[INFO] [stdout]                                at /rustc/dfb0accb7f508ae8be965d8629557221c889dd98/library/std/src/sys/backtrace.rs:44:26
[INFO] [stdout]    4:     0x578c10db022a - <core[df12db4294e9bfd3]::fmt::rt::Argument>::fmt
[INFO] [stdout]                                at /rustc/dfb0accb7f508ae8be965d8629557221c889dd98/library/core/src/fmt/rt.rs:152:76
[INFO] [stdout]    5:     0x578c10db022a - core[df12db4294e9bfd3]::fmt::write
[INFO] [stdout]    6:     0x578c10da0d3c - core[df12db4294e9bfd3]::io::write::default_write_fmt::<std[70759c8f55707aa4]::sys::stdio::unix::Stderr>
[INFO] [stdout]                                at /rustc/dfb0accb7f508ae8be965d8629557221c889dd98/library/core/src/io/write.rs:402:11
[INFO] [stdout]    7:     0x578c10da0d3c - <std[70759c8f55707aa4]::sys::stdio::unix::Stderr as core[df12db4294e9bfd3]::io::write::Write>::write_fmt
[INFO] [stdout]                                at /rustc/dfb0accb7f508ae8be965d8629557221c889dd98/library/core/src/io/write.rs:335:13
[INFO] [stdout]    8:     0x578c10d86cb6 - <std[70759c8f55707aa4]::sys::backtrace::BacktraceLock>::print
[INFO] [stdout]                                at /rustc/dfb0accb7f508ae8be965d8629557221c889dd98/library/std/src/sys/backtrace.rs:47:9
[INFO] [stdout]    9:     0x578c10d86cb6 - std[70759c8f55707aa4]::panicking::default_hook::{closure#0}
[INFO] [stdout]                                at /rustc/dfb0accb7f508ae8be965d8629557221c889dd98/library/std/src/panicking.rs:292:27
[INFO] [stdout]   10:     0x578c10d99bb1 - std[70759c8f55707aa4]::panicking::default_hook
[INFO] [stdout]                                at /rustc/dfb0accb7f508ae8be965d8629557221c889dd98/library/std/src/panicking.rs:319:9
[INFO] [stdout]   11:     0x578c10d99d6b - std[70759c8f55707aa4]::panicking::panic_with_hook
[INFO] [stdout]                                at /rustc/dfb0accb7f508ae8be965d8629557221c889dd98/library/std/src/panicking.rs:815:13
[INFO] [stdout]   12:     0x578c10d86d62 - std[70759c8f55707aa4]::panicking::panic_handler::{closure#0}
[INFO] [stdout]                                at /rustc/dfb0accb7f508ae8be965d8629557221c889dd98/library/std/src/panicking.rs:688:13
[INFO] [stdout]   13:     0x578c10d7f869 - std[70759c8f55707aa4]::sys::backtrace::__rust_end_short_backtrace::<std[70759c8f55707aa4]::panicking::panic_handler::{closure#0}, !>
[INFO] [stdout]                                at /rustc/dfb0accb7f508ae8be965d8629557221c889dd98/library/std/src/sys/backtrace.rs:182:18
[INFO] [stdout]   14:     0x578c10d875ed - __rustc[8fa7c3cbc660c2b3]::rust_begin_unwind
[INFO] [stdout]                                at /rustc/dfb0accb7f508ae8be965d8629557221c889dd98/library/std/src/panicking.rs:679:5
[INFO] [stdout]   15:     0x578c10db099c - core[df12db4294e9bfd3]::panicking::panic_fmt
[INFO] [stdout]                                at /rustc/dfb0accb7f508ae8be965d8629557221c889dd98/library/core/src/panicking.rs:80:14
[INFO] [stdout]   16:     0x578c10db0772 - core[df12db4294e9bfd3]::result::unwrap_failed
[INFO] [stdout]                                at /rustc/dfb0accb7f508ae8be965d8629557221c889dd98/library/core/src/result.rs:1871:5
[INFO] [stdout]   17:     0x578c10d57786 - rust_out[fc2a76a7d39855e1]::main::_doctest_main_src_pyproject_rs_3_0
[INFO] [stdout]   18:     0x578c10d557b6 - rust_out[fc2a76a7d39855e1]::main
[INFO] [stdout]   19:     0x578c10d59943 - <fn() as core[df12db4294e9bfd3]::ops::function::FnOnce<()>>::call_once
[INFO] [stdout]   20:     0x578c10d1db56 - std[70759c8f55707aa4]::sys::backtrace::__rust_begin_short_backtrace::<fn(), ()>
[INFO] [stdout]   21:     0x578c10d51a59 - std[70759c8f55707aa4]::rt::lang_start::<()>::{closure#0}
[INFO] [stdout]   22:     0x578c10d99319 - <&dyn core[df12db4294e9bfd3]::ops::function::Fn<(), Output = i32> + core[df12db4294e9bfd3]::panic::unwind_safe::RefUnwindSafe + core[df12db4294e9bfd3]::marker::Sync as core[df12db4294e9bfd3]::ops::function::FnOnce<()>>::call_once
[INFO] [stdout]                                at /rustc/dfb0accb7f508ae8be965d8629557221c889dd98/library/core/src/ops/function.rs:287:21
[INFO] [stdout]   23:     0x578c10d99319 - std[70759c8f55707aa4]::panicking::catch_unwind::do_call::<&dyn core[df12db4294e9bfd3]::ops::function::Fn<(), Output = i32> + core[df12db4294e9bfd3]::panic::unwind_safe::RefUnwindSafe + core[df12db4294e9bfd3]::marker::Sync, i32>
[INFO] [stdout]                                at /rustc/dfb0accb7f508ae8be965d8629557221c889dd98/library/std/src/panicking.rs:576:43
[INFO] [stdout]   24:     0x578c10d99319 - std[70759c8f55707aa4]::panicking::catch_unwind::<i32, &dyn core[df12db4294e9bfd3]::ops::function::Fn<(), Output = i32> + core[df12db4294e9bfd3]::panic::unwind_safe::RefUnwindSafe + core[df12db4294e9bfd3]::marker::Sync>
[INFO] [stdout]                                at /rustc/dfb0accb7f508ae8be965d8629557221c889dd98/library/std/src/panicking.rs:544:19
[INFO] [stdout]   25:     0x578c10d99319 - std[70759c8f55707aa4]::panic::catch_unwind::<&dyn core[df12db4294e9bfd3]::ops::function::Fn<(), Output = i32> + core[df12db4294e9bfd3]::panic::unwind_safe::RefUnwindSafe + core[df12db4294e9bfd3]::marker::Sync, i32>
[INFO] [stdout]                                at /rustc/dfb0accb7f508ae8be965d8629557221c889dd98/library/std/src/panic.rs:359:14
[INFO] [stdout]   26:     0x578c10d99319 - std[70759c8f55707aa4]::rt::lang_start_internal::{closure#0}
[INFO] [stdout]                                at /rustc/dfb0accb7f508ae8be965d8629557221c889dd98/library/std/src/rt.rs:175:24
[INFO] [stdout]   27:     0x578c10d99319 - std[70759c8f55707aa4]::panicking::catch_unwind::do_call::<std[70759c8f55707aa4]::rt::lang_start_internal::{closure#0}, isize>
[INFO] [stdout]                                at /rustc/dfb0accb7f508ae8be965d8629557221c889dd98/library/std/src/panicking.rs:576:43
[INFO] [stdout]   28:     0x578c10d99319 - std[70759c8f55707aa4]::panicking::catch_unwind::<isize, std[70759c8f55707aa4]::rt::lang_start_internal::{closure#0}>
[INFO] [stdout]                                at /rustc/dfb0accb7f508ae8be965d8629557221c889dd98/library/std/src/panicking.rs:544:19
[INFO] [stdout]   29:     0x578c10d99319 - std[70759c8f55707aa4]::panic::catch_unwind::<std[70759c8f55707aa4]::rt::lang_start_internal::{closure#0}, isize>
[INFO] [stdout]                                at /rustc/dfb0accb7f508ae8be965d8629557221c889dd98/library/std/src/panic.rs:359:14
[INFO] [stdout]   30:     0x578c10d99319 - std[70759c8f55707aa4]::rt::lang_start_internal
[INFO] [stdout]                                at /rustc/dfb0accb7f508ae8be965d8629557221c889dd98/library/std/src/rt.rs:171:5
[INFO] [stdout]   31:     0x578c10d1bd71 - std[70759c8f55707aa4]::rt::lang_start::<()>
[INFO] [stdout]   32:     0x578c10d59f35 - main
[INFO] [stdout]   33:     0x74faea94f601 - <unknown>
[INFO] [stdout]   34:     0x74faea94f718 - __libc_start_main
[INFO] [stdout]   35:     0x578c10d1a955 - _start
[INFO] [stdout]   36:                0x0 - <unknown>
[INFO] [stdout] 
[INFO] [stdout] 
[INFO] [stdout] 
[INFO] [stdout] failures:
[INFO] [stdout]     src/pyproject.rs - pyproject (line 3)
[INFO] [stdout] 
[INFO] [stdout] test result: FAILED. 35 passed; 1 failed; 7 ignored; 0 measured; 0 filtered out; finished in 2.66s
[INFO] [stdout] 
[INFO] [stderr] error: doctest failed, to rerun pass `--doc`
[INFO] running `Command { std: "docker" "inspect" "2d7e43e55fc97d38e642c43b4d1d281110a099482379dcf74f6631b19a58d58f", kill_on_drop: false }`
[INFO] running `Command { std: "docker" "rm" "-f" "2d7e43e55fc97d38e642c43b4d1d281110a099482379dcf74f6631b19a58d58f", kill_on_drop: false }`
[INFO] [stdout] 2d7e43e55fc97d38e642c43b4d1d281110a099482379dcf74f6631b19a58d58f
