[INFO] fetching crate pymab 2.0.1...
[INFO] testing pymab-2.0.1 against 1.100.0-beta.1+cargoflags=--release for beta-release-1.100-2
[INFO] extracting crate pymab 2.0.1 into /workspace/builds/worker-6-tc2/source
[INFO] started tweaking crates.io crate pymab 2.0.1
[INFO] removed 0 missing tests
[INFO] finished tweaking crates.io crate pymab 2.0.1
[INFO] tweaked toml for crates.io crate pymab 2.0.1 written to /workspace/builds/worker-6-tc2/source/Cargo.toml
[INFO] validating manifest of crates.io crate pymab 2.0.1 on toolchain 1.100.0-beta.1
[INFO] running `Command { std: CARGO_HOME="/workspace/cargo-home" RUSTUP_HOME="/workspace/rustup-home" "/workspace/cargo-home/bin/cargo" "+1.100.0-beta.1" "metadata" "--manifest-path" "Cargo.toml" "--no-deps", kill_on_drop: false }`
[INFO] running `Command { std: CARGO_HOME="/workspace/cargo-home" RUSTUP_HOME="/workspace/rustup-home" "/workspace/cargo-home/bin/cargo" "+1.100.0-beta.1" "generate-lockfile" "--manifest-path" "Cargo.toml", kill_on_drop: false }`
[INFO] [stderr]     Updating crates.io index
[INFO] [stderr]      Locking 124 packages to highest compatible versions
[INFO] [stderr]       Adding blake2 v0.10.6 (available: v0.11.0)
[INFO] [stderr]       Adding clap v4.5.23 (available: v4.6.7)
[INFO] [stderr]       Adding clap_builder v4.5.23 (available: v4.6.7)
[INFO] [stderr]       Adding criterion v0.7.0 (available: v0.8.2)
[INFO] [stderr]       Adding generic-array v0.14.7 (available: v0.14.9)
[INFO] [stderr]       Adding nalgebra v0.33.3 (available: v0.35.0)
[INFO] [stderr]       Adding proptest v1.9.0 (available: v1.12.0)
[INFO] [stderr]       Adding rand v0.9.5 (available: v0.10.3)
[INFO] [stderr]       Adding rand_chacha v0.9.0 (available: v0.10.0)
[INFO] [stderr]       Adding rand_distr v0.5.1 (available: v0.6.0)
[INFO] [stderr]       Adding statrs v0.18.0 (available: v0.19.1)
[INFO] running `Command { std: CARGO_HOME="/workspace/cargo-home" RUSTUP_HOME="/workspace/rustup-home" "/workspace/cargo-home/bin/cargo" "+1.100.0-beta.1" "fetch" "--manifest-path" "Cargo.toml", kill_on_drop: false }`
[INFO] [stderr] warning: `package.homepage` is redundant with `package.repository`
[INFO] [stderr]   --> Cargo.toml:63:12
[INFO] [stderr]    |
[INFO] [stderr] 63 | homepage = "https://github.com/danielaLopes/pymab"
[INFO] [stderr]    |            ^^^^^^^^^^^^^^^^^^^^^^^^^^^^^^^^^^^^^^^
[INFO] [stderr] ...
[INFO] [stderr] 68 | repository = "https://github.com/danielaLopes/pymab"
[INFO] [stderr]    |              ---------------------------------------
[INFO] [stderr]    |
[INFO] [stderr]    = note: `cargo::redundant_homepage` is set to `warn` by default
[INFO] [stderr] help: consider removing `package.homepage`
[INFO] [stderr] warning: `pymab` (manifest) generated 1 warning
[INFO] running `Command { std: "docker" "create" "-v" "/var/lib/crater-agent-workspace/builds/worker-6-tc2/source:/opt/rustwide/workdir:ro,Z" "-v" "/var/lib/crater-agent-workspace/builds/worker-6-tc2/target:/opt/rustwide/target:rw,Z" "-v" "/var/lib/crater-agent-workspace/cargo-home:/opt/rustwide/cargo-home:ro,Z" "-v" "/var/lib/crater-agent-workspace/rustup-home:/opt/rustwide/rustup-home:ro,Z" "-m" "1610612736" "--network" "none" "ghcr.io/rust-lang/crates-build-env/linux@sha256:77db811e55d90add9212f6832c23229e3de5f1c1f9905e8cb07319ea15df73ac" "sleep" "infinity", kill_on_drop: false }`
[INFO] [stdout] 565a82d2afab65431faefb1111eba2e39a28fd1b24d519c44db004451b6d5f5b
[INFO] running `Command { std: "docker" "start" "565a82d2afab65431faefb1111eba2e39a28fd1b24d519c44db004451b6d5f5b", kill_on_drop: false }`
[INFO] running `Command { std: "docker" "inspect" "565a82d2afab65431faefb1111eba2e39a28fd1b24d519c44db004451b6d5f5b", kill_on_drop: false }`
[INFO] running `Command { std: "docker" "exec" "-e" "SOURCE_DIR=/opt/rustwide/workdir" "-e" "CARGO_HOME=/opt/rustwide/cargo-home" "-e" "RUSTUP_HOME=/opt/rustwide/rustup-home" "-e" "CARGO_TARGET_DIR=/opt/rustwide/target" "-w" "/opt/rustwide/workdir" "--user" "0:0" "565a82d2afab65431faefb1111eba2e39a28fd1b24d519c44db004451b6d5f5b" "/opt/rustwide/cargo-home/bin/cargo" "+1.100.0-beta.1" "metadata" "--no-deps" "--format-version=1", kill_on_drop: false }`
[INFO] running `Command { std: "docker" "inspect" "565a82d2afab65431faefb1111eba2e39a28fd1b24d519c44db004451b6d5f5b", kill_on_drop: false }`
[INFO] running `Command { std: "docker" "exec" "-e" "SOURCE_DIR=/opt/rustwide/workdir" "-e" "CARGO_HOME=/opt/rustwide/cargo-home" "-e" "RUSTUP_HOME=/opt/rustwide/rustup-home" "-e" "CARGO_TARGET_DIR=/opt/rustwide/target" "-e" "CARGO_INCREMENTAL=0" "-e" "RUST_BACKTRACE=full" "-e" "RUSTFLAGS=--cap-lints=warn" "-e" "RUSTDOCFLAGS=--cap-lints=warn" "-w" "/opt/rustwide/workdir" "--user" "0:0" "565a82d2afab65431faefb1111eba2e39a28fd1b24d519c44db004451b6d5f5b" "/opt/rustwide/cargo-home/bin/cargo" "+1.100.0-beta.1" "build" "--frozen" "--message-format=json" "--release", kill_on_drop: false }`
[INFO] [stderr] warning: `package.homepage` is redundant with `package.repository`
[INFO] [stderr]   --> Cargo.toml:63:12
[INFO] [stderr]    |
[INFO] [stderr] 63 | homepage = "https://github.com/danielaLopes/pymab"
[INFO] [stderr]    |            ^^^^^^^^^^^^^^^^^^^^^^^^^^^^^^^^^^^^^^^
[INFO] [stderr] ...
[INFO] [stderr] 68 | repository = "https://github.com/danielaLopes/pymab"
[INFO] [stderr]    |              ---------------------------------------
[INFO] [stderr]    |
[INFO] [stderr]    = note: `cargo::redundant_homepage` is set to `warn` by default
[INFO] [stderr] help: consider removing `package.homepage`
[INFO] [stderr] warning: `pymab` (manifest) generated 1 warning
[INFO] [stderr]    Compiling autocfg v1.5.1
[INFO] [stderr]    Compiling libm v0.2.16
[INFO] [stderr]    Compiling libc v0.2.191
[INFO] [stderr]    Compiling typenum v1.20.1
[INFO] [stderr]    Compiling getrandom v0.3.4
[INFO] [stderr]    Compiling zerocopy v0.8.63
[INFO] [stderr]    Compiling cfg-if v1.0.5
[INFO] [stderr]    Compiling bytemuck v1.25.2
[INFO] [stderr]    Compiling subtle v2.6.1
[INFO] [stderr]    Compiling safe_arch v0.7.4
[INFO] [stderr]    Compiling num-traits v0.2.19
[INFO] [stderr]    Compiling matrixmultiply v0.3.11
[INFO] [stderr]    Compiling wide v0.7.33
[INFO] [stderr]    Compiling generic-array v0.14.7
[INFO] [stderr]    Compiling rand_core v0.9.5
[INFO] [stderr]    Compiling block-buffer v0.10.4
[INFO] [stderr]    Compiling crypto-common v0.1.7
[INFO] [stderr]    Compiling digest v0.10.7
[INFO] [stderr]    Compiling blake2 v0.10.6
[INFO] [stderr]    Compiling approx v0.5.1
[INFO] [stderr]    Compiling num-integer v0.1.47
[INFO] [stderr]    Compiling num-complex v0.4.6
[INFO] [stderr]    Compiling statrs v0.18.0
[INFO] [stderr]    Compiling num-rational v0.4.2
[INFO] [stderr]    Compiling simba v0.9.1
[INFO] [stderr]    Compiling ppv-lite86 v0.2.21
[INFO] [stderr]    Compiling rand_chacha v0.9.0
[INFO] [stderr]    Compiling rand v0.9.5
[INFO] [stderr]    Compiling rand_distr v0.5.1
[INFO] [stderr]    Compiling nalgebra v0.33.3
[INFO] [stderr]    Compiling pymab v2.0.1 (/opt/rustwide/workdir)
[INFO] [stderr]     Finished `release` profile [optimized] target(s) in 31.08s
[INFO] running `Command { std: "docker" "inspect" "565a82d2afab65431faefb1111eba2e39a28fd1b24d519c44db004451b6d5f5b", kill_on_drop: false }`
[INFO] running `Command { std: "docker" "exec" "-e" "SOURCE_DIR=/opt/rustwide/workdir" "-e" "CARGO_HOME=/opt/rustwide/cargo-home" "-e" "RUSTUP_HOME=/opt/rustwide/rustup-home" "-e" "CARGO_TARGET_DIR=/opt/rustwide/target" "-e" "CARGO_INCREMENTAL=0" "-e" "RUST_BACKTRACE=full" "-e" "RUSTFLAGS=--cap-lints=warn" "-e" "RUSTDOCFLAGS=--cap-lints=warn" "-w" "/opt/rustwide/workdir" "--user" "0:0" "565a82d2afab65431faefb1111eba2e39a28fd1b24d519c44db004451b6d5f5b" "/opt/rustwide/cargo-home/bin/cargo" "+1.100.0-beta.1" "test" "--frozen" "--no-run" "--message-format=json" "--release", kill_on_drop: false }`
[INFO] [stderr] warning: `package.homepage` is redundant with `package.repository`
[INFO] [stderr]   --> Cargo.toml:63:12
[INFO] [stderr]    |
[INFO] [stderr] 63 | homepage = "https://github.com/danielaLopes/pymab"
[INFO] [stderr]    |            ^^^^^^^^^^^^^^^^^^^^^^^^^^^^^^^^^^^^^^^
[INFO] [stderr] ...
[INFO] [stderr] 68 | repository = "https://github.com/danielaLopes/pymab"
[INFO] [stderr]    |              ---------------------------------------
[INFO] [stderr]    |
[INFO] [stderr]    = note: `cargo::redundant_homepage` is set to `warn` by default
[INFO] [stderr] help: consider removing `package.homepage`
[INFO] [stderr] warning: `pymab` (manifest) generated 1 warning
[INFO] [stderr]    Compiling proc-macro2 v1.0.107
[INFO] [stderr]    Compiling quote v1.0.47
[INFO] [stderr]    Compiling unicode-ident v1.0.27
[INFO] [stderr]    Compiling libc v0.2.191
[INFO] [stderr]    Compiling zerocopy v0.8.63
[INFO] [stderr]    Compiling serde_core v1.0.229
[INFO] [stderr]    Compiling crossbeam-utils v0.8.23
[INFO] [stderr]    Compiling crossbeam-epoch v0.9.21
[INFO] [stderr]    Compiling serde v1.0.229
[INFO] [stderr]    Compiling rustix v1.1.5
[INFO] [stderr]    Compiling getrandom v0.4.3
[INFO] [stderr]    Compiling crossbeam-deque v0.8.8
[INFO] [stderr]    Compiling zmij v1.0.23
[INFO] [stderr]    Compiling anstyle-query v1.1.5
[INFO] [stderr]    Compiling colorchoice v1.0.5
[INFO] [stderr]    Compiling serde_json v1.0.154
[INFO] [stderr]    Compiling is_terminal_polyfill v1.70.2
[INFO] [stderr]    Compiling rayon-core v1.13.0
[INFO] [stderr]    Compiling either v1.19.0
[INFO] [stderr]    Compiling bitflags v2.13.2
[INFO] [stderr]    Compiling regex-syntax v0.8.11
[INFO] [stderr]    Compiling anstyle v1.0.14
[INFO] [stderr]    Compiling linux-raw-sys v0.12.1
[INFO] [stderr]    Compiling itoa v1.0.18
[INFO] [stderr]    Compiling ciborium-io v0.2.2
[INFO] [stderr]    Compiling plotters-backend v0.3.7
[INFO] [stderr]    Compiling fastrand v2.5.0
[INFO] [stderr]    Compiling memchr v2.8.3
[INFO] [stderr]    Compiling anstream v0.6.21
[INFO] [stderr]    Compiling once_cell v1.21.4
[INFO] [stderr]    Compiling clap_lex v0.7.7
[INFO] [stderr]    Compiling quick-error v1.2.3
[INFO] [stderr]    Compiling same-file v1.0.6
[INFO] [stderr]    Compiling itertools v0.13.0
[INFO] [stderr]    Compiling bit-vec v0.8.0
[INFO] [stderr]    Compiling plotters-svg v0.3.7
[INFO] [stderr]    Compiling cast v0.3.0
[INFO] [stderr]    Compiling walkdir v2.5.0
[INFO] [stderr]    Compiling clap_builder v4.5.23
[INFO] [stderr]    Compiling plotters v0.3.7
[INFO] [stderr]    Compiling bit-set v0.8.0
[INFO] [stderr]    Compiling oorandom v11.1.5
[INFO] [stderr]    Compiling anes v0.1.6
[INFO] [stderr]    Compiling unarray v0.1.4
[INFO] [stderr]    Compiling syn v2.0.119
[INFO] [stderr]    Compiling syn v3.0.9
[INFO] [stderr]    Compiling criterion-plot v0.6.0
[INFO] [stderr]    Compiling getrandom v0.3.4
[INFO] [stderr]    Compiling wait-timeout v0.2.1
[INFO] [stderr]    Compiling rand_core v0.9.5
[INFO] [stderr]    Compiling rand_xorshift v0.4.0
[INFO] [stderr]    Compiling tempfile v3.27.0
[INFO] [stderr]    Compiling rayon v1.12.0
[INFO] [stderr]    Compiling rusty-fork v0.3.1
[INFO] [stderr]    Compiling serde_derive v1.0.229
[INFO] [stderr]    Compiling regex-automata v0.4.18
[INFO] [stderr]    Compiling clap v4.5.23
[INFO] [stderr]    Compiling zerocopy-derive v0.8.63
[INFO] [stderr]    Compiling regex v1.13.1
[INFO] [stderr]    Compiling tinytemplate v1.2.1
[INFO] [stderr]    Compiling ppv-lite86 v0.2.21
[INFO] [stderr]    Compiling half v2.7.1
[INFO] [stderr]    Compiling rand_chacha v0.9.0
[INFO] [stderr]    Compiling ciborium-ll v0.2.2
[INFO] [stderr]    Compiling rand v0.9.5
[INFO] [stderr]    Compiling ciborium v0.2.2
[INFO] [stderr]    Compiling rand_distr v0.5.1
[INFO] [stderr]    Compiling proptest v1.9.0
[INFO] [stderr]    Compiling criterion v0.7.0
[INFO] [stderr]    Compiling pymab v2.0.1 (/opt/rustwide/workdir)
[INFO] [stderr]     Finished `release` profile [optimized] target(s) in 56.70s
[INFO] running `Command { std: "docker" "inspect" "565a82d2afab65431faefb1111eba2e39a28fd1b24d519c44db004451b6d5f5b", kill_on_drop: false }`
[INFO] running `Command { std: "docker" "exec" "-e" "SOURCE_DIR=/opt/rustwide/workdir" "-e" "CARGO_HOME=/opt/rustwide/cargo-home" "-e" "RUSTUP_HOME=/opt/rustwide/rustup-home" "-e" "CARGO_TARGET_DIR=/opt/rustwide/target" "-e" "CARGO_INCREMENTAL=0" "-e" "RUST_BACKTRACE=full" "-e" "RUSTFLAGS=--cap-lints=warn" "-e" "RUSTDOCFLAGS=--cap-lints=warn" "-w" "/opt/rustwide/workdir" "--user" "0:0" "565a82d2afab65431faefb1111eba2e39a28fd1b24d519c44db004451b6d5f5b" "/opt/rustwide/cargo-home/bin/cargo" "+1.100.0-beta.1" "test" "--frozen" "--release", kill_on_drop: false }`
[INFO] [stderr] warning: `package.homepage` is redundant with `package.repository`
[INFO] [stderr]   --> Cargo.toml:63:12
[INFO] [stderr]    |
[INFO] [stderr] 63 | homepage = "https://github.com/danielaLopes/pymab"
[INFO] [stderr]    |            ^^^^^^^^^^^^^^^^^^^^^^^^^^^^^^^^^^^^^^^
[INFO] [stderr] ...
[INFO] [stderr] 68 | repository = "https://github.com/danielaLopes/pymab"
[INFO] [stderr]    |              ---------------------------------------
[INFO] [stderr]    |
[INFO] [stderr]    = note: `cargo::redundant_homepage` is set to `warn` by default
[INFO] [stderr] help: consider removing `package.homepage`
[INFO] [stderr] warning: `pymab` (manifest) generated 1 warning
[INFO] [stderr]     Finished `release` profile [optimized] target(s) in 0.15s
[INFO] [stderr]      Running unittests src/lib.rs (/opt/rustwide/target/release/build/pymab/9adddd514fe3cca1/out/pymab-9adddd514fe3cca1)
[INFO] [stdout] 
[INFO] [stdout] running 7 tests
[INFO] [stdout] test policy::action_value::tests::tied_argmax_sampling_has_valid_support ... ok
[INFO] [stdout] test policy::action_value::tests::updates_reject_invalid_actions_and_rewards_without_mutation ... ok
[INFO] [stderr]      Running tests/adaptive_policies.rs (/opt/rustwide/target/release/build/pymab/d47d5e470ea52d9a/out/adaptive_policies-d47d5e470ea52d9a)
[INFO] [stdout] test policy::action_value::tests::incremental_means_reset_and_recommendation_match_the_reference_contract ... ok
[INFO] [stdout] test tests::core_metadata_is_non_empty ... ok
[INFO] [stdout] test policy::action_value::tests::softmax_is_stable_for_large_values ... ok
[INFO] [stdout] test memory::tests::helpers_account_for_reserved_capacity ... ok
[INFO] [stdout] test memory::tests::matrix_accounting_detects_overflow ... ok
[INFO] [stdout] 
[INFO] [stdout] test result: ok. 7 passed; 0 failed; 0 ignored; 0 measured; 0 filtered out; finished in 0.00s
[INFO] [stdout] 
[INFO] [stdout] 
[INFO] [stdout] running 6 tests
[INFO] [stdout] test nonstationary_constructors_reject_invalid_configuration ... ok
[INFO] [stdout] test nonstationary_discounting_updates_effective_counts_and_sums ... ok
[INFO] [stdout] test nonstationary_sliding_windows_expire_by_global_time_and_bound_capacity ... ok
[INFO] [stdout] test sliding_window_rejects_arm_sum_overflow_without_mutating_state ... ok
[INFO] [stdout] test change_detection_resets_only_the_changed_arm ... ok
[INFO] [stderr]      Running tests/basic_policies.rs (/opt/rustwide/target/release/build/pymab/70b96e22c30b31e8/out/basic_policies-70b96e22c30b31e8)
[INFO] [stdout] test change_detection_state_remains_finite_on_long_traces ... ok
[INFO] [stdout] 
[INFO] [stdout] test result: ok. 6 passed; 0 failed; 0 ignored; 0 measured; 0 filtered out; finished in 0.00s
[INFO] [stdout] 
[INFO] [stdout] 
[INFO] [stdout] running 5 tests
[INFO] [stdout] test basic_greedy_updates_incremental_means_and_clones_reset_state ... ok
[INFO] [stdout] test basic_decaying_epsilon_follows_the_reference_schedule ... ok
[INFO] [stdout] test basic_random_and_epsilon_sampling_are_seed_reproducible_and_valid ... ok
[INFO] [stdout] test basic_softmax_probabilities_are_stable_and_sampling_has_valid_support ... ok
[INFO] [stdout] test basic_constructors_reject_invalid_configuration ... ok
[INFO] [stdout] 
[INFO] [stdout] test result: ok. 5 passed; 0 failed; 0 ignored; 0 measured; 0 filtered out; finished in 0.00s
[INFO] [stdout] 
[INFO] [stderr]      Running tests/contextual_policies.rs (/opt/rustwide/target/release/build/pymab/44978d00855ce1ce/out/contextual_policies-44978d00855ce1ce)
[INFO] [stdout] 
[INFO] [stdout] running 6 tests
[INFO] [stdout] test contextual_constructors_reject_invalid_configuration ... ok
[INFO] [stdout] test contextual_inputs_are_checked_without_partial_updates ... ok
[INFO] [stdout] test lin_ucb_uses_spd_solves_for_means_and_uncertainty ... ok
[INFO] [stdout] test linear_epsilon_greedy_updates_only_the_selected_arm ... ok
[INFO] [stdout] test linear_thompson_updates_posterior_and_replays_seeded_sampling ... ok
[INFO] [stderr]      Running tests/environment_contract.rs (/opt/rustwide/target/release/build/pymab/2fe738cdb1cefe5d/out/environment_contract-2fe738cdb1cefe5d)
[INFO] [stdout] test logistic_policy_uses_stable_binary_gradient_updates ... ok
[INFO] [stdout] 
[INFO] [stdout] test result: ok. 6 passed; 0 failed; 0 ignored; 0 measured; 0 filtered out; finished in 0.01s
[INFO] [stdout] 
[INFO] [stdout] 
[INFO] [stdout] running 6 tests
[INFO] [stdout] test reward_models_validate_support_and_replay_seeded_sampling ... ok
[INFO] [stdout] test context_providers_and_linear_environment_validate_shapes ... ok
[INFO] [stdout] test arm_priors_validate_configuration_and_generate_one_mean_per_arm ... ok
[INFO] [stdout] test dynamics_preserve_domains_and_expected_step_semantics ... ok
[INFO] [stdout] test classic_environment_validates_compatibility_clones_and_advances ... ok
[INFO] [stdout] test logistic_environment_clips_logits_and_requires_binary_rewards ... ok
[INFO] [stdout] 
[INFO] [stdout] test result: ok. 6 passed; 0 failed; 0 ignored; 0 measured; 0 filtered out; finished in 0.00s
[INFO] [stdout] 
[INFO] [stderr]      Running tests/experiment_contract.rs (/opt/rustwide/target/release/build/pymab/94f87840f72de73a/out/experiment_contract-94f87840f72de73a)
[INFO] [stdout] 
[INFO] [stdout] running 4 tests
[INFO] [stdout] test policy_streams_are_isolated_from_input_order ... ok
[INFO] [stdout] test contextual_experiment_records_contexts_and_stable_digest ... ok
[INFO] [stdout] test experiment_rejects_empty_duplicate_and_incompatible_policies ... ok
[INFO] [stdout] test classic_experiment_preallocates_expected_shapes_and_replays ... ok
[INFO] [stderr]      Running tests/exploration_policies.rs (/opt/rustwide/target/release/build/pymab/dcc612d0dece458f/out/exploration_policies-dcc612d0dece458f)
[INFO] [stdout] 
[INFO] [stdout] test result: ok. 4 passed; 0 failed; 0 ignored; 0 measured; 0 filtered out; finished in 0.00s
[INFO] [stdout] 
[INFO] [stdout] 
[INFO] [stdout] running 4 tests
[INFO] [stdout] test pure_exploration_successive_elimination_removes_confidently_worse_arm ... ok
[INFO] [stdout] test adversarial_and_exploration_constructors_validate_boundaries ... ok
[INFO] [stdout] test pure_exploration_median_elimination_completes_phase_and_terminates ... ok
[INFO] [stdout] test adversarial_exp3_stays_finite_with_a_positive_exploration_floor ... ok
[INFO] [stdout] 
[INFO] [stdout] test result: ok. 4 passed; 0 failed; 0 ignored; 0 measured; 0 filtered out; finished in 0.01s
[INFO] [stdout] 
[INFO] [stderr]      Running tests/memory_contract.rs (/opt/rustwide/target/release/build/pymab/1dab2cd65e766ae5/out/memory_contract-1dab2cd65e766ae5)
[INFO] [stdout] 
[INFO] [stdout] running 3 tests
[INFO] [stderr]      Running tests/no_panics.rs (/opt/rustwide/target/release/build/pymab/8dfc09e05638dc7b/out/no_panics-8dfc09e05638dc7b)
[INFO] [stdout] test action_value_estimate_includes_owned_buffers_and_stays_stable ... ok
[INFO] [stdout] test sliding_window_estimate_accounts_for_reserved_history ... ok
[INFO] [stdout] test contextual_matrix_estimate_scales_with_shape ... ok
[INFO] [stdout] 
[INFO] [stdout] test result: ok. 3 passed; 0 failed; 0 ignored; 0 measured; 0 filtered out; finished in 0.00s
[INFO] [stdout] 
[INFO] [stdout] 
[INFO] [stdout] running 2 tests
[INFO] [stdout] test extreme_uniform_interval_returns_an_error_without_panicking ... ok
[INFO] [stdout] test malformed_public_inputs_return_errors_without_panicking ... ok
[INFO] [stderr]      Running tests/policy_fixtures.rs (/opt/rustwide/target/release/build/pymab/f832371dafd18912/out/policy_fixtures-f832371dafd18912)
[INFO] [stdout] 
[INFO] [stdout] test result: ok. 2 passed; 0 failed; 0 ignored; 0 measured; 0 filtered out; finished in 0.01s
[INFO] [stdout] 
[INFO] [stdout] 
[INFO] [stdout] running 8 tests
[INFO] [stdout] test policy_fixture_loader_rejects_unknown_and_incomplete_fields ... ok
[INFO] [stdout] test basic_policy_fixtures_match_rust_state ... FAILED
[INFO] [stdout] test fixture_registry_covers_every_rust_policy_kind ... FAILED
[INFO] [stderr] error: test failed, to rerun pass `--test policy_fixtures`
[INFO] [stdout] test posterior_policy_fixtures_match_rust_state ... FAILED
[INFO] [stdout] test contextual_policy_fixtures_match_rust_state ... FAILED
[INFO] [stdout] test adaptive_policy_fixtures_match_rust_state ... FAILED
[INFO] [stdout] test exploration_policy_fixtures_match_rust_state ... FAILED
[INFO] [stdout] test ucb_policy_fixtures_match_rust_state ... FAILED
[INFO] [stdout] 
[INFO] [stdout] failures:
[INFO] [stdout] 
[INFO] [stdout] ---- basic_policy_fixtures_match_rust_state stdout ----
[INFO] [stdout] 
[INFO] [stdout] thread 'basic_policy_fixtures_match_rust_state' (2559) panicked at tests/policy_fixtures.rs:70:58:
[INFO] [stdout] fixture exists: Os { code: 2, kind: NotFound, message: "No such file or directory" }
[INFO] [stdout] stack backtrace:
[INFO] [stdout]    0:     0x565a90943631 - <<std[617be2ca0a6fd877]::sys::backtrace::BacktraceLock>::print::DisplayBacktrace as core[a373ad73a504971]::fmt::Display>::fmt
[INFO] [stdout]    1:     0x565a909584aa - core[a373ad73a504971]::fmt::write
[INFO] [stdout]    2:     0x565a909478fc - <alloc[2e1b2a31b91974c5]::vec::Vec<u8> as core[a373ad73a504971]::io::write::Write>::write_fmt
[INFO] [stdout]    3:     0x565a9091f5a6 - std[617be2ca0a6fd877]::panicking::default_hook::{closure#0}
[INFO] [stdout]    4:     0x565a9093b969 - std[617be2ca0a6fd877]::panicking::default_hook
[INFO] [stdout]    5:     0x565a908bce60 - test[aada8e7e76ba119b]::test_main_inner::{closure#0}
[INFO] [stdout]    6:     0x565a9093bb22 - std[617be2ca0a6fd877]::panicking::panic_with_hook
[INFO] [stdout]    7:     0x565a9091f652 - std[617be2ca0a6fd877]::panicking::panic_handler::{closure#0}
[INFO] [stdout]    8:     0x565a909181a9 - std[617be2ca0a6fd877]::sys::backtrace::__rust_end_short_backtrace::<std[617be2ca0a6fd877]::panicking::panic_handler::{closure#0}, !>
[INFO] [stdout]    9:     0x565a9092025d - __rustc[ea4f61d10b84890b]::rust_begin_unwind
[INFO] [stdout]   10:     0x565a90958bdc - core[a373ad73a504971]::panicking::panic_fmt
[INFO] [stdout]   11:     0x565a909589b2 - core[a373ad73a504971]::result::unwrap_failed
[INFO] [stdout]   12:     0x565a9088f277 - policy_fixtures[cc6120202f6ea24a]::read_policy_fixture
[INFO] [stdout]   13:     0x565a90897683 - <policy_fixtures[cc6120202f6ea24a]::basic_policy_fixtures_match_rust_state::{closure#0} as core[a373ad73a504971]::ops::function::FnOnce<()>>::call_once
[INFO] [stdout]   14:     0x565a908b02ab - test[aada8e7e76ba119b]::__rust_begin_short_backtrace::<core[a373ad73a504971]::result::Result<(), alloc[2e1b2a31b91974c5]::string::String>, fn() -> core[a373ad73a504971]::result::Result<(), alloc[2e1b2a31b91974c5]::string::String>>
[INFO] [stdout]   15:     0x565a908bd485 - test[aada8e7e76ba119b]::run_test::{closure#0}
[INFO] [stdout]   16:     0x565a908b6d74 - std[617be2ca0a6fd877]::sys::backtrace::__rust_begin_short_backtrace::<test[aada8e7e76ba119b]::run_test::{closure#1}, ()>
[INFO] [stdout]   17:     0x565a908c0512 - <std[617be2ca0a6fd877]::thread::lifecycle::spawn_unchecked<test[aada8e7e76ba119b]::run_test::{closure#1}, ()>::{closure#1} as core[a373ad73a504971]::ops::function::FnOnce<()>>::call_once::{shim:vtable#0}
[INFO] [stdout]   18:     0x565a90942b2f - <std[617be2ca0a6fd877]::sys::thread::unix::Thread>::new::thread_start
[INFO] [stdout]   19:     0x729faeaa6dfa - <unknown>
[INFO] [stdout]   20:     0x729faeb3a3d4 - clone
[INFO] [stdout]   21:                0x0 - <unknown>
[INFO] [stdout] 
[INFO] [stdout] ---- fixture_registry_covers_every_rust_policy_kind stdout ----
[INFO] [stdout] 
[INFO] [stdout] thread 'fixture_registry_covers_every_rust_policy_kind' (2562) panicked at tests/policy_fixtures.rs:195:69:
[INFO] [stdout] registry exists: Os { code: 2, kind: NotFound, message: "No such file or directory" }
[INFO] [stdout] stack backtrace:
[INFO] [stdout]    0:     0x565a90943631 - <<std[617be2ca0a6fd877]::sys::backtrace::BacktraceLock>::print::DisplayBacktrace as core[a373ad73a504971]::fmt::Display>::fmt
[INFO] [stdout]    1:     0x565a909584aa - core[a373ad73a504971]::fmt::write
[INFO] [stdout]    2:     0x565a909478fc - <alloc[2e1b2a31b91974c5]::vec::Vec<u8> as core[a373ad73a504971]::io::write::Write>::write_fmt
[INFO] [stdout]    3:     0x565a9091f5a6 - std[617be2ca0a6fd877]::panicking::default_hook::{closure#0}
[INFO] [stdout]    4:     0x565a9093b969 - std[617be2ca0a6fd877]::panicking::default_hook
[INFO] [stdout]    5:     0x565a908bce60 - test[aada8e7e76ba119b]::test_main_inner::{closure#0}
[INFO] [stdout]    6:     0x565a9093bb22 - std[617be2ca0a6fd877]::panicking::panic_with_hook
[INFO] [stdout]    7:     0x565a9091f652 - std[617be2ca0a6fd877]::panicking::panic_handler::{closure#0}
[INFO] [stdout]    8:     0x565a909181a9 - std[617be2ca0a6fd877]::sys::backtrace::__rust_end_short_backtrace::<std[617be2ca0a6fd877]::panicking::panic_handler::{closure#0}, !>
[INFO] [stdout]    9:     0x565a9092025d - __rustc[ea4f61d10b84890b]::rust_begin_unwind
[INFO] [stdout]   10:     0x565a90958bdc - core[a373ad73a504971]::panicking::panic_fmt
[INFO] [stdout]   11:     0x565a909589b2 - core[a373ad73a504971]::result::unwrap_failed
[INFO] [stdout]   12:     0x565a908a14f7 - <policy_fixtures[cc6120202f6ea24a]::fixture_registry_covers_every_rust_policy_kind::{closure#0} as core[a373ad73a504971]::ops::function::FnOnce<()>>::call_once
[INFO] [stdout]   13:     0x565a908b02ab - test[aada8e7e76ba119b]::__rust_begin_short_backtrace::<core[a373ad73a504971]::result::Result<(), alloc[2e1b2a31b91974c5]::string::String>, fn() -> core[a373ad73a504971]::result::Result<(), alloc[2e1b2a31b91974c5]::string::String>>
[INFO] [stdout]   14:     0x565a908bd485 - test[aada8e7e76ba119b]::run_test::{closure#0}
[INFO] [stdout]   15:     0x565a908b6d74 - std[617be2ca0a6fd877]::sys::backtrace::__rust_begin_short_backtrace::<test[aada8e7e76ba119b]::run_test::{closure#1}, ()>
[INFO] [stdout]   16:     0x565a908c0512 - <std[617be2ca0a6fd877]::thread::lifecycle::spawn_unchecked<test[aada8e7e76ba119b]::run_test::{closure#1}, ()>::{closure#1} as core[a373ad73a504971]::ops::function::FnOnce<()>>::call_once::{shim:vtable#0}
[INFO] [stdout]   17:     0x565a90942b2f - <std[617be2ca0a6fd877]::sys::thread::unix::Thread>::new::thread_start
[INFO] [stdout]   18:     0x729faeaa6dfa - <unknown>
[INFO] [stdout]   19:     0x729faeb3a3d4 - clone
[INFO] [stdout]   20:                0x0 - <unknown>
[INFO] [stdout] 
[INFO] [stdout] ---- posterior_policy_fixtures_match_rust_state stdout ----
[INFO] [stdout] 
[INFO] [stdout] thread 'posterior_policy_fixtures_match_rust_state' (2564) panicked at tests/policy_fixtures.rs:70:58:
[INFO] [stdout] fixture exists: Os { code: 2, kind: NotFound, message: "No such file or directory" }
[INFO] [stdout] stack backtrace:
[INFO] [stdout]    0:     0x565a90943631 - <<std[617be2ca0a6fd877]::sys::backtrace::BacktraceLock>::print::DisplayBacktrace as core[a373ad73a504971]::fmt::Display>::fmt
[INFO] [stdout]    1:     0x565a909584aa - core[a373ad73a504971]::fmt::write
[INFO] [stdout]    2:     0x565a909478fc - <alloc[2e1b2a31b91974c5]::vec::Vec<u8> as core[a373ad73a504971]::io::write::Write>::write_fmt
[INFO] [stdout]    3:     0x565a9091f5a6 - std[617be2ca0a6fd877]::panicking::default_hook::{closure#0}
[INFO] [stdout]    4:     0x565a9093b969 - std[617be2ca0a6fd877]::panicking::default_hook
[INFO] [stdout]    5:     0x565a908bce60 - test[aada8e7e76ba119b]::test_main_inner::{closure#0}
[INFO] [stdout]    6:     0x565a9093bb22 - std[617be2ca0a6fd877]::panicking::panic_with_hook
[INFO] [stdout]    7:     0x565a9091f652 - std[617be2ca0a6fd877]::panicking::panic_handler::{closure#0}
[INFO] [stdout]    8:     0x565a909181a9 - std[617be2ca0a6fd877]::sys::backtrace::__rust_end_short_backtrace::<std[617be2ca0a6fd877]::panicking::panic_handler::{closure#0}, !>
[INFO] [stdout]    9:     0x565a9092025d - __rustc[ea4f61d10b84890b]::rust_begin_unwind
[INFO] [stdout]   10:     0x565a90958bdc - core[a373ad73a504971]::panicking::panic_fmt
[INFO] [stdout]   11:     0x565a909589b2 - core[a373ad73a504971]::result::unwrap_failed
[INFO] [stdout]   12:     0x565a9088f277 - policy_fixtures[cc6120202f6ea24a]::read_policy_fixture
[INFO] [stdout]   13:     0x565a90899c38 - <policy_fixtures[cc6120202f6ea24a]::posterior_policy_fixtures_match_rust_state::{closure#0} as core[a373ad73a504971]::ops::function::FnOnce<()>>::call_once
[INFO] [stdout]   14:     0x565a908b02ab - test[aada8e7e76ba119b]::__rust_begin_short_backtrace::<core[a373ad73a504971]::result::Result<(), alloc[2e1b2a31b91974c5]::string::String>, fn() -> core[a373ad73a504971]::result::Result<(), alloc[2e1b2a31b91974c5]::string::String>>
[INFO] [stdout]   15:     0x565a908bd485 - test[aada8e7e76ba119b]::run_test::{closure#0}
[INFO] [stdout]   16:     0x565a908b6d74 - std[617be2ca0a6fd877]::sys::backtrace::__rust_begin_short_backtrace::<test[aada8e7e76ba119b]::run_test::{closure#1}, ()>
[INFO] [stdout]   17:     0x565a908c0512 - <std[617be2ca0a6fd877]::thread::lifecycle::spawn_unchecked<test[aada8e7e76ba119b]::run_test::{closure#1}, ()>::{closure#1} as core[a373ad73a504971]::ops::function::FnOnce<()>>::call_once::{shim:vtable#0}
[INFO] [stdout]   18:     0x565a90942b2f - <std[617be2ca0a6fd877]::sys::thread::unix::Thread>::new::thread_start
[INFO] [stdout]   19:     0x729faeaa6dfa - <unknown>
[INFO] [stdout]   20:     0x729faeb3a3d4 - clone
[INFO] [stdout]   21:                0x0 - <unknown>
[INFO] [stdout] 
[INFO] [stdout] ---- contextual_policy_fixtures_match_rust_state stdout ----
[INFO] [stdout] 
[INFO] [stdout] thread 'contextual_policy_fixtures_match_rust_state' (2560) panicked at tests/policy_fixtures.rs:70:58:
[INFO] [stdout] fixture exists: Os { code: 2, kind: NotFound, message: "No such file or directory" }
[INFO] [stdout] stack backtrace:
[INFO] [stdout]    0:     0x565a90943631 - <<std[617be2ca0a6fd877]::sys::backtrace::BacktraceLock>::print::DisplayBacktrace as core[a373ad73a504971]::fmt::Display>::fmt
[INFO] [stdout]    1:     0x565a909584aa - core[a373ad73a504971]::fmt::write
[INFO] [stdout]    2:     0x565a909478fc - <alloc[2e1b2a31b91974c5]::vec::Vec<u8> as core[a373ad73a504971]::io::write::Write>::write_fmt
[INFO] [stdout]    3:     0x565a9091f5a6 - std[617be2ca0a6fd877]::panicking::default_hook::{closure#0}
[INFO] [stdout]    4:     0x565a9093b969 - std[617be2ca0a6fd877]::panicking::default_hook
[INFO] [stdout]    5:     0x565a908bce60 - test[aada8e7e76ba119b]::test_main_inner::{closure#0}
[INFO] [stdout]    6:     0x565a9093bb22 - std[617be2ca0a6fd877]::panicking::panic_with_hook
[INFO] [stdout]    7:     0x565a9091f652 - std[617be2ca0a6fd877]::panicking::panic_handler::{closure#0}
[INFO] [stdout]    8:     0x565a909181a9 - std[617be2ca0a6fd877]::sys::backtrace::__rust_end_short_backtrace::<std[617be2ca0a6fd877]::panicking::panic_handler::{closure#0}, !>
[INFO] [stdout]    9:     0x565a9092025d - __rustc[ea4f61d10b84890b]::rust_begin_unwind
[INFO] [stdout]   10:     0x565a90958bdc - core[a373ad73a504971]::panicking::panic_fmt
[INFO] [stdout]   11:     0x565a909589b2 - core[a373ad73a504971]::result::unwrap_failed
[INFO] [stdout]   12:     0x565a9088f277 - policy_fixtures[cc6120202f6ea24a]::read_policy_fixture
[INFO] [stdout]   13:     0x565a9089c573 - <policy_fixtures[cc6120202f6ea24a]::contextual_policy_fixtures_match_rust_state::{closure#0} as core[a373ad73a504971]::ops::function::FnOnce<()>>::call_once
[INFO] [stdout]   14:     0x565a908b02ab - test[aada8e7e76ba119b]::__rust_begin_short_backtrace::<core[a373ad73a504971]::result::Result<(), alloc[2e1b2a31b91974c5]::string::String>, fn() -> core[a373ad73a504971]::result::Result<(), alloc[2e1b2a31b91974c5]::string::String>>
[INFO] [stdout]   15:     0x565a908bd485 - test[aada8e7e76ba119b]::run_test::{closure#0}
[INFO] [stdout]   16:     0x565a908b6d74 - std[617be2ca0a6fd877]::sys::backtrace::__rust_begin_short_backtrace::<test[aada8e7e76ba119b]::run_test::{closure#1}, ()>
[INFO] [stdout]   17:     0x565a908c0512 - <std[617be2ca0a6fd877]::thread::lifecycle::spawn_unchecked<test[aada8e7e76ba119b]::run_test::{closure#1}, ()>::{closure#1} as core[a373ad73a504971]::ops::function::FnOnce<()>>::call_once::{shim:vtable#0}
[INFO] [stdout]   18:     0x565a90942b2f - <std[617be2ca0a6fd877]::sys::thread::unix::Thread>::new::thread_start
[INFO] [stdout]   19:     0x729faeaa6dfa - <unknown>
[INFO] [stdout]   20:     0x729faeb3a3d4 - clone
[INFO] [stdout]   21:                0x0 - <unknown>
[INFO] [stdout] 
[INFO] [stdout] ---- adaptive_policy_fixtures_match_rust_state stdout ----
[INFO] [stdout] 
[INFO] [stdout] thread 'adaptive_policy_fixtures_match_rust_state' (2558) panicked at tests/policy_fixtures.rs:70:58:
[INFO] [stdout] fixture exists: Os { code: 2, kind: NotFound, message: "No such file or directory" }
[INFO] [stdout] stack backtrace:
[INFO] [stdout]    0:     0x565a90943631 - <<std[617be2ca0a6fd877]::sys::backtrace::BacktraceLock>::print::DisplayBacktrace as core[a373ad73a504971]::fmt::Display>::fmt
[INFO] [stdout]    1:     0x565a909584aa - core[a373ad73a504971]::fmt::write
[INFO] [stdout]    2:     0x565a909478fc - <alloc[2e1b2a31b91974c5]::vec::Vec<u8> as core[a373ad73a504971]::io::write::Write>::write_fmt
[INFO] [stdout]    3:     0x565a9091f5a6 - std[617be2ca0a6fd877]::panicking::default_hook::{closure#0}
[INFO] [stdout]    4:     0x565a9093b969 - std[617be2ca0a6fd877]::panicking::default_hook
[INFO] [stdout]    5:     0x565a908bce60 - test[aada8e7e76ba119b]::test_main_inner::{closure#0}
[INFO] [stdout]    6:     0x565a9093bb22 - std[617be2ca0a6fd877]::panicking::panic_with_hook
[INFO] [stdout]    7:     0x565a9091f652 - std[617be2ca0a6fd877]::panicking::panic_handler::{closure#0}
[INFO] [stdout]    8:     0x565a909181a9 - std[617be2ca0a6fd877]::sys::backtrace::__rust_end_short_backtrace::<std[617be2ca0a6fd877]::panicking::panic_handler::{closure#0}, !>
[INFO] [stdout]    9:     0x565a9092025d - __rustc[ea4f61d10b84890b]::rust_begin_unwind
[INFO] [stdout]   10:     0x565a90958bdc - core[a373ad73a504971]::panicking::panic_fmt
[INFO] [stdout]   11:     0x565a909589b2 - core[a373ad73a504971]::result::unwrap_failed
[INFO] [stdout]   12:     0x565a9088f277 - policy_fixtures[cc6120202f6ea24a]::read_policy_fixture
[INFO] [stdout]   13:     0x565a90891a0a - policy_fixtures[cc6120202f6ea24a]::adaptive_policy_fixtures_match_rust_state
[INFO] [stdout]   14:     0x565a90899b09 - <policy_fixtures[cc6120202f6ea24a]::adaptive_policy_fixtures_match_rust_state::{closure#0} as core[a373ad73a504971]::ops::function::FnOnce<()>>::call_once
[INFO] [stdout]   15:     0x565a908b02ab - test[aada8e7e76ba119b]::__rust_begin_short_backtrace::<core[a373ad73a504971]::result::Result<(), alloc[2e1b2a31b91974c5]::string::String>, fn() -> core[a373ad73a504971]::result::Result<(), alloc[2e1b2a31b91974c5]::string::String>>
[INFO] [stdout]   16:     0x565a908bd485 - test[aada8e7e76ba119b]::run_test::{closure#0}
[INFO] [stdout]   17:     0x565a908b6d74 - std[617be2ca0a6fd877]::sys::backtrace::__rust_begin_short_backtrace::<test[aada8e7e76ba119b]::run_test::{closure#1}, ()>
[INFO] [stdout]   18:     0x565a908c0512 - <std[617be2ca0a6fd877]::thread::lifecycle::spawn_unchecked<test[aada8e7e76ba119b]::run_test::{closure#1}, ()>::{closure#1} as core[a373ad73a504971]::ops::function::FnOnce<()>>::call_once::{shim:vtable#0}
[INFO] [stdout]   19:     0x565a90942b2f - <std[617be2ca0a6fd877]::sys::thread::unix::Thread>::new::thread_start
[INFO] [stdout]   20:     0x729faeaa6dfa - <unknown>
[INFO] [stdout]   21:     0x729faeb3a3d4 - clone
[INFO] [stdout]   22:                0x0 - <unknown>
[INFO] [stdout] 
[INFO] [stdout] ---- exploration_policy_fixtures_match_rust_state stdout ----
[INFO] [stdout] 
[INFO] [stdout] thread 'exploration_policy_fixtures_match_rust_state' (2561) panicked at tests/policy_fixtures.rs:70:58:
[INFO] [stdout] fixture exists: Os { code: 2, kind: NotFound, message: "No such file or directory" }
[INFO] [stdout] stack backtrace:
[INFO] [stdout]    0:     0x565a90943631 - <<std[617be2ca0a6fd877]::sys::backtrace::BacktraceLock>::print::DisplayBacktrace as core[a373ad73a504971]::fmt::Display>::fmt
[INFO] [stdout]    1:     0x565a909584aa - core[a373ad73a504971]::fmt::write
[INFO] [stdout]    2:     0x565a909478fc - <alloc[2e1b2a31b91974c5]::vec::Vec<u8> as core[a373ad73a504971]::io::write::Write>::write_fmt
[INFO] [stdout]    3:     0x565a9091f5a6 - std[617be2ca0a6fd877]::panicking::default_hook::{closure#0}
[INFO] [stdout]    4:     0x565a9093b969 - std[617be2ca0a6fd877]::panicking::default_hook
[INFO] [stdout]    5:     0x565a908bce60 - test[aada8e7e76ba119b]::test_main_inner::{closure#0}
[INFO] [stdout]    6:     0x565a9093bb22 - std[617be2ca0a6fd877]::panicking::panic_with_hook
[INFO] [stdout]    7:     0x565a9091f652 - std[617be2ca0a6fd877]::panicking::panic_handler::{closure#0}
[INFO] [stdout]    8:     0x565a909181a9 - std[617be2ca0a6fd877]::sys::backtrace::__rust_end_short_backtrace::<std[617be2ca0a6fd877]::panicking::panic_handler::{closure#0}, !>
[INFO] [stdout]    9:     0x565a9092025d - __rustc[ea4f61d10b84890b]::rust_begin_unwind
[INFO] [stdout]   10:     0x565a90958bdc - core[a373ad73a504971]::panicking::panic_fmt
[INFO] [stdout]   11:     0x565a909589b2 - core[a373ad73a504971]::result::unwrap_failed
[INFO] [stdout]   12:     0x565a9088f277 - policy_fixtures[cc6120202f6ea24a]::read_policy_fixture
[INFO] [stdout]   13:     0x565a9089f241 - <policy_fixtures[cc6120202f6ea24a]::exploration_policy_fixtures_match_rust_state::{closure#0} as core[a373ad73a504971]::ops::function::FnOnce<()>>::call_once
[INFO] [stdout]   14:     0x565a908b02ab - test[aada8e7e76ba119b]::__rust_begin_short_backtrace::<core[a373ad73a504971]::result::Result<(), alloc[2e1b2a31b91974c5]::string::String>, fn() -> core[a373ad73a504971]::result::Result<(), alloc[2e1b2a31b91974c5]::string::String>>
[INFO] [stdout]   15:     0x565a908bd485 - test[aada8e7e76ba119b]::run_test::{closure#0}
[INFO] [stdout]   16:     0x565a908b6d74 - std[617be2ca0a6fd877]::sys::backtrace::__rust_begin_short_backtrace::<test[aada8e7e76ba119b]::run_test::{closure#1}, ()>
[INFO] [stdout]   17:     0x565a908c0512 - <std[617be2ca0a6fd877]::thread::lifecycle::spawn_unchecked<test[aada8e7e76ba119b]::run_test::{closure#1}, ()>::{closure#1} as core[a373ad73a504971]::ops::function::FnOnce<()>>::call_once::{shim:vtable#0}
[INFO] [stdout]   18:     0x565a90942b2f - <std[617be2ca0a6fd877]::sys::thread::unix::Thread>::new::thread_start
[INFO] [stdout]   19:     0x729faeaa6dfa - <unknown>
[INFO] [stdout]   20:     0x729faeb3a3d4 - clone
[INFO] [stdout]   21:                0x0 - <unknown>
[INFO] [stdout] 
[INFO] [stdout] ---- ucb_policy_fixtures_match_rust_state stdout ----
[INFO] [stdout] 
[INFO] [stdout] thread 'ucb_policy_fixtures_match_rust_state' (2565) panicked at tests/policy_fixtures.rs:70:58:
[INFO] [stdout] fixture exists: Os { code: 2, kind: NotFound, message: "No such file or directory" }
[INFO] [stdout] stack backtrace:
[INFO] [stdout]    0:     0x565a90943631 - <<std[617be2ca0a6fd877]::sys::backtrace::BacktraceLock>::print::DisplayBacktrace as core[a373ad73a504971]::fmt::Display>::fmt
[INFO] [stdout]    1:     0x565a909584aa - core[a373ad73a504971]::fmt::write
[INFO] [stdout]    2:     0x565a909478fc - <alloc[2e1b2a31b91974c5]::vec::Vec<u8> as core[a373ad73a504971]::io::write::Write>::write_fmt
[INFO] [stdout]    3:     0x565a9091f5a6 - std[617be2ca0a6fd877]::panicking::default_hook::{closure#0}
[INFO] [stdout]    4:     0x565a9093b969 - std[617be2ca0a6fd877]::panicking::default_hook
[INFO] [stdout]    5:     0x565a908bce60 - test[aada8e7e76ba119b]::test_main_inner::{closure#0}
[INFO] [stdout]    6:     0x565a9093bb22 - std[617be2ca0a6fd877]::panicking::panic_with_hook
[INFO] [stdout]    7:     0x565a9091f652 - std[617be2ca0a6fd877]::panicking::panic_handler::{closure#0}
[INFO] [stdout]    8:     0x565a909181a9 - std[617be2ca0a6fd877]::sys::backtrace::__rust_end_short_backtrace::<std[617be2ca0a6fd877]::panicking::panic_handler::{closure#0}, !>
[INFO] [stdout]    9:     0x565a9092025d - __rustc[ea4f61d10b84890b]::rust_begin_unwind
[INFO] [stdout]   10:     0x565a90958bdc - core[a373ad73a504971]::panicking::panic_fmt
[INFO] [stdout]   11:     0x565a909589b2 - core[a373ad73a504971]::result::unwrap_failed
[INFO] [stdout]   12:     0x565a9088f277 - policy_fixtures[cc6120202f6ea24a]::read_policy_fixture
[INFO] [stdout]   13:     0x565a90895e13 - <policy_fixtures[cc6120202f6ea24a]::ucb_policy_fixtures_match_rust_state::{closure#0} as core[a373ad73a504971]::ops::function::FnOnce<()>>::call_once
[INFO] [stdout]   14:     0x565a908b02ab - test[aada8e7e76ba119b]::__rust_begin_short_backtrace::<core[a373ad73a504971]::result::Result<(), alloc[2e1b2a31b91974c5]::string::String>, fn() -> core[a373ad73a504971]::result::Result<(), alloc[2e1b2a31b91974c5]::string::String>>
[INFO] [stdout]   15:     0x565a908bd485 - test[aada8e7e76ba119b]::run_test::{closure#0}
[INFO] [stdout]   16:     0x565a908b6d74 - std[617be2ca0a6fd877]::sys::backtrace::__rust_begin_short_backtrace::<test[aada8e7e76ba119b]::run_test::{closure#1}, ()>
[INFO] [stdout]   17:     0x565a908c0512 - <std[617be2ca0a6fd877]::thread::lifecycle::spawn_unchecked<test[aada8e7e76ba119b]::run_test::{closure#1}, ()>::{closure#1} as core[a373ad73a504971]::ops::function::FnOnce<()>>::call_once::{shim:vtable#0}
[INFO] [stdout]   18:     0x565a90942b2f - <std[617be2ca0a6fd877]::sys::thread::unix::Thread>::new::thread_start
[INFO] [stdout]   19:     0x729faeaa6dfa - <unknown>
[INFO] [stdout]   20:     0x729faeb3a3d4 - clone
[INFO] [stdout]   21:                0x0 - <unknown>
[INFO] [stdout] 
[INFO] [stdout] 
[INFO] [stdout] failures:
[INFO] [stdout]     adaptive_policy_fixtures_match_rust_state
[INFO] [stdout]     basic_policy_fixtures_match_rust_state
[INFO] [stdout]     contextual_policy_fixtures_match_rust_state
[INFO] [stdout]     exploration_policy_fixtures_match_rust_state
[INFO] [stdout]     fixture_registry_covers_every_rust_policy_kind
[INFO] [stdout]     posterior_policy_fixtures_match_rust_state
[INFO] [stdout]     ucb_policy_fixtures_match_rust_state
[INFO] [stdout] 
[INFO] [stdout] test result: FAILED. 1 passed; 7 failed; 0 ignored; 0 measured; 0 filtered out; finished in 0.01s
[INFO] [stdout] 
[INFO] running `Command { std: "docker" "inspect" "565a82d2afab65431faefb1111eba2e39a28fd1b24d519c44db004451b6d5f5b", kill_on_drop: false }`
[INFO] running `Command { std: "docker" "rm" "-f" "565a82d2afab65431faefb1111eba2e39a28fd1b24d519c44db004451b6d5f5b", kill_on_drop: false }`
[INFO] [stdout] 565a82d2afab65431faefb1111eba2e39a28fd1b24d519c44db004451b6d5f5b
