[INFO] fetching crate pyaxml-rs 0.1.1...
[INFO] testing pyaxml-rs-0.1.1 against 1.99.0-beta.8+cargoflags=--release for beta-release-1.100-2
[INFO] extracting crate pyaxml-rs 0.1.1 into /workspace/builds/worker-3-tc1/source
[INFO] started tweaking crates.io crate pyaxml-rs 0.1.1
[INFO] removed 0 missing tests
[INFO] finished tweaking crates.io crate pyaxml-rs 0.1.1
[INFO] tweaked toml for crates.io crate pyaxml-rs 0.1.1 written to /workspace/builds/worker-3-tc1/source/Cargo.toml
[INFO] validating manifest of crates.io crate pyaxml-rs 0.1.1 on toolchain 1.99.0-beta.8
[INFO] running `Command { std: CARGO_HOME="/workspace/cargo-home" RUSTUP_HOME="/workspace/rustup-home" "/workspace/cargo-home/bin/cargo" "+1.99.0-beta.8" "metadata" "--manifest-path" "Cargo.toml" "--no-deps", kill_on_drop: false }`
[INFO] crate crates.io crate pyaxml-rs 0.1.1 already has a lockfile, it will not be regenerated
[INFO] running `Command { std: CARGO_HOME="/workspace/cargo-home" RUSTUP_HOME="/workspace/rustup-home" "/workspace/cargo-home/bin/cargo" "+1.99.0-beta.8" "fetch" "--manifest-path" "Cargo.toml", kill_on_drop: false }`
[INFO] [stderr]     Updating crates.io index
[INFO] [stderr]  Downloading crates ...
[INFO] [stderr]   Downloaded typed-path v0.12.3
[INFO] [stderr]   Downloaded prost-reflect-derive v0.16.0
[INFO] [stderr]   Downloaded libbz2-rs-sys v0.2.3
[INFO] [stderr]   Downloaded pyo3-macros v0.24.2
[INFO] [stderr]   Downloaded prost-reflect-build v0.16.0
[INFO] [stderr]   Downloaded logos-derive v0.15.1
[INFO] [stderr]   Downloaded pyo3-build-config v0.24.2
[INFO] [stderr]   Downloaded logos-codegen v0.15.1
[INFO] [stderr]   Downloaded pyo3-macros-backend v0.24.2
[INFO] [stderr]   Downloaded pyo3-ffi v0.24.2
[INFO] [stderr]   Downloaded python3-dll-a v0.2.15
[INFO] [stderr]   Downloaded prost-reflect v0.16.3
[INFO] [stderr]   Downloaded zlib-rs v0.6.3
[INFO] [stderr]   Downloaded pyo3 v0.24.2
[INFO] [stderr]   Downloaded logos v0.15.1
[INFO] running `Command { std: "docker" "create" "-v" "/var/lib/crater-agent-workspace/builds/worker-3-tc1/source:/opt/rustwide/workdir:ro,Z" "-v" "/var/lib/crater-agent-workspace/builds/worker-3-tc1/target:/opt/rustwide/target:rw,Z" "-v" "/var/lib/crater-agent-workspace/cargo-home:/opt/rustwide/cargo-home:ro,Z" "-v" "/var/lib/crater-agent-workspace/rustup-home:/opt/rustwide/rustup-home:ro,Z" "-m" "1610612736" "--network" "none" "ghcr.io/rust-lang/crates-build-env/linux@sha256:77db811e55d90add9212f6832c23229e3de5f1c1f9905e8cb07319ea15df73ac" "sleep" "infinity", kill_on_drop: false }`
[INFO] [stdout] 3f2e767f150527f6b64d99d936e74976d76832f845cdb0af36d540be2373d45c
[INFO] running `Command { std: "docker" "start" "3f2e767f150527f6b64d99d936e74976d76832f845cdb0af36d540be2373d45c", kill_on_drop: false }`
[INFO] running `Command { std: "docker" "inspect" "3f2e767f150527f6b64d99d936e74976d76832f845cdb0af36d540be2373d45c", kill_on_drop: false }`
[INFO] running `Command { std: "docker" "exec" "-e" "SOURCE_DIR=/opt/rustwide/workdir" "-e" "CARGO_HOME=/opt/rustwide/cargo-home" "-e" "RUSTUP_HOME=/opt/rustwide/rustup-home" "-e" "CARGO_TARGET_DIR=/opt/rustwide/target" "-w" "/opt/rustwide/workdir" "--user" "0:0" "3f2e767f150527f6b64d99d936e74976d76832f845cdb0af36d540be2373d45c" "/opt/rustwide/cargo-home/bin/cargo" "+1.99.0-beta.8" "metadata" "--no-deps" "--format-version=1", kill_on_drop: false }`
[INFO] running `Command { std: "docker" "inspect" "3f2e767f150527f6b64d99d936e74976d76832f845cdb0af36d540be2373d45c", kill_on_drop: false }`
[INFO] running `Command { std: "docker" "exec" "-e" "SOURCE_DIR=/opt/rustwide/workdir" "-e" "CARGO_HOME=/opt/rustwide/cargo-home" "-e" "RUSTUP_HOME=/opt/rustwide/rustup-home" "-e" "CARGO_TARGET_DIR=/opt/rustwide/target" "-e" "CARGO_INCREMENTAL=0" "-e" "RUST_BACKTRACE=full" "-e" "RUSTFLAGS=--cap-lints=warn" "-e" "RUSTDOCFLAGS=--cap-lints=warn" "-w" "/opt/rustwide/workdir" "--user" "0:0" "3f2e767f150527f6b64d99d936e74976d76832f845cdb0af36d540be2373d45c" "/opt/rustwide/cargo-home/bin/cargo" "+1.99.0-beta.8" "build" "--frozen" "--message-format=json" "--release", kill_on_drop: false }`
[INFO] [stderr]    Compiling proc-macro2 v1.0.106
[INFO] [stderr]    Compiling quote v1.0.45
[INFO] [stderr]    Compiling unicode-ident v1.0.24
[INFO] [stderr]    Compiling libc v0.2.186
[INFO] [stderr]    Compiling anyhow v1.0.102
[INFO] [stderr]    Compiling either v1.15.0
[INFO] [stderr]    Compiling regex-syntax v0.8.10
[INFO] [stderr]    Compiling shlex v1.3.0
[INFO] [stderr]    Compiling find-msvc-tools v0.1.9
[INFO] [stderr]    Compiling bytes v1.11.1
[INFO] [stderr]    Compiling semver v1.0.28
[INFO] [stderr]    Compiling getrandom v0.4.2
[INFO] [stderr]    Compiling rustix v1.1.4
[INFO] [stderr]    Compiling pkg-config v0.3.33
[INFO] [stderr]    Compiling prettyplease v0.2.37
[INFO] [stderr]    Compiling linux-raw-sys v0.12.1
[INFO] [stderr]    Compiling bitflags v2.11.1
[INFO] [stderr]    Compiling heck v0.5.0
[INFO] [stderr]    Compiling hashbrown v0.17.0
[INFO] [stderr]    Compiling foldhash v0.1.5
[INFO] [stderr]    Compiling itertools v0.14.0
[INFO] [stderr]    Compiling cfg-if v1.0.4
[INFO] [stderr]    Compiling equivalent v1.0.2
[INFO] [stderr]    Compiling once_cell v1.21.4
[INFO] [stderr]    Compiling fastrand v2.4.1
[INFO] [stderr]    Compiling rustc_version v0.4.1
[INFO] [stderr]    Compiling hashbrown v0.15.5
[INFO] [stderr]    Compiling fixedbitset v0.5.7
[INFO] [stderr]    Compiling utf8parse v0.2.2
[INFO] [stderr]    Compiling fnv v1.0.7
[INFO] [stderr]    Compiling beef v0.5.2
[INFO] [stderr]    Compiling zstd-safe v7.2.4
[INFO] [stderr]    Compiling multimap v0.10.1
[INFO] [stderr]    Compiling logos-codegen v0.15.1
[INFO] [stderr]    Compiling log v0.4.29
[INFO] [stderr]    Compiling lazy_static v1.5.0
[INFO] [stderr]    Compiling anstyle-parse v1.0.0
[INFO] [stderr]    Compiling anstyle v1.0.14
[INFO] [stderr]    Compiling is_terminal_polyfill v1.70.2
[INFO] [stderr]    Compiling colorchoice v1.0.5
[INFO] [stderr]    Compiling crc32fast v1.5.0
[INFO] [stderr]    Compiling anstyle-query v1.1.5
[INFO] [stderr]    Compiling libbz2-rs-sys v0.2.3
[INFO] [stderr]    Compiling strsim v0.11.1
[INFO] [stderr]    Compiling clap_lex v1.1.0
[INFO] [stderr]    Compiling memchr v2.8.0
[INFO] [stderr]    Compiling zlib-rs v0.6.3
[INFO] [stderr]    Compiling anstream v1.0.0
[INFO] [stderr]    Compiling encoding_rs v0.8.35
[INFO] [stderr]    Compiling syn v2.0.117
[INFO] [stderr]    Compiling clap_builder v4.6.0
[INFO] [stderr]    Compiling indexmap v2.14.0
[INFO] [stderr]    Compiling typed-path v0.12.3
[INFO] [stderr]    Compiling bzip2 v0.6.1
[INFO] [stderr]    Compiling jobserver v0.1.34
[INFO] [stderr]    Compiling cc v1.2.61
[INFO] [stderr]    Compiling petgraph v0.8.3
[INFO] [stderr]    Compiling regex-automata v0.4.14
[INFO] [stderr]    Compiling tempfile v3.27.0
[INFO] [stderr]    Compiling quick-xml v0.39.2
[INFO] [stderr]    Compiling zstd-sys v2.0.16+zstd.1.5.7
[INFO] [stderr]    Compiling flate2 v1.1.9
[INFO] [stderr]    Compiling regex v1.12.3
[INFO] [stderr]    Compiling prost-derive v0.14.3
[INFO] [stderr]    Compiling prost-reflect-derive v0.16.0
[INFO] [stderr]    Compiling clap_derive v4.6.1
[INFO] [stderr]    Compiling logos-derive v0.15.1
[INFO] [stderr]    Compiling logos v0.15.1
[INFO] [stderr]    Compiling prost v0.14.3
[INFO] [stderr]    Compiling prost-types v0.14.3
[INFO] [stderr]    Compiling clap v4.6.1
[INFO] [stderr]    Compiling prost-build v0.14.3
[INFO] [stderr]    Compiling prost-reflect v0.16.3
[INFO] [stderr]    Compiling prost-reflect-build v0.16.0
[INFO] [stderr]    Compiling pyaxml-rs v0.1.1 (/opt/rustwide/workdir)
[INFO] [stderr]    Compiling zstd v0.13.3
[INFO] [stderr]    Compiling zip v8.6.0
[INFO] [stderr]     Finished `release` profile [optimized] target(s) in 1m 37s
[INFO] running `Command { std: "docker" "inspect" "3f2e767f150527f6b64d99d936e74976d76832f845cdb0af36d540be2373d45c", kill_on_drop: false }`
[INFO] running `Command { std: "docker" "exec" "-e" "SOURCE_DIR=/opt/rustwide/workdir" "-e" "CARGO_HOME=/opt/rustwide/cargo-home" "-e" "RUSTUP_HOME=/opt/rustwide/rustup-home" "-e" "CARGO_TARGET_DIR=/opt/rustwide/target" "-e" "CARGO_INCREMENTAL=0" "-e" "RUST_BACKTRACE=full" "-e" "RUSTFLAGS=--cap-lints=warn" "-e" "RUSTDOCFLAGS=--cap-lints=warn" "-w" "/opt/rustwide/workdir" "--user" "0:0" "3f2e767f150527f6b64d99d936e74976d76832f845cdb0af36d540be2373d45c" "/opt/rustwide/cargo-home/bin/cargo" "+1.99.0-beta.8" "test" "--frozen" "--no-run" "--message-format=json" "--release", kill_on_drop: false }`
[INFO] [stderr]    Compiling pyaxml-rs v0.1.1 (/opt/rustwide/workdir)
[INFO] [stdout] warning: unused variable: `e`
[INFO] [stdout]    --> tests/integration.rs:44:30
[INFO] [stdout]     |
[INFO] [stdout]  44 |             .unwrap_or_else(|e| panic!("Failed to_xml (second) for {}", $path));
[INFO] [stdout]     |                              ^
[INFO] [stdout] ...
[INFO] [stdout] 161 |         assert_xml_stable!(path);
[INFO] [stdout]     |         ------------------------ in this macro invocation
[INFO] [stdout]     |
[INFO] [stdout] help: `e` is captured in macro and introduced a unused variable
[INFO] [stdout]    --> tests/integration.rs:44:30
[INFO] [stdout]     |
[INFO] [stdout]  44 |             .unwrap_or_else(|e| panic!("Failed to_xml (second) for {}", $path));
[INFO] [stdout]     |                              ^
[INFO] [stdout] ...
[INFO] [stdout] 161 |         assert_xml_stable!(path);
[INFO] [stdout]     |         ------------------------ in this macro invocation
[INFO] [stdout]     = note: `#[warn(unused_variables)]` (part of `#[warn(unused)]`) on by default
[INFO] [stdout]     = note: this warning originates in the macro `assert_xml_stable` (in Nightly builds, run with -Z macro-backtrace for more info)
[INFO] [stdout] 
[INFO] [stdout] 
[INFO] [stderr]     Finished `release` profile [optimized] target(s) in 20.71s
[INFO] running `Command { std: "docker" "inspect" "3f2e767f150527f6b64d99d936e74976d76832f845cdb0af36d540be2373d45c", kill_on_drop: false }`
[INFO] running `Command { std: "docker" "exec" "-e" "SOURCE_DIR=/opt/rustwide/workdir" "-e" "CARGO_HOME=/opt/rustwide/cargo-home" "-e" "RUSTUP_HOME=/opt/rustwide/rustup-home" "-e" "CARGO_TARGET_DIR=/opt/rustwide/target" "-e" "CARGO_INCREMENTAL=0" "-e" "RUST_BACKTRACE=full" "-e" "RUSTFLAGS=--cap-lints=warn" "-e" "RUSTDOCFLAGS=--cap-lints=warn" "-w" "/opt/rustwide/workdir" "--user" "0:0" "3f2e767f150527f6b64d99d936e74976d76832f845cdb0af36d540be2373d45c" "/opt/rustwide/cargo-home/bin/cargo" "+1.99.0-beta.8" "test" "--frozen" "--release", kill_on_drop: false }`
[INFO] [stderr] warning: unused variable: `e`
[INFO] [stderr]    --> tests/integration.rs:44:30
[INFO] [stderr]     |
[INFO] [stderr]  44 |             .unwrap_or_else(|e| panic!("Failed to_xml (second) for {}", $path));
[INFO] [stderr]     |                              ^
[INFO] [stderr] ...
[INFO] [stderr] 161 |         assert_xml_stable!(path);
[INFO] [stderr]     |         ------------------------ in this macro invocation
[INFO] [stderr]     |
[INFO] [stderr] help: `e` is captured in macro and introduced a unused variable
[INFO] [stderr]    --> tests/integration.rs:44:30
[INFO] [stderr]     |
[INFO] [stderr]  44 |             .unwrap_or_else(|e| panic!("Failed to_xml (second) for {}", $path));
[INFO] [stderr]     |                              ^
[INFO] [stderr] ...
[INFO] [stderr] 161 |         assert_xml_stable!(path);
[INFO] [stderr]     |         ------------------------ in this macro invocation
[INFO] [stderr]     = note: `#[warn(unused_variables)]` (part of `#[warn(unused)]`) on by default
[INFO] [stderr]     = note: this warning originates in the macro `assert_xml_stable` (in Nightly builds, run with -Z macro-backtrace for more info)
[INFO] [stderr] 
[INFO] [stderr] warning: `pyaxml-rs` (test "integration") generated 1 warning
[INFO] [stderr]     Finished `release` profile [optimized] target(s) in 0.13s
[INFO] [stderr]      Running unittests src/lib.rs (/opt/rustwide/target/release/deps/pyaxml_rs-0aa494c344163858)
[INFO] [stdout] 
[INFO] [stdout] running 41 tests
[INFO] [stdout] test json_serde::tests::test_json_escape_control ... ok
[INFO] [stdout] test json_serde::tests::test_export_import_roundtrip ... ok
[INFO] [stdout] test json_serde::tests::test_json_escape_special ... ok
[INFO] [stdout] test resource_map::tests::test_get_id_present ... ok
[INFO] [stdout] test resource_map::tests::test_get_id_out_of_bounds_is_none ... ok
[INFO] [stdout] test json_serde::tests::test_json_escape_plain ... ok
[INFO] [stdout] test resource_map::tests::test_pack_roundtrip ... ok
[INFO] [stdout] test resource_map::tests::test_parse_invalid_chunk_size_errors ... ok
[INFO] [stdout] test string_pool::tests::test_decode_utf16 ... ok
[INFO] [stdout] test resource_map::tests::test_parse_empty_ids ... ok
[INFO] [stdout] test resource_map::tests::test_parse_ids ... ok
[INFO] [stdout] test string_pool::tests::test_add_returns_stable_index ... ok
[INFO] [stdout] test resource_map::tests::test_parse_wrong_type_returns_none ... ok
[INFO] [stdout] test json_serde::tests::test_roundtrip_escape_unescape ... ok
[INFO] [stdout] test resource_map::tests::test_parse_too_short_returns_none ... ok
[INFO] [stdout] test string_pool::tests::test_decode_out_of_range ... ok
[INFO] [stdout] test string_pool::tests::test_decode_sentinel_returns_empty ... ok
[INFO] [stdout] test string_pool::tests::test_decode_utf8 ... ok
[INFO] [stdout] test string_pool::tests::test_find_missing ... ok
[INFO] [stdout] test string_pool::tests::test_pack_empty_pool ... ok
[INFO] [stdout] test json_serde::tests::test_json_unescape_special ... ok
[INFO] [stdout] test json_serde::tests::test_json_unescape_unicode ... ok
[INFO] [stdout] test string_pool::tests::test_find_existing ... ok
[INFO] [stdout] test string_pool::tests::test_pack_parse_utf16_roundtrip ... ok
[INFO] [stdout] test string_pool::tests::test_pack_parse_utf8_roundtrip ... ok
[INFO] [stdout] test typed_value::tests::test_coerce_unknown_returns_none ... ok
[INFO] [stdout] test string_pool::tests::test_parse_rejects_oversized_chunk ... ok
[INFO] [stdout] test typed_value::tests::test_coerce_boolean ... ok
[INFO] [stdout] test typed_value::tests::test_coerce_hex ... ok
[INFO] [stdout] test typed_value::tests::test_coerce_dec ... ok
[INFO] [stdout] test typed_value::tests::test_coerce_null ... ok
[INFO] [stdout] test typed_value::tests::test_float_to_complex_px ... ok
[INFO] [stdout] test typed_value::tests::test_coerce_reference ... ok
[INFO] [stdout] test typed_value::tests::test_get_type ... ok
[INFO] [stdout] test typed_value::tests::test_float_to_complex_dp ... ok
[INFO] [stdout] test typed_value::tests::test_float_to_complex_none ... ok
[INFO] [stdout] test xml_element::tests::test_parse_minimal_chunk ... ok
[INFO] [stdout] test xml_element::tests::test_parse_empty_input ... ok
[INFO] [stdout] test resource_map::tests::test_get_id_zero_is_none ... ok
[INFO] [stderr]      Running unittests src/main.rs (/opt/rustwide/target/release/deps/pyaxml_rs-e036cd24157aabaa)
[INFO] [stdout] test json_serde::tests::test_json_unescape_plain ... ok
[INFO] [stdout] test xml_element::tests::test_attribute_pack ... ok
[INFO] [stdout] 
[INFO] [stdout] test result: ok. 41 passed; 0 failed; 0 ignored; 0 measured; 0 filtered out; finished in 0.15s
[INFO] [stdout] 
[INFO] [stdout] 
[INFO] [stdout] running 0 tests
[INFO] [stdout] 
[INFO] [stdout] test result: ok. 0 passed; 0 failed; 0 ignored; 0 measured; 0 filtered out; finished in 0.00s
[INFO] [stdout] 
[INFO] [stderr]      Running tests/integration.rs (/opt/rustwide/target/release/deps/integration-173eae6be537d6cd)
[INFO] [stdout] 
[INFO] [stdout] running 26 tests
[INFO] [stdout] test test_header_size_exceeds_data ... ok
[INFO] [stdout] test test_invalid_magic_error ... ok
[INFO] [stdout] test test_locale_tag_default ... ok
[INFO] [stdout] test test_locale_tag_language_and_region ... ok
[INFO] [stdout] test test_from_xml_file_write_read_roundtrip ... ok
[INFO] [stdout] test test_from_xml_full_roundtrip_real ... ok
[INFO] [stdout] test test_locale_tag_language_only ... ok
[INFO] [stdout] test test_too_short_error ... ok
[INFO] [stdout] test test_decode_encode_decode_all ... FAILED
[INFO] [stdout] test test_null_bytes ... FAILED
[INFO] [stdout] test test_arsc_list_packages_filter_default ... FAILED
[INFO] [stdout] test test_non_manifest_root_tag ... FAILED
[INFO] [stdout] test test_arsc_proto_round_trip ... FAILED
[INFO] [stdout] test test_arsc_round_trip_entry_offsets ... FAILED
[INFO] [stdout] test test_string_blocks_not_aligned ... FAILED
[INFO] [stdout] test test_utf8_strings ... FAILED
[INFO] [stdout] test test_xml_entities_in_attribute_values ... ok
[INFO] [stdout] test test_xml_stable_all ... FAILED
[INFO] [stdout] test test_proto_round_trip_xml ... FAILED
[INFO] [stdout] test test_arsc_list_packages_has_resource_tags ... FAILED
[INFO] [stdout] test test_nonzero_style_offset ... FAILED
[INFO] [stdout] test test_round_trip_all ... FAILED
[INFO] [stdout] test test_arsc_compute_preserves_binary ... FAILED
[INFO] [stdout] test test_arsc_compute_pack_idempotency ... FAILED
[INFO] [stdout] test test_from_xml_round_trip ... ok
[INFO] [stdout] test test_parse_all_manifests ... FAILED
[INFO] [stdout] 
[INFO] [stdout] failures:
[INFO] [stdout] 
[INFO] [stdout] ---- test_decode_encode_decode_all stdout ----
[INFO] [stdout] 
[INFO] [stdout] thread 'test_decode_encode_decode_all' (1760) panicked at tests/integration.rs:9:45:
[INFO] [stdout] Failed to read /opt/rustwide/workdir/tests/data/AXML/AndroidManifest.xml: No such file or directory (os error 2)
[INFO] [stdout] stack backtrace:
[INFO] [stdout]    0:     0x5dde736c7ca6 - <<std[70759c8f55707aa4]::sys::backtrace::BacktraceLock>::print::DisplayBacktrace as core[df12db4294e9bfd3]::fmt::Display>::fmt
[INFO] [stdout]    1:     0x5dde736324ba - core[df12db4294e9bfd3]::fmt::write
[INFO] [stdout]    2:     0x5dde736cd1dc - <alloc[2182bb758b4b3781]::vec::Vec<u8> as core[df12db4294e9bfd3]::io::write::Write>::write_fmt
[INFO] [stdout]    3:     0x5dde736a46a2 - std[70759c8f55707aa4]::panicking::default_hook::{closure#0}
[INFO] [stdout]    4:     0x5dde736bffc1 - std[70759c8f55707aa4]::panicking::default_hook
[INFO] [stdout]    5:     0x5dde736c01a2 - std[70759c8f55707aa4]::panicking::panic_with_hook
[INFO] [stdout]    6:     0x5dde736a4752 - std[70759c8f55707aa4]::panicking::panic_handler::{closure#0}
[INFO] [stdout]    7:     0x5dde7369d429 - std[70759c8f55707aa4]::sys::backtrace::__rust_end_short_backtrace::<std[70759c8f55707aa4]::panicking::panic_handler::{closure#0}, !>
[INFO] [stdout]    8:     0x5dde736a53fd - __rustc[8fa7c3cbc660c2b3]::rust_begin_unwind
[INFO] [stdout]    9:     0x5dde73632bac - core[df12db4294e9bfd3]::panicking::panic_fmt
[INFO] [stdout]   10:     0x5dde736498c9 - integration[46389d86eb1bb8e2]::read_test_file::{closure#0}
[INFO] [stdout]   11:     0x5dde7364a1af - integration[46389d86eb1bb8e2]::read_test_file
[INFO] [stdout]   12:     0x5dde7364e187 - <integration[46389d86eb1bb8e2]::test_decode_encode_decode_all::{closure#0} as core[df12db4294e9bfd3]::ops::function::FnOnce<()>>::call_once
[INFO] [stdout]   13:     0x5dde736cef9b - test[9d35eded1c95d3be]::__rust_begin_short_backtrace::<core[df12db4294e9bfd3]::result::Result<(), alloc[2182bb758b4b3781]::string::String>, fn() -> core[df12db4294e9bfd3]::result::Result<(), alloc[2182bb758b4b3781]::string::String>>
[INFO] [stdout]   14:     0x5dde736dd0f1 - test[9d35eded1c95d3be]::run_test::{closure#0}
[INFO] [stdout]   15:     0x5dde736d6804 - std[70759c8f55707aa4]::sys::backtrace::__rust_begin_short_backtrace::<test[9d35eded1c95d3be]::run_test::{closure#1}, ()>
[INFO] [stdout]   16:     0x5dde736e0f12 - <std[70759c8f55707aa4]::thread::lifecycle::spawn_unchecked<test[9d35eded1c95d3be]::run_test::{closure#1}, ()>::{closure#1} as core[df12db4294e9bfd3]::ops::function::FnOnce<()>>::call_once::{shim:vtable#0}
[INFO] [stdout]   17:     0x5dde736c6b1e - <std[70759c8f55707aa4]::sys::thread::unix::Thread>::new::thread_start
[INFO] [stdout]   18:     0x7c9f4c2a4dfa - <unknown>
[INFO] [stdout]   19:     0x7c9f4c3383d4 - clone
[INFO] [stdout]   20:                0x0 - <unknown>
[INFO] [stdout] 
[INFO] [stdout] ---- test_null_bytes stdout ----
[INFO] [stdout] 
[INFO] [stdout] thread 'test_null_bytes' (1771) panicked at tests/integration.rs:9:45:
[INFO] [stdout] Failed to read /opt/rustwide/workdir/tests/data/AXML/AndroidManifestNullbytes.xml: No such file or directory (os error 2)
[INFO] [stdout] stack backtrace:
[INFO] [stdout]    0:     0x5dde736c7ca6 - <<std[70759c8f55707aa4]::sys::backtrace::BacktraceLock>::print::DisplayBacktrace as core[df12db4294e9bfd3]::fmt::Display>::fmt
[INFO] [stdout]    1:     0x5dde736324ba - core[df12db4294e9bfd3]::fmt::write
[INFO] [stdout]    2:     0x5dde736cd1dc - <alloc[2182bb758b4b3781]::vec::Vec<u8> as core[df12db4294e9bfd3]::io::write::Write>::write_fmt
[INFO] [stdout]    3:     0x5dde736a46a2 - std[70759c8f55707aa4]::panicking::default_hook::{closure#0}
[INFO] [stdout]    4:     0x5dde736bffc1 - std[70759c8f55707aa4]::panicking::default_hook
[INFO] [stdout]    5:     0x5dde736c01a2 - std[70759c8f55707aa4]::panicking::panic_with_hook
[INFO] [stdout]    6:     0x5dde736a4752 - std[70759c8f55707aa4]::panicking::panic_handler::{closure#0}
[INFO] [stdout]    7:     0x5dde7369d429 - std[70759c8f55707aa4]::sys::backtrace::__rust_end_short_backtrace::<std[70759c8f55707aa4]::panicking::panic_handler::{closure#0}, !>
[INFO] [stdout]    8:     0x5dde736a53fd - __rustc[8fa7c3cbc660c2b3]::rust_begin_unwind
[INFO] [stdout]    9:     0x5dde73632bac - core[df12db4294e9bfd3]::panicking::panic_fmt
[INFO] [stdout]   10:     0x5dde736498c9 - integration[46389d86eb1bb8e2]::read_test_file::{closure#0}
[INFO] [stdout]   11:     0x5dde7364a1af - integration[46389d86eb1bb8e2]::read_test_file
[INFO] [stdout]   12:     0x5dde7364c155 - <integration[46389d86eb1bb8e2]::test_null_bytes::{closure#0} as core[df12db4294e9bfd3]::ops::function::FnOnce<()>>::call_once
[INFO] [stdout]   13:     0x5dde736cef9b - test[9d35eded1c95d3be]::__rust_begin_short_backtrace::<core[df12db4294e9bfd3]::result::Result<(), alloc[2182bb758b4b3781]::string::String>, fn() -> core[df12db4294e9bfd3]::result::Result<(), alloc[2182bb758b4b3781]::string::String>>
[INFO] [stdout]   14:     0x5dde736dd0f1 - test[9d35eded1c95d3be]::run_test::{closure#0}
[INFO] [stdout]   15:     0x5dde736d6804 - std[70759c8f55707aa4]::sys::backtrace::__rust_begin_short_backtrace::<test[9d35eded1c95d3be]::run_test::{closure#1}, ()>
[INFO] [stdout]   16:     0x5dde736e0f12 - <std[70759c8f55707aa4]::thread::lifecycle::spawn_unchecked<test[9d35eded1c95d3be]::run_test::{closure#1}, ()>::{closure#1} as core[df12db4294e9bfd3]::ops::function::FnOnce<()>>::call_once::{shim:vtable#0}
[INFO] [stdout]   17:     0x5dde736c6b1e - <std[70759c8f55707aa4]::sys::thread::unix::Thread>::new::thread_start
[INFO] [stdout]   18:     0x7c9f4c2a4dfa - <unknown>
[INFO] [stdout]   19:     0x7c9f4c3383d4 - clone
[INFO] [stdout]   20:                0x0 - <unknown>
[INFO] [stdout] 
[INFO] [stdout] ---- test_arsc_list_packages_filter_default stdout ----
[INFO] [stdout] 
[INFO] [stdout] thread 'test_arsc_list_packages_filter_default' (1756) panicked at tests/integration.rs:9:45:
[INFO] [stdout] Failed to read /opt/rustwide/workdir/tests/data/ARSC/example.arsc: No such file or directory (os error 2)
[INFO] [stdout] stack backtrace:
[INFO] [stdout]    0:     0x5dde736c7ca6 - <<std[70759c8f55707aa4]::sys::backtrace::BacktraceLock>::print::DisplayBacktrace as core[df12db4294e9bfd3]::fmt::Display>::fmt
[INFO] [stdout]    1:     0x5dde736324ba - core[df12db4294e9bfd3]::fmt::write
[INFO] [stdout]    2:     0x5dde736cd1dc - <alloc[2182bb758b4b3781]::vec::Vec<u8> as core[df12db4294e9bfd3]::io::write::Write>::write_fmt
[INFO] [stdout]    3:     0x5dde736a46a2 - std[70759c8f55707aa4]::panicking::default_hook::{closure#0}
[INFO] [stdout]    4:     0x5dde736bffc1 - std[70759c8f55707aa4]::panicking::default_hook
[INFO] [stdout]    5:     0x5dde736c01a2 - std[70759c8f55707aa4]::panicking::panic_with_hook
[INFO] [stdout]    6:     0x5dde736a4752 - std[70759c8f55707aa4]::panicking::panic_handler::{closure#0}
[INFO] [stdout]    7:     0x5dde7369d429 - std[70759c8f55707aa4]::sys::backtrace::__rust_end_short_backtrace::<std[70759c8f55707aa4]::panicking::panic_handler::{closure#0}, !>
[INFO] [stdout]    8:     0x5dde736a53fd - __rustc[8fa7c3cbc660c2b3]::rust_begin_unwind
[INFO] [stdout]    9:     0x5dde73632bac - core[df12db4294e9bfd3]::panicking::panic_fmt
[INFO] [stdout]   10:     0x5dde736498c9 - integration[46389d86eb1bb8e2]::read_test_file::{closure#0}
[INFO] [stdout]   11:     0x5dde7364a1af - integration[46389d86eb1bb8e2]::read_test_file
[INFO] [stdout]   12:     0x5dde7365007a - <integration[46389d86eb1bb8e2]::test_arsc_list_packages_filter_default::{closure#0} as core[df12db4294e9bfd3]::ops::function::FnOnce<()>>::call_once
[INFO] [stdout]   13:     0x5dde736cef9b - test[9d35eded1c95d3be]::__rust_begin_short_backtrace::<core[df12db4294e9bfd3]::result::Result<(), alloc[2182bb758b4b3781]::string::String>, fn() -> core[df12db4294e9bfd3]::result::Result<(), alloc[2182bb758b4b3781]::string::String>>
[INFO] [stdout]   14:     0x5dde736dd0f1 - test[9d35eded1c95d3be]::run_test::{closure#0}
[INFO] [stdout]   15:     0x5dde736d6804 - std[70759c8f55707aa4]::sys::backtrace::__rust_begin_short_backtrace::<test[9d35eded1c95d3be]::run_test::{closure#1}, ()>
[INFO] [stdout]   16:     0x5dde736e0f12 - <std[70759c8f55707aa4]::thread::lifecycle::spawn_unchecked<test[9d35eded1c95d3be]::run_test::{closure#1}, ()>::{closure#1} as core[df12db4294e9bfd3]::ops::function::FnOnce<()>>::call_once::{shim:vtable#0}
[INFO] [stdout]   17:     0x5dde736c6b1e - <std[70759c8f55707aa4]::sys::thread::unix::Thread>::new::thread_start
[INFO] [stdout]   18:     0x7c9f4c2a4dfa - <unknown>
[INFO] [stdout]   19:     0x7c9f4c3383d4 - clone
[INFO] [stdout]   20:                0x0 - <unknown>
[INFO] [stdout] 
[INFO] [stdout] ---- test_non_manifest_root_tag stdout ----
[INFO] [stdout] 
[INFO] [stdout] thread 'test_non_manifest_root_tag' (1769) panicked at tests/integration.rs:9:45:
[INFO] [stdout] Failed to read /opt/rustwide/workdir/tests/data/AXML/test.xml: No such file or directory (os error 2)
[INFO] [stdout] stack backtrace:
[INFO] [stdout]    0:     0x5dde736c7ca6 - <<std[70759c8f55707aa4]::sys::backtrace::BacktraceLock>::print::DisplayBacktrace as core[df12db4294e9bfd3]::fmt::Display>::fmt
[INFO] [stdout]    1:     0x5dde736324ba - core[df12db4294e9bfd3]::fmt::write
[INFO] [stdout]    2:     0x5dde736cd1dc - <alloc[2182bb758b4b3781]::vec::Vec<u8> as core[df12db4294e9bfd3]::io::write::Write>::write_fmt
[INFO] [stdout]    3:     0x5dde736a46a2 - std[70759c8f55707aa4]::panicking::default_hook::{closure#0}
[INFO] [stdout]    4:     0x5dde736bffc1 - std[70759c8f55707aa4]::panicking::default_hook
[INFO] [stdout]    5:     0x5dde736c01a2 - std[70759c8f55707aa4]::panicking::panic_with_hook
[INFO] [stdout]    6:     0x5dde736a4752 - std[70759c8f55707aa4]::panicking::panic_handler::{closure#0}
[INFO] [stdout]    7:     0x5dde7369d429 - std[70759c8f55707aa4]::sys::backtrace::__rust_end_short_backtrace::<std[70759c8f55707aa4]::panicking::panic_handler::{closure#0}, !>
[INFO] [stdout]    8:     0x5dde736a53fd - __rustc[8fa7c3cbc660c2b3]::rust_begin_unwind
[INFO] [stdout]    9:     0x5dde73632bac - core[df12db4294e9bfd3]::panicking::panic_fmt
[INFO] [stdout]   10:     0x5dde736498c9 - integration[46389d86eb1bb8e2]::read_test_file::{closure#0}
[INFO] [stdout]   11:     0x5dde7364a1af - integration[46389d86eb1bb8e2]::read_test_file
[INFO] [stdout]   12:     0x5dde7364dc85 - <integration[46389d86eb1bb8e2]::test_non_manifest_root_tag::{closure#0} as core[df12db4294e9bfd3]::ops::function::FnOnce<()>>::call_once
[INFO] [stdout]   13:     0x5dde736cef9b - test[9d35eded1c95d3be]::__rust_begin_short_backtrace::<core[df12db4294e9bfd3]::result::Result<(), alloc[2182bb758b4b3781]::string::String>, fn() -> core[df12db4294e9bfd3]::result::Result<(), alloc[2182bb758b4b3781]::string::String>>
[INFO] [stdout]   14:     0x5dde736dd0f1 - test[9d35eded1c95d3be]::run_test::{closure#0}
[INFO] [stdout]   15:     0x5dde736d6804 - std[70759c8f55707aa4]::sys::backtrace::__rust_begin_short_backtrace::<test[9d35eded1c95d3be]::run_test::{closure#1}, ()>
[INFO] [stdout]   16:     0x5dde736e0f12 - <std[70759c8f55707aa4]::thread::lifecycle::spawn_unchecked<test[9d35eded1c95d3be]::run_test::{closure#1}, ()>::{closure#1} as core[df12db4294e9bfd3]::ops::function::FnOnce<()>>::call_once::{shim:vtable#0}
[INFO] [stdout]   17:     0x5dde736c6b1e - <std[70759c8f55707aa4]::sys::thread::unix::Thread>::new::thread_start
[INFO] [stdout]   18:     0x7c9f4c2a4dfa - <unknown>
[INFO] [stdout]   19:     0x7c9f4c3383d4 - clone
[INFO] [stdout]   20:                0x0 - <unknown>
[INFO] [stdout] 
[INFO] [stdout] ---- test_arsc_proto_round_trip stdout ----
[INFO] [stderr] error: test failed, to rerun pass `--test integration`
[INFO] [stdout] 
[INFO] [stdout] thread 'test_arsc_proto_round_trip' (1758) panicked at tests/integration.rs:9:45:
[INFO] [stdout] Failed to read /opt/rustwide/workdir/tests/data/ARSC/example.arsc: No such file or directory (os error 2)
[INFO] [stdout] stack backtrace:
[INFO] [stdout]    0:     0x5dde736c7ca6 - <<std[70759c8f55707aa4]::sys::backtrace::BacktraceLock>::print::DisplayBacktrace as core[df12db4294e9bfd3]::fmt::Display>::fmt
[INFO] [stdout]    1:     0x5dde736324ba - core[df12db4294e9bfd3]::fmt::write
[INFO] [stdout]    2:     0x5dde736cd1dc - <alloc[2182bb758b4b3781]::vec::Vec<u8> as core[df12db4294e9bfd3]::io::write::Write>::write_fmt
[INFO] [stdout]    3:     0x5dde736a46a2 - std[70759c8f55707aa4]::panicking::default_hook::{closure#0}
[INFO] [stdout]    4:     0x5dde736bffc1 - std[70759c8f55707aa4]::panicking::default_hook
[INFO] [stdout]    5:     0x5dde736c01a2 - std[70759c8f55707aa4]::panicking::panic_with_hook
[INFO] [stdout]    6:     0x5dde736a4752 - std[70759c8f55707aa4]::panicking::panic_handler::{closure#0}
[INFO] [stdout]    7:     0x5dde7369d429 - std[70759c8f55707aa4]::sys::backtrace::__rust_end_short_backtrace::<std[70759c8f55707aa4]::panicking::panic_handler::{closure#0}, !>
[INFO] [stdout]    8:     0x5dde736a53fd - __rustc[8fa7c3cbc660c2b3]::rust_begin_unwind
[INFO] [stdout]    9:     0x5dde73632bac - core[df12db4294e9bfd3]::panicking::panic_fmt
[INFO] [stdout]   10:     0x5dde736498c9 - integration[46389d86eb1bb8e2]::read_test_file::{closure#0}
[INFO] [stdout]   11:     0x5dde7364a1af - integration[46389d86eb1bb8e2]::read_test_file
[INFO] [stdout]   12:     0x5dde7364d9b7 - <integration[46389d86eb1bb8e2]::test_arsc_proto_round_trip::{closure#0} as core[df12db4294e9bfd3]::ops::function::FnOnce<()>>::call_once
[INFO] [stdout]   13:     0x5dde736cef9b - test[9d35eded1c95d3be]::__rust_begin_short_backtrace::<core[df12db4294e9bfd3]::result::Result<(), alloc[2182bb758b4b3781]::string::String>, fn() -> core[df12db4294e9bfd3]::result::Result<(), alloc[2182bb758b4b3781]::string::String>>
[INFO] [stdout]   14:     0x5dde736dd0f1 - test[9d35eded1c95d3be]::run_test::{closure#0}
[INFO] [stdout]   15:     0x5dde736d6804 - std[70759c8f55707aa4]::sys::backtrace::__rust_begin_short_backtrace::<test[9d35eded1c95d3be]::run_test::{closure#1}, ()>
[INFO] [stdout]   16:     0x5dde736e0f12 - <std[70759c8f55707aa4]::thread::lifecycle::spawn_unchecked<test[9d35eded1c95d3be]::run_test::{closure#1}, ()>::{closure#1} as core[df12db4294e9bfd3]::ops::function::FnOnce<()>>::call_once::{shim:vtable#0}
[INFO] [stdout]   17:     0x5dde736c6b1e - <std[70759c8f55707aa4]::sys::thread::unix::Thread>::new::thread_start
[INFO] [stdout]   18:     0x7c9f4c2a4dfa - <unknown>
[INFO] [stdout]   19:     0x7c9f4c3383d4 - clone
[INFO] [stdout]   20:                0x0 - <unknown>
[INFO] [stdout] 
[INFO] [stdout] ---- test_arsc_round_trip_entry_offsets stdout ----
[INFO] [stdout] 
[INFO] [stdout] thread 'test_arsc_round_trip_entry_offsets' (1759) panicked at tests/integration.rs:9:45:
[INFO] [stdout] Failed to read /opt/rustwide/workdir/tests/data/ARSC/example.arsc: No such file or directory (os error 2)
[INFO] [stdout] stack backtrace:
[INFO] [stdout]    0:     0x5dde736c7ca6 - <<std[70759c8f55707aa4]::sys::backtrace::BacktraceLock>::print::DisplayBacktrace as core[df12db4294e9bfd3]::fmt::Display>::fmt
[INFO] [stdout]    1:     0x5dde736324ba - core[df12db4294e9bfd3]::fmt::write
[INFO] [stdout]    2:     0x5dde736cd1dc - <alloc[2182bb758b4b3781]::vec::Vec<u8> as core[df12db4294e9bfd3]::io::write::Write>::write_fmt
[INFO] [stdout]    3:     0x5dde736a46a2 - std[70759c8f55707aa4]::panicking::default_hook::{closure#0}
[INFO] [stdout]    4:     0x5dde736bffc1 - std[70759c8f55707aa4]::panicking::default_hook
[INFO] [stdout]    5:     0x5dde736c01a2 - std[70759c8f55707aa4]::panicking::panic_with_hook
[INFO] [stdout]    6:     0x5dde736a4752 - std[70759c8f55707aa4]::panicking::panic_handler::{closure#0}
[INFO] [stdout]    7:     0x5dde7369d429 - std[70759c8f55707aa4]::sys::backtrace::__rust_end_short_backtrace::<std[70759c8f55707aa4]::panicking::panic_handler::{closure#0}, !>
[INFO] [stdout]    8:     0x5dde736a53fd - __rustc[8fa7c3cbc660c2b3]::rust_begin_unwind
[INFO] [stdout]    9:     0x5dde73632bac - core[df12db4294e9bfd3]::panicking::panic_fmt
[INFO] [stdout]   10:     0x5dde736498c9 - integration[46389d86eb1bb8e2]::read_test_file::{closure#0}
[INFO] [stdout]   11:     0x5dde7364a1af - integration[46389d86eb1bb8e2]::read_test_file
[INFO] [stdout]   12:     0x5dde7364f76a - <integration[46389d86eb1bb8e2]::test_arsc_round_trip_entry_offsets::{closure#0} as core[df12db4294e9bfd3]::ops::function::FnOnce<()>>::call_once
[INFO] [stdout]   13:     0x5dde736cef9b - test[9d35eded1c95d3be]::__rust_begin_short_backtrace::<core[df12db4294e9bfd3]::result::Result<(), alloc[2182bb758b4b3781]::string::String>, fn() -> core[df12db4294e9bfd3]::result::Result<(), alloc[2182bb758b4b3781]::string::String>>
[INFO] [stdout]   14:     0x5dde736dd0f1 - test[9d35eded1c95d3be]::run_test::{closure#0}
[INFO] [stdout]   15:     0x5dde736d6804 - std[70759c8f55707aa4]::sys::backtrace::__rust_begin_short_backtrace::<test[9d35eded1c95d3be]::run_test::{closure#1}, ()>
[INFO] [stdout]   16:     0x5dde736e0f12 - <std[70759c8f55707aa4]::thread::lifecycle::spawn_unchecked<test[9d35eded1c95d3be]::run_test::{closure#1}, ()>::{closure#1} as core[df12db4294e9bfd3]::ops::function::FnOnce<()>>::call_once::{shim:vtable#0}
[INFO] [stdout]   17:     0x5dde736c6b1e - <std[70759c8f55707aa4]::sys::thread::unix::Thread>::new::thread_start
[INFO] [stdout]   18:     0x7c9f4c2a4dfa - <unknown>
[INFO] [stdout]   19:     0x7c9f4c3383d4 - clone
[INFO] [stdout]   20:                0x0 - <unknown>
[INFO] [stdout] 
[INFO] [stdout] ---- test_string_blocks_not_aligned stdout ----
[INFO] [stdout] 
[INFO] [stdout] thread 'test_string_blocks_not_aligned' (1775) panicked at tests/integration.rs:9:45:
[INFO] [stdout] Failed to read /opt/rustwide/workdir/tests/data/AXML/StringBlocksNotAligned.xml: No such file or directory (os error 2)
[INFO] [stdout] stack backtrace:
[INFO] [stdout]    0:     0x5dde736c7ca6 - <<std[70759c8f55707aa4]::sys::backtrace::BacktraceLock>::print::DisplayBacktrace as core[df12db4294e9bfd3]::fmt::Display>::fmt
[INFO] [stdout]    1:     0x5dde736324ba - core[df12db4294e9bfd3]::fmt::write
[INFO] [stdout]    2:     0x5dde736cd1dc - <alloc[2182bb758b4b3781]::vec::Vec<u8> as core[df12db4294e9bfd3]::io::write::Write>::write_fmt
[INFO] [stdout]    3:     0x5dde736a46a2 - std[70759c8f55707aa4]::panicking::default_hook::{closure#0}
[INFO] [stdout]    4:     0x5dde736bffc1 - std[70759c8f55707aa4]::panicking::default_hook
[INFO] [stdout]    5:     0x5dde736c01a2 - std[70759c8f55707aa4]::panicking::panic_with_hook
[INFO] [stdout]    6:     0x5dde736a4752 - std[70759c8f55707aa4]::panicking::panic_handler::{closure#0}
[INFO] [stdout]    7:     0x5dde7369d429 - std[70759c8f55707aa4]::sys::backtrace::__rust_end_short_backtrace::<std[70759c8f55707aa4]::panicking::panic_handler::{closure#0}, !>
[INFO] [stdout]    8:     0x5dde736a53fd - __rustc[8fa7c3cbc660c2b3]::rust_begin_unwind
[INFO] [stdout]    9:     0x5dde73632bac - core[df12db4294e9bfd3]::panicking::panic_fmt
[INFO] [stdout]   10:     0x5dde736498c9 - integration[46389d86eb1bb8e2]::read_test_file::{closure#0}
[INFO] [stdout]   11:     0x5dde7364a1af - integration[46389d86eb1bb8e2]::read_test_file
[INFO] [stdout]   12:     0x5dde7364e857 - <integration[46389d86eb1bb8e2]::test_string_blocks_not_aligned::{closure#0} as core[df12db4294e9bfd3]::ops::function::FnOnce<()>>::call_once
[INFO] [stdout]   13:     0x5dde736cef9b - test[9d35eded1c95d3be]::__rust_begin_short_backtrace::<core[df12db4294e9bfd3]::result::Result<(), alloc[2182bb758b4b3781]::string::String>, fn() -> core[df12db4294e9bfd3]::result::Result<(), alloc[2182bb758b4b3781]::string::String>>
[INFO] [stdout]   14:     0x5dde736dd0f1 - test[9d35eded1c95d3be]::run_test::{closure#0}
[INFO] [stdout]   15:     0x5dde736d6804 - std[70759c8f55707aa4]::sys::backtrace::__rust_begin_short_backtrace::<test[9d35eded1c95d3be]::run_test::{closure#1}, ()>
[INFO] [stdout]   16:     0x5dde736e0f12 - <std[70759c8f55707aa4]::thread::lifecycle::spawn_unchecked<test[9d35eded1c95d3be]::run_test::{closure#1}, ()>::{closure#1} as core[df12db4294e9bfd3]::ops::function::FnOnce<()>>::call_once::{shim:vtable#0}
[INFO] [stdout]   17:     0x5dde736c6b1e - <std[70759c8f55707aa4]::sys::thread::unix::Thread>::new::thread_start
[INFO] [stdout]   18:     0x7c9f4c2a4dfa - <unknown>
[INFO] [stdout]   19:     0x7c9f4c3383d4 - clone
[INFO] [stdout]   20:                0x0 - <unknown>
[INFO] [stdout] 
[INFO] [stdout] ---- test_utf8_strings stdout ----
[INFO] [stdout] 
[INFO] [stdout] thread 'test_utf8_strings' (1777) panicked at tests/integration.rs:9:45:
[INFO] [stdout] Failed to read /opt/rustwide/workdir/tests/data/AXML/AndroidManifestUTF8Strings.xml: No such file or directory (os error 2)
[INFO] [stdout] stack backtrace:
[INFO] [stdout]    0:     0x5dde736c7ca6 - <<std[70759c8f55707aa4]::sys::backtrace::BacktraceLock>::print::DisplayBacktrace as core[df12db4294e9bfd3]::fmt::Display>::fmt
[INFO] [stdout]    1:     0x5dde736324ba - core[df12db4294e9bfd3]::fmt::write
[INFO] [stdout]    2:     0x5dde736cd1dc - <alloc[2182bb758b4b3781]::vec::Vec<u8> as core[df12db4294e9bfd3]::io::write::Write>::write_fmt
[INFO] [stdout]    3:     0x5dde736a46a2 - std[70759c8f55707aa4]::panicking::default_hook::{closure#0}
[INFO] [stdout]    4:     0x5dde736bffc1 - std[70759c8f55707aa4]::panicking::default_hook
[INFO] [stdout]    5:     0x5dde736c01a2 - std[70759c8f55707aa4]::panicking::panic_with_hook
[INFO] [stdout]    6:     0x5dde736a4752 - std[70759c8f55707aa4]::panicking::panic_handler::{closure#0}
[INFO] [stdout]    7:     0x5dde7369d429 - std[70759c8f55707aa4]::sys::backtrace::__rust_end_short_backtrace::<std[70759c8f55707aa4]::panicking::panic_handler::{closure#0}, !>
[INFO] [stdout]    8:     0x5dde736a53fd - __rustc[8fa7c3cbc660c2b3]::rust_begin_unwind
[INFO] [stdout]    9:     0x5dde73632bac - core[df12db4294e9bfd3]::panicking::panic_fmt
[INFO] [stdout]   10:     0x5dde736498c9 - integration[46389d86eb1bb8e2]::read_test_file::{closure#0}
[INFO] [stdout]   11:     0x5dde7364a1af - integration[46389d86eb1bb8e2]::read_test_file
[INFO] [stdout]   12:     0x5dde7364c2c7 - <integration[46389d86eb1bb8e2]::test_utf8_strings::{closure#0} as core[df12db4294e9bfd3]::ops::function::FnOnce<()>>::call_once
[INFO] [stdout]   13:     0x5dde736cef9b - test[9d35eded1c95d3be]::__rust_begin_short_backtrace::<core[df12db4294e9bfd3]::result::Result<(), alloc[2182bb758b4b3781]::string::String>, fn() -> core[df12db4294e9bfd3]::result::Result<(), alloc[2182bb758b4b3781]::string::String>>
[INFO] [stdout]   14:     0x5dde736dd0f1 - test[9d35eded1c95d3be]::run_test::{closure#0}
[INFO] [stdout]   15:     0x5dde736d6804 - std[70759c8f55707aa4]::sys::backtrace::__rust_begin_short_backtrace::<test[9d35eded1c95d3be]::run_test::{closure#1}, ()>
[INFO] [stdout]   16:     0x5dde736e0f12 - <std[70759c8f55707aa4]::thread::lifecycle::spawn_unchecked<test[9d35eded1c95d3be]::run_test::{closure#1}, ()>::{closure#1} as core[df12db4294e9bfd3]::ops::function::FnOnce<()>>::call_once::{shim:vtable#0}
[INFO] [stdout]   17:     0x5dde736c6b1e - <std[70759c8f55707aa4]::sys::thread::unix::Thread>::new::thread_start
[INFO] [stdout]   18:     0x7c9f4c2a4dfa - <unknown>
[INFO] [stdout]   19:     0x7c9f4c3383d4 - clone
[INFO] [stdout]   20:                0x0 - <unknown>
[INFO] [stdout] 
[INFO] [stdout] ---- test_xml_stable_all stdout ----
[INFO] [stdout] 
[INFO] [stdout] thread 'test_xml_stable_all' (1779) panicked at tests/integration.rs:9:45:
[INFO] [stdout] Failed to read /opt/rustwide/workdir/tests/data/AXML/AndroidManifest.xml: No such file or directory (os error 2)
[INFO] [stdout] stack backtrace:
[INFO] [stdout]    0:     0x5dde736c7ca6 - <<std[70759c8f55707aa4]::sys::backtrace::BacktraceLock>::print::DisplayBacktrace as core[df12db4294e9bfd3]::fmt::Display>::fmt
[INFO] [stdout]    1:     0x5dde736324ba - core[df12db4294e9bfd3]::fmt::write
[INFO] [stdout]    2:     0x5dde736cd1dc - <alloc[2182bb758b4b3781]::vec::Vec<u8> as core[df12db4294e9bfd3]::io::write::Write>::write_fmt
[INFO] [stdout]    3:     0x5dde736a46a2 - std[70759c8f55707aa4]::panicking::default_hook::{closure#0}
[INFO] [stdout]    4:     0x5dde736bffc1 - std[70759c8f55707aa4]::panicking::default_hook
[INFO] [stdout]    5:     0x5dde736c01a2 - std[70759c8f55707aa4]::panicking::panic_with_hook
[INFO] [stdout]    6:     0x5dde736a4752 - std[70759c8f55707aa4]::panicking::panic_handler::{closure#0}
[INFO] [stdout]    7:     0x5dde7369d429 - std[70759c8f55707aa4]::sys::backtrace::__rust_end_short_backtrace::<std[70759c8f55707aa4]::panicking::panic_handler::{closure#0}, !>
[INFO] [stdout]    8:     0x5dde736a53fd - __rustc[8fa7c3cbc660c2b3]::rust_begin_unwind
[INFO] [stdout]    9:     0x5dde73632bac - core[df12db4294e9bfd3]::panicking::panic_fmt
[INFO] [stdout]   10:     0x5dde736498c9 - integration[46389d86eb1bb8e2]::read_test_file::{closure#0}
[INFO] [stdout]   11:     0x5dde7364a1af - integration[46389d86eb1bb8e2]::read_test_file
[INFO] [stdout]   12:     0x5dde7364c71f - <integration[46389d86eb1bb8e2]::test_xml_stable_all::{closure#0} as core[df12db4294e9bfd3]::ops::function::FnOnce<()>>::call_once
[INFO] [stdout]   13:     0x5dde736cef9b - test[9d35eded1c95d3be]::__rust_begin_short_backtrace::<core[df12db4294e9bfd3]::result::Result<(), alloc[2182bb758b4b3781]::string::String>, fn() -> core[df12db4294e9bfd3]::result::Result<(), alloc[2182bb758b4b3781]::string::String>>
[INFO] [stdout]   14:     0x5dde736dd0f1 - test[9d35eded1c95d3be]::run_test::{closure#0}
[INFO] [stdout]   15:     0x5dde736d6804 - std[70759c8f55707aa4]::sys::backtrace::__rust_begin_short_backtrace::<test[9d35eded1c95d3be]::run_test::{closure#1}, ()>
[INFO] [stdout]   16:     0x5dde736e0f12 - <std[70759c8f55707aa4]::thread::lifecycle::spawn_unchecked<test[9d35eded1c95d3be]::run_test::{closure#1}, ()>::{closure#1} as core[df12db4294e9bfd3]::ops::function::FnOnce<()>>::call_once::{shim:vtable#0}
[INFO] [stdout]   17:     0x5dde736c6b1e - <std[70759c8f55707aa4]::sys::thread::unix::Thread>::new::thread_start
[INFO] [stdout]   18:     0x7c9f4c2a4dfa - <unknown>
[INFO] [stdout]   19:     0x7c9f4c3383d4 - clone
[INFO] [stdout]   20:                0x0 - <unknown>
[INFO] [stdout] 
[INFO] [stdout] ---- test_proto_round_trip_xml stdout ----
[INFO] [stdout] 
[INFO] [stdout] thread 'test_proto_round_trip_xml' (1773) panicked at tests/integration.rs:9:45:
[INFO] [stdout] Failed to read /opt/rustwide/workdir/tests/data/AXML/AndroidManifest.xml: No such file or directory (os error 2)
[INFO] [stdout] stack backtrace:
[INFO] [stdout]    0:     0x5dde736c7ca6 - <<std[70759c8f55707aa4]::sys::backtrace::BacktraceLock>::print::DisplayBacktrace as core[df12db4294e9bfd3]::fmt::Display>::fmt
[INFO] [stdout]    1:     0x5dde736324ba - core[df12db4294e9bfd3]::fmt::write
[INFO] [stdout]    2:     0x5dde736cd1dc - <alloc[2182bb758b4b3781]::vec::Vec<u8> as core[df12db4294e9bfd3]::io::write::Write>::write_fmt
[INFO] [stdout]    3:     0x5dde736a46a2 - std[70759c8f55707aa4]::panicking::default_hook::{closure#0}
[INFO] [stdout]    4:     0x5dde736bffc1 - std[70759c8f55707aa4]::panicking::default_hook
[INFO] [stdout]    5:     0x5dde736c01a2 - std[70759c8f55707aa4]::panicking::panic_with_hook
[INFO] [stdout]    6:     0x5dde736a4752 - std[70759c8f55707aa4]::panicking::panic_handler::{closure#0}
[INFO] [stdout]    7:     0x5dde7369d429 - std[70759c8f55707aa4]::sys::backtrace::__rust_end_short_backtrace::<std[70759c8f55707aa4]::panicking::panic_handler::{closure#0}, !>
[INFO] [stdout]    8:     0x5dde736a53fd - __rustc[8fa7c3cbc660c2b3]::rust_begin_unwind
[INFO] [stdout]    9:     0x5dde73632bac - core[df12db4294e9bfd3]::panicking::panic_fmt
[INFO] [stdout]   10:     0x5dde736498c9 - integration[46389d86eb1bb8e2]::read_test_file::{closure#0}
[INFO] [stdout]   11:     0x5dde7364a1af - integration[46389d86eb1bb8e2]::read_test_file
[INFO] [stdout]   12:     0x5dde7364d5d8 - <integration[46389d86eb1bb8e2]::test_proto_round_trip_xml::{closure#0} as core[df12db4294e9bfd3]::ops::function::FnOnce<()>>::call_once
[INFO] [stdout]   13:     0x5dde736cef9b - test[9d35eded1c95d3be]::__rust_begin_short_backtrace::<core[df12db4294e9bfd3]::result::Result<(), alloc[2182bb758b4b3781]::string::String>, fn() -> core[df12db4294e9bfd3]::result::Result<(), alloc[2182bb758b4b3781]::string::String>>
[INFO] [stdout]   14:     0x5dde736dd0f1 - test[9d35eded1c95d3be]::run_test::{closure#0}
[INFO] [stdout]   15:     0x5dde736d6804 - std[70759c8f55707aa4]::sys::backtrace::__rust_begin_short_backtrace::<test[9d35eded1c95d3be]::run_test::{closure#1}, ()>
[INFO] [stdout]   16:     0x5dde736e0f12 - <std[70759c8f55707aa4]::thread::lifecycle::spawn_unchecked<test[9d35eded1c95d3be]::run_test::{closure#1}, ()>::{closure#1} as core[df12db4294e9bfd3]::ops::function::FnOnce<()>>::call_once::{shim:vtable#0}
[INFO] [stdout]   17:     0x5dde736c6b1e - <std[70759c8f55707aa4]::sys::thread::unix::Thread>::new::thread_start
[INFO] [stdout]   18:     0x7c9f4c2a4dfa - <unknown>
[INFO] [stdout]   19:     0x7c9f4c3383d4 - clone
[INFO] [stdout]   20:                0x0 - <unknown>
[INFO] [stdout] 
[INFO] [stdout] ---- test_arsc_list_packages_has_resource_tags stdout ----
[INFO] [stdout] 
[INFO] [stdout] thread 'test_arsc_list_packages_has_resource_tags' (1757) panicked at tests/integration.rs:9:45:
[INFO] [stdout] Failed to read /opt/rustwide/workdir/tests/data/ARSC/example.arsc: No such file or directory (os error 2)
[INFO] [stdout] stack backtrace:
[INFO] [stdout]    0:     0x5dde736c7ca6 - <<std[70759c8f55707aa4]::sys::backtrace::BacktraceLock>::print::DisplayBacktrace as core[df12db4294e9bfd3]::fmt::Display>::fmt
[INFO] [stdout]    1:     0x5dde736324ba - core[df12db4294e9bfd3]::fmt::write
[INFO] [stdout]    2:     0x5dde736cd1dc - <alloc[2182bb758b4b3781]::vec::Vec<u8> as core[df12db4294e9bfd3]::io::write::Write>::write_fmt
[INFO] [stdout]    3:     0x5dde736a46a2 - std[70759c8f55707aa4]::panicking::default_hook::{closure#0}
[INFO] [stdout]    4:     0x5dde736bffc1 - std[70759c8f55707aa4]::panicking::default_hook
[INFO] [stdout]    5:     0x5dde736c01a2 - std[70759c8f55707aa4]::panicking::panic_with_hook
[INFO] [stdout]    6:     0x5dde736a4752 - std[70759c8f55707aa4]::panicking::panic_handler::{closure#0}
[INFO] [stdout]    7:     0x5dde7369d429 - std[70759c8f55707aa4]::sys::backtrace::__rust_end_short_backtrace::<std[70759c8f55707aa4]::panicking::panic_handler::{closure#0}, !>
[INFO] [stdout]    8:     0x5dde736a53fd - __rustc[8fa7c3cbc660c2b3]::rust_begin_unwind
[INFO] [stdout]    9:     0x5dde73632bac - core[df12db4294e9bfd3]::panicking::panic_fmt
[INFO] [stdout]   10:     0x5dde736498c9 - integration[46389d86eb1bb8e2]::read_test_file::{closure#0}
[INFO] [stdout]   11:     0x5dde7364a1af - integration[46389d86eb1bb8e2]::read_test_file
[INFO] [stdout]   12:     0x5dde73650ae5 - <integration[46389d86eb1bb8e2]::test_arsc_list_packages_has_resource_tags::{closure#0} as core[df12db4294e9bfd3]::ops::function::FnOnce<()>>::call_once
[INFO] [stdout]   13:     0x5dde736cef9b - test[9d35eded1c95d3be]::__rust_begin_short_backtrace::<core[df12db4294e9bfd3]::result::Result<(), alloc[2182bb758b4b3781]::string::String>, fn() -> core[df12db4294e9bfd3]::result::Result<(), alloc[2182bb758b4b3781]::string::String>>
[INFO] [stdout]   14:     0x5dde736dd0f1 - test[9d35eded1c95d3be]::run_test::{closure#0}
[INFO] [stdout]   15:     0x5dde736d6804 - std[70759c8f55707aa4]::sys::backtrace::__rust_begin_short_backtrace::<test[9d35eded1c95d3be]::run_test::{closure#1}, ()>
[INFO] [stdout]   16:     0x5dde736e0f12 - <std[70759c8f55707aa4]::thread::lifecycle::spawn_unchecked<test[9d35eded1c95d3be]::run_test::{closure#1}, ()>::{closure#1} as core[df12db4294e9bfd3]::ops::function::FnOnce<()>>::call_once::{shim:vtable#0}
[INFO] [stdout]   17:     0x5dde736c6b1e - <std[70759c8f55707aa4]::sys::thread::unix::Thread>::new::thread_start
[INFO] [stdout]   18:     0x7c9f4c2a4dfa - <unknown>
[INFO] [stdout]   19:     0x7c9f4c3383d4 - clone
[INFO] [stdout]   20:                0x0 - <unknown>
[INFO] [stdout] 
[INFO] [stdout] ---- test_nonzero_style_offset stdout ----
[INFO] [stdout] 
[INFO] [stdout] thread 'test_nonzero_style_offset' (1770) panicked at tests/integration.rs:9:45:
[INFO] [stdout] Failed to read /opt/rustwide/workdir/tests/data/AXML/AndroidManifestNonZeroStyle.xml: No such file or directory (os error 2)
[INFO] [stdout] stack backtrace:
[INFO] [stdout]    0:     0x5dde736c7ca6 - <<std[70759c8f55707aa4]::sys::backtrace::BacktraceLock>::print::DisplayBacktrace as core[df12db4294e9bfd3]::fmt::Display>::fmt
[INFO] [stdout]    1:     0x5dde736324ba - core[df12db4294e9bfd3]::fmt::write
[INFO] [stdout]    2:     0x5dde736cd1dc - <alloc[2182bb758b4b3781]::vec::Vec<u8> as core[df12db4294e9bfd3]::io::write::Write>::write_fmt
[INFO] [stdout]    3:     0x5dde736a46a2 - std[70759c8f55707aa4]::panicking::default_hook::{closure#0}
[INFO] [stdout]    4:     0x5dde736bffc1 - std[70759c8f55707aa4]::panicking::default_hook
[INFO] [stdout]    5:     0x5dde736c01a2 - std[70759c8f55707aa4]::panicking::panic_with_hook
[INFO] [stdout]    6:     0x5dde736a4752 - std[70759c8f55707aa4]::panicking::panic_handler::{closure#0}
[INFO] [stdout]    7:     0x5dde7369d429 - std[70759c8f55707aa4]::sys::backtrace::__rust_end_short_backtrace::<std[70759c8f55707aa4]::panicking::panic_handler::{closure#0}, !>
[INFO] [stdout]    8:     0x5dde736a53fd - __rustc[8fa7c3cbc660c2b3]::rust_begin_unwind
[INFO] [stdout]    9:     0x5dde73632bac - core[df12db4294e9bfd3]::panicking::panic_fmt
[INFO] [stdout]   10:     0x5dde736498c9 - integration[46389d86eb1bb8e2]::read_test_file::{closure#0}
[INFO] [stdout]   11:     0x5dde7364a1af - integration[46389d86eb1bb8e2]::read_test_file
[INFO] [stdout]   12:     0x5dde7364d3d3 - <integration[46389d86eb1bb8e2]::test_nonzero_style_offset::{closure#0} as core[df12db4294e9bfd3]::ops::function::FnOnce<()>>::call_once
[INFO] [stdout]   13:     0x5dde736cef9b - test[9d35eded1c95d3be]::__rust_begin_short_backtrace::<core[df12db4294e9bfd3]::result::Result<(), alloc[2182bb758b4b3781]::string::String>, fn() -> core[df12db4294e9bfd3]::result::Result<(), alloc[2182bb758b4b3781]::string::String>>
[INFO] [stdout]   14:     0x5dde736dd0f1 - test[9d35eded1c95d3be]::run_test::{closure#0}
[INFO] [stdout]   15:     0x5dde736d6804 - std[70759c8f55707aa4]::sys::backtrace::__rust_begin_short_backtrace::<test[9d35eded1c95d3be]::run_test::{closure#1}, ()>
[INFO] [stdout]   16:     0x5dde736e0f12 - <std[70759c8f55707aa4]::thread::lifecycle::spawn_unchecked<test[9d35eded1c95d3be]::run_test::{closure#1}, ()>::{closure#1} as core[df12db4294e9bfd3]::ops::function::FnOnce<()>>::call_once::{shim:vtable#0}
[INFO] [stdout]   17:     0x5dde736c6b1e - <std[70759c8f55707aa4]::sys::thread::unix::Thread>::new::thread_start
[INFO] [stdout]   18:     0x7c9f4c2a4dfa - <unknown>
[INFO] [stdout]   19:     0x7c9f4c3383d4 - clone
[INFO] [stdout]   20:                0x0 - <unknown>
[INFO] [stdout] 
[INFO] [stdout] ---- test_round_trip_all stdout ----
[INFO] [stdout] 
[INFO] [stdout] thread 'test_round_trip_all' (1774) panicked at tests/integration.rs:9:45:
[INFO] [stdout] Failed to read /opt/rustwide/workdir/tests/data/AXML/AndroidManifest.xml: No such file or directory (os error 2)
[INFO] [stdout] stack backtrace:
[INFO] [stdout]    0:     0x5dde736c7ca6 - <<std[70759c8f55707aa4]::sys::backtrace::BacktraceLock>::print::DisplayBacktrace as core[df12db4294e9bfd3]::fmt::Display>::fmt
[INFO] [stdout]    1:     0x5dde736324ba - core[df12db4294e9bfd3]::fmt::write
[INFO] [stdout]    2:     0x5dde736cd1dc - <alloc[2182bb758b4b3781]::vec::Vec<u8> as core[df12db4294e9bfd3]::io::write::Write>::write_fmt
[INFO] [stdout]    3:     0x5dde736a46a2 - std[70759c8f55707aa4]::panicking::default_hook::{closure#0}
[INFO] [stdout]    4:     0x5dde736bffc1 - std[70759c8f55707aa4]::panicking::default_hook
[INFO] [stdout]    5:     0x5dde736c01a2 - std[70759c8f55707aa4]::panicking::panic_with_hook
[INFO] [stdout]    6:     0x5dde736a4752 - std[70759c8f55707aa4]::panicking::panic_handler::{closure#0}
[INFO] [stdout]    7:     0x5dde7369d429 - std[70759c8f55707aa4]::sys::backtrace::__rust_end_short_backtrace::<std[70759c8f55707aa4]::panicking::panic_handler::{closure#0}, !>
[INFO] [stdout]    8:     0x5dde736a53fd - __rustc[8fa7c3cbc660c2b3]::rust_begin_unwind
[INFO] [stdout]    9:     0x5dde73632bac - core[df12db4294e9bfd3]::panicking::panic_fmt
[INFO] [stdout]   10:     0x5dde736498c9 - integration[46389d86eb1bb8e2]::read_test_file::{closure#0}
[INFO] [stdout]   11:     0x5dde7364a1af - integration[46389d86eb1bb8e2]::read_test_file
[INFO] [stdout]   12:     0x5dde7364c4f4 - <integration[46389d86eb1bb8e2]::test_round_trip_all::{closure#0} as core[df12db4294e9bfd3]::ops::function::FnOnce<()>>::call_once
[INFO] [stdout]   13:     0x5dde736cef9b - test[9d35eded1c95d3be]::__rust_begin_short_backtrace::<core[df12db4294e9bfd3]::result::Result<(), alloc[2182bb758b4b3781]::string::String>, fn() -> core[df12db4294e9bfd3]::result::Result<(), alloc[2182bb758b4b3781]::string::String>>
[INFO] [stdout]   14:     0x5dde736dd0f1 - test[9d35eded1c95d3be]::run_test::{closure#0}
[INFO] [stdout]   15:     0x5dde736d6804 - std[70759c8f55707aa4]::sys::backtrace::__rust_begin_short_backtrace::<test[9d35eded1c95d3be]::run_test::{closure#1}, ()>
[INFO] [stdout]   16:     0x5dde736e0f12 - <std[70759c8f55707aa4]::thread::lifecycle::spawn_unchecked<test[9d35eded1c95d3be]::run_test::{closure#1}, ()>::{closure#1} as core[df12db4294e9bfd3]::ops::function::FnOnce<()>>::call_once::{shim:vtable#0}
[INFO] [stdout]   17:     0x5dde736c6b1e - <std[70759c8f55707aa4]::sys::thread::unix::Thread>::new::thread_start
[INFO] [stdout]   18:     0x7c9f4c2a4dfa - <unknown>
[INFO] [stdout]   19:     0x7c9f4c3383d4 - clone
[INFO] [stdout]   20:                0x0 - <unknown>
[INFO] [stdout] 
[INFO] [stdout] ---- test_arsc_compute_preserves_binary stdout ----
[INFO] [stdout] 
[INFO] [stdout] thread 'test_arsc_compute_preserves_binary' (1755) panicked at tests/integration.rs:9:45:
[INFO] [stdout] Failed to read /opt/rustwide/workdir/tests/data/ARSC/example.arsc: No such file or directory (os error 2)
[INFO] [stdout] stack backtrace:
[INFO] [stdout]    0:     0x5dde736c7ca6 - <<std[70759c8f55707aa4]::sys::backtrace::BacktraceLock>::print::DisplayBacktrace as core[df12db4294e9bfd3]::fmt::Display>::fmt
[INFO] [stdout]    1:     0x5dde736324ba - core[df12db4294e9bfd3]::fmt::write
[INFO] [stdout]    2:     0x5dde736cd1dc - <alloc[2182bb758b4b3781]::vec::Vec<u8> as core[df12db4294e9bfd3]::io::write::Write>::write_fmt
[INFO] [stdout]    3:     0x5dde736a46a2 - std[70759c8f55707aa4]::panicking::default_hook::{closure#0}
[INFO] [stdout]    4:     0x5dde736bffc1 - std[70759c8f55707aa4]::panicking::default_hook
[INFO] [stdout]    5:     0x5dde736c01a2 - std[70759c8f55707aa4]::panicking::panic_with_hook
[INFO] [stdout]    6:     0x5dde736a4752 - std[70759c8f55707aa4]::panicking::panic_handler::{closure#0}
[INFO] [stdout]    7:     0x5dde7369d429 - std[70759c8f55707aa4]::sys::backtrace::__rust_end_short_backtrace::<std[70759c8f55707aa4]::panicking::panic_handler::{closure#0}, !>
[INFO] [stdout]    8:     0x5dde736a53fd - __rustc[8fa7c3cbc660c2b3]::rust_begin_unwind
[INFO] [stdout]    9:     0x5dde73632bac - core[df12db4294e9bfd3]::panicking::panic_fmt
[INFO] [stdout]   10:     0x5dde736498c9 - integration[46389d86eb1bb8e2]::read_test_file::{closure#0}
[INFO] [stdout]   11:     0x5dde7364a1af - integration[46389d86eb1bb8e2]::read_test_file
[INFO] [stdout]   12:     0x5dde7364f3ea - <integration[46389d86eb1bb8e2]::test_arsc_compute_preserves_binary::{closure#0} as core[df12db4294e9bfd3]::ops::function::FnOnce<()>>::call_once
[INFO] [stdout]   13:     0x5dde736cef9b - test[9d35eded1c95d3be]::__rust_begin_short_backtrace::<core[df12db4294e9bfd3]::result::Result<(), alloc[2182bb758b4b3781]::string::String>, fn() -> core[df12db4294e9bfd3]::result::Result<(), alloc[2182bb758b4b3781]::string::String>>
[INFO] [stdout]   14:     0x5dde736dd0f1 - test[9d35eded1c95d3be]::run_test::{closure#0}
[INFO] [stdout]   15:     0x5dde736d6804 - std[70759c8f55707aa4]::sys::backtrace::__rust_begin_short_backtrace::<test[9d35eded1c95d3be]::run_test::{closure#1}, ()>
[INFO] [stdout]   16:     0x5dde736e0f12 - <std[70759c8f55707aa4]::thread::lifecycle::spawn_unchecked<test[9d35eded1c95d3be]::run_test::{closure#1}, ()>::{closure#1} as core[df12db4294e9bfd3]::ops::function::FnOnce<()>>::call_once::{shim:vtable#0}
[INFO] [stdout]   17:     0x5dde736c6b1e - <std[70759c8f55707aa4]::sys::thread::unix::Thread>::new::thread_start
[INFO] [stdout]   18:     0x7c9f4c2a4dfa - <unknown>
[INFO] [stdout]   19:     0x7c9f4c3383d4 - clone
[INFO] [stdout]   20:                0x0 - <unknown>
[INFO] [stdout] 
[INFO] [stdout] ---- test_arsc_compute_pack_idempotency stdout ----
[INFO] [stdout] 
[INFO] [stdout] thread 'test_arsc_compute_pack_idempotency' (1754) panicked at tests/integration.rs:9:45:
[INFO] [stdout] Failed to read /opt/rustwide/workdir/tests/data/ARSC/example.arsc: No such file or directory (os error 2)
[INFO] [stdout] stack backtrace:
[INFO] [stdout]    0:     0x5dde736c7ca6 - <<std[70759c8f55707aa4]::sys::backtrace::BacktraceLock>::print::DisplayBacktrace as core[df12db4294e9bfd3]::fmt::Display>::fmt
[INFO] [stdout]    1:     0x5dde736324ba - core[df12db4294e9bfd3]::fmt::write
[INFO] [stdout]    2:     0x5dde736cd1dc - <alloc[2182bb758b4b3781]::vec::Vec<u8> as core[df12db4294e9bfd3]::io::write::Write>::write_fmt
[INFO] [stdout]    3:     0x5dde736a46a2 - std[70759c8f55707aa4]::panicking::default_hook::{closure#0}
[INFO] [stdout]    4:     0x5dde736bffc1 - std[70759c8f55707aa4]::panicking::default_hook
[INFO] [stdout]    5:     0x5dde736c01a2 - std[70759c8f55707aa4]::panicking::panic_with_hook
[INFO] [stdout]    6:     0x5dde736a4752 - std[70759c8f55707aa4]::panicking::panic_handler::{closure#0}
[INFO] [stdout]    7:     0x5dde7369d429 - std[70759c8f55707aa4]::sys::backtrace::__rust_end_short_backtrace::<std[70759c8f55707aa4]::panicking::panic_handler::{closure#0}, !>
[INFO] [stdout]    8:     0x5dde736a53fd - __rustc[8fa7c3cbc660c2b3]::rust_begin_unwind
[INFO] [stdout]    9:     0x5dde73632bac - core[df12db4294e9bfd3]::panicking::panic_fmt
[INFO] [stdout]   10:     0x5dde736498c9 - integration[46389d86eb1bb8e2]::read_test_file::{closure#0}
[INFO] [stdout]   11:     0x5dde7364a1af - integration[46389d86eb1bb8e2]::read_test_file
[INFO] [stdout]   12:     0x5dde7364ee6a - <integration[46389d86eb1bb8e2]::test_arsc_compute_pack_idempotency::{closure#0} as core[df12db4294e9bfd3]::ops::function::FnOnce<()>>::call_once
[INFO] [stdout]   13:     0x5dde736cef9b - test[9d35eded1c95d3be]::__rust_begin_short_backtrace::<core[df12db4294e9bfd3]::result::Result<(), alloc[2182bb758b4b3781]::string::String>, fn() -> core[df12db4294e9bfd3]::result::Result<(), alloc[2182bb758b4b3781]::string::String>>
[INFO] [stdout]   14:     0x5dde736dd0f1 - test[9d35eded1c95d3be]::run_test::{closure#0}
[INFO] [stdout]   15:     0x5dde736d6804 - std[70759c8f55707aa4]::sys::backtrace::__rust_begin_short_backtrace::<test[9d35eded1c95d3be]::run_test::{closure#1}, ()>
[INFO] [stdout]   16:     0x5dde736e0f12 - <std[70759c8f55707aa4]::thread::lifecycle::spawn_unchecked<test[9d35eded1c95d3be]::run_test::{closure#1}, ()>::{closure#1} as core[df12db4294e9bfd3]::ops::function::FnOnce<()>>::call_once::{shim:vtable#0}
[INFO] [stdout]   17:     0x5dde736c6b1e - <std[70759c8f55707aa4]::sys::thread::unix::Thread>::new::thread_start
[INFO] [stdout]   18:     0x7c9f4c2a4dfa - <unknown>
[INFO] [stdout]   19:     0x7c9f4c3383d4 - clone
[INFO] [stdout]   20:                0x0 - <unknown>
[INFO] [stdout] 
[INFO] [stdout] ---- test_parse_all_manifests stdout ----
[INFO] [stdout] 
[INFO] [stdout] thread 'test_parse_all_manifests' (1772) panicked at tests/integration.rs:9:45:
[INFO] [stdout] Failed to read /opt/rustwide/workdir/tests/data/AXML/AndroidManifest.xml: No such file or directory (os error 2)
[INFO] [stdout] stack backtrace:
[INFO] [stdout]    0:     0x5dde736c7ca6 - <<std[70759c8f55707aa4]::sys::backtrace::BacktraceLock>::print::DisplayBacktrace as core[df12db4294e9bfd3]::fmt::Display>::fmt
[INFO] [stdout]    1:     0x5dde736324ba - core[df12db4294e9bfd3]::fmt::write
[INFO] [stdout]    2:     0x5dde736cd1dc - <alloc[2182bb758b4b3781]::vec::Vec<u8> as core[df12db4294e9bfd3]::io::write::Write>::write_fmt
[INFO] [stdout]    3:     0x5dde736a46a2 - std[70759c8f55707aa4]::panicking::default_hook::{closure#0}
[INFO] [stdout]    4:     0x5dde736bffc1 - std[70759c8f55707aa4]::panicking::default_hook
[INFO] [stdout]    5:     0x5dde736c01a2 - std[70759c8f55707aa4]::panicking::panic_with_hook
[INFO] [stdout]    6:     0x5dde736a4752 - std[70759c8f55707aa4]::panicking::panic_handler::{closure#0}
[INFO] [stdout]    7:     0x5dde7369d429 - std[70759c8f55707aa4]::sys::backtrace::__rust_end_short_backtrace::<std[70759c8f55707aa4]::panicking::panic_handler::{closure#0}, !>
[INFO] [stdout]    8:     0x5dde736a53fd - __rustc[8fa7c3cbc660c2b3]::rust_begin_unwind
[INFO] [stdout]    9:     0x5dde73632bac - core[df12db4294e9bfd3]::panicking::panic_fmt
[INFO] [stdout]   10:     0x5dde736498c9 - integration[46389d86eb1bb8e2]::read_test_file::{closure#0}
[INFO] [stdout]   11:     0x5dde7364a1af - integration[46389d86eb1bb8e2]::read_test_file
[INFO] [stdout]   12:     0x5dde7364d29a - <integration[46389d86eb1bb8e2]::test_parse_all_manifests::{closure#0} as core[df12db4294e9bfd3]::ops::function::FnOnce<()>>::call_once
[INFO] [stdout]   13:     0x5dde736cef9b - test[9d35eded1c95d3be]::__rust_begin_short_backtrace::<core[df12db4294e9bfd3]::result::Result<(), alloc[2182bb758b4b3781]::string::String>, fn() -> core[df12db4294e9bfd3]::result::Result<(), alloc[2182bb758b4b3781]::string::String>>
[INFO] [stdout]   14:     0x5dde736dd0f1 - test[9d35eded1c95d3be]::run_test::{closure#0}
[INFO] [stdout]   15:     0x5dde736d6804 - std[70759c8f55707aa4]::sys::backtrace::__rust_begin_short_backtrace::<test[9d35eded1c95d3be]::run_test::{closure#1}, ()>
[INFO] [stdout]   16:     0x5dde736e0f12 - <std[70759c8f55707aa4]::thread::lifecycle::spawn_unchecked<test[9d35eded1c95d3be]::run_test::{closure#1}, ()>::{closure#1} as core[df12db4294e9bfd3]::ops::function::FnOnce<()>>::call_once::{shim:vtable#0}
[INFO] [stdout]   17:     0x5dde736c6b1e - <std[70759c8f55707aa4]::sys::thread::unix::Thread>::new::thread_start
[INFO] [stdout]   18:     0x7c9f4c2a4dfa - <unknown>
[INFO] [stdout]   19:     0x7c9f4c3383d4 - clone
[INFO] [stdout]   20:                0x0 - <unknown>
[INFO] [stdout] 
[INFO] [stdout] 
[INFO] [stdout] failures:
[INFO] [stdout]     test_arsc_compute_pack_idempotency
[INFO] [stdout]     test_arsc_compute_preserves_binary
[INFO] [stdout]     test_arsc_list_packages_filter_default
[INFO] [stdout]     test_arsc_list_packages_has_resource_tags
[INFO] [stdout]     test_arsc_proto_round_trip
[INFO] [stdout]     test_arsc_round_trip_entry_offsets
[INFO] [stdout]     test_decode_encode_decode_all
[INFO] [stdout]     test_non_manifest_root_tag
[INFO] [stdout]     test_nonzero_style_offset
[INFO] [stdout]     test_null_bytes
[INFO] [stdout]     test_parse_all_manifests
[INFO] [stdout]     test_proto_round_trip_xml
[INFO] [stdout]     test_round_trip_all
[INFO] [stdout]     test_string_blocks_not_aligned
[INFO] [stdout]     test_utf8_strings
[INFO] [stdout]     test_xml_stable_all
[INFO] [stdout] 
[INFO] [stdout] test result: FAILED. 10 passed; 16 failed; 0 ignored; 0 measured; 0 filtered out; finished in 0.03s
[INFO] [stdout] 
[INFO] running `Command { std: "docker" "inspect" "3f2e767f150527f6b64d99d936e74976d76832f845cdb0af36d540be2373d45c", kill_on_drop: false }`
[INFO] running `Command { std: "docker" "rm" "-f" "3f2e767f150527f6b64d99d936e74976d76832f845cdb0af36d540be2373d45c", kill_on_drop: false }`
[INFO] [stdout] 3f2e767f150527f6b64d99d936e74976d76832f845cdb0af36d540be2373d45c
