[INFO] fetching crate py5 1.2.6...
[INFO] testing py5-1.2.6 against 1.99.0-beta.8+cargoflags=--release for beta-release-1.100-2
[INFO] extracting crate py5 1.2.6 into /workspace/builds/worker-1-tc1/source
[INFO] started tweaking crates.io crate py5 1.2.6
[INFO] removed 0 missing tests
[INFO] finished tweaking crates.io crate py5 1.2.6
[INFO] tweaked toml for crates.io crate py5 1.2.6 written to /workspace/builds/worker-1-tc1/source/Cargo.toml
[INFO] validating manifest of crates.io crate py5 1.2.6 on toolchain 1.99.0-beta.8
[INFO] running `Command { std: CARGO_HOME="/workspace/cargo-home" RUSTUP_HOME="/workspace/rustup-home" "/workspace/cargo-home/bin/cargo" "+1.99.0-beta.8" "metadata" "--manifest-path" "Cargo.toml" "--no-deps", kill_on_drop: false }`
[INFO] crate crates.io crate py5 1.2.6 already has a lockfile, it will not be regenerated
[INFO] running `Command { std: CARGO_HOME="/workspace/cargo-home" RUSTUP_HOME="/workspace/rustup-home" "/workspace/cargo-home/bin/cargo" "+1.99.0-beta.8" "fetch" "--manifest-path" "Cargo.toml", kill_on_drop: false }`
[INFO] running `Command { std: "docker" "create" "-v" "/var/lib/crater-agent-workspace/builds/worker-1-tc1/source:/opt/rustwide/workdir:ro,Z" "-v" "/var/lib/crater-agent-workspace/builds/worker-1-tc1/target:/opt/rustwide/target:rw,Z" "-v" "/var/lib/crater-agent-workspace/cargo-home:/opt/rustwide/cargo-home:ro,Z" "-v" "/var/lib/crater-agent-workspace/rustup-home:/opt/rustwide/rustup-home:ro,Z" "-m" "1610612736" "--network" "none" "ghcr.io/rust-lang/crates-build-env/linux@sha256:77db811e55d90add9212f6832c23229e3de5f1c1f9905e8cb07319ea15df73ac" "sleep" "infinity", kill_on_drop: false }`
[INFO] [stdout] aac78b2fbe64c873f1fcd4f9c9167ed227d035e443e26fb1088e57c0b1dad2b5
[INFO] running `Command { std: "docker" "start" "aac78b2fbe64c873f1fcd4f9c9167ed227d035e443e26fb1088e57c0b1dad2b5", kill_on_drop: false }`
[INFO] running `Command { std: "docker" "inspect" "aac78b2fbe64c873f1fcd4f9c9167ed227d035e443e26fb1088e57c0b1dad2b5", kill_on_drop: false }`
[INFO] running `Command { std: "docker" "exec" "-e" "SOURCE_DIR=/opt/rustwide/workdir" "-e" "CARGO_HOME=/opt/rustwide/cargo-home" "-e" "RUSTUP_HOME=/opt/rustwide/rustup-home" "-e" "CARGO_TARGET_DIR=/opt/rustwide/target" "-w" "/opt/rustwide/workdir" "--user" "0:0" "aac78b2fbe64c873f1fcd4f9c9167ed227d035e443e26fb1088e57c0b1dad2b5" "/opt/rustwide/cargo-home/bin/cargo" "+1.99.0-beta.8" "metadata" "--no-deps" "--format-version=1", kill_on_drop: false }`
[INFO] running `Command { std: "docker" "inspect" "aac78b2fbe64c873f1fcd4f9c9167ed227d035e443e26fb1088e57c0b1dad2b5", kill_on_drop: false }`
[INFO] running `Command { std: "docker" "exec" "-e" "SOURCE_DIR=/opt/rustwide/workdir" "-e" "CARGO_HOME=/opt/rustwide/cargo-home" "-e" "RUSTUP_HOME=/opt/rustwide/rustup-home" "-e" "CARGO_TARGET_DIR=/opt/rustwide/target" "-e" "CARGO_INCREMENTAL=0" "-e" "RUST_BACKTRACE=full" "-e" "RUSTFLAGS=--cap-lints=warn" "-e" "RUSTDOCFLAGS=--cap-lints=warn" "-w" "/opt/rustwide/workdir" "--user" "0:0" "aac78b2fbe64c873f1fcd4f9c9167ed227d035e443e26fb1088e57c0b1dad2b5" "/opt/rustwide/cargo-home/bin/cargo" "+1.99.0-beta.8" "build" "--frozen" "--message-format=json" "--release", kill_on_drop: false }`
[INFO] [stderr]    Compiling py5 v1.2.6 (/opt/rustwide/workdir)
[INFO] [stderr]     Finished `release` profile [optimized] target(s) in 8.05s
[INFO] running `Command { std: "docker" "inspect" "aac78b2fbe64c873f1fcd4f9c9167ed227d035e443e26fb1088e57c0b1dad2b5", kill_on_drop: false }`
[INFO] running `Command { std: "docker" "exec" "-e" "SOURCE_DIR=/opt/rustwide/workdir" "-e" "CARGO_HOME=/opt/rustwide/cargo-home" "-e" "RUSTUP_HOME=/opt/rustwide/rustup-home" "-e" "CARGO_TARGET_DIR=/opt/rustwide/target" "-e" "CARGO_INCREMENTAL=0" "-e" "RUST_BACKTRACE=full" "-e" "RUSTFLAGS=--cap-lints=warn" "-e" "RUSTDOCFLAGS=--cap-lints=warn" "-w" "/opt/rustwide/workdir" "--user" "0:0" "aac78b2fbe64c873f1fcd4f9c9167ed227d035e443e26fb1088e57c0b1dad2b5" "/opt/rustwide/cargo-home/bin/cargo" "+1.99.0-beta.8" "test" "--frozen" "--no-run" "--message-format=json" "--release", kill_on_drop: false }`
[INFO] [stderr]    Compiling py5 v1.2.6 (/opt/rustwide/workdir)
[INFO] [stderr]     Finished `release` profile [optimized] target(s) in 18.93s
[INFO] running `Command { std: "docker" "inspect" "aac78b2fbe64c873f1fcd4f9c9167ed227d035e443e26fb1088e57c0b1dad2b5", kill_on_drop: false }`
[INFO] running `Command { std: "docker" "exec" "-e" "SOURCE_DIR=/opt/rustwide/workdir" "-e" "CARGO_HOME=/opt/rustwide/cargo-home" "-e" "RUSTUP_HOME=/opt/rustwide/rustup-home" "-e" "CARGO_TARGET_DIR=/opt/rustwide/target" "-e" "CARGO_INCREMENTAL=0" "-e" "RUST_BACKTRACE=full" "-e" "RUSTFLAGS=--cap-lints=warn" "-e" "RUSTDOCFLAGS=--cap-lints=warn" "-w" "/opt/rustwide/workdir" "--user" "0:0" "aac78b2fbe64c873f1fcd4f9c9167ed227d035e443e26fb1088e57c0b1dad2b5" "/opt/rustwide/cargo-home/bin/cargo" "+1.99.0-beta.8" "test" "--frozen" "--release", kill_on_drop: false }`
[INFO] [stderr]     Finished `release` profile [optimized] target(s) in 0.01s
[INFO] [stderr]      Running unittests src/lib.rs (/opt/rustwide/target/release/deps/py5-dba0b570758bb41b)
[INFO] [stdout] 
[INFO] [stdout] running 206 tests
[INFO] [stdout] test eval::tests::test_arithmetic_int_sub ... ok
[INFO] [stdout] test eval::tests::test_arithmetic_mixed_int_float ... ok
[INFO] [stdout] test eval::tests::test_arithmetic_int_div ... ok
[INFO] [stdout] test eval::tests::test_builtin_range ... ok
[INFO] [stdout] test eval::tests::test_builtin_str ... ok
[INFO] [stdout] test eval::tests::test_assignment_multiple ... ok
[INFO] [stdout] test eval::tests::test_arithmetic_int_add ... ok
[INFO] [stdout] test eval::tests::test_builtin_type ... ok
[INFO] [stdout] test eval::tests::test_arithmetic_int_mod ... ok
[INFO] [stdout] test eval::tests::test_builtin_len ... ok
[INFO] [stdout] test eval::tests::test_assignment ... ok
[INFO] [stdout] test eval::tests::test_attribute_assignment ... ok
[INFO] [stdout] test eval::tests::test_class_inheritance ... ok
[INFO] [stdout] test eval::tests::test_arithmetic_complex ... ok
[INFO] [stdout] test eval::tests::test_arithmetic_int_mul ... ok
[INFO] [stdout] test eval::tests::test_arithmetic_negative ... ok
[INFO] [stdout] test eval::tests::test_comparison_eq ... ok
[INFO] [stdout] test eval::tests::test_attribute_access_on_instance ... ok
[INFO] [stdout] test eval::tests::test_builtin_isinstance_false ... ok
[INFO] [stdout] test eval::tests::test_class_instantiation ... ok
[INFO] [stdout] test eval::tests::test_class_with_method ... ok
[INFO] [stdout] test eval::tests::test_builtin_isinstance ... ok
[INFO] [stdout] test eval::tests::test_arithmetic_float_ops ... ok
[INFO] [stdout] test eval::tests::test_augmented_assignment_plus ... ok
[INFO] [stdout] test eval::tests::test_augmented_assignment_minus ... ok
[INFO] [stdout] test eval::tests::test_comparison_ne ... ok
[INFO] [stdout] test eval::tests::test_dict_index ... ok
[INFO] [stdout] test eval::tests::test_comparison_gt ... ok
[INFO] [stdout] test eval::tests::test_class_def ... ok
[INFO] [stdout] test eval::tests::test_comparison_ge ... ok
[INFO] [stdout] test eval::tests::test_dict_copy ... ok
[INFO] [stdout] test eval::tests::test_for_loop_nested ... ok
[INFO] [stdout] test eval::tests::test_for_range ... ok
[INFO] [stdout] test eval::tests::test_division_by_zero ... ok
[INFO] [stdout] test eval::tests::test_function_def ... ok
[INFO] [stdout] test eval::tests::test_dict_items ... ok
[INFO] [stdout] test eval::tests::test_dict_keys ... ok
[INFO] [stdout] test eval::tests::test_dict_literal ... ok
[INFO] [stdout] test eval::tests::test_comparison_lt ... ok
[INFO] [stdout] test eval::tests::test_for_loop ... ok
[INFO] [stdout] test eval::tests::test_dict_values ... ok
[INFO] [stdout] test eval::tests::test_from_import ... ok
[INFO] [stdout] test eval::tests::test_comparison_le ... ok
[INFO] [stdout] test eval::tests::test_for_string_iteration ... ok
[INFO] [stdout] test eval::tests::test_list_comprehension_with_filter ... ok
[INFO] [stdout] test eval::tests::test_function_call ... ok
[INFO] [stdout] test eval::tests::test_if_elif ... ok
[INFO] [stdout] test eval::tests::test_if_statement_true_branch ... ok
[INFO] [stdout] test eval::tests::test_function_with_params ... ok
[INFO] [stdout] test eval::tests::test_fstring_with_expression ... ok
[INFO] [stdout] test eval::tests::test_list_negative_index ... ok
[INFO] [stdout] test eval::tests::test_function_default_override ... ok
[INFO] [stdout] test eval::tests::test_lambda ... ok
[INFO] [stdout] test eval::tests::test_function_with_default_param ... ok
[INFO] [stdout] test eval::tests::test_list_comprehension ... ok
[INFO] [stdout] test eval::tests::test_list_index_out_of_range ... ok
[INFO] [stdout] test eval::tests::test_lambda_with_multiple_params ... ok
[INFO] [stdout] test eval::tests::test_none_value ... ok
[INFO] [stdout] test eval::tests::test_list_append ... ok
[INFO] [stdout] test eval::tests::test_list_literal ... ok
[INFO] [stdout] test eval::tests::test_nested_function_closure ... ok
[INFO] [stdout] test eval::tests::test_raise_exception ... ok
[INFO] [stdout] test eval::tests::test_list_index ... ok
[INFO] [stdout] test eval::tests::test_list_pop ... ok
[INFO] [stdout] test eval::tests::test_string_repeat ... ok
[INFO] [stdout] test eval::tests::test_string_index ... ok
[INFO] [stdout] test eval::tests::test_if_statement_false_branch ... ok
[INFO] [stdout] test eval::tests::test_pass_statement ... ok
[INFO] [stdout] test eval::tests::test_string_concat ... ok
[INFO] [stdout] test eval::tests::test_multiple_except_handlers ... ok
[INFO] [stdout] test eval::tests::test_try_except_with_exception_var ... ok
[INFO] [stdout] test eval::tests::test_string_fstring ... ok
[INFO] [stdout] test eval::tests::test_recursive_factorial ... ok
[INFO] [stdout] test eval::tests::test_tuple_index ... ok
[INFO] [stdout] test eval::tests::test_logical_and ... ok
[INFO] [stdout] test lexer::tests::test_arrow ... ok
[INFO] [stdout] test lexer::tests::test_comment ... ok
[INFO] [stdout] test eval::tests::test_logical_or ... ok
[INFO] [stdout] test lexer::tests::test_delimiters ... ok
[INFO] [stdout] test lexer::tests::test_empty_line_no_indent ... ok
[INFO] [stdout] test lexer::tests::test_escape_sequences ... ok
[INFO] [stdout] test lexer::tests::test_fstring ... ok
[INFO] [stdout] test lexer::tests::test_indentation_block ... ok
[INFO] [stdout] test lexer::tests::test_invalid_character ... ok
[INFO] [stdout] test lexer::tests::test_keywords ... ok
[INFO] [stdout] test lexer::tests::test_names ... ok
[INFO] [stdout] test lexer::tests::test_numbers ... ok
[INFO] [stdout] test lexer::tests::test_operators ... ok
[INFO] [stdout] test lexer::tests::test_simple_assignment ... ok
[INFO] [stdout] test lexer::tests::test_string ... ok
[INFO] [stdout] test lexer::tests::test_triple_quote ... ok
[INFO] [stdout] test lexer::tests::test_unterminated_string ... ok
[INFO] [stdout] test parser::tests::test_parse_add ... ok
[INFO] [stdout] test parser::tests::test_parse_assignment ... ok
[INFO] [stdout] test parser::tests::test_parse_attribute_access ... ok
[INFO] [stdout] test parser::tests::test_parse_augmented_assignment_minus ... ok
[INFO] [stdout] test parser::tests::test_parse_augmented_assignment_plus ... ok
[INFO] [stdout] test parser::tests::test_parse_bool_false ... ok
[INFO] [stdout] test parser::tests::test_parse_bool_true ... ok
[INFO] [stdout] test parser::tests::test_parse_break ... ok
[INFO] [stdout] test parser::tests::test_parse_chained_attribute ... ok
[INFO] [stdout] test parser::tests::test_parse_chained_comparison ... ok
[INFO] [stdout] test parser::tests::test_parse_class_def ... ok
[INFO] [stdout] test parser::tests::test_parse_class_def_with_base ... ok
[INFO] [stdout] test parser::tests::test_parse_comparison_eq ... ok
[INFO] [stdout] test parser::tests::test_parse_comparison_ge ... ok
[INFO] [stdout] test parser::tests::test_parse_comparison_gt ... ok
[INFO] [stdout] test parser::tests::test_parse_comparison_le ... ok
[INFO] [stdout] test parser::tests::test_parse_comparison_lt ... ok
[INFO] [stdout] test parser::tests::test_parse_comparison_ne ... ok
[INFO] [stdout] test parser::tests::test_parse_continue ... ok
[INFO] [stdout] test parser::tests::test_parse_dict ... ok
[INFO] [stdout] test parser::tests::test_parse_divide ... ok
[INFO] [stdout] test parser::tests::test_parse_empty_dict ... ok
[INFO] [stdout] test parser::tests::test_parse_empty_list ... ok
[INFO] [stdout] test parser::tests::test_parse_empty_tuple ... ok
[INFO] [stdout] test parser::tests::test_parse_expression_statement ... ok
[INFO] [stdout] test parser::tests::test_parse_float ... ok
[INFO] [stdout] test parser::tests::test_parse_for_statement ... ok
[INFO] [stdout] test parser::tests::test_parse_from_import ... ok
[INFO] [stdout] test parser::tests::test_parse_function_call ... ok
[INFO] [stdout] test parser::tests::test_parse_function_call_with_args ... ok
[INFO] [stdout] test parser::tests::test_parse_function_def ... ok
[INFO] [stdout] test parser::tests::test_parse_function_def_with_params ... ok
[INFO] [stdout] test parser::tests::test_parse_function_def_with_return_type ... ok
[INFO] [stdout] test parser::tests::test_parse_if_statement ... ok
[INFO] [stdout] test lexer::tests::test_complex_expression ... ok
[INFO] [stdout] test eval::tests::test_subscript_assignment ... ok
[INFO] [stdout] test parser::tests::test_parse_import ... ok
[INFO] [stdout] test eval::tests::test_falsy_values ... ok
[INFO] [stdout] test parser::tests::test_parse_list ... ok
[INFO] [stdout] test parser::tests::test_parse_lambda_multi_param ... ok
[INFO] [stdout] test parser::tests::test_parse_list_comprehension_with_filter ... ok
[INFO] [stdout] test parser::tests::test_parse_logical_and ... ok
[INFO] [stdout] test parser::tests::test_parse_logical_or ... ok
[INFO] [stdout] test parser::tests::test_parse_modulo ... ok
[INFO] [stdout] test parser::tests::test_parse_multiple_statements ... ok
[INFO] [stdout] test parser::tests::test_parse_multiply ... ok
[INFO] [stdout] test parser::tests::test_parse_name ... ok
[INFO] [stdout] test parser::tests::test_parse_nested_call ... ok
[INFO] [stdout] test parser::tests::test_parse_none ... ok
[INFO] [stdout] test parser::tests::test_parse_pass ... ok
[INFO] [stdout] test parser::tests::test_parse_precedence_mul_over_add ... ok
[INFO] [stdout] test eval::tests::test_string_split ... ok
[INFO] [stdout] test parser::tests::test_parse_return ... ok
[INFO] [stdout] test parser::tests::test_parse_int ... ok
[INFO] [stdout] test parser::tests::test_parse_single_element_tuple ... ok
[INFO] [stdout] test parser::tests::test_parse_string ... ok
[INFO] [stdout] test parser::tests::test_parse_return_none ... ok
[INFO] [stdout] test parser::tests::test_parse_lambda ... ok
[INFO] [stdout] test parser::tests::test_parse_subscript ... ok
[INFO] [stdout] test parser::tests::test_parse_subtract ... ok
[INFO] [stdout] test parser::tests::test_parse_unary_neg ... ok
[INFO] [stdout] test parser::tests::test_parse_try_except ... ok
[INFO] [stdout] test parser::tests::test_parse_unary_not ... ok
[INFO] [stdout] test value::tests::test_bound_method_display ... ok
[INFO] [stdout] test value::tests::test_builtin_display ... ok
[INFO] [stdout] test parser::tests::test_parse_raise ... ok
[INFO] [stdout] test value::tests::test_class_display ... ok
[INFO] [stdout] test eval::tests::test_tuple_literal ... ok
[INFO] [stdout] test parser::tests::test_parse_list_comprehension ... ok
[INFO] [stdout] test parser::tests::test_parse_while_statement ... ok
[INFO] [stdout] test value::tests::test_env_get_missing ... ok
[INFO] [stdout] test value::tests::test_env_assign_searches_parent ... ok
[INFO] [stdout] test value::tests::test_env_assign ... ok
[INFO] [stdout] test value::tests::test_env_assign_new_var ... ok
[INFO] [stdout] test value::tests::test_env_child_overrides_parent ... ok
[INFO] [stdout] test parser::tests::test_parse_tuple ... ok
[INFO] [stdout] test value::tests::test_env_get_opt ... ok
[INFO] [stdout] test value::tests::test_function_display ... ok
[INFO] [stdout] test value::tests::test_exception_display ... ok
[INFO] [stdout] test value::tests::test_get_class_method_inherited ... ok
[INFO] [stdout] test value::tests::test_get_class_method_missing ... ok
[INFO] [stdout] test value::tests::test_env_new ... ok
[INFO] [stdout] test value::tests::test_env_new_with_parent ... ok
[INFO] [stdout] test value::tests::test_instance_display ... ok
[INFO] [stdout] test value::tests::test_module_display ... ok
[INFO] [stdout] test value::tests::test_py_err ... ok
[INFO] [stdout] test value::tests::test_py_err_val ... ok
[INFO] [stdout] test value::tests::test_py_value_as_key ... ok
[INFO] [stdout] test value::tests::test_py_value_as_num ... ok
[INFO] [stdout] test value::tests::test_env_set_and_get ... ok
[INFO] [stdout] test value::tests::test_get_class_method ... ok
[INFO] [stdout] test value::tests::test_py_value_display_dict ... ok
[INFO] [stdout] test value::tests::test_env_parent_lookup ... ok
[INFO] [stdout] test value::tests::test_py_value_display ... ok
[INFO] [stdout] test value::tests::test_py_value_as_key_error ... ok
[INFO] [stdout] test value::tests::test_py_value_display_tuple ... ok
[INFO] [stdout] test eval::tests::test_string_join ... ok
[INFO] [stdout] test value::tests::test_py_value_is_truthy ... ok
[INFO] [stdout] test value::tests::test_py_value_is_truthy_dict ... ok
[INFO] [stdout] test value::tests::test_py_value_is_truthy_list ... ok
[INFO] [stdout] test value::tests::test_py_value_is_truthy_tuple ... ok
[INFO] [stdout] test value::tests::test_py_value_partial_eq ... ok
[INFO] [stdout] test value::tests::test_py_value_partial_eq_different_types ... ok
[INFO] [stdout] test value::tests::test_py_value_display_list ... ok
[INFO] [stdout] test eval::tests::test_module_attribute_access ... ok
[INFO] [stdout] test eval::tests::test_unpacking ... ok
[INFO] [stdout] test value::tests::test_py_value_as_num_error ... ok
[INFO] [stdout] test eval::tests::test_truthy_values ... ok
[INFO] [stdout] test eval::tests::test_while_loop ... ok
[INFO] [stdout] test eval::tests::test_logical_not ... ok
[INFO] [stdout] test eval::tests::test_while_continue ... ok
[INFO] [stdout] test eval::tests::test_try_except ... ok
[INFO] [stdout] test eval::tests::test_while_nested ... ok
[INFO] [stdout] test eval::tests::test_while_break ... ok
[INFO] [stderr]      Running unittests src/main.rs (/opt/rustwide/target/release/deps/py5-fa2239011184d7db)
[INFO] [stdout] 
[INFO] [stdout] test result: ok. 206 passed; 0 failed; 0 ignored; 0 measured; 0 filtered out; finished in 1.50s
[INFO] [stdout] 
[INFO] [stdout] 
[INFO] [stdout] running 0 tests
[INFO] [stdout] 
[INFO] [stdout] test result: ok. 0 passed; 0 failed; 0 ignored; 0 measured; 0 filtered out; finished in 0.00s
[INFO] [stdout] 
[INFO] [stderr]      Running tests/integration_test.rs (/opt/rustwide/target/release/deps/integration_test-e0c0aaa4fc48d751)
[INFO] [stdout] 
[INFO] [stdout] running 13 tests
[INFO] [stdout] test test_run_unpack_py ... FAILED
[INFO] [stdout] test test_run_basic_py ... FAILED
[INFO] [stdout] test test_run_adv_oop_py ... FAILED
[INFO] [stdout] test test_run_inherit_py ... FAILED
[INFO] [stdout] test test_run_oop_py ... FAILED
[INFO] [stdout] test test_run_typed_annotation_py ... FAILED
[INFO] [stdout] test test_run_args_py ... FAILED
[INFO] [stdout] test test_run_test_path_py ... FAILED
[INFO] [stdout] test test_run_modern_py ... FAILED
[INFO] [stdout] test test_run_test_stdlib_py ... FAILED
[INFO] [stdout] test test_run_magic_py ... FAILED
[INFO] [stdout] test test_import_main ... FAILED
[INFO] [stdout] test test_pkg_main ... FAILED
[INFO] [stdout] 
[INFO] [stdout] failures:
[INFO] [stdout] 
[INFO] [stdout] ---- test_run_unpack_py stdout ----
[INFO] [stdout] 
[INFO] [stdout] thread 'test_run_unpack_py' (645) panicked at tests/integration_test.rs:8:10:
[INFO] [stdout] failed to run py5: Os { code: 2, kind: NotFound, message: "No such file or directory" }
[INFO] [stdout] stack backtrace:
[INFO] [stdout]    0:     0x59ddf45e53f7 - <<std[70759c8f55707aa4]::sys::backtrace::BacktraceLock>::print::DisplayBacktrace as core[df12db4294e9bfd3]::fmt::Display>::fmt
[INFO] [stdout]    1:     0x59ddf45cf6d4 - core[df12db4294e9bfd3]::fmt::write
[INFO] [stdout]    2:     0x59ddf45e49bb - <alloc[2182bb758b4b3781]::vec::Vec<u8> as core[df12db4294e9bfd3]::io::write::Write>::write_fmt
[INFO] [stdout]    3:     0x59ddf45e45b9 - std[70759c8f55707aa4]::panicking::default_hook::{closure#0}
[INFO] [stdout]    4:     0x59ddf45e423a - std[70759c8f55707aa4]::panicking::default_hook
[INFO] [stdout]    5:     0x59ddf45e3d73 - std[70759c8f55707aa4]::panicking::panic_with_hook
[INFO] [stdout]    6:     0x59ddf4609ec1 - std[70759c8f55707aa4]::panicking::panic_handler::{closure#0}
[INFO] [stdout]    7:     0x59ddf4609e79 - std[70759c8f55707aa4]::sys::backtrace::__rust_end_short_backtrace::<std[70759c8f55707aa4]::panicking::panic_handler::{closure#0}, !>
[INFO] [stdout]    8:     0x59ddf460a37c - __rustc[8fa7c3cbc660c2b3]::rust_begin_unwind
[INFO] [stdout]    9:     0x59ddf45cf56b - core[df12db4294e9bfd3]::panicking::panic_fmt
[INFO] [stdout]   10:     0x59ddf45d21a1 - core[df12db4294e9bfd3]::result::unwrap_failed
[INFO] [stdout]   11:     0x59ddf45cc1a5 - integration_test[cc963b8da5d82e66]::assert_script_success
[INFO] [stdout]   12:     0x59ddf45cdf7b - <integration_test[cc963b8da5d82e66]::test_run_unpack_py::{closure#0} as core[df12db4294e9bfd3]::ops::function::FnOnce<()>>::call_once
[INFO] [stdout]   13:     0x59ddf462042b - test[9d35eded1c95d3be]::__rust_begin_short_backtrace::<core[df12db4294e9bfd3]::result::Result<(), alloc[2182bb758b4b3781]::string::String>, fn() -> core[df12db4294e9bfd3]::result::Result<(), alloc[2182bb758b4b3781]::string::String>>
[INFO] [stdout]   14:     0x59ddf461c932 - test[9d35eded1c95d3be]::run_test::{closure#0}
[INFO] [stdout]   15:     0x59ddf461c15c - std[70759c8f55707aa4]::sys::backtrace::__rust_begin_short_backtrace::<test[9d35eded1c95d3be]::run_test::{closure#1}, ()>
[INFO] [stdout]   16:     0x59ddf4636e6c - <std[70759c8f55707aa4]::thread::lifecycle::spawn_unchecked<test[9d35eded1c95d3be]::run_test::{closure#1}, ()>::{closure#1} as core[df12db4294e9bfd3]::ops::function::FnOnce<()>>::call_once::{shim:vtable#0}
[INFO] [stdout]   17:     0x59ddf460b67a - <std[70759c8f55707aa4]::sys::thread::unix::Thread>::new::thread_start
[INFO] [stdout]   18:     0x751f95631dfa - <unknown>
[INFO] [stdout]   19:     0x751f956c53d4 - clone
[INFO] [stdout]   20:                0x0 - <unknown>
[INFO] [stdout] 
[INFO] [stdout] ---- test_run_basic_py stdout ----
[INFO] [stdout] 
[INFO] [stdout] thread 'test_run_basic_py' (634) panicked at tests/integration_test.rs:8:10:
[INFO] [stdout] failed to run py5: Os { code: 2, kind: NotFound, message: "No such file or directory" }
[INFO] [stdout] stack backtrace:
[INFO] [stdout]    0:     0x59ddf45e53f7 - <<std[70759c8f55707aa4]::sys::backtrace::BacktraceLock>::print::DisplayBacktrace as core[df12db4294e9bfd3]::fmt::Display>::fmt
[INFO] [stdout]    1:     0x59ddf45cf6d4 - core[df12db4294e9bfd3]::fmt::write
[INFO] [stdout]    2:     0x59ddf45e49bb - <alloc[2182bb758b4b3781]::vec::Vec<u8> as core[df12db4294e9bfd3]::io::write::Write>::write_fmt
[INFO] [stdout]    3:     0x59ddf45e45b9 - std[70759c8f55707aa4]::panicking::default_hook::{closure#0}
[INFO] [stdout]    4:     0x59ddf45e423a - std[70759c8f55707aa4]::panicking::default_hook
[INFO] [stdout]    5:     0x59ddf45e3d73 - std[70759c8f55707aa4]::panicking::panic_with_hook
[INFO] [stdout]    6:     0x59ddf4609ec1 - std[70759c8f55707aa4]::panicking::panic_handler::{closure#0}
[INFO] [stdout]    7:     0x59ddf4609e79 - std[70759c8f55707aa4]::sys::backtrace::__rust_end_short_backtrace::<std[70759c8f55707aa4]::panicking::panic_handler::{closure#0}, !>
[INFO] [stdout]    8:     0x59ddf460a37c - __rustc[8fa7c3cbc660c2b3]::rust_begin_unwind
[INFO] [stdout]    9:     0x59ddf45cf56b - core[df12db4294e9bfd3]::panicking::panic_fmt
[INFO] [stdout]   10:     0x59ddf45d21a1 - core[df12db4294e9bfd3]::result::unwrap_failed
[INFO] [stdout]   11:     0x59ddf45cc1a5 - integration_test[cc963b8da5d82e66]::assert_script_success
[INFO] [stdout]   12:     0x59ddf45cdf18 - <integration_test[cc963b8da5d82e66]::test_run_basic_py::{closure#0} as core[df12db4294e9bfd3]::ops::function::FnOnce<()>>::call_once
[INFO] [stdout]   13:     0x59ddf462042b - test[9d35eded1c95d3be]::__rust_begin_short_backtrace::<core[df12db4294e9bfd3]::result::Result<(), alloc[2182bb758b4b3781]::string::String>, fn() -> core[df12db4294e9bfd3]::result::Result<(), alloc[2182bb758b4b3781]::string::String>>
[INFO] [stdout]   14:     0x59ddf461c932 - test[9d35eded1c95d3be]::run_test::{closure#0}
[INFO] [stdout]   15:     0x59ddf461c15c - std[70759c8f55707aa4]::sys::backtrace::__rust_begin_short_backtrace::<test[9d35eded1c95d3be]::run_test::{closure#1}, ()>
[INFO] [stdout]   16:     0x59ddf4636e6c - <std[70759c8f55707aa4]::thread::lifecycle::spawn_unchecked<test[9d35eded1c95d3be]::run_test::{closure#1}, ()>::{closure#1} as core[df12db4294e9bfd3]::ops::function::FnOnce<()>>::call_once::{shim:vtable#0}
[INFO] [stdout]   17:     0x59ddf460b67a - <std[70759c8f55707aa4]::sys::thread::unix::Thread>::new::thread_start
[INFO] [stdout]   18:     0x751f95631dfa - <unknown>
[INFO] [stdout]   19:     0x751f956c53d4 - clone
[INFO] [stdout]   20:                0x0 - <unknown>
[INFO] [stdout] 
[INFO] [stdout] ---- test_run_adv_oop_py stdout ----
[INFO] [stdout] 
[INFO] [stdout] thread 'test_run_adv_oop_py' (632) panicked at tests/integration_test.rs:8:10:
[INFO] [stdout] failed to run py5: Os { code: 2, kind: NotFound, message: "No such file or directory" }
[INFO] [stdout] stack backtrace:
[INFO] [stdout]    0:     0x59ddf45e53f7 - <<std[70759c8f55707aa4]::sys::backtrace::BacktraceLock>::print::DisplayBacktrace as core[df12db4294e9bfd3]::fmt::Display>::fmt
[INFO] [stdout]    1:     0x59ddf45cf6d4 - core[df12db4294e9bfd3]::fmt::write
[INFO] [stdout]    2:     0x59ddf45e49bb - <alloc[2182bb758b4b3781]::vec::Vec<u8> as core[df12db4294e9bfd3]::io::write::Write>::write_fmt
[INFO] [stdout]    3:     0x59ddf45e45b9 - std[70759c8f55707aa4]::panicking::default_hook::{closure#0}
[INFO] [stdout]    4:     0x59ddf45e423a - std[70759c8f55707aa4]::panicking::default_hook
[INFO] [stdout]    5:     0x59ddf45e3d73 - std[70759c8f55707aa4]::panicking::panic_with_hook
[INFO] [stdout]    6:     0x59ddf4609ec1 - std[70759c8f55707aa4]::panicking::panic_handler::{closure#0}
[INFO] [stdout]    7:     0x59ddf4609e79 - std[70759c8f55707aa4]::sys::backtrace::__rust_end_short_backtrace::<std[70759c8f55707aa4]::panicking::panic_handler::{closure#0}, !>
[INFO] [stdout]    8:     0x59ddf460a37c - __rustc[8fa7c3cbc660c2b3]::rust_begin_unwind
[INFO] [stdout]    9:     0x59ddf45cf56b - core[df12db4294e9bfd3]::panicking::panic_fmt
[INFO] [stdout]   10:     0x59ddf45d21a1 - core[df12db4294e9bfd3]::result::unwrap_failed
[INFO] [stdout]   11:     0x59ddf45cc1a5 - integration_test[cc963b8da5d82e66]::assert_script_success
[INFO] [stdout]   12:     0x59ddf45cdf9c - <integration_test[cc963b8da5d82e66]::test_run_adv_oop_py::{closure#0} as core[df12db4294e9bfd3]::ops::function::FnOnce<()>>::call_once
[INFO] [stdout]   13:     0x59ddf462042b - test[9d35eded1c95d3be]::__rust_begin_short_backtrace::<core[df12db4294e9bfd3]::result::Result<(), alloc[2182bb758b4b3781]::string::String>, fn() -> core[df12db4294e9bfd3]::result::Result<(), alloc[2182bb758b4b3781]::string::String>>
[INFO] [stdout]   14:     0x59ddf461c932 - test[9d35eded1c95d3be]::run_test::{closure#0}
[INFO] [stdout]   15:     0x59ddf461c15c - std[70759c8f55707aa4]::sys::backtrace::__rust_begin_short_backtrace::<test[9d35eded1c95d3be]::run_test::{closure#1}, ()>
[INFO] [stdout]   16:     0x59ddf4636e6c - <std[70759c8f55707aa4]::thread::lifecycle::spawn_unchecked<test[9d35eded1c95d3be]::run_test::{closure#1}, ()>::{closure#1} as core[df12db4294e9bfd3]::ops::function::FnOnce<()>>::call_once::{shim:vtable#0}
[INFO] [stdout]   17:     0x59ddf460b67a - <std[70759c8f55707aa4]::sys::thread::unix::Thread>::new::thread_start
[INFO] [stdout]   18:     0x751f95631dfa - <unknown>
[INFO] [stdout]   19:     0x751f956c53d4 - clone
[INFO] [stdout]   20:                0x0 - <unknown>
[INFO] [stdout] 
[INFO] [stdout] ---- test_run_inherit_py stdout ----
[INFO] [stdout] 
[INFO] [stdout] thread 'test_run_inherit_py' (635) panicked at tests/integration_test.rs:8:10:
[INFO] [stdout] failed to run py5: Os { code: 2, kind: NotFound, message: "No such file or directory" }
[INFO] [stdout] stack backtrace:
[INFO] [stdout]    0:     0x59ddf45e53f7 - <<std[70759c8f55707aa4]::sys::backtrace::BacktraceLock>::print::DisplayBacktrace as core[df12db4294e9bfd3]::fmt::Display>::fmt
[INFO] [stdout]    1:     0x59ddf45cf6d4 - core[df12db4294e9bfd3]::fmt::write
[INFO] [stdout]    2:     0x59ddf45e49bb - <alloc[2182bb758b4b3781]::vec::Vec<u8> as core[df12db4294e9bfd3]::io::write::Write>::write_fmt
[INFO] [stdout]    3:     0x59ddf45e45b9 - std[70759c8f55707aa4]::panicking::default_hook::{closure#0}
[INFO] [stdout]    4:     0x59ddf45e423a - std[70759c8f55707aa4]::panicking::default_hook
[INFO] [stdout]    5:     0x59ddf45e3d73 - std[70759c8f55707aa4]::panicking::panic_with_hook
[INFO] [stdout]    6:     0x59ddf4609ec1 - std[70759c8f55707aa4]::panicking::panic_handler::{closure#0}
[INFO] [stdout]    7:     0x59ddf4609e79 - std[70759c8f55707aa4]::sys::backtrace::__rust_end_short_backtrace::<std[70759c8f55707aa4]::panicking::panic_handler::{closure#0}, !>
[INFO] [stdout]    8:     0x59ddf460a37c - __rustc[8fa7c3cbc660c2b3]::rust_begin_unwind
[INFO] [stdout]    9:     0x59ddf45cf56b - core[df12db4294e9bfd3]::panicking::panic_fmt
[INFO] [stdout]   10:     0x59ddf45d21a1 - core[df12db4294e9bfd3]::result::unwrap_failed
[INFO] [stdout]   11:     0x59ddf45cc1a5 - integration_test[cc963b8da5d82e66]::assert_script_success
[INFO] [stdout]   12:     0x59ddf45cdfbd - <integration_test[cc963b8da5d82e66]::test_run_inherit_py::{closure#0} as core[df12db4294e9bfd3]::ops::function::FnOnce<()>>::call_once
[INFO] [stdout]   13:     0x59ddf462042b - test[9d35eded1c95d3be]::__rust_begin_short_backtrace::<core[df12db4294e9bfd3]::result::Result<(), alloc[2182bb758b4b3781]::string::String>, fn() -> core[df12db4294e9bfd3]::result::Result<(), alloc[2182bb758b4b3781]::string::String>>
[INFO] [stdout]   14:     0x59ddf461c932 - test[9d35eded1c95d3be]::run_test::{closure#0}
[INFO] [stdout]   15:     0x59ddf461c15c - std[70759c8f55707aa4]::sys::backtrace::__rust_begin_short_backtrace::<test[9d35eded1c95d3be]::run_test::{closure#1}, ()>
[INFO] [stdout]   16:     0x59ddf4636e6c - <std[70759c8f55707aa4]::thread::lifecycle::spawn_unchecked<test[9d35eded1c95d3be]::run_test::{closure#1}, ()>::{closure#1} as core[df12db4294e9bfd3]::ops::function::FnOnce<()>>::call_once::{shim:vtable#0}
[INFO] [stdout]   17:     0x59ddf460b67a - <std[70759c8f55707aa4]::sys::thread::unix::Thread>::new::thread_start
[INFO] [stdout]   18:     0x751f95631dfa - <unknown>
[INFO] [stdout]   19:     0x751f956c53d4 - clone
[INFO] [stdout]   20:                0x0 - <unknown>
[INFO] [stdout] 
[INFO] [stdout] ---- test_run_oop_py stdout ----
[INFO] [stdout] 
[INFO] [stdout] thread 'test_run_oop_py' (640) panicked at tests/integration_test.rs:8:10:
[INFO] [stdout] failed to run py5: Os { code: 2, kind: NotFound, message: "No such file or directory" }
[INFO] [stdout] stack backtrace:
[INFO] [stdout]    0:     0x59ddf45e53f7 - <<std[70759c8f55707aa4]::sys::backtrace::BacktraceLock>::print::DisplayBacktrace as core[df12db4294e9bfd3]::fmt::Display>::fmt
[INFO] [stdout]    1:     0x59ddf45cf6d4 - core[df12db4294e9bfd3]::fmt::write
[INFO] [stdout]    2:     0x59ddf45e49bb - <alloc[2182bb758b4b3781]::vec::Vec<u8> as core[df12db4294e9bfd3]::io::write::Write>::write_fmt
[INFO] [stdout]    3:     0x59ddf45e45b9 - std[70759c8f55707aa4]::panicking::default_hook::{closure#0}
[INFO] [stdout]    4:     0x59ddf45e423a - std[70759c8f55707aa4]::panicking::default_hook
[INFO] [stdout]    5:     0x59ddf45e3d73 - std[70759c8f55707aa4]::panicking::panic_with_hook
[INFO] [stdout]    6:     0x59ddf4609ec1 - std[70759c8f55707aa4]::panicking::panic_handler::{closure#0}
[INFO] [stdout]    7:     0x59ddf4609e79 - std[70759c8f55707aa4]::sys::backtrace::__rust_end_short_backtrace::<std[70759c8f55707aa4]::panicking::panic_handler::{closure#0}, !>
[INFO] [stdout]    8:     0x59ddf460a37c - __rustc[8fa7c3cbc660c2b3]::rust_begin_unwind
[INFO] [stdout]    9:     0x59ddf45cf56b - core[df12db4294e9bfd3]::panicking::panic_fmt
[INFO] [stdout]   10:     0x59ddf45d21a1 - core[df12db4294e9bfd3]::result::unwrap_failed
[INFO] [stdout]   11:     0x59ddf45cc1a5 - integration_test[cc963b8da5d82e66]::assert_script_success
[INFO] [stdout]   12:     0x59ddf45cdcfa - <integration_test[cc963b8da5d82e66]::test_run_oop_py::{closure#0} as core[df12db4294e9bfd3]::ops::function::FnOnce<()>>::call_once
[INFO] [stdout]   13:     0x59ddf462042b - test[9d35eded1c95d3be]::__rust_begin_short_backtrace::<core[df12db4294e9bfd3]::result::Result<(), alloc[2182bb758b4b3781]::string::String>, fn() -> core[df12db4294e9bfd3]::result::Result<(), alloc[2182bb758b4b3781]::string::String>>
[INFO] [stdout]   14:     0x59ddf461c932 - test[9d35eded1c95d3be]::run_test::{closure#0}
[INFO] [stdout]   15:     0x59ddf461c15c - std[70759c8f55707aa4]::sys::backtrace::__rust_begin_short_backtrace::<test[9d35eded1c95d3be]::run_test::{closure#1}, ()>
[INFO] [stdout]   16:     0x59ddf4636e6c - <std[70759c8f55707aa4]::thread::lifecycle::spawn_unchecked<test[9d35eded1c95d3be]::run_test::{closure#1}, ()>::{closure#1} as core[df12db4294e9bfd3]::ops::function::FnOnce<()>>::call_once::{shim:vtable#0}
[INFO] [stdout]   17:     0x59ddf460b67a - <std[70759c8f55707aa4]::sys::thread::unix::Thread>::new::thread_start
[INFO] [stdout]   18:     0x751f95631dfa - <unknown>
[INFO] [stdout]   19:     0x751f956c53d4 - clone
[INFO] [stdout]   20:                0x0 - <unknown>
[INFO] [stdout] 
[INFO] [stdout] ---- test_run_typed_annotation_py stdout ----
[INFO] [stdout] 
[INFO] [stdout] thread 'test_run_typed_annotation_py' (644) panicked at tests/integration_test.rs:8:10:
[INFO] [stdout] failed to run py5: Os { code: 2, kind: NotFound, message: "No such file or directory" }
[INFO] [stdout] stack backtrace:
[INFO] [stdout]    0:     0x59ddf45e53f7 - <<std[70759c8f55707aa4]::sys::backtrace::BacktraceLock>::print::DisplayBacktrace as core[df12db4294e9bfd3]::fmt::Display>::fmt
[INFO] [stdout]    1:     0x59ddf45cf6d4 - core[df12db4294e9bfd3]::fmt::write
[INFO] [stdout]    2:     0x59ddf45e49bb - <alloc[2182bb758b4b3781]::vec::Vec<u8> as core[df12db4294e9bfd3]::io::write::Write>::write_fmt
[INFO] [stdout]    3:     0x59ddf45e45b9 - std[70759c8f55707aa4]::panicking::default_hook::{closure#0}
[INFO] [stdout]    4:     0x59ddf45e423a - std[70759c8f55707aa4]::panicking::default_hook
[INFO] [stdout]    5:     0x59ddf45e3d73 - std[70759c8f55707aa4]::panicking::panic_with_hook
[INFO] [stdout]    6:     0x59ddf4609ec1 - std[70759c8f55707aa4]::panicking::panic_handler::{closure#0}
[INFO] [stdout]    7:     0x59ddf4609e79 - std[70759c8f55707aa4]::sys::backtrace::__rust_end_short_backtrace::<std[70759c8f55707aa4]::panicking::panic_handler::{closure#0}, !>
[INFO] [stdout]    8:     0x59ddf460a37c - __rustc[8fa7c3cbc660c2b3]::rust_begin_unwind
[INFO] [stdout]    9:     0x59ddf45cf56b - core[df12db4294e9bfd3]::panicking::panic_fmt
[INFO] [stdout]   10:     0x59ddf45d21a1 - core[df12db4294e9bfd3]::result::unwrap_failed
[INFO] [stdout]   11:     0x59ddf45cc1a5 - integration_test[cc963b8da5d82e66]::assert_script_success
[INFO] [stdout]   12:     0x59ddf45ce020 - <integration_test[cc963b8da5d82e66]::test_run_typed_annotation_py::{closure#0} as core[df12db4294e9bfd3]::ops::function::FnOnce<()>>::call_once
[INFO] [stdout]   13:     0x59ddf462042b - test[9d35eded1c95d3be]::__rust_begin_short_backtrace::<core[df12db4294e9bfd3]::result::Result<(), alloc[2182bb758b4b3781]::string::String>, fn() -> core[df12db4294e9bfd3]::result::Result<(), alloc[2182bb758b4b3781]::string::String>>
[INFO] [stdout]   14:     0x59ddf461c932 - test[9d35eded1c95d3be]::run_test::{closure#0}
[INFO] [stdout]   15:     0x59ddf461c15c - std[70759c8f55707aa4]::sys::backtrace::__rust_begin_short_backtrace::<test[9d35eded1c95d3be]::run_test::{closure#1}, ()>
[INFO] [stdout]   16:     0x59ddf4636e6c - <std[70759c8f55707aa4]::thread::lifecycle::spawn_unchecked<test[9d35eded1c95d3be]::run_test::{closure#1}, ()>::{closure#1} as core[df12db4294e9bfd3]::ops::function::FnOnce<()>>::call_once::{shim:vtable#0}
[INFO] [stdout]   17:     0x59ddf460b67a - <std[70759c8f55707aa4]::sys::thread::unix::Thread>::new::thread_start
[INFO] [stdout]   18:     0x751f95631dfa - <unknown>
[INFO] [stdout]   19:     0x751f956c53d4 - clone
[INFO] [stdout]   20:                0x0 - <unknown>
[INFO] [stdout] 
[INFO] [stdout] ---- test_run_args_py stdout ----
[INFO] [stdout] 
[INFO] [stdout] thread 'test_run_args_py' (633) panicked at tests/integration_test.rs:8:10:
[INFO] [stdout] failed to run py5: Os { code: 2, kind: NotFound, message: "No such file or directory" }
[INFO] [stdout] stack backtrace:
[INFO] [stdout]    0:     0x59ddf45e53f7 - <<std[70759c8f55707aa4]::sys::backtrace::BacktraceLock>::print::DisplayBacktrace as core[df12db4294e9bfd3]::fmt::Display>::fmt
[INFO] [stdout]    1:     0x59ddf45cf6d4 - core[df12db4294e9bfd3]::fmt::write
[INFO] [stdout]    2:     0x59ddf45e49bb - <alloc[2182bb758b4b3781]::vec::Vec<u8> as core[df12db4294e9bfd3]::io::write::Write>::write_fmt
[INFO] [stdout]    3:     0x59ddf45e45b9 - std[70759c8f55707aa4]::panicking::default_hook::{closure#0}
[INFO] [stdout]    4:     0x59ddf45e423a - std[70759c8f55707aa4]::panicking::default_hook
[INFO] [stdout]    5:     0x59ddf45e3d73 - std[70759c8f55707aa4]::panicking::panic_with_hook
[INFO] [stdout]    6:     0x59ddf4609ec1 - std[70759c8f55707aa4]::panicking::panic_handler::{closure#0}
[INFO] [stdout]    7:     0x59ddf4609e79 - std[70759c8f55707aa4]::sys::backtrace::__rust_end_short_backtrace::<std[70759c8f55707aa4]::panicking::panic_handler::{closure#0}, !>
[INFO] [stdout]    8:     0x59ddf460a37c - __rustc[8fa7c3cbc660c2b3]::rust_begin_unwind
[INFO] [stdout]    9:     0x59ddf45cf56b - core[df12db4294e9bfd3]::panicking::panic_fmt
[INFO] [stdout]   10:     0x59ddf45d21a1 - core[df12db4294e9bfd3]::result::unwrap_failed
[INFO] [stdout]   11:     0x59ddf45cc1a5 - integration_test[cc963b8da5d82e66]::assert_script_success
[INFO] [stdout]   12:     0x59ddf45cdef7 - <integration_test[cc963b8da5d82e66]::test_run_args_py::{closure#0} as core[df12db4294e9bfd3]::ops::function::FnOnce<()>>::call_once
[INFO] [stdout]   13:     0x59ddf462042b - test[9d35eded1c95d3be]::__rust_begin_short_backtrace::<core[df12db4294e9bfd3]::result::Result<(), alloc[2182bb758b4b3781]::string::String>, fn() -> core[df12db4294e9bfd3]::result::Result<(), alloc[2182bb758b4b3781]::string::String>>
[INFO] [stdout]   14:     0x59ddf461c932 - test[9d35eded1c95d3be]::run_test::{closure#0}
[INFO] [stdout]   15:     0x59ddf461c15c - std[70759c8f55707aa4]::sys::backtrace::__rust_begin_short_backtrace::<test[9d35eded1c95d3be]::run_test::{closure#1}, ()>
[INFO] [stdout]   16:     0x59ddf4636e6c - <std[70759c8f55707aa4]::thread::lifecycle::spawn_unchecked<test[9d35eded1c95d3be]::run_test::{closure#1}, ()>::{closure#1} as core[df12db4294e9bfd3]::ops::function::FnOnce<()>>::call_once::{shim:vtable#0}
[INFO] [stdout]   17:     0x59ddf460b67a - <std[70759c8f55707aa4]::sys::thread::unix::Thread>::new::thread_start
[INFO] [stdout]   18:     0x751f95631dfa - <unknown>
[INFO] [stdout]   19:     0x751f956c53d4 - clone
[INFO] [stdout]   20:                0x0 - <unknown>
[INFO] [stdout] 
[INFO] [stdout] ---- test_run_test_path_py stdout ----
[INFO] [stdout] 
[INFO] [stdout] thread 'test_run_test_path_py' (642) panicked at tests/integration_test.rs:8:10:
[INFO] [stdout] failed to run py5: Os { code: 2, kind: NotFound, message: "No such file or directory" }
[INFO] [stdout] stack backtrace:
[INFO] [stdout]    0:     0x59ddf45e53f7 - <<std[70759c8f55707aa4]::sys::backtrace::BacktraceLock>::print::DisplayBacktrace as core[df12db4294e9bfd3]::fmt::Display>::fmt
[INFO] [stdout]    1:     0x59ddf45cf6d4 - core[df12db4294e9bfd3]::fmt::write
[INFO] [stdout]    2:     0x59ddf45e49bb - <alloc[2182bb758b4b3781]::vec::Vec<u8> as core[df12db4294e9bfd3]::io::write::Write>::write_fmt
[INFO] [stdout]    3:     0x59ddf45e45b9 - std[70759c8f55707aa4]::panicking::default_hook::{closure#0}
[INFO] [stdout]    4:     0x59ddf45e423a - std[70759c8f55707aa4]::panicking::default_hook
[INFO] [stdout]    5:     0x59ddf45e3d73 - std[70759c8f55707aa4]::panicking::panic_with_hook
[INFO] [stdout]    6:     0x59ddf4609ec1 - std[70759c8f55707aa4]::panicking::panic_handler::{closure#0}
[INFO] [stdout]    7:     0x59ddf4609e79 - std[70759c8f55707aa4]::sys::backtrace::__rust_end_short_backtrace::<std[70759c8f55707aa4]::panicking::panic_handler::{closure#0}, !>
[INFO] [stdout]    8:     0x59ddf460a37c - __rustc[8fa7c3cbc660c2b3]::rust_begin_unwind
[INFO] [stdout]    9:     0x59ddf45cf56b - core[df12db4294e9bfd3]::panicking::panic_fmt
[INFO] [stdout]   10:     0x59ddf45d21a1 - core[df12db4294e9bfd3]::result::unwrap_failed
[INFO] [stdout]   11:     0x59ddf45cc1a5 - integration_test[cc963b8da5d82e66]::assert_script_success
[INFO] [stdout]   12:     0x59ddf45cdfde - <integration_test[cc963b8da5d82e66]::test_run_test_path_py::{closure#0} as core[df12db4294e9bfd3]::ops::function::FnOnce<()>>::call_once
[INFO] [stdout]   13:     0x59ddf462042b - test[9d35eded1c95d3be]::__rust_begin_short_backtrace::<core[df12db4294e9bfd3]::result::Result<(), alloc[2182bb758b4b3781]::string::String>, fn() -> core[df12db4294e9bfd3]::result::Result<(), alloc[2182bb758b4b3781]::string::String>>
[INFO] [stdout]   14:     0x59ddf461c932 - test[9d35eded1c95d3be]::run_test::{closure#0}
[INFO] [stdout]   15:     0x59ddf461c15c - std[70759c8f55707aa4]::sys::backtrace::__rust_begin_short_backtrace::<test[9d35eded1c95d3be]::run_test::{closure#1}, ()>
[INFO] [stdout]   16:     0x59ddf4636e6c - <std[70759c8f55707aa4]::thread::lifecycle::spawn_unchecked<test[9d35eded1c95d3be]::run_test::{closure#1}, ()>::{closure#1} as core[df12db4294e9bfd3]::ops::function::FnOnce<()>>::call_once::{shim:vtable#0}
[INFO] [stdout]   17:     0x59ddf460b67a - <std[70759c8f55707aa4]::sys::thread::unix::Thread>::new::thread_start
[INFO] [stdout]   18:     0x751f95631dfa - <unknown>
[INFO] [stdout]   19:     0x751f956c53d4 - clone
[INFO] [stdout]   20:                0x0 - <unknown>
[INFO] [stdout] 
[INFO] [stdout] ---- test_run_modern_py stdout ----
[INFO] [stdout] 
[INFO] [stdout] thread 'test_run_modern_py' (638) panicked at tests/integration_test.rs:8:10:
[INFO] [stdout] failed to run py5: Os { code: 2, kind: NotFound, message: "No such file or directory" }
[INFO] [stdout] stack backtrace:
[INFO] [stdout]    0:     0x59ddf45e53f7 - <<std[70759c8f55707aa4]::sys::backtrace::BacktraceLock>::print::DisplayBacktrace as core[df12db4294e9bfd3]::fmt::Display>::fmt
[INFO] [stdout]    1:     0x59ddf45cf6d4 - core[df12db4294e9bfd3]::fmt::write
[INFO] [stdout]    2:     0x59ddf45e49bb - <alloc[2182bb758b4b3781]::vec::Vec<u8> as core[df12db4294e9bfd3]::io::write::Write>::write_fmt
[INFO] [stdout]    3:     0x59ddf45e45b9 - std[70759c8f55707aa4]::panicking::default_hook::{closure#0}
[INFO] [stdout]    4:     0x59ddf45e423a - std[70759c8f55707aa4]::panicking::default_hook
[INFO] [stdout]    5:     0x59ddf45e3d73 - std[70759c8f55707aa4]::panicking::panic_with_hook
[INFO] [stdout]    6:     0x59ddf4609ec1 - std[70759c8f55707aa4]::panicking::panic_handler::{closure#0}
[INFO] [stdout]    7:     0x59ddf4609e79 - std[70759c8f55707aa4]::sys::backtrace::__rust_end_short_backtrace::<std[70759c8f55707aa4]::panicking::panic_handler::{closure#0}, !>
[INFO] [stdout]    8:     0x59ddf460a37c - __rustc[8fa7c3cbc660c2b3]::rust_begin_unwind
[INFO] [stdout]    9:     0x59ddf45cf56b - core[df12db4294e9bfd3]::panicking::panic_fmt
[INFO] [stdout]   10:     0x59ddf45d21a1 - core[df12db4294e9bfd3]::result::unwrap_failed
[INFO] [stdout]   11:     0x59ddf45cc1a5 - integration_test[cc963b8da5d82e66]::assert_script_success
[INFO] [stdout]   12:     0x59ddf45cdf5a - <integration_test[cc963b8da5d82e66]::test_run_modern_py::{closure#0} as core[df12db4294e9bfd3]::ops::function::FnOnce<()>>::call_once
[INFO] [stdout]   13:     0x59ddf462042b - test[9d35eded1c95d3be]::__rust_begin_short_backtrace::<core[df12db4294e9bfd3]::result::Result<(), alloc[2182bb758b4b3781]::string::String>, fn() -> core[df12db4294e9bfd3]::result::Result<(), alloc[2182bb758b4b3781]::string::String>>
[INFO] [stdout]   14:     0x59ddf461c932 - test[9d35eded1c95d3be]::run_test::{closure#0}
[INFO] [stdout]   15:     0x59ddf461c15c - std[70759c8f55707aa4]::sys::backtrace::__rust_begin_short_backtrace::<test[9d35eded1c95d3be]::run_test::{closure#1}, ()>
[INFO] [stdout]   16:     0x59ddf4636e6c - <std[70759c8f55707aa4]::thread::lifecycle::spawn_unchecked<test[9d35eded1c95d3be]::run_test::{closure#1}, ()>::{closure#1} as core[df12db4294e9bfd3]::ops::function::FnOnce<()>>::call_once::{shim:vtable#0}
[INFO] [stdout]   17:     0x59ddf460b67a - <std[70759c8f55707aa4]::sys::thread::unix::Thread>::new::thread_start
[INFO] [stdout]   18:     0x751f95631dfa - <unknown>
[INFO] [stdout]   19:     0x751f956c53d4 - clone
[INFO] [stdout]   20:                0x0 - <unknown>
[INFO] [stdout] 
[INFO] [stdout] ---- test_run_test_stdlib_py stdout ----
[INFO] [stdout] 
[INFO] [stdout] thread 'test_run_test_stdlib_py' (643) panicked at tests/integration_test.rs:8:10:
[INFO] [stdout] failed to run py5: Os { code: 2, kind: NotFound, message: "No such file or directory" }
[INFO] [stdout] stack backtrace:
[INFO] [stdout]    0:     0x59ddf45e53f7 - <<std[70759c8f55707aa4]::sys::backtrace::BacktraceLock>::print::DisplayBacktrace as core[df12db4294e9bfd3]::fmt::Display>::fmt
[INFO] [stdout]    1:     0x59ddf45cf6d4 - core[df12db4294e9bfd3]::fmt::write
[INFO] [stdout]    2:     0x59ddf45e49bb - <alloc[2182bb758b4b3781]::vec::Vec<u8> as core[df12db4294e9bfd3]::io::write::Write>::write_fmt
[INFO] [stdout]    3:     0x59ddf45e45b9 - std[70759c8f55707aa4]::panicking::default_hook::{closure#0}
[INFO] [stdout]    4:     0x59ddf45e423a - std[70759c8f55707aa4]::panicking::default_hook
[INFO] [stdout]    5:     0x59ddf45e3d73 - std[70759c8f55707aa4]::panicking::panic_with_hook
[INFO] [stdout]    6:     0x59ddf4609ec1 - std[70759c8f55707aa4]::panicking::panic_handler::{closure#0}
[INFO] [stdout]    7:     0x59ddf4609e79 - std[70759c8f55707aa4]::sys::backtrace::__rust_end_short_backtrace::<std[70759c8f55707aa4]::panicking::panic_handler::{closure#0}, !>
[INFO] [stdout]    8:     0x59ddf460a37c - __rustc[8fa7c3cbc660c2b3]::rust_begin_unwind
[INFO] [stdout]    9:     0x59ddf45cf56b - core[df12db4294e9bfd3]::panicking::panic_fmt
[INFO] [stdout]   10:     0x59ddf45d21a1 - core[df12db4294e9bfd3]::result::unwrap_failed
[INFO] [stdout]   11:     0x59ddf45cc1a5 - integration_test[cc963b8da5d82e66]::assert_script_success
[INFO] [stdout]   12:     0x59ddf45cdfff - <integration_test[cc963b8da5d82e66]::test_run_test_stdlib_py::{closure#0} as core[df12db4294e9bfd3]::ops::function::FnOnce<()>>::call_once
[INFO] [stdout]   13:     0x59ddf462042b - test[9d35eded1c95d3be]::__rust_begin_short_backtrace::<core[df12db4294e9bfd3]::result::Result<(), alloc[2182bb758b4b3781]::string::String>, fn() -> core[df12db4294e9bfd3]::result::Result<(), alloc[2182bb758b4b3781]::string::String>>
[INFO] [stdout]   14:     0x59ddf461c932 - test[9d35eded1c95d3be]::run_test::{closure#0}
[INFO] [stdout]   15:     0x59ddf461c15c - std[70759c8f55707aa4]::sys::backtrace::__rust_begin_short_backtrace::<test[9d35eded1c95d3be]::run_test::{closure#1}, ()>
[INFO] [stdout]   16:     0x59ddf4636e6c - <std[70759c8f55707aa4]::thread::lifecycle::spawn_unchecked<test[9d35eded1c95d3be]::run_test::{closure#1}, ()>::{closure#1} as core[df12db4294e9bfd3]::ops::function::FnOnce<()>>::call_once::{shim:vtable#0}
[INFO] [stdout]   17:     0x59ddf460b67a - <std[70759c8f55707aa4]::sys::thread::unix::Thread>::new::thread_start
[INFO] [stdout]   18:     0x751f95631dfa - <unknown>
[INFO] [stdout]   19:     0x751f956c53d4 - clone
[INFO] [stdout]   20:                0x0 - <unknown>
[INFO] [stdout] 
[INFO] [stdout] ---- test_run_magic_py stdout ----
[INFO] [stdout] 
[INFO] [stdout] thread 'test_run_magic_py' (636) panicked at tests/integration_test.rs:8:10:
[INFO] [stdout] failed to run py5: Os { code: 2, kind: NotFound, message: "No such file or directory" }
[INFO] [stdout] stack backtrace:
[INFO] [stdout]    0:     0x59ddf45e53f7 - <<std[70759c8f55707aa4]::sys::backtrace::BacktraceLock>::print::DisplayBacktrace as core[df12db4294e9bfd3]::fmt::Display>::fmt
[INFO] [stdout]    1:     0x59ddf45cf6d4 - core[df12db4294e9bfd3]::fmt::write
[INFO] [stdout]    2:     0x59ddf45e49bb - <alloc[2182bb758b4b3781]::vec::Vec<u8> as core[df12db4294e9bfd3]::io::write::Write>::write_fmt
[INFO] [stdout]    3:     0x59ddf45e45b9 - std[70759c8f55707aa4]::panicking::default_hook::{closure#0}
[INFO] [stdout]    4:     0x59ddf45e423a - std[70759c8f55707aa4]::panicking::default_hook
[INFO] [stdout]    5:     0x59ddf45e3d73 - std[70759c8f55707aa4]::panicking::panic_with_hook
[INFO] [stdout]    6:     0x59ddf4609ec1 - std[70759c8f55707aa4]::panicking::panic_handler::{closure#0}
[INFO] [stdout]    7:     0x59ddf4609e79 - std[70759c8f55707aa4]::sys::backtrace::__rust_end_short_backtrace::<std[70759c8f55707aa4]::panicking::panic_handler::{closure#0}, !>
[INFO] [stdout]    8:     0x59ddf460a37c - __rustc[8fa7c3cbc660c2b3]::rust_begin_unwind
[INFO] [stdout]    9:     0x59ddf45cf56b - core[df12db4294e9bfd3]::panicking::panic_fmt
[INFO] [stdout]   10:     0x59ddf45d21a1 - core[df12db4294e9bfd3]::result::unwrap_failed
[INFO] [stdout]   11:     0x59ddf45cc1a5 - integration_test[cc963b8da5d82e66]::assert_script_success
[INFO] [stdout]   12:     0x59ddf45cdf39 - <integration_test[cc963b8da5d82e66]::test_run_magic_py::{closure#0} as core[df12db4294e9bfd3]::ops::function::FnOnce<()>>::call_once
[INFO] [stdout]   13:     0x59ddf462042b - test[9d35eded1c95d3be]::__rust_begin_short_backtrace::<core[df12db4294e9bfd3]::result::Result<(), alloc[2182bb758b4b3781]::string::String>, fn() -> core[df12db4294e9bfd3]::result::Result<(), alloc[2182bb758b4b3781]::string::String>>
[INFO] [stdout]   14:     0x59ddf461c932 - test[9d35eded1c95d3be]::run_test::{closure#0}
[INFO] [stdout]   15:     0x59ddf461c15c - std[70759c8f55707aa4]::sys::backtrace::__rust_begin_short_backtrace::<test[9d35eded1c95d3be]::run_test::{closure#1}, ()>
[INFO] [stdout]   16:     0x59ddf4636e6c - <std[70759c8f55707aa4]::thread::lifecycle::spawn_unchecked<test[9d35eded1c95d3be]::run_test::{closure#1}, ()>::{closure#1} as core[df12db4294e9bfd3]::ops::function::FnOnce<()>>::call_once::{shim:vtable#0}
[INFO] [stdout]   17:     0x59ddf460b67a - <std[70759c8f55707aa4]::sys::thread::unix::Thread>::new::thread_start
[INFO] [stdout]   18:     0x751f95631dfa - <unknown>
[INFO] [stdout]   19:     0x751f956c53d4 - clone
[INFO] [stdout]   20:                0x0 - <unknown>
[INFO] [stdout] 
[INFO] [stdout] ---- test_import_main stdout ----
[INFO] [stdout] 
[INFO] [stdout] thread 'test_import_main' (630) panicked at tests/integration_test.rs:84:10:
[INFO] [stdout] failed to run py5: Os { code: 2, kind: NotFound, message: "No such file or directory" }
[INFO] [stdout] stack backtrace:
[INFO] [stdout]    0:     0x59ddf45e53f7 - <<std[70759c8f55707aa4]::sys::backtrace::BacktraceLock>::print::DisplayBacktrace as core[df12db4294e9bfd3]::fmt::Display>::fmt
[INFO] [stdout]    1:     0x59ddf45cf6d4 - core[df12db4294e9bfd3]::fmt::write
[INFO] [stdout]    2:     0x59ddf45e49bb - <alloc[2182bb758b4b3781]::vec::Vec<u8> as core[df12db4294e9bfd3]::io::write::Write>::write_fmt
[INFO] [stdout]    3:     0x59ddf45e45b9 - std[70759c8f55707aa4]::panicking::default_hook::{closure#0}
[INFO] [stdout]    4:     0x59ddf45e423a - std[70759c8f55707aa4]::panicking::default_hook
[INFO] [stdout]    5:     0x59ddf45e3d73 - std[70759c8f55707aa4]::panicking::panic_with_hook
[INFO] [stdout]    6:     0x59ddf4609ec1 - std[70759c8f55707aa4]::panicking::panic_handler::{closure#0}
[INFO] [stdout]    7:     0x59ddf4609e79 - std[70759c8f55707aa4]::sys::backtrace::__rust_end_short_backtrace::<std[70759c8f55707aa4]::panicking::panic_handler::{closure#0}, !>
[INFO] [stdout]    8:     0x59ddf460a37c - __rustc[8fa7c3cbc660c2b3]::rust_begin_unwind
[INFO] [stdout]    9:     0x59ddf45cf56b - core[df12db4294e9bfd3]::panicking::panic_fmt
[INFO] [stdout]   10:     0x59ddf45d21a1 - core[df12db4294e9bfd3]::result::unwrap_failed
[INFO] [stdout]   11:     0x59ddf45cde37 - <integration_test[cc963b8da5d82e66]::test_import_main::{closure#0} as core[df12db4294e9bfd3]::ops::function::FnOnce<()>>::call_once
[INFO] [stdout]   12:     0x59ddf462042b - test[9d35eded1c95d3be]::__rust_begin_short_backtrace::<core[df12db4294e9bfd3]::result::Result<(), alloc[2182bb758b4b3781]::string::String>, fn() -> core[df12db4294e9bfd3]::result::Result<(), alloc[2182bb758b4b3781]::string::String>>
[INFO] [stdout]   13:     0x59ddf461c932 - test[9d35eded1c95d3be]::run_test::{closure#0}
[INFO] [stdout]   14:     0x59ddf461c15c - std[70759c8f55707aa4]::sys::backtrace::__rust_begin_short_backtrace::<test[9d35eded1c95d3be]::run_test::{closure#1}, ()>
[INFO] [stdout]   15:     0x59ddf4636e6c - <std[70759c8f55707aa4]::thread::lifecycle::spawn_unchecked<test[9d35eded1c95d3be]::run_test::{closure#1}, ()>::{closure#1} as core[df12db4294e9bfd3]::ops::function::FnOnce<()>>::call_once::{shim:vtable#0}
[INFO] [stdout]   16:     0x59ddf460b67a - <std[70759c8f55707aa4]::sys::thread::unix::Thread>::new::thread_start
[INFO] [stdout]   17:     0x751f95631dfa - <unknown>
[INFO] [stdout]   18:     0x751f956c53d4 - clone
[INFO] [stdout]   19:                0x0 - <unknown>
[INFO] [stdout] 
[INFO] [stdout] ---- test_pkg_main stdout ----
[INFO] [stdout] 
[INFO] [stdout] thread 'test_pkg_main' (631) panicked at tests/integration_test.rs:95:10:
[INFO] [stdout] failed to run py5: Os { code: 2, kind: NotFound, message: "No such file or directory" }
[INFO] [stdout] stack backtrace:
[INFO] [stdout]    0:     0x59ddf45e53f7 - <<std[70759c8f55707aa4]::sys::backtrace::BacktraceLock>::print::DisplayBacktrace as core[df12db4294e9bfd3]::fmt::Display>::fmt
[INFO] [stdout]    1:     0x59ddf45cf6d4 - core[df12db4294e9bfd3]::fmt::write
[INFO] [stdout]    2:     0x59ddf45e49bb - <alloc[2182bb758b4b3781]::vec::Vec<u8> as core[df12db4294e9bfd3]::io::write::Write>::write_fmt
[INFO] [stdout]    3:     0x59ddf45e45b9 - std[70759c8f55707aa4]::panicking::default_hook::{closure#0}
[INFO] [stdout]    4:     0x59ddf45e423a - std[70759c8f55707aa4]::panicking::default_hook
[INFO] [stdout]    5:     0x59ddf45e3d73 - std[70759c8f55707aa4]::panicking::panic_with_hook
[INFO] [stdout]    6:     0x59ddf4609ec1 - std[70759c8f55707aa4]::panicking::panic_handler::{closure#0}
[INFO] [stdout]    7:     0x59ddf4609e79 - std[70759c8f55707aa4]::sys::backtrace::__rust_end_short_backtrace::<std[70759c8f55707aa4]::panicking::panic_handler::{closure#0}, !>
[INFO] [stdout]    8:     0x59ddf460a37c - __rustc[8fa7c3cbc660c2b3]::rust_begin_unwind
[INFO] [stdout]    9:     0x59ddf45cf56b - core[df12db4294e9bfd3]::panicking::panic_fmt
[INFO] [stdout]   10:     0x59ddf45d21a1 - core[df12db4294e9bfd3]::result::unwrap_failed
[INFO] [stdout]   11:     0x59ddf45cdc3a - <integration_test[cc963b8da5d82e66]::test_pkg_main::{closure#0} as core[df12db4294e9bfd3]::ops::function::FnOnce<()>>::call_once
[INFO] [stdout]   12:     0x59ddf462042b - test[9d35eded1c95d3be]::__rust_begin_short_backtrace::<core[df12db4294e9bfd3]::result::Result<(), alloc[2182bb758b4b3781]::string::String>, fn() -> core[df12db4294e9bfd3]::result::Result<(), alloc[2182bb758b4b3781]::string::String>>
[INFO] [stdout]   13:     0x59ddf461c932 - test[9d35eded1c95d3be]::run_test::{closure#0}
[INFO] [stdout]   14:     0x59ddf461c15c - std[70759c8f55707aa4]::sys::backtrace::__rust_begin_short_backtrace::<test[9d35eded1c95d3be]::run_test::{closure#1}, ()>
[INFO] [stdout]   15:     0x59ddf4636e6c - <std[70759c8f55707aa4]::thread::lifecycle::spawn_unchecked<test[9d35eded1c95d3be]::run_test::{closure#1}, ()>::{closure#1} as core[df12db4294e9bfd3]::ops::function::FnOnce<()>>::call_once::{shim:vtable#0}
[INFO] [stdout]   16:     0x59ddf460b67a - <std[70759c8f55707aa4]::sys::thread::unix::Thread>::new::thread_start
[INFO] [stdout]   17:     0x751f95631dfa - <unknown>
[INFO] [stdout]   18:     0x751f956c53d4 - clone
[INFO] [stdout]   19:                0x0 - <unknown>
[INFO] [stdout] 
[INFO] [stdout] 
[INFO] [stdout] failures:
[INFO] [stdout]     test_import_main
[INFO] [stdout]     test_pkg_main
[INFO] [stdout]     test_run_adv_oop_py
[INFO] [stdout]     test_run_args_py
[INFO] [stdout]     test_run_basic_py
[INFO] [stdout]     test_run_inherit_py
[INFO] [stdout]     test_run_magic_py
[INFO] [stdout]     test_run_modern_py
[INFO] [stdout]     test_run_oop_py
[INFO] [stdout]     test_run_test_path_py
[INFO] [stdout]     test_run_test_stdlib_py
[INFO] [stdout]     test_run_typed_annotation_py
[INFO] [stdout]     test_run_unpack_py
[INFO] [stdout] 
[INFO] [stdout] test result: FAILED. 0 passed; 13 failed; 0 ignored; 0 measured; 0 filtered out; finished in 0.01s
[INFO] [stdout] 
[INFO] [stderr] error: test failed, to rerun pass `--test integration_test`
[INFO] running `Command { std: "docker" "inspect" "aac78b2fbe64c873f1fcd4f9c9167ed227d035e443e26fb1088e57c0b1dad2b5", kill_on_drop: false }`
[INFO] running `Command { std: "docker" "rm" "-f" "aac78b2fbe64c873f1fcd4f9c9167ed227d035e443e26fb1088e57c0b1dad2b5", kill_on_drop: false }`
[INFO] [stdout] aac78b2fbe64c873f1fcd4f9c9167ed227d035e443e26fb1088e57c0b1dad2b5
