[INFO] fetching crate py-spy 0.4.2...
[INFO] testing py-spy-0.4.2 against 1.100.0-beta.1+cargoflags=--release for beta-release-1.100-2
[INFO] extracting crate py-spy 0.4.2 into /workspace/builds/worker-4-tc2/source
[INFO] removed /workspace/builds/worker-4-tc2/source/.cargo/config.toml
[INFO] started tweaking crates.io crate py-spy 0.4.2
[INFO] removed 0 missing examples
[INFO] removed 0 missing tests
[INFO] finished tweaking crates.io crate py-spy 0.4.2
[INFO] tweaked toml for crates.io crate py-spy 0.4.2 written to /workspace/builds/worker-4-tc2/source/Cargo.toml
[INFO] validating manifest of crates.io crate py-spy 0.4.2 on toolchain 1.100.0-beta.1
[INFO] running `Command { std: CARGO_HOME="/workspace/cargo-home" RUSTUP_HOME="/workspace/rustup-home" "/workspace/cargo-home/bin/cargo" "+1.100.0-beta.1" "metadata" "--manifest-path" "Cargo.toml" "--no-deps", kill_on_drop: false }`
[INFO] crate crates.io crate py-spy 0.4.2 already has a lockfile, it will not be regenerated
[INFO] running `Command { std: CARGO_HOME="/workspace/cargo-home" RUSTUP_HOME="/workspace/rustup-home" "/workspace/cargo-home/bin/cargo" "+1.100.0-beta.1" "fetch" "--manifest-path" "Cargo.toml", kill_on_drop: false }`
[INFO] [stderr] warning: `package.homepage` is redundant with `package.repository`
[INFO] [stderr]    --> Cargo.toml:113:12
[INFO] [stderr]     |
[INFO] [stderr] 113 | homepage = "https://github.com/benfred/py-spy"
[INFO] [stderr]     |            ^^^^^^^^^^^^^^^^^^^^^^^^^^^^^^^^^^^
[INFO] [stderr] ...
[INFO] [stderr] 117 | repository = "https://github.com/benfred/py-spy"
[INFO] [stderr]     |              -----------------------------------
[INFO] [stderr]     |
[INFO] [stderr]     = note: `cargo::redundant_homepage` is set to `warn` by default
[INFO] [stderr] help: consider removing `package.homepage`
[INFO] [stderr] warning: `py-spy` (manifest) generated 1 warning
[INFO] running `Command { std: "docker" "create" "-v" "/var/lib/crater-agent-workspace/builds/worker-4-tc2/source:/opt/rustwide/workdir:ro,Z" "-v" "/var/lib/crater-agent-workspace/builds/worker-4-tc2/target:/opt/rustwide/target:rw,Z" "-v" "/var/lib/crater-agent-workspace/cargo-home:/opt/rustwide/cargo-home:ro,Z" "-v" "/var/lib/crater-agent-workspace/rustup-home:/opt/rustwide/rustup-home:ro,Z" "-m" "1610612736" "--network" "none" "ghcr.io/rust-lang/crates-build-env/linux@sha256:77db811e55d90add9212f6832c23229e3de5f1c1f9905e8cb07319ea15df73ac" "sleep" "infinity", kill_on_drop: false }`
[INFO] [stdout] 63baa76a0a2296f5aabb684949109ca525372e8bf284126de60dc66a9bdc3c9a
[INFO] running `Command { std: "docker" "start" "63baa76a0a2296f5aabb684949109ca525372e8bf284126de60dc66a9bdc3c9a", kill_on_drop: false }`
[INFO] running `Command { std: "docker" "inspect" "63baa76a0a2296f5aabb684949109ca525372e8bf284126de60dc66a9bdc3c9a", kill_on_drop: false }`
[INFO] running `Command { std: "docker" "exec" "-e" "SOURCE_DIR=/opt/rustwide/workdir" "-e" "CARGO_HOME=/opt/rustwide/cargo-home" "-e" "RUSTUP_HOME=/opt/rustwide/rustup-home" "-e" "CARGO_TARGET_DIR=/opt/rustwide/target" "-w" "/opt/rustwide/workdir" "--user" "0:0" "63baa76a0a2296f5aabb684949109ca525372e8bf284126de60dc66a9bdc3c9a" "/opt/rustwide/cargo-home/bin/cargo" "+1.100.0-beta.1" "metadata" "--no-deps" "--format-version=1", kill_on_drop: false }`
[INFO] running `Command { std: "docker" "inspect" "63baa76a0a2296f5aabb684949109ca525372e8bf284126de60dc66a9bdc3c9a", kill_on_drop: false }`
[INFO] running `Command { std: "docker" "exec" "-e" "SOURCE_DIR=/opt/rustwide/workdir" "-e" "CARGO_HOME=/opt/rustwide/cargo-home" "-e" "RUSTUP_HOME=/opt/rustwide/rustup-home" "-e" "CARGO_TARGET_DIR=/opt/rustwide/target" "-e" "CARGO_INCREMENTAL=0" "-e" "RUST_BACKTRACE=full" "-e" "RUSTFLAGS=--cap-lints=warn" "-e" "RUSTDOCFLAGS=--cap-lints=warn" "-w" "/opt/rustwide/workdir" "--user" "0:0" "63baa76a0a2296f5aabb684949109ca525372e8bf284126de60dc66a9bdc3c9a" "/opt/rustwide/cargo-home/bin/cargo" "+1.100.0-beta.1" "build" "--frozen" "--message-format=json" "--release", kill_on_drop: false }`
[INFO] [stderr] warning: `package.homepage` is redundant with `package.repository`
[INFO] [stderr]    --> Cargo.toml:113:12
[INFO] [stderr]     |
[INFO] [stderr] 113 | homepage = "https://github.com/benfred/py-spy"
[INFO] [stderr]     |            ^^^^^^^^^^^^^^^^^^^^^^^^^^^^^^^^^^^
[INFO] [stderr] ...
[INFO] [stderr] 117 | repository = "https://github.com/benfred/py-spy"
[INFO] [stderr]     |              -----------------------------------
[INFO] [stderr]     |
[INFO] [stderr]     = note: `cargo::redundant_homepage` is set to `warn` by default
[INFO] [stderr] help: consider removing `package.homepage`
[INFO] [stderr] warning: `py-spy` (manifest) generated 1 warning
[INFO] [stderr]    Compiling libc v0.2.185
[INFO] [stderr]    Compiling rustix v1.1.4
[INFO] [stderr]    Compiling nix v0.31.2
[INFO] [stderr]    Compiling num-traits v0.2.19
[INFO] [stderr]    Compiling twox-hash v2.1.2
[INFO] [stderr]    Compiling object v0.39.1
[INFO] [stderr]    Compiling hashbrown v0.17.0
[INFO] [stderr]    Compiling scroll_derive v0.13.1
[INFO] [stderr]    Compiling clap_derive v4.6.1
[INFO] [stderr]    Compiling proc-maps v0.4.0
[INFO] [stderr]    Compiling portable-atomic v1.13.1
[INFO] [stderr]    Compiling env_filter v1.0.1
[INFO] [stderr]    Compiling typed-arena v2.0.2
[INFO] [stderr]    Compiling jiff v0.2.23
[INFO] [stderr]    Compiling plain v0.2.3
[INFO] [stderr]    Compiling remoteprocess v0.5.2
[INFO] [stderr]    Compiling ruzstd v0.8.2
[INFO] [stderr]    Compiling serde v1.0.228
[INFO] [stderr]    Compiling gimli v0.33.0
[INFO] [stderr]    Compiling fallible-iterator v0.3.0
[INFO] [stderr]    Compiling bytemuck v1.25.0
[INFO] [stderr]    Compiling num-format v0.4.4
[INFO] [stderr]    Compiling crossbeam-channel v0.5.15
[INFO] [stderr]    Compiling rgb v0.8.53
[INFO] [stderr]    Compiling quick-xml v0.39.2
[INFO] [stderr]    Compiling unit-prefix v0.5.2
[INFO] [stderr]    Compiling py-spy v0.4.2 (/opt/rustwide/workdir)
[INFO] [stderr]    Compiling str_stack v0.1.0
[INFO] [stderr]    Compiling scroll v0.13.0
[INFO] [stderr]    Compiling chrono v0.4.44
[INFO] [stderr]    Compiling serde_json v1.0.149
[INFO] [stderr]    Compiling goblin v0.10.5
[INFO] [stderr]    Compiling indexmap v2.14.0
[INFO] [stderr]    Compiling lru v0.17.0
[INFO] [stderr]    Compiling getrandom v0.3.4
[INFO] [stderr]    Compiling memmap2 v0.9.10
[INFO] [stderr]    Compiling parking_lot_core v0.9.12
[INFO] [stderr]    Compiling getrandom v0.4.2
[INFO] [stderr]    Compiling console v0.16.3
[INFO] [stderr]    Compiling read-process-memory v0.1.6
[INFO] [stderr]    Compiling termios v0.3.3
[INFO] [stderr]    Compiling page_size v0.6.0
[INFO] [stderr]    Compiling rand_core v0.9.5
[INFO] [stderr]    Compiling dashmap v6.1.0
[INFO] [stderr]    Compiling ahash v0.8.12
[INFO] [stderr]    Compiling rand_chacha v0.9.0
[INFO] [stderr]    Compiling rand v0.9.4
[INFO] [stderr]    Compiling indicatif v0.18.4
[INFO] [stderr]    Compiling terminal_size v0.4.4
[INFO] [stderr]    Compiling tempfile v3.27.0
[INFO] [stderr]    Compiling clap_builder v4.6.0
[INFO] [stderr]    Compiling ctrlc v3.5.2
[INFO] [stderr]    Compiling rand_distr v0.5.1
[INFO] [stderr]    Compiling env_logger v0.11.10
[INFO] [stderr]    Compiling clap v4.6.1
[INFO] [stderr]    Compiling clap_complete v4.6.2
[INFO] [stderr]    Compiling addr2line v0.26.1
[INFO] [stderr]    Compiling inferno v0.12.6
[INFO] [stderr] warning: unused dependency `lru`
[INFO] [stderr]   --> Cargo.toml:48:15
[INFO] [stderr]    |
[INFO] [stderr] 48 | [dependencies.lru]
[INFO] [stderr]    |               ^^^^
[INFO] [stderr]    |
[INFO] [stderr]    = note: `cargo::unused_dependencies` is set to `warn` by default
[INFO] [stderr] help: consider removing the dependency on `lru`
[INFO] [stderr] warning: `py-spy` (manifest) generated 1 warning
[INFO] [stderr]     Finished `release` profile [optimized] target(s) in 1m 14s
[INFO] [stderr] warning: the following packages contain code that will be rejected by a future version of Rust: nix v0.31.2
[INFO] [stderr] note: to see what the problems were, use the option `--future-incompat-report`, or run `cargo report future-incompatibilities --id 11`
[INFO] running `Command { std: "docker" "inspect" "63baa76a0a2296f5aabb684949109ca525372e8bf284126de60dc66a9bdc3c9a", kill_on_drop: false }`
[INFO] running `Command { std: "docker" "exec" "-e" "SOURCE_DIR=/opt/rustwide/workdir" "-e" "CARGO_HOME=/opt/rustwide/cargo-home" "-e" "RUSTUP_HOME=/opt/rustwide/rustup-home" "-e" "CARGO_TARGET_DIR=/opt/rustwide/target" "-e" "CARGO_INCREMENTAL=0" "-e" "RUST_BACKTRACE=full" "-e" "RUSTFLAGS=--cap-lints=warn" "-e" "RUSTDOCFLAGS=--cap-lints=warn" "-w" "/opt/rustwide/workdir" "--user" "0:0" "63baa76a0a2296f5aabb684949109ca525372e8bf284126de60dc66a9bdc3c9a" "/opt/rustwide/cargo-home/bin/cargo" "+1.100.0-beta.1" "test" "--frozen" "--no-run" "--message-format=json" "--release", kill_on_drop: false }`
[INFO] [stderr] warning: `package.homepage` is redundant with `package.repository`
[INFO] [stderr]    --> Cargo.toml:113:12
[INFO] [stderr]     |
[INFO] [stderr] 113 | homepage = "https://github.com/benfred/py-spy"
[INFO] [stderr]     |            ^^^^^^^^^^^^^^^^^^^^^^^^^^^^^^^^^^^
[INFO] [stderr] ...
[INFO] [stderr] 117 | repository = "https://github.com/benfred/py-spy"
[INFO] [stderr]     |              -----------------------------------
[INFO] [stderr]     |
[INFO] [stderr]     = note: `cargo::redundant_homepage` is set to `warn` by default
[INFO] [stderr] help: consider removing `package.homepage`
[INFO] [stderr] warning: `py-spy` (manifest) generated 1 warning
[INFO] [stderr]    Compiling py-spy-testdata v0.1.0
[INFO] [stderr]    Compiling py-spy v0.4.2 (/opt/rustwide/workdir)
[INFO] [stderr] warning: unused dependency `lru`
[INFO] [stderr]   --> Cargo.toml:48:15
[INFO] [stderr]    |
[INFO] [stderr] 48 | [dependencies.lru]
[INFO] [stderr]    |               ^^^^
[INFO] [stderr]    |
[INFO] [stderr]    = note: `cargo::unused_dependencies` is set to `warn` by default
[INFO] [stderr] help: consider removing the dependency on `lru`
[INFO] [stderr] warning: `py-spy` (manifest) generated 1 warning
[INFO] [stderr]     Finished `release` profile [optimized] target(s) in 14.73s
[INFO] [stderr] warning: the following packages contain code that will be rejected by a future version of Rust: nix v0.31.2
[INFO] [stderr] note: to see what the problems were, use the option `--future-incompat-report`, or run `cargo report future-incompatibilities --id 11`
[INFO] running `Command { std: "docker" "inspect" "63baa76a0a2296f5aabb684949109ca525372e8bf284126de60dc66a9bdc3c9a", kill_on_drop: false }`
[INFO] running `Command { std: "docker" "exec" "-e" "SOURCE_DIR=/opt/rustwide/workdir" "-e" "CARGO_HOME=/opt/rustwide/cargo-home" "-e" "RUSTUP_HOME=/opt/rustwide/rustup-home" "-e" "CARGO_TARGET_DIR=/opt/rustwide/target" "-e" "CARGO_INCREMENTAL=0" "-e" "RUST_BACKTRACE=full" "-e" "RUSTFLAGS=--cap-lints=warn" "-e" "RUSTDOCFLAGS=--cap-lints=warn" "-w" "/opt/rustwide/workdir" "--user" "0:0" "63baa76a0a2296f5aabb684949109ca525372e8bf284126de60dc66a9bdc3c9a" "/opt/rustwide/cargo-home/bin/cargo" "+1.100.0-beta.1" "test" "--frozen" "--release", kill_on_drop: false }`
[INFO] [stderr] warning: `package.homepage` is redundant with `package.repository`
[INFO] [stderr]    --> Cargo.toml:113:12
[INFO] [stderr]     |
[INFO] [stderr] 113 | homepage = "https://github.com/benfred/py-spy"
[INFO] [stderr]     |            ^^^^^^^^^^^^^^^^^^^^^^^^^^^^^^^^^^^
[INFO] [stderr] ...
[INFO] [stderr] 117 | repository = "https://github.com/benfred/py-spy"
[INFO] [stderr]     |              -----------------------------------
[INFO] [stderr]     |
[INFO] [stderr]     = note: `cargo::redundant_homepage` is set to `warn` by default
[INFO] [stderr] help: consider removing `package.homepage`
[INFO] [stderr] warning: `py-spy` (manifest) generated 1 warning
[INFO] [stderr] warning: unused dependency `lru`
[INFO] [stderr]   --> Cargo.toml:48:15
[INFO] [stderr]    |
[INFO] [stderr] 48 | [dependencies.lru]
[INFO] [stderr]    |               ^^^^
[INFO] [stderr]    |
[INFO] [stderr]    = note: `cargo::unused_dependencies` is set to `warn` by default
[INFO] [stderr] help: consider removing the dependency on `lru`
[INFO] [stderr] warning: `py-spy` (manifest) generated 1 warning
[INFO] [stderr]     Finished `release` profile [optimized] target(s) in 0.16s
[INFO] [stderr] warning: the following packages contain code that will be rejected by a future version of Rust: nix v0.31.2
[INFO] [stderr] note: to see what the problems were, use the option `--future-incompat-report`, or run `cargo report future-incompatibilities --id 11`
[INFO] [stderr]      Running unittests src/lib.rs (/opt/rustwide/target/release/build/py-spy/a0c42788f8814bb4/out/py_spy-a0c42788f8814bb4)
[INFO] [stdout] 
[INFO] [stdout] running 12 tests
[INFO] [stdout] test config::tests::test_parse_args ... ok
[INFO] [stdout] test config::tests::test_parse_record_args ... ok
[INFO] [stdout] test utils::tests::test_is_subrange ... ok
[INFO] [stdout] test python_data_access::tests::test_copy_bytes ... ok
[INFO] [stdout] test config::tests::test_parse_top_args ... ok
[INFO] [stdout] test stack_trace::tests::test_get_line_number ... ok
[INFO] [stdout] test config::tests::test_parse_dump_args ... ok
[INFO] [stdout] test python_data_access::tests::test_copy_string ... ok
[INFO] [stdout] test python_interpreters::tests::test_py3_11_line_numbers ... ok
[INFO] [stdout] test version::tests::test_find_version ... ok
[INFO] [stdout] test python_process_info::tests::test_is_python_lib ... ok
[INFO] [stdout] test coredump::test::test_coredump ... ok
[INFO] [stdout] 
[INFO] [stdout] test result: ok. 12 passed; 0 failed; 0 ignored; 0 measured; 0 filtered out; finished in 0.06s
[INFO] [stdout] 
[INFO] [stdout] 
[INFO] [stderr]      Running unittests src/main.rs (/opt/rustwide/target/release/build/py-spy/13e938a57d9d5d59/out/py_spy-13e938a57d9d5d59)
[INFO] [stdout] running 13 tests
[INFO] [stdout] test config::tests::test_parse_record_args ... ok
[INFO] [stdout] test stack_trace::tests::test_get_line_number ... ok
[INFO] [stdout] test speedscope::tests::test_speedscope_units ... ok
[INFO] [stdout] test python_data_access::tests::test_copy_bytes ... ok
[INFO] [stdout] test python_interpreters::tests::test_py3_11_line_numbers ... ok
[INFO] [stdout] test config::tests::test_parse_top_args ... ok
[INFO] [stdout] test python_process_info::tests::test_is_python_lib ... ok
[INFO] [stdout] test utils::tests::test_is_subrange ... ok
[INFO] [stdout] test config::tests::test_parse_args ... ok
[INFO] [stdout] test config::tests::test_parse_dump_args ... ok
[INFO] [stdout] test python_data_access::tests::test_copy_string ... ok
[INFO] [stdout] test version::tests::test_find_version ... ok
[INFO] [stdout] test coredump::test::test_coredump ... ok
[INFO] [stdout] 
[INFO] [stdout] test result: ok. 13 passed; 0 failed; 0 ignored; 0 measured; 0 filtered out; finished in 0.04s
[INFO] [stdout] 
[INFO] [stderr]      Running tests/integration_test.rs (/opt/rustwide/target/release/build/py-spy/5d6473e45ba6ed94/out/integration_test-5d6473e45ba6ed94)
[INFO] [stdout] 
[INFO] [stdout] running 12 tests
[INFO] [stdout] test test_long_sleep ... FAILED
[INFO] [stdout] test test_negative_linenumber_increment ... FAILED
[INFO] [stdout] test test_subprocesses ... FAILED
[INFO] [stdout] test test_recursive ... FAILED
[INFO] [stdout] test test_local_vars ... FAILED
[INFO] [stdout] test test_unicode ... FAILED
[INFO] [stdout] test test_subprocesses_zombiechild ... FAILED
[INFO] [stdout] test test_cyrillic ... FAILED
[INFO] [stdout] test test_dump_subprocesses_no_duplication ... FAILED
[INFO] [stdout] test test_busy_loop ... FAILED
[INFO] [stdout] test test_thread_names ... FAILED
[INFO] [stderr] ./tests/scripts/delayed_launch.sh: line 2: python: command not found
[INFO] [stdout] test test_delayed_subprocess ... FAILED
[INFO] [stderr] error: test failed, to rerun pass `--test integration_test`
[INFO] [stdout] 
[INFO] [stdout] failures:
[INFO] [stdout] 
[INFO] [stdout] ---- test_long_sleep stdout ----
[INFO] [stdout] 
[INFO] [stdout] thread 'test_long_sleep' (1608) panicked at tests/integration_test.rs:15:14:
[INFO] [stdout] called `Result::unwrap()` on an `Err` value: Os { code: 2, kind: NotFound, message: "No such file or directory" }
[INFO] [stdout] stack backtrace:
[INFO] [stdout]    0:     0x61aa9d694911 - <<std[617be2ca0a6fd877]::sys::backtrace::BacktraceLock>::print::DisplayBacktrace as core[a373ad73a504971]::fmt::Display>::fmt
[INFO] [stdout]    1:     0x61aa9d6ab26a - core[a373ad73a504971]::fmt::write
[INFO] [stdout]    2:     0x61aa9d6993dc - <alloc[2e1b2a31b91974c5]::vec::Vec<u8> as core[a373ad73a504971]::io::write::Write>::write_fmt
[INFO] [stdout]    3:     0x61aa9d66fc76 - std[617be2ca0a6fd877]::panicking::default_hook::{closure#0}
[INFO] [stdout]    4:     0x61aa9d68cc19 - std[617be2ca0a6fd877]::panicking::default_hook
[INFO] [stdout]    5:     0x61aa9d4b1a60 - test[aada8e7e76ba119b]::test_main_inner::{closure#0}
[INFO] [stdout]    6:     0x61aa9d68cdd2 - std[617be2ca0a6fd877]::panicking::panic_with_hook
[INFO] [stdout]    7:     0x61aa9d66fd22 - std[617be2ca0a6fd877]::panicking::panic_handler::{closure#0}
[INFO] [stdout]    8:     0x61aa9d668409 - std[617be2ca0a6fd877]::sys::backtrace::__rust_end_short_backtrace::<std[617be2ca0a6fd877]::panicking::panic_handler::{closure#0}, !>
[INFO] [stdout]    9:     0x61aa9d670a3d - __rustc[ea4f61d10b84890b]::rust_begin_unwind
[INFO] [stdout]   10:     0x61aa9d6aba4c - core[a373ad73a504971]::panicking::panic_fmt
[INFO] [stdout]   11:     0x61aa9d6ab822 - core[a373ad73a504971]::result::unwrap_failed
[INFO] [stdout]   12:     0x61aa9d491cc3 - <integration_test[dcf364cc15f741a0]::ScriptRunner>::new
[INFO] [stdout]   13:     0x61aa9d491d3c - <integration_test[dcf364cc15f741a0]::TestRunner>::new
[INFO] [stdout]   14:     0x61aa9d495210 - <integration_test[dcf364cc15f741a0]::test_long_sleep::{closure#0} as core[a373ad73a504971]::ops::function::FnOnce<()>>::call_once
[INFO] [stdout]   15:     0x61aa9d4a4eab - test[aada8e7e76ba119b]::__rust_begin_short_backtrace::<core[a373ad73a504971]::result::Result<(), alloc[2e1b2a31b91974c5]::string::String>, fn() -> core[a373ad73a504971]::result::Result<(), alloc[2e1b2a31b91974c5]::string::String>>
[INFO] [stdout]   16:     0x61aa9d4b2085 - test[aada8e7e76ba119b]::run_test::{closure#0}
[INFO] [stdout]   17:     0x61aa9d4ab974 - std[617be2ca0a6fd877]::sys::backtrace::__rust_begin_short_backtrace::<test[aada8e7e76ba119b]::run_test::{closure#1}, ()>
[INFO] [stdout]   18:     0x61aa9d4b5112 - <std[617be2ca0a6fd877]::thread::lifecycle::spawn_unchecked<test[aada8e7e76ba119b]::run_test::{closure#1}, ()>::{closure#1} as core[a373ad73a504971]::ops::function::FnOnce<()>>::call_once::{shim:vtable#0}
[INFO] [stdout]   19:     0x61aa9d69416f - <std[617be2ca0a6fd877]::sys::thread::unix::Thread>::new::thread_start
[INFO] [stdout]   20:     0x72e77ec43dfa - <unknown>
[INFO] [stdout]   21:     0x72e77ecd73d4 - clone
[INFO] [stdout]   22:                0x0 - <unknown>
[INFO] [stdout] 
[INFO] [stdout] ---- test_negative_linenumber_increment stdout ----
[INFO] [stdout] 
[INFO] [stdout] thread 'test_negative_linenumber_increment' (1609) panicked at tests/integration_test.rs:15:14:
[INFO] [stdout] called `Result::unwrap()` on an `Err` value: Os { code: 2, kind: NotFound, message: "No such file or directory" }
[INFO] [stdout] stack backtrace:
[INFO] [stdout]    0:     0x61aa9d694911 - <<std[617be2ca0a6fd877]::sys::backtrace::BacktraceLock>::print::DisplayBacktrace as core[a373ad73a504971]::fmt::Display>::fmt
[INFO] [stdout]    1:     0x61aa9d6ab26a - core[a373ad73a504971]::fmt::write
[INFO] [stdout]    2:     0x61aa9d6993dc - <alloc[2e1b2a31b91974c5]::vec::Vec<u8> as core[a373ad73a504971]::io::write::Write>::write_fmt
[INFO] [stdout]    3:     0x61aa9d66fc76 - std[617be2ca0a6fd877]::panicking::default_hook::{closure#0}
[INFO] [stdout]    4:     0x61aa9d68cc19 - std[617be2ca0a6fd877]::panicking::default_hook
[INFO] [stdout]    5:     0x61aa9d4b1a60 - test[aada8e7e76ba119b]::test_main_inner::{closure#0}
[INFO] [stdout]    6:     0x61aa9d68cdd2 - std[617be2ca0a6fd877]::panicking::panic_with_hook
[INFO] [stdout]    7:     0x61aa9d66fd22 - std[617be2ca0a6fd877]::panicking::panic_handler::{closure#0}
[INFO] [stdout]    8:     0x61aa9d668409 - std[617be2ca0a6fd877]::sys::backtrace::__rust_end_short_backtrace::<std[617be2ca0a6fd877]::panicking::panic_handler::{closure#0}, !>
[INFO] [stdout]    9:     0x61aa9d670a3d - __rustc[ea4f61d10b84890b]::rust_begin_unwind
[INFO] [stdout]   10:     0x61aa9d6aba4c - core[a373ad73a504971]::panicking::panic_fmt
[INFO] [stdout]   11:     0x61aa9d6ab822 - core[a373ad73a504971]::result::unwrap_failed
[INFO] [stdout]   12:     0x61aa9d491cc3 - <integration_test[dcf364cc15f741a0]::ScriptRunner>::new
[INFO] [stdout]   13:     0x61aa9d491d3c - <integration_test[dcf364cc15f741a0]::TestRunner>::new
[INFO] [stdout]   14:     0x61aa9d4972cc - <integration_test[dcf364cc15f741a0]::test_negative_linenumber_increment::{closure#0} as core[a373ad73a504971]::ops::function::FnOnce<()>>::call_once
[INFO] [stdout]   15:     0x61aa9d4a4eab - test[aada8e7e76ba119b]::__rust_begin_short_backtrace::<core[a373ad73a504971]::result::Result<(), alloc[2e1b2a31b91974c5]::string::String>, fn() -> core[a373ad73a504971]::result::Result<(), alloc[2e1b2a31b91974c5]::string::String>>
[INFO] [stdout]   16:     0x61aa9d4b2085 - test[aada8e7e76ba119b]::run_test::{closure#0}
[INFO] [stdout]   17:     0x61aa9d4ab974 - std[617be2ca0a6fd877]::sys::backtrace::__rust_begin_short_backtrace::<test[aada8e7e76ba119b]::run_test::{closure#1}, ()>
[INFO] [stdout]   18:     0x61aa9d4b5112 - <std[617be2ca0a6fd877]::thread::lifecycle::spawn_unchecked<test[aada8e7e76ba119b]::run_test::{closure#1}, ()>::{closure#1} as core[a373ad73a504971]::ops::function::FnOnce<()>>::call_once::{shim:vtable#0}
[INFO] [stdout]   19:     0x61aa9d69416f - <std[617be2ca0a6fd877]::sys::thread::unix::Thread>::new::thread_start
[INFO] [stdout]   20:     0x72e77ec43dfa - <unknown>
[INFO] [stdout]   21:     0x72e77ecd73d4 - clone
[INFO] [stdout]   22:                0x0 - <unknown>
[INFO] [stdout] 
[INFO] [stdout] ---- test_subprocesses stdout ----
[INFO] [stdout] 
[INFO] [stdout] thread 'test_subprocesses' (1611) panicked at tests/integration_test.rs:15:14:
[INFO] [stdout] called `Result::unwrap()` on an `Err` value: Os { code: 2, kind: NotFound, message: "No such file or directory" }
[INFO] [stdout] stack backtrace:
[INFO] [stdout]    0:     0x61aa9d694911 - <<std[617be2ca0a6fd877]::sys::backtrace::BacktraceLock>::print::DisplayBacktrace as core[a373ad73a504971]::fmt::Display>::fmt
[INFO] [stdout]    1:     0x61aa9d6ab26a - core[a373ad73a504971]::fmt::write
[INFO] [stdout]    2:     0x61aa9d6993dc - <alloc[2e1b2a31b91974c5]::vec::Vec<u8> as core[a373ad73a504971]::io::write::Write>::write_fmt
[INFO] [stdout]    3:     0x61aa9d66fc76 - std[617be2ca0a6fd877]::panicking::default_hook::{closure#0}
[INFO] [stdout]    4:     0x61aa9d68cc19 - std[617be2ca0a6fd877]::panicking::default_hook
[INFO] [stdout]    5:     0x61aa9d4b1a60 - test[aada8e7e76ba119b]::test_main_inner::{closure#0}
[INFO] [stdout]    6:     0x61aa9d68cdd2 - std[617be2ca0a6fd877]::panicking::panic_with_hook
[INFO] [stdout]    7:     0x61aa9d66fd22 - std[617be2ca0a6fd877]::panicking::panic_handler::{closure#0}
[INFO] [stdout]    8:     0x61aa9d668409 - std[617be2ca0a6fd877]::sys::backtrace::__rust_end_short_backtrace::<std[617be2ca0a6fd877]::panicking::panic_handler::{closure#0}, !>
[INFO] [stdout]    9:     0x61aa9d670a3d - __rustc[ea4f61d10b84890b]::rust_begin_unwind
[INFO] [stdout]   10:     0x61aa9d6aba4c - core[a373ad73a504971]::panicking::panic_fmt
[INFO] [stdout]   11:     0x61aa9d6ab822 - core[a373ad73a504971]::result::unwrap_failed
[INFO] [stdout]   12:     0x61aa9d491cc3 - <integration_test[dcf364cc15f741a0]::ScriptRunner>::new
[INFO] [stdout]   13:     0x61aa9d4956aa - <integration_test[dcf364cc15f741a0]::test_subprocesses::{closure#0} as core[a373ad73a504971]::ops::function::FnOnce<()>>::call_once
[INFO] [stdout]   14:     0x61aa9d4a4eab - test[aada8e7e76ba119b]::__rust_begin_short_backtrace::<core[a373ad73a504971]::result::Result<(), alloc[2e1b2a31b91974c5]::string::String>, fn() -> core[a373ad73a504971]::result::Result<(), alloc[2e1b2a31b91974c5]::string::String>>
[INFO] [stdout]   15:     0x61aa9d4b2085 - test[aada8e7e76ba119b]::run_test::{closure#0}
[INFO] [stdout]   16:     0x61aa9d4ab974 - std[617be2ca0a6fd877]::sys::backtrace::__rust_begin_short_backtrace::<test[aada8e7e76ba119b]::run_test::{closure#1}, ()>
[INFO] [stdout]   17:     0x61aa9d4b5112 - <std[617be2ca0a6fd877]::thread::lifecycle::spawn_unchecked<test[aada8e7e76ba119b]::run_test::{closure#1}, ()>::{closure#1} as core[a373ad73a504971]::ops::function::FnOnce<()>>::call_once::{shim:vtable#0}
[INFO] [stdout]   18:     0x61aa9d69416f - <std[617be2ca0a6fd877]::sys::thread::unix::Thread>::new::thread_start
[INFO] [stdout]   19:     0x72e77ec43dfa - <unknown>
[INFO] [stdout]   20:     0x72e77ecd73d4 - clone
[INFO] [stdout]   21:                0x0 - <unknown>
[INFO] [stdout] 
[INFO] [stdout] ---- test_recursive stdout ----
[INFO] [stdout] 
[INFO] [stdout] thread 'test_recursive' (1610) panicked at tests/integration_test.rs:15:14:
[INFO] [stdout] called `Result::unwrap()` on an `Err` value: Os { code: 2, kind: NotFound, message: "No such file or directory" }
[INFO] [stdout] stack backtrace:
[INFO] [stdout]    0:     0x61aa9d694911 - <<std[617be2ca0a6fd877]::sys::backtrace::BacktraceLock>::print::DisplayBacktrace as core[a373ad73a504971]::fmt::Display>::fmt
[INFO] [stdout]    1:     0x61aa9d6ab26a - core[a373ad73a504971]::fmt::write
[INFO] [stdout]    2:     0x61aa9d6993dc - <alloc[2e1b2a31b91974c5]::vec::Vec<u8> as core[a373ad73a504971]::io::write::Write>::write_fmt
[INFO] [stdout]    3:     0x61aa9d66fc76 - std[617be2ca0a6fd877]::panicking::default_hook::{closure#0}
[INFO] [stdout]    4:     0x61aa9d68cc19 - std[617be2ca0a6fd877]::panicking::default_hook
[INFO] [stdout]    5:     0x61aa9d4b1a60 - test[aada8e7e76ba119b]::test_main_inner::{closure#0}
[INFO] [stdout]    6:     0x61aa9d68cdd2 - std[617be2ca0a6fd877]::panicking::panic_with_hook
[INFO] [stdout]    7:     0x61aa9d66fd22 - std[617be2ca0a6fd877]::panicking::panic_handler::{closure#0}
[INFO] [stdout]    8:     0x61aa9d668409 - std[617be2ca0a6fd877]::sys::backtrace::__rust_end_short_backtrace::<std[617be2ca0a6fd877]::panicking::panic_handler::{closure#0}, !>
[INFO] [stdout]    9:     0x61aa9d670a3d - __rustc[ea4f61d10b84890b]::rust_begin_unwind
[INFO] [stdout]   10:     0x61aa9d6aba4c - core[a373ad73a504971]::panicking::panic_fmt
[INFO] [stdout]   11:     0x61aa9d6ab822 - core[a373ad73a504971]::result::unwrap_failed
[INFO] [stdout]   12:     0x61aa9d491cc3 - <integration_test[dcf364cc15f741a0]::ScriptRunner>::new
[INFO] [stdout]   13:     0x61aa9d491d3c - <integration_test[dcf364cc15f741a0]::TestRunner>::new
[INFO] [stdout]   14:     0x61aa9d492950 - <integration_test[dcf364cc15f741a0]::test_recursive::{closure#0} as core[a373ad73a504971]::ops::function::FnOnce<()>>::call_once
[INFO] [stdout]   15:     0x61aa9d4a4eab - test[aada8e7e76ba119b]::__rust_begin_short_backtrace::<core[a373ad73a504971]::result::Result<(), alloc[2e1b2a31b91974c5]::string::String>, fn() -> core[a373ad73a504971]::result::Result<(), alloc[2e1b2a31b91974c5]::string::String>>
[INFO] [stdout]   16:     0x61aa9d4b2085 - test[aada8e7e76ba119b]::run_test::{closure#0}
[INFO] [stdout]   17:     0x61aa9d4ab974 - std[617be2ca0a6fd877]::sys::backtrace::__rust_begin_short_backtrace::<test[aada8e7e76ba119b]::run_test::{closure#1}, ()>
[INFO] [stdout]   18:     0x61aa9d4b5112 - <std[617be2ca0a6fd877]::thread::lifecycle::spawn_unchecked<test[aada8e7e76ba119b]::run_test::{closure#1}, ()>::{closure#1} as core[a373ad73a504971]::ops::function::FnOnce<()>>::call_once::{shim:vtable#0}
[INFO] [stdout]   19:     0x61aa9d69416f - <std[617be2ca0a6fd877]::sys::thread::unix::Thread>::new::thread_start
[INFO] [stdout]   20:     0x72e77ec43dfa - <unknown>
[INFO] [stdout]   21:     0x72e77ecd73d4 - clone
[INFO] [stdout]   22:                0x0 - <unknown>
[INFO] [stdout] 
[INFO] [stdout] ---- test_local_vars stdout ----
[INFO] [stdout] 
[INFO] [stdout] thread 'test_local_vars' (1607) panicked at tests/integration_test.rs:15:14:
[INFO] [stdout] called `Result::unwrap()` on an `Err` value: Os { code: 2, kind: NotFound, message: "No such file or directory" }
[INFO] [stdout] stack backtrace:
[INFO] [stdout]    0:     0x61aa9d694911 - <<std[617be2ca0a6fd877]::sys::backtrace::BacktraceLock>::print::DisplayBacktrace as core[a373ad73a504971]::fmt::Display>::fmt
[INFO] [stdout]    1:     0x61aa9d6ab26a - core[a373ad73a504971]::fmt::write
[INFO] [stdout]    2:     0x61aa9d6993dc - <alloc[2e1b2a31b91974c5]::vec::Vec<u8> as core[a373ad73a504971]::io::write::Write>::write_fmt
[INFO] [stdout]    3:     0x61aa9d66fc76 - std[617be2ca0a6fd877]::panicking::default_hook::{closure#0}
[INFO] [stdout]    4:     0x61aa9d68cc19 - std[617be2ca0a6fd877]::panicking::default_hook
[INFO] [stdout]    5:     0x61aa9d4b1a60 - test[aada8e7e76ba119b]::test_main_inner::{closure#0}
[INFO] [stdout]    6:     0x61aa9d68cdd2 - std[617be2ca0a6fd877]::panicking::panic_with_hook
[INFO] [stdout]    7:     0x61aa9d66fd22 - std[617be2ca0a6fd877]::panicking::panic_handler::{closure#0}
[INFO] [stdout]    8:     0x61aa9d668409 - std[617be2ca0a6fd877]::sys::backtrace::__rust_end_short_backtrace::<std[617be2ca0a6fd877]::panicking::panic_handler::{closure#0}, !>
[INFO] [stdout]    9:     0x61aa9d670a3d - __rustc[ea4f61d10b84890b]::rust_begin_unwind
[INFO] [stdout]   10:     0x61aa9d6aba4c - core[a373ad73a504971]::panicking::panic_fmt
[INFO] [stdout]   11:     0x61aa9d6ab822 - core[a373ad73a504971]::result::unwrap_failed
[INFO] [stdout]   12:     0x61aa9d491cc3 - <integration_test[dcf364cc15f741a0]::ScriptRunner>::new
[INFO] [stdout]   13:     0x61aa9d491d3c - <integration_test[dcf364cc15f741a0]::TestRunner>::new
[INFO] [stdout]   14:     0x61aa9d492ea5 - <integration_test[dcf364cc15f741a0]::test_local_vars::{closure#0} as core[a373ad73a504971]::ops::function::FnOnce<()>>::call_once
[INFO] [stdout]   15:     0x61aa9d4a4eab - test[aada8e7e76ba119b]::__rust_begin_short_backtrace::<core[a373ad73a504971]::result::Result<(), alloc[2e1b2a31b91974c5]::string::String>, fn() -> core[a373ad73a504971]::result::Result<(), alloc[2e1b2a31b91974c5]::string::String>>
[INFO] [stdout]   16:     0x61aa9d4b2085 - test[aada8e7e76ba119b]::run_test::{closure#0}
[INFO] [stdout]   17:     0x61aa9d4ab974 - std[617be2ca0a6fd877]::sys::backtrace::__rust_begin_short_backtrace::<test[aada8e7e76ba119b]::run_test::{closure#1}, ()>
[INFO] [stdout]   18:     0x61aa9d4b5112 - <std[617be2ca0a6fd877]::thread::lifecycle::spawn_unchecked<test[aada8e7e76ba119b]::run_test::{closure#1}, ()>::{closure#1} as core[a373ad73a504971]::ops::function::FnOnce<()>>::call_once::{shim:vtable#0}
[INFO] [stdout]   19:     0x61aa9d69416f - <std[617be2ca0a6fd877]::sys::thread::unix::Thread>::new::thread_start
[INFO] [stdout]   20:     0x72e77ec43dfa - <unknown>
[INFO] [stdout]   21:     0x72e77ecd73d4 - clone
[INFO] [stdout]   22:                0x0 - <unknown>
[INFO] [stdout] 
[INFO] [stdout] ---- test_unicode stdout ----
[INFO] [stdout] 
[INFO] [stdout] thread 'test_unicode' (1615) panicked at tests/integration_test.rs:15:14:
[INFO] [stdout] called `Result::unwrap()` on an `Err` value: Os { code: 2, kind: NotFound, message: "No such file or directory" }
[INFO] [stdout] stack backtrace:
[INFO] [stdout]    0:     0x61aa9d694911 - <<std[617be2ca0a6fd877]::sys::backtrace::BacktraceLock>::print::DisplayBacktrace as core[a373ad73a504971]::fmt::Display>::fmt
[INFO] [stdout]    1:     0x61aa9d6ab26a - core[a373ad73a504971]::fmt::write
[INFO] [stdout]    2:     0x61aa9d6993dc - <alloc[2e1b2a31b91974c5]::vec::Vec<u8> as core[a373ad73a504971]::io::write::Write>::write_fmt
[INFO] [stdout]    3:     0x61aa9d66fc76 - std[617be2ca0a6fd877]::panicking::default_hook::{closure#0}
[INFO] [stdout]    4:     0x61aa9d68cc19 - std[617be2ca0a6fd877]::panicking::default_hook
[INFO] [stdout]    5:     0x61aa9d4b1a60 - test[aada8e7e76ba119b]::test_main_inner::{closure#0}
[INFO] [stdout]    6:     0x61aa9d68cdd2 - std[617be2ca0a6fd877]::panicking::panic_with_hook
[INFO] [stdout]    7:     0x61aa9d66fd22 - std[617be2ca0a6fd877]::panicking::panic_handler::{closure#0}
[INFO] [stdout]    8:     0x61aa9d668409 - std[617be2ca0a6fd877]::sys::backtrace::__rust_end_short_backtrace::<std[617be2ca0a6fd877]::panicking::panic_handler::{closure#0}, !>
[INFO] [stdout]    9:     0x61aa9d670a3d - __rustc[ea4f61d10b84890b]::rust_begin_unwind
[INFO] [stdout]   10:     0x61aa9d6aba4c - core[a373ad73a504971]::panicking::panic_fmt
[INFO] [stdout]   11:     0x61aa9d6ab822 - core[a373ad73a504971]::result::unwrap_failed
[INFO] [stdout]   12:     0x61aa9d491cc3 - <integration_test[dcf364cc15f741a0]::ScriptRunner>::new
[INFO] [stdout]   13:     0x61aa9d491d3c - <integration_test[dcf364cc15f741a0]::TestRunner>::new
[INFO] [stdout]   14:     0x61aa9d491f51 - <integration_test[dcf364cc15f741a0]::test_unicode::{closure#0} as core[a373ad73a504971]::ops::function::FnOnce<()>>::call_once
[INFO] [stdout]   15:     0x61aa9d4a4eab - test[aada8e7e76ba119b]::__rust_begin_short_backtrace::<core[a373ad73a504971]::result::Result<(), alloc[2e1b2a31b91974c5]::string::String>, fn() -> core[a373ad73a504971]::result::Result<(), alloc[2e1b2a31b91974c5]::string::String>>
[INFO] [stdout]   16:     0x61aa9d4b2085 - test[aada8e7e76ba119b]::run_test::{closure#0}
[INFO] [stdout]   17:     0x61aa9d4ab974 - std[617be2ca0a6fd877]::sys::backtrace::__rust_begin_short_backtrace::<test[aada8e7e76ba119b]::run_test::{closure#1}, ()>
[INFO] [stdout]   18:     0x61aa9d4b5112 - <std[617be2ca0a6fd877]::thread::lifecycle::spawn_unchecked<test[aada8e7e76ba119b]::run_test::{closure#1}, ()>::{closure#1} as core[a373ad73a504971]::ops::function::FnOnce<()>>::call_once::{shim:vtable#0}
[INFO] [stdout]   19:     0x61aa9d69416f - <std[617be2ca0a6fd877]::sys::thread::unix::Thread>::new::thread_start
[INFO] [stdout]   20:     0x72e77ec43dfa - <unknown>
[INFO] [stdout]   21:     0x72e77ecd73d4 - clone
[INFO] [stdout]   22:                0x0 - <unknown>
[INFO] [stdout] 
[INFO] [stdout] ---- test_subprocesses_zombiechild stdout ----
[INFO] [stdout] 
[INFO] [stdout] thread 'test_subprocesses_zombiechild' (1612) panicked at tests/integration_test.rs:15:14:
[INFO] [stdout] called `Result::unwrap()` on an `Err` value: Os { code: 2, kind: NotFound, message: "No such file or directory" }
[INFO] [stdout] stack backtrace:
[INFO] [stdout]    0:     0x61aa9d694911 - <<std[617be2ca0a6fd877]::sys::backtrace::BacktraceLock>::print::DisplayBacktrace as core[a373ad73a504971]::fmt::Display>::fmt
[INFO] [stdout]    1:     0x61aa9d6ab26a - core[a373ad73a504971]::fmt::write
[INFO] [stdout]    2:     0x61aa9d6993dc - <alloc[2e1b2a31b91974c5]::vec::Vec<u8> as core[a373ad73a504971]::io::write::Write>::write_fmt
[INFO] [stdout]    3:     0x61aa9d66fc76 - std[617be2ca0a6fd877]::panicking::default_hook::{closure#0}
[INFO] [stdout]    4:     0x61aa9d68cc19 - std[617be2ca0a6fd877]::panicking::default_hook
[INFO] [stdout]    5:     0x61aa9d4b1a60 - test[aada8e7e76ba119b]::test_main_inner::{closure#0}
[INFO] [stdout]    6:     0x61aa9d68cdd2 - std[617be2ca0a6fd877]::panicking::panic_with_hook
[INFO] [stdout]    7:     0x61aa9d66fd22 - std[617be2ca0a6fd877]::panicking::panic_handler::{closure#0}
[INFO] [stdout]    8:     0x61aa9d668409 - std[617be2ca0a6fd877]::sys::backtrace::__rust_end_short_backtrace::<std[617be2ca0a6fd877]::panicking::panic_handler::{closure#0}, !>
[INFO] [stdout]    9:     0x61aa9d670a3d - __rustc[ea4f61d10b84890b]::rust_begin_unwind
[INFO] [stdout]   10:     0x61aa9d6aba4c - core[a373ad73a504971]::panicking::panic_fmt
[INFO] [stdout]   11:     0x61aa9d6ab822 - core[a373ad73a504971]::result::unwrap_failed
[INFO] [stdout]   12:     0x61aa9d491cc3 - <integration_test[dcf364cc15f741a0]::ScriptRunner>::new
[INFO] [stdout]   13:     0x61aa9d497071 - <integration_test[dcf364cc15f741a0]::test_subprocesses_zombiechild::{closure#0} as core[a373ad73a504971]::ops::function::FnOnce<()>>::call_once
[INFO] [stdout]   14:     0x61aa9d4a4eab - test[aada8e7e76ba119b]::__rust_begin_short_backtrace::<core[a373ad73a504971]::result::Result<(), alloc[2e1b2a31b91974c5]::string::String>, fn() -> core[a373ad73a504971]::result::Result<(), alloc[2e1b2a31b91974c5]::string::String>>
[INFO] [stdout]   15:     0x61aa9d4b2085 - test[aada8e7e76ba119b]::run_test::{closure#0}
[INFO] [stdout]   16:     0x61aa9d4ab974 - std[617be2ca0a6fd877]::sys::backtrace::__rust_begin_short_backtrace::<test[aada8e7e76ba119b]::run_test::{closure#1}, ()>
[INFO] [stdout]   17:     0x61aa9d4b5112 - <std[617be2ca0a6fd877]::thread::lifecycle::spawn_unchecked<test[aada8e7e76ba119b]::run_test::{closure#1}, ()>::{closure#1} as core[a373ad73a504971]::ops::function::FnOnce<()>>::call_once::{shim:vtable#0}
[INFO] [stdout]   18:     0x61aa9d69416f - <std[617be2ca0a6fd877]::sys::thread::unix::Thread>::new::thread_start
[INFO] [stdout]   19:     0x72e77ec43dfa - <unknown>
[INFO] [stdout]   20:     0x72e77ecd73d4 - clone
[INFO] [stdout]   21:                0x0 - <unknown>
[INFO] [stdout] 
[INFO] [stdout] ---- test_cyrillic stdout ----
[INFO] [stdout] 
[INFO] [stdout] thread 'test_cyrillic' (1604) panicked at tests/integration_test.rs:15:14:
[INFO] [stdout] called `Result::unwrap()` on an `Err` value: Os { code: 2, kind: NotFound, message: "No such file or directory" }
[INFO] [stdout] stack backtrace:
[INFO] [stdout]    0:     0x61aa9d694911 - <<std[617be2ca0a6fd877]::sys::backtrace::BacktraceLock>::print::DisplayBacktrace as core[a373ad73a504971]::fmt::Display>::fmt
[INFO] [stdout]    1:     0x61aa9d6ab26a - core[a373ad73a504971]::fmt::write
[INFO] [stdout]    2:     0x61aa9d6993dc - <alloc[2e1b2a31b91974c5]::vec::Vec<u8> as core[a373ad73a504971]::io::write::Write>::write_fmt
[INFO] [stdout]    3:     0x61aa9d66fc76 - std[617be2ca0a6fd877]::panicking::default_hook::{closure#0}
[INFO] [stdout]    4:     0x61aa9d68cc19 - std[617be2ca0a6fd877]::panicking::default_hook
[INFO] [stdout]    5:     0x61aa9d4b1a60 - test[aada8e7e76ba119b]::test_main_inner::{closure#0}
[INFO] [stdout]    6:     0x61aa9d68cdd2 - std[617be2ca0a6fd877]::panicking::panic_with_hook
[INFO] [stdout]    7:     0x61aa9d66fd22 - std[617be2ca0a6fd877]::panicking::panic_handler::{closure#0}
[INFO] [stdout]    8:     0x61aa9d668409 - std[617be2ca0a6fd877]::sys::backtrace::__rust_end_short_backtrace::<std[617be2ca0a6fd877]::panicking::panic_handler::{closure#0}, !>
[INFO] [stdout]    9:     0x61aa9d670a3d - __rustc[ea4f61d10b84890b]::rust_begin_unwind
[INFO] [stdout]   10:     0x61aa9d6aba4c - core[a373ad73a504971]::panicking::panic_fmt
[INFO] [stdout]   11:     0x61aa9d6ab822 - core[a373ad73a504971]::result::unwrap_failed
[INFO] [stdout]   12:     0x61aa9d491cc3 - <integration_test[dcf364cc15f741a0]::ScriptRunner>::new
[INFO] [stdout]   13:     0x61aa9d491d3c - <integration_test[dcf364cc15f741a0]::TestRunner>::new
[INFO] [stdout]   14:     0x61aa9d4923fa - <integration_test[dcf364cc15f741a0]::test_cyrillic::{closure#0} as core[a373ad73a504971]::ops::function::FnOnce<()>>::call_once
[INFO] [stdout]   15:     0x61aa9d4a4eab - test[aada8e7e76ba119b]::__rust_begin_short_backtrace::<core[a373ad73a504971]::result::Result<(), alloc[2e1b2a31b91974c5]::string::String>, fn() -> core[a373ad73a504971]::result::Result<(), alloc[2e1b2a31b91974c5]::string::String>>
[INFO] [stdout]   16:     0x61aa9d4b2085 - test[aada8e7e76ba119b]::run_test::{closure#0}
[INFO] [stdout]   17:     0x61aa9d4ab974 - std[617be2ca0a6fd877]::sys::backtrace::__rust_begin_short_backtrace::<test[aada8e7e76ba119b]::run_test::{closure#1}, ()>
[INFO] [stdout]   18:     0x61aa9d4b5112 - <std[617be2ca0a6fd877]::thread::lifecycle::spawn_unchecked<test[aada8e7e76ba119b]::run_test::{closure#1}, ()>::{closure#1} as core[a373ad73a504971]::ops::function::FnOnce<()>>::call_once::{shim:vtable#0}
[INFO] [stdout]   19:     0x61aa9d69416f - <std[617be2ca0a6fd877]::sys::thread::unix::Thread>::new::thread_start
[INFO] [stdout]   20:     0x72e77ec43dfa - <unknown>
[INFO] [stdout]   21:     0x72e77ecd73d4 - clone
[INFO] [stdout]   22:                0x0 - <unknown>
[INFO] [stdout] 
[INFO] [stdout] ---- test_dump_subprocesses_no_duplication stdout ----
[INFO] [stdout] 
[INFO] [stdout] thread 'test_dump_subprocesses_no_duplication' (1606) panicked at tests/integration_test.rs:580:10:
[INFO] [stdout] failed to spawn parent script: Os { code: 2, kind: NotFound, message: "No such file or directory" }
[INFO] [stdout] stack backtrace:
[INFO] [stdout]    0:     0x61aa9d694911 - <<std[617be2ca0a6fd877]::sys::backtrace::BacktraceLock>::print::DisplayBacktrace as core[a373ad73a504971]::fmt::Display>::fmt
[INFO] [stdout]    1:     0x61aa9d6ab26a - core[a373ad73a504971]::fmt::write
[INFO] [stdout]    2:     0x61aa9d6993dc - <alloc[2e1b2a31b91974c5]::vec::Vec<u8> as core[a373ad73a504971]::io::write::Write>::write_fmt
[INFO] [stdout]    3:     0x61aa9d66fc76 - std[617be2ca0a6fd877]::panicking::default_hook::{closure#0}
[INFO] [stdout]    4:     0x61aa9d68cc19 - std[617be2ca0a6fd877]::panicking::default_hook
[INFO] [stdout]    5:     0x61aa9d4b1a60 - test[aada8e7e76ba119b]::test_main_inner::{closure#0}
[INFO] [stdout]    6:     0x61aa9d68cdd2 - std[617be2ca0a6fd877]::panicking::panic_with_hook
[INFO] [stdout]    7:     0x61aa9d66fd22 - std[617be2ca0a6fd877]::panicking::panic_handler::{closure#0}
[INFO] [stdout]    8:     0x61aa9d668409 - std[617be2ca0a6fd877]::sys::backtrace::__rust_end_short_backtrace::<std[617be2ca0a6fd877]::panicking::panic_handler::{closure#0}, !>
[INFO] [stdout]    9:     0x61aa9d670a3d - __rustc[ea4f61d10b84890b]::rust_begin_unwind
[INFO] [stdout]   10:     0x61aa9d6aba4c - core[a373ad73a504971]::panicking::panic_fmt
[INFO] [stdout]   11:     0x61aa9d6ab822 - core[a373ad73a504971]::result::unwrap_failed
[INFO] [stdout]   12:     0x61aa9d49851c - <integration_test[dcf364cc15f741a0]::test_dump_subprocesses_no_duplication::{closure#0} as core[a373ad73a504971]::ops::function::FnOnce<()>>::call_once
[INFO] [stdout]   13:     0x61aa9d4a4eab - test[aada8e7e76ba119b]::__rust_begin_short_backtrace::<core[a373ad73a504971]::result::Result<(), alloc[2e1b2a31b91974c5]::string::String>, fn() -> core[a373ad73a504971]::result::Result<(), alloc[2e1b2a31b91974c5]::string::String>>
[INFO] [stdout]   14:     0x61aa9d4b2085 - test[aada8e7e76ba119b]::run_test::{closure#0}
[INFO] [stdout]   15:     0x61aa9d4ab974 - std[617be2ca0a6fd877]::sys::backtrace::__rust_begin_short_backtrace::<test[aada8e7e76ba119b]::run_test::{closure#1}, ()>
[INFO] [stdout]   16:     0x61aa9d4b5112 - <std[617be2ca0a6fd877]::thread::lifecycle::spawn_unchecked<test[aada8e7e76ba119b]::run_test::{closure#1}, ()>::{closure#1} as core[a373ad73a504971]::ops::function::FnOnce<()>>::call_once::{shim:vtable#0}
[INFO] [stdout]   17:     0x61aa9d69416f - <std[617be2ca0a6fd877]::sys::thread::unix::Thread>::new::thread_start
[INFO] [stdout]   18:     0x72e77ec43dfa - <unknown>
[INFO] [stdout]   19:     0x72e77ecd73d4 - clone
[INFO] [stdout]   20:                0x0 - <unknown>
[INFO] [stdout] 
[INFO] [stdout] ---- test_busy_loop stdout ----
[INFO] [stdout] 
[INFO] [stdout] thread 'test_busy_loop' (1603) panicked at tests/integration_test.rs:15:14:
[INFO] [stdout] called `Result::unwrap()` on an `Err` value: Os { code: 2, kind: NotFound, message: "No such file or directory" }
[INFO] [stdout] stack backtrace:
[INFO] [stdout]    0:     0x61aa9d694911 - <<std[617be2ca0a6fd877]::sys::backtrace::BacktraceLock>::print::DisplayBacktrace as core[a373ad73a504971]::fmt::Display>::fmt
[INFO] [stdout]    1:     0x61aa9d6ab26a - core[a373ad73a504971]::fmt::write
[INFO] [stdout]    2:     0x61aa9d6993dc - <alloc[2e1b2a31b91974c5]::vec::Vec<u8> as core[a373ad73a504971]::io::write::Write>::write_fmt
[INFO] [stdout]    3:     0x61aa9d66fc76 - std[617be2ca0a6fd877]::panicking::default_hook::{closure#0}
[INFO] [stdout]    4:     0x61aa9d68cc19 - std[617be2ca0a6fd877]::panicking::default_hook
[INFO] [stdout]    5:     0x61aa9d4b1a60 - test[aada8e7e76ba119b]::test_main_inner::{closure#0}
[INFO] [stdout]    6:     0x61aa9d68cdd2 - std[617be2ca0a6fd877]::panicking::panic_with_hook
[INFO] [stdout]    7:     0x61aa9d66fd22 - std[617be2ca0a6fd877]::panicking::panic_handler::{closure#0}
[INFO] [stdout]    8:     0x61aa9d668409 - std[617be2ca0a6fd877]::sys::backtrace::__rust_end_short_backtrace::<std[617be2ca0a6fd877]::panicking::panic_handler::{closure#0}, !>
[INFO] [stdout]    9:     0x61aa9d670a3d - __rustc[ea4f61d10b84890b]::rust_begin_unwind
[INFO] [stdout]   10:     0x61aa9d6aba4c - core[a373ad73a504971]::panicking::panic_fmt
[INFO] [stdout]   11:     0x61aa9d6ab822 - core[a373ad73a504971]::result::unwrap_failed
[INFO] [stdout]   12:     0x61aa9d491cc3 - <integration_test[dcf364cc15f741a0]::ScriptRunner>::new
[INFO] [stdout]   13:     0x61aa9d491d3c - <integration_test[dcf364cc15f741a0]::TestRunner>::new
[INFO] [stdout]   14:     0x61aa9d49275e - <integration_test[dcf364cc15f741a0]::test_busy_loop::{closure#0} as core[a373ad73a504971]::ops::function::FnOnce<()>>::call_once
[INFO] [stdout]   15:     0x61aa9d4a4eab - test[aada8e7e76ba119b]::__rust_begin_short_backtrace::<core[a373ad73a504971]::result::Result<(), alloc[2e1b2a31b91974c5]::string::String>, fn() -> core[a373ad73a504971]::result::Result<(), alloc[2e1b2a31b91974c5]::string::String>>
[INFO] [stdout]   16:     0x61aa9d4b2085 - test[aada8e7e76ba119b]::run_test::{closure#0}
[INFO] [stdout]   17:     0x61aa9d4ab974 - std[617be2ca0a6fd877]::sys::backtrace::__rust_begin_short_backtrace::<test[aada8e7e76ba119b]::run_test::{closure#1}, ()>
[INFO] [stdout]   18:     0x61aa9d4b5112 - <std[617be2ca0a6fd877]::thread::lifecycle::spawn_unchecked<test[aada8e7e76ba119b]::run_test::{closure#1}, ()>::{closure#1} as core[a373ad73a504971]::ops::function::FnOnce<()>>::call_once::{shim:vtable#0}
[INFO] [stdout]   19:     0x61aa9d69416f - <std[617be2ca0a6fd877]::sys::thread::unix::Thread>::new::thread_start
[INFO] [stdout]   20:     0x72e77ec43dfa - <unknown>
[INFO] [stdout]   21:     0x72e77ecd73d4 - clone
[INFO] [stdout]   22:                0x0 - <unknown>
[INFO] [stdout] 
[INFO] [stdout] ---- test_thread_names stdout ----
[INFO] [stdout] 
[INFO] [stdout] thread 'test_thread_names' (1614) panicked at tests/integration_test.rs:15:14:
[INFO] [stdout] called `Result::unwrap()` on an `Err` value: Os { code: 2, kind: NotFound, message: "No such file or directory" }
[INFO] [stdout] stack backtrace:
[INFO] [stdout]    0:     0x61aa9d694911 - <<std[617be2ca0a6fd877]::sys::backtrace::BacktraceLock>::print::DisplayBacktrace as core[a373ad73a504971]::fmt::Display>::fmt
[INFO] [stdout]    1:     0x61aa9d6ab26a - core[a373ad73a504971]::fmt::write
[INFO] [stdout]    2:     0x61aa9d6993dc - <alloc[2e1b2a31b91974c5]::vec::Vec<u8> as core[a373ad73a504971]::io::write::Write>::write_fmt
[INFO] [stdout]    3:     0x61aa9d66fc76 - std[617be2ca0a6fd877]::panicking::default_hook::{closure#0}
[INFO] [stdout]    4:     0x61aa9d68cc19 - std[617be2ca0a6fd877]::panicking::default_hook
[INFO] [stdout]    5:     0x61aa9d4b1a60 - test[aada8e7e76ba119b]::test_main_inner::{closure#0}
[INFO] [stdout]    6:     0x61aa9d68cdd2 - std[617be2ca0a6fd877]::panicking::panic_with_hook
[INFO] [stdout]    7:     0x61aa9d66fd22 - std[617be2ca0a6fd877]::panicking::panic_handler::{closure#0}
[INFO] [stdout]    8:     0x61aa9d668409 - std[617be2ca0a6fd877]::sys::backtrace::__rust_end_short_backtrace::<std[617be2ca0a6fd877]::panicking::panic_handler::{closure#0}, !>
[INFO] [stdout]    9:     0x61aa9d670a3d - __rustc[ea4f61d10b84890b]::rust_begin_unwind
[INFO] [stdout]   10:     0x61aa9d6aba4c - core[a373ad73a504971]::panicking::panic_fmt
[INFO] [stdout]   11:     0x61aa9d6ab822 - core[a373ad73a504971]::result::unwrap_failed
[INFO] [stdout]   12:     0x61aa9d491cc3 - <integration_test[dcf364cc15f741a0]::ScriptRunner>::new
[INFO] [stdout]   13:     0x61aa9d491d3c - <integration_test[dcf364cc15f741a0]::TestRunner>::new
[INFO] [stdout]   14:     0x61aa9d49605e - <integration_test[dcf364cc15f741a0]::test_thread_names::{closure#0} as core[a373ad73a504971]::ops::function::FnOnce<()>>::call_once
[INFO] [stdout]   15:     0x61aa9d4a4eab - test[aada8e7e76ba119b]::__rust_begin_short_backtrace::<core[a373ad73a504971]::result::Result<(), alloc[2e1b2a31b91974c5]::string::String>, fn() -> core[a373ad73a504971]::result::Result<(), alloc[2e1b2a31b91974c5]::string::String>>
[INFO] [stdout]   16:     0x61aa9d4b2085 - test[aada8e7e76ba119b]::run_test::{closure#0}
[INFO] [stdout]   17:     0x61aa9d4ab974 - std[617be2ca0a6fd877]::sys::backtrace::__rust_begin_short_backtrace::<test[aada8e7e76ba119b]::run_test::{closure#1}, ()>
[INFO] [stdout]   18:     0x61aa9d4b5112 - <std[617be2ca0a6fd877]::thread::lifecycle::spawn_unchecked<test[aada8e7e76ba119b]::run_test::{closure#1}, ()>::{closure#1} as core[a373ad73a504971]::ops::function::FnOnce<()>>::call_once::{shim:vtable#0}
[INFO] [stdout]   19:     0x61aa9d69416f - <std[617be2ca0a6fd877]::sys::thread::unix::Thread>::new::thread_start
[INFO] [stdout]   20:     0x72e77ec43dfa - <unknown>
[INFO] [stdout]   21:     0x72e77ecd73d4 - clone
[INFO] [stdout]   22:                0x0 - <unknown>
[INFO] [stdout] 
[INFO] [stdout] ---- test_delayed_subprocess stdout ----
[INFO] [stdout] 
[INFO] [stdout] thread 'test_delayed_subprocess' (1605) panicked at tests/integration_test.rs:548:72:
[INFO] [stdout] called `Result::unwrap()` on an `Err` value: No python processes found in process 1623 or any of its subprocesses
[INFO] [stdout] 
[INFO] [stdout] Stack backtrace:
[INFO] [stdout]    0: <anyhow::Error>::msg::<alloc::string::String>
[INFO] [stdout]    1: <py_spy::sampler::Sampler>::new
[INFO] [stdout]    2: <integration_test::test_delayed_subprocess::{closure#0} as core::ops::function::FnOnce<()>>::call_once
[INFO] [stdout]    3: test::__rust_begin_short_backtrace::<core::result::Result<(), alloc::string::String>, fn() -> core::result::Result<(), alloc::string::String>>
[INFO] [stdout]    4: test::run_test::{closure#0}
[INFO] [stdout]    5: std::sys::backtrace::__rust_begin_short_backtrace::<test::run_test::{closure#1}, ()>
[INFO] [stdout]    6: <std::thread::lifecycle::spawn_unchecked<test::run_test::{closure#1}, ()>::{closure#1} as core::ops::function::FnOnce<()>>::call_once::{shim:vtable#0}
[INFO] [stdout]    7: <std::sys::thread::unix::Thread>::new::thread_start
[INFO] [stdout]    8: <unknown>
[INFO] [stdout]    9: clone
[INFO] [stdout] stack backtrace:
[INFO] [stdout]    0:     0x61aa9d694911 - <<std[617be2ca0a6fd877]::sys::backtrace::BacktraceLock>::print::DisplayBacktrace as core[a373ad73a504971]::fmt::Display>::fmt
[INFO] [stdout]    1:     0x61aa9d6ab26a - core[a373ad73a504971]::fmt::write
[INFO] [stdout]    2:     0x61aa9d6993dc - <alloc[2e1b2a31b91974c5]::vec::Vec<u8> as core[a373ad73a504971]::io::write::Write>::write_fmt
[INFO] [stdout]    3:     0x61aa9d66fc76 - std[617be2ca0a6fd877]::panicking::default_hook::{closure#0}
[INFO] [stdout]    4:     0x61aa9d68cc19 - std[617be2ca0a6fd877]::panicking::default_hook
[INFO] [stdout]    5:     0x61aa9d4b1a60 - test[aada8e7e76ba119b]::test_main_inner::{closure#0}
[INFO] [stdout]    6:     0x61aa9d68cdd2 - std[617be2ca0a6fd877]::panicking::panic_with_hook
[INFO] [stdout]    7:     0x61aa9d66fd22 - std[617be2ca0a6fd877]::panicking::panic_handler::{closure#0}
[INFO] [stdout]    8:     0x61aa9d668409 - std[617be2ca0a6fd877]::sys::backtrace::__rust_end_short_backtrace::<std[617be2ca0a6fd877]::panicking::panic_handler::{closure#0}, !>
[INFO] [stdout]    9:     0x61aa9d670a3d - __rustc[ea4f61d10b84890b]::rust_begin_unwind
[INFO] [stdout]   10:     0x61aa9d6aba4c - core[a373ad73a504971]::panicking::panic_fmt
[INFO] [stdout]   11:     0x61aa9d6ab822 - core[a373ad73a504971]::result::unwrap_failed
[INFO] [stdout]   12:     0x61aa9d496f2d - <integration_test[dcf364cc15f741a0]::test_delayed_subprocess::{closure#0} as core[a373ad73a504971]::ops::function::FnOnce<()>>::call_once
[INFO] [stdout]   13:     0x61aa9d4a4eab - test[aada8e7e76ba119b]::__rust_begin_short_backtrace::<core[a373ad73a504971]::result::Result<(), alloc[2e1b2a31b91974c5]::string::String>, fn() -> core[a373ad73a504971]::result::Result<(), alloc[2e1b2a31b91974c5]::string::String>>
[INFO] [stdout]   14:     0x61aa9d4b2085 - test[aada8e7e76ba119b]::run_test::{closure#0}
[INFO] [stdout]   15:     0x61aa9d4ab974 - std[617be2ca0a6fd877]::sys::backtrace::__rust_begin_short_backtrace::<test[aada8e7e76ba119b]::run_test::{closure#1}, ()>
[INFO] [stdout]   16:     0x61aa9d4b5112 - <std[617be2ca0a6fd877]::thread::lifecycle::spawn_unchecked<test[aada8e7e76ba119b]::run_test::{closure#1}, ()>::{closure#1} as core[a373ad73a504971]::ops::function::FnOnce<()>>::call_once::{shim:vtable#0}
[INFO] [stdout]   17:     0x61aa9d69416f - <std[617be2ca0a6fd877]::sys::thread::unix::Thread>::new::thread_start
[INFO] [stdout]   18:     0x72e77ec43dfa - <unknown>
[INFO] [stdout]   19:     0x72e77ecd73d4 - clone
[INFO] [stdout]   20:                0x0 - <unknown>
[INFO] [stdout] 
[INFO] [stdout] 
[INFO] [stdout] failures:
[INFO] [stdout]     test_busy_loop
[INFO] [stdout]     test_cyrillic
[INFO] [stdout]     test_delayed_subprocess
[INFO] [stdout]     test_dump_subprocesses_no_duplication
[INFO] [stdout]     test_local_vars
[INFO] [stdout]     test_long_sleep
[INFO] [stdout]     test_negative_linenumber_increment
[INFO] [stdout]     test_recursive
[INFO] [stdout]     test_subprocesses
[INFO] [stdout]     test_subprocesses_zombiechild
[INFO] [stdout]     test_thread_names
[INFO] [stdout]     test_unicode
[INFO] [stdout] 
[INFO] [stdout] test result: FAILED. 0 passed; 12 failed; 0 ignored; 0 measured; 0 filtered out; finished in 1.18s
[INFO] [stdout] 
[INFO] running `Command { std: "docker" "inspect" "63baa76a0a2296f5aabb684949109ca525372e8bf284126de60dc66a9bdc3c9a", kill_on_drop: false }`
[INFO] running `Command { std: "docker" "rm" "-f" "63baa76a0a2296f5aabb684949109ca525372e8bf284126de60dc66a9bdc3c9a", kill_on_drop: false }`
[INFO] [stdout] 63baa76a0a2296f5aabb684949109ca525372e8bf284126de60dc66a9bdc3c9a
