[INFO] fetching crate py-holidays-rs 0.1.3...
[INFO] testing py-holidays-rs-0.1.3 against 1.99.0-beta.8+cargoflags=--release for beta-release-1.100-2
[INFO] extracting crate py-holidays-rs 0.1.3 into /workspace/builds/worker-6-tc1/source
[INFO] started tweaking crates.io crate py-holidays-rs 0.1.3
[INFO] finished tweaking crates.io crate py-holidays-rs 0.1.3
[INFO] tweaked toml for crates.io crate py-holidays-rs 0.1.3 written to /workspace/builds/worker-6-tc1/source/Cargo.toml
[INFO] validating manifest of crates.io crate py-holidays-rs 0.1.3 on toolchain 1.99.0-beta.8
[INFO] running `Command { std: CARGO_HOME="/workspace/cargo-home" RUSTUP_HOME="/workspace/rustup-home" "/workspace/cargo-home/bin/cargo" "+1.99.0-beta.8" "metadata" "--manifest-path" "Cargo.toml" "--no-deps", kill_on_drop: false }`
[INFO] crate crates.io crate py-holidays-rs 0.1.3 already has a lockfile, it will not be regenerated
[INFO] running `Command { std: CARGO_HOME="/workspace/cargo-home" RUSTUP_HOME="/workspace/rustup-home" "/workspace/cargo-home/bin/cargo" "+1.99.0-beta.8" "fetch" "--manifest-path" "Cargo.toml", kill_on_drop: false }`
[INFO] [stderr]     Blocking waiting for file lock on package cache
[INFO] [stderr]     Updating crates.io index
[INFO] [stderr]     Blocking waiting for file lock on package cache
[INFO] [stderr]  Downloading crates ...
[INFO] [stderr]   Downloaded wasm-bindgen-futures v0.4.51
[INFO] [stderr]   Downloaded rust-embed-utils v8.7.2
[INFO] [stderr]   Downloaded io-uring v0.7.10
[INFO] [stderr]   Downloaded rust-embed-impl v8.7.2
[INFO] [stderr]   Downloaded gloo-utils v0.1.7
[INFO] [stderr]   Downloaded gloo-net v0.1.0
[INFO] [stderr]   Downloaded reqwasm v0.5.0
[INFO] [stderr]   Downloaded wasi v0.14.5+wasi-0.2.4
[INFO] [stderr]   Downloaded tempfile v3.22.0
[INFO] [stderr]   Downloaded wit-bindgen v0.45.1
[INFO] [stderr]   Downloaded indexmap v2.11.1
[INFO] [stderr]   Downloaded wasip2 v1.0.0+wasi-0.2.4
[INFO] [stderr]   Downloaded rust-embed v8.7.2
[INFO] [stderr]   Downloaded windows-sys v0.61.0
[INFO] running `Command { std: "docker" "create" "-v" "/var/lib/crater-agent-workspace/builds/worker-6-tc1/source:/opt/rustwide/workdir:ro,Z" "-v" "/var/lib/crater-agent-workspace/builds/worker-6-tc1/target:/opt/rustwide/target:rw,Z" "-v" "/var/lib/crater-agent-workspace/cargo-home:/opt/rustwide/cargo-home:ro,Z" "-v" "/var/lib/crater-agent-workspace/rustup-home:/opt/rustwide/rustup-home:ro,Z" "-m" "1610612736" "--network" "none" "ghcr.io/rust-lang/crates-build-env/linux@sha256:77db811e55d90add9212f6832c23229e3de5f1c1f9905e8cb07319ea15df73ac" "sleep" "infinity", kill_on_drop: false }`
[INFO] [stdout] 08783031fc823e79fb46cd6ce75b1459506e5ef339b590292dd309c4b4e6916f
[INFO] running `Command { std: "docker" "start" "08783031fc823e79fb46cd6ce75b1459506e5ef339b590292dd309c4b4e6916f", kill_on_drop: false }`
[INFO] running `Command { std: "docker" "inspect" "08783031fc823e79fb46cd6ce75b1459506e5ef339b590292dd309c4b4e6916f", kill_on_drop: false }`
[INFO] running `Command { std: "docker" "exec" "-e" "SOURCE_DIR=/opt/rustwide/workdir" "-e" "CARGO_HOME=/opt/rustwide/cargo-home" "-e" "RUSTUP_HOME=/opt/rustwide/rustup-home" "-e" "CARGO_TARGET_DIR=/opt/rustwide/target" "-w" "/opt/rustwide/workdir" "--user" "0:0" "08783031fc823e79fb46cd6ce75b1459506e5ef339b590292dd309c4b4e6916f" "/opt/rustwide/cargo-home/bin/cargo" "+1.99.0-beta.8" "metadata" "--no-deps" "--format-version=1", kill_on_drop: false }`
[INFO] running `Command { std: "docker" "inspect" "08783031fc823e79fb46cd6ce75b1459506e5ef339b590292dd309c4b4e6916f", kill_on_drop: false }`
[INFO] running `Command { std: "docker" "exec" "-e" "SOURCE_DIR=/opt/rustwide/workdir" "-e" "CARGO_HOME=/opt/rustwide/cargo-home" "-e" "RUSTUP_HOME=/opt/rustwide/rustup-home" "-e" "CARGO_TARGET_DIR=/opt/rustwide/target" "-e" "CARGO_INCREMENTAL=0" "-e" "RUST_BACKTRACE=full" "-e" "RUSTFLAGS=--cap-lints=warn" "-e" "RUSTDOCFLAGS=--cap-lints=warn" "-w" "/opt/rustwide/workdir" "--user" "0:0" "08783031fc823e79fb46cd6ce75b1459506e5ef339b590292dd309c4b4e6916f" "/opt/rustwide/cargo-home/bin/cargo" "+1.99.0-beta.8" "build" "--frozen" "--message-format=json" "--release", kill_on_drop: false }`
[INFO] [stderr]    Compiling proc-macro2 v1.0.101
[INFO] [stderr]    Compiling libc v0.2.175
[INFO] [stderr]    Compiling cfg-if v1.0.3
[INFO] [stderr]    Compiling find-msvc-tools v0.1.1
[INFO] [stderr]    Compiling hashbrown v0.15.5
[INFO] [stderr]    Compiling bitflags v2.9.4
[INFO] [stderr]    Compiling serde v1.0.219
[INFO] [stderr]    Compiling log v0.4.28
[INFO] [stderr]    Compiling serde_json v1.0.143
[INFO] [stderr]    Compiling miniz_oxide v0.8.9
[INFO] [stderr]    Compiling crc32fast v1.5.0
[INFO] [stderr]    Compiling cc v1.2.36
[INFO] [stderr]    Compiling quote v1.0.40
[INFO] [stderr]    Compiling flate2 v1.1.2
[INFO] [stderr]    Compiling syn v2.0.106
[INFO] [stderr]    Compiling parking_lot_core v0.9.11
[INFO] [stderr]    Compiling socket2 v0.6.0
[INFO] [stderr]    Compiling signal-hook-registry v1.4.6
[INFO] [stderr]    Compiling mio v1.0.4
[INFO] [stderr]    Compiling indexmap v2.11.1
[INFO] [stderr]    Compiling parking_lot v0.12.4
[INFO] [stderr]    Compiling openssl-sys v0.9.109
[INFO] [stderr]    Compiling openssl v0.10.73
[INFO] [stderr]    Compiling native-tls v0.2.14
[INFO] [stderr]    Compiling tokio-macros v2.5.0
[INFO] [stderr]    Compiling openssl-macros v0.1.1
[INFO] [stderr]    Compiling serde_derive v1.0.219
[INFO] [stderr]    Compiling tokio v1.47.1
[INFO] [stderr]    Compiling chrono v0.4.42
[INFO] [stderr]    Compiling tokio-util v0.7.16
[INFO] [stderr]    Compiling tokio-native-tls v0.3.1
[INFO] [stderr]    Compiling h2 v0.4.12
[INFO] [stderr]    Compiling hyper v1.7.0
[INFO] [stderr]    Compiling hyper-util v0.1.16
[INFO] [stderr]    Compiling hyper-tls v0.6.0
[INFO] [stderr]    Compiling py-holidays-rs v0.1.3 (/opt/rustwide/workdir)
[INFO] [stderr]     Finished `release` profile [optimized] target(s) in 45.51s
[INFO] running `Command { std: "docker" "inspect" "08783031fc823e79fb46cd6ce75b1459506e5ef339b590292dd309c4b4e6916f", kill_on_drop: false }`
[INFO] running `Command { std: "docker" "exec" "-e" "SOURCE_DIR=/opt/rustwide/workdir" "-e" "CARGO_HOME=/opt/rustwide/cargo-home" "-e" "RUSTUP_HOME=/opt/rustwide/rustup-home" "-e" "CARGO_TARGET_DIR=/opt/rustwide/target" "-e" "CARGO_INCREMENTAL=0" "-e" "RUST_BACKTRACE=full" "-e" "RUSTFLAGS=--cap-lints=warn" "-e" "RUSTDOCFLAGS=--cap-lints=warn" "-w" "/opt/rustwide/workdir" "--user" "0:0" "08783031fc823e79fb46cd6ce75b1459506e5ef339b590292dd309c4b4e6916f" "/opt/rustwide/cargo-home/bin/cargo" "+1.99.0-beta.8" "test" "--frozen" "--no-run" "--message-format=json" "--release", kill_on_drop: false }`
[INFO] [stderr]    Compiling py-holidays-rs v0.1.3 (/opt/rustwide/workdir)
[INFO] [stderr]     Finished `release` profile [optimized] target(s) in 9.66s
[INFO] running `Command { std: "docker" "inspect" "08783031fc823e79fb46cd6ce75b1459506e5ef339b590292dd309c4b4e6916f", kill_on_drop: false }`
[INFO] running `Command { std: "docker" "exec" "-e" "SOURCE_DIR=/opt/rustwide/workdir" "-e" "CARGO_HOME=/opt/rustwide/cargo-home" "-e" "RUSTUP_HOME=/opt/rustwide/rustup-home" "-e" "CARGO_TARGET_DIR=/opt/rustwide/target" "-e" "CARGO_INCREMENTAL=0" "-e" "RUST_BACKTRACE=full" "-e" "RUSTFLAGS=--cap-lints=warn" "-e" "RUSTDOCFLAGS=--cap-lints=warn" "-w" "/opt/rustwide/workdir" "--user" "0:0" "08783031fc823e79fb46cd6ce75b1459506e5ef339b590292dd309c4b4e6916f" "/opt/rustwide/cargo-home/bin/cargo" "+1.99.0-beta.8" "test" "--frozen" "--release", kill_on_drop: false }`
[INFO] [stderr]     Finished `release` profile [optimized] target(s) in 0.11s
[INFO] [stderr]      Running unittests src/lib.rs (/opt/rustwide/target/release/deps/py_holidays_rs-3060d77170f604ab)
[INFO] [stdout] 
[INFO] [stdout] running 4 tests
[INFO] [stdout] test tests::test_initialise ... FAILED
[INFO] [stdout] test tests::test_au ... FAILED
[INFO] [stdout] test tests::test_us ... FAILED
[INFO] [stdout] test tests::test_gb ... FAILED
[INFO] [stdout] 
[INFO] [stdout] failures:
[INFO] [stdout] 
[INFO] [stdout] ---- tests::test_initialise stdout ----
[INFO] [stdout] 
[INFO] [stdout] thread 'tests::test_initialise' (934) panicked at src/lib.rs:129:9:
[INFO] [stdout] assertion failed: i.is_ok()
[INFO] [stdout] stack backtrace:
[INFO] [stdout]    0:     0x6352b8cb4901 - <<std[70759c8f55707aa4]::sys::backtrace::BacktraceLock>::print::DisplayBacktrace as core[df12db4294e9bfd3]::fmt::Display>::fmt
[INFO] [stdout]    1:     0x6352b8cca59a - core[df12db4294e9bfd3]::fmt::write
[INFO] [stdout]    2:     0x6352b8cb93cc - <alloc[2182bb758b4b3781]::vec::Vec<u8> as core[df12db4294e9bfd3]::io::write::Write>::write_fmt
[INFO] [stdout]    3:     0x6352b8c8fc66 - std[70759c8f55707aa4]::panicking::default_hook::{closure#0}
[INFO] [stdout]    4:     0x6352b8cac929 - std[70759c8f55707aa4]::panicking::default_hook
[INFO] [stdout]    5:     0x6352b8c47aa0 - test[9d35eded1c95d3be]::test_main_inner::<test[9d35eded1c95d3be]::test_main_static::{closure#0}>::{closure#0}
[INFO] [stdout]    6:     0x6352b8cacc52 - std[70759c8f55707aa4]::panicking::panic_with_hook
[INFO] [stdout]    7:     0x6352b8c8fd44 - std[70759c8f55707aa4]::panicking::panic_handler::{closure#0}
[INFO] [stdout]    8:     0x6352b8c889b9 - std[70759c8f55707aa4]::sys::backtrace::__rust_end_short_backtrace::<std[70759c8f55707aa4]::panicking::panic_handler::{closure#0}, !>
[INFO] [stdout]    9:     0x6352b8c90afd - __rustc[8fa7c3cbc660c2b3]::rust_begin_unwind
[INFO] [stdout]   10:     0x6352b8ccacfc - core[df12db4294e9bfd3]::panicking::panic_fmt
[INFO] [stdout]   11:     0x6352b8ccacc2 - core[df12db4294e9bfd3]::panicking::panic
[INFO] [stdout]   12:     0x6352b8b55d58 - <py_holidays_rs[b86a5ad275c6a9d9]::tests::test_initialise::{closure#0} as core[df12db4294e9bfd3]::ops::function::FnOnce<()>>::call_once
[INFO] [stdout]   13:     0x6352b8c3ad8b - test[9d35eded1c95d3be]::__rust_begin_short_backtrace::<core[df12db4294e9bfd3]::result::Result<(), alloc[2182bb758b4b3781]::string::String>, fn() -> core[df12db4294e9bfd3]::result::Result<(), alloc[2182bb758b4b3781]::string::String>>
[INFO] [stdout]   14:     0x6352b8c483f5 - test[9d35eded1c95d3be]::run_test::{closure#0}
[INFO] [stdout]   15:     0x6352b8c41cb4 - std[70759c8f55707aa4]::sys::backtrace::__rust_begin_short_backtrace::<test[9d35eded1c95d3be]::run_test::{closure#1}, ()>
[INFO] [stdout]   16:     0x6352b8c4b552 - <std[70759c8f55707aa4]::thread::lifecycle::spawn_unchecked<test[9d35eded1c95d3be]::run_test::{closure#1}, ()>::{closure#1} as core[df12db4294e9bfd3]::ops::function::FnOnce<()>>::call_once::{shim:vtable#0}
[INFO] [stdout]   17:     0x6352b8cb3e29 - <std[70759c8f55707aa4]::sys::thread::unix::Thread>::new::thread_start
[INFO] [stdout]   18:     0x783de9722dfa - <unknown>
[INFO] [stdout]   19:     0x783de97b63d4 - clone
[INFO] [stdout]   20:                0x0 - <unknown>
[INFO] [stdout] 
[INFO] [stdout] ---- tests::test_au stdout ----
[INFO] [stdout] 
[INFO] [stdout] thread 'tests::test_au' (932) panicked at src/lib.rs:139:9:
[INFO] [stdout] assertion failed: i.is_ok()
[INFO] [stdout] stack backtrace:
[INFO] [stdout]    0:     0x6352b8cb4901 - <<std[70759c8f55707aa4]::sys::backtrace::BacktraceLock>::print::DisplayBacktrace as core[df12db4294e9bfd3]::fmt::Display>::fmt
[INFO] [stdout]    1:     0x6352b8cca59a - core[df12db4294e9bfd3]::fmt::write
[INFO] [stdout]    2:     0x6352b8cb93cc - <alloc[2182bb758b4b3781]::vec::Vec<u8> as core[df12db4294e9bfd3]::io::write::Write>::write_fmt
[INFO] [stdout]    3:     0x6352b8c8fc66 - std[70759c8f55707aa4]::panicking::default_hook::{closure#0}
[INFO] [stdout]    4:     0x6352b8cac929 - std[70759c8f55707aa4]::panicking::default_hook
[INFO] [stdout]    5:     0x6352b8c47aa0 - test[9d35eded1c95d3be]::test_main_inner::<test[9d35eded1c95d3be]::test_main_static::{closure#0}>::{closure#0}
[INFO] [stdout]    6:     0x6352b8cacc52 - std[70759c8f55707aa4]::panicking::panic_with_hook
[INFO] [stdout]    7:     0x6352b8c8fd44 - std[70759c8f55707aa4]::panicking::panic_handler::{closure#0}
[INFO] [stdout]    8:     0x6352b8c889b9 - std[70759c8f55707aa4]::sys::backtrace::__rust_end_short_backtrace::<std[70759c8f55707aa4]::panicking::panic_handler::{closure#0}, !>
[INFO] [stdout]    9:     0x6352b8c90afd - __rustc[8fa7c3cbc660c2b3]::rust_begin_unwind
[INFO] [stdout]   10:     0x6352b8ccacfc - core[df12db4294e9bfd3]::panicking::panic_fmt
[INFO] [stdout]   11:     0x6352b8ccacc2 - core[df12db4294e9bfd3]::panicking::panic
[INFO] [stdout]   12:     0x6352b8b55dcd - <py_holidays_rs[b86a5ad275c6a9d9]::tests::test_au::{closure#0} as core[df12db4294e9bfd3]::ops::function::FnOnce<()>>::call_once
[INFO] [stdout]   13:     0x6352b8c3ad8b - test[9d35eded1c95d3be]::__rust_begin_short_backtrace::<core[df12db4294e9bfd3]::result::Result<(), alloc[2182bb758b4b3781]::string::String>, fn() -> core[df12db4294e9bfd3]::result::Result<(), alloc[2182bb758b4b3781]::string::String>>
[INFO] [stdout]   14:     0x6352b8c483f5 - test[9d35eded1c95d3be]::run_test::{closure#0}
[INFO] [stdout]   15:     0x6352b8c41cb4 - std[70759c8f55707aa4]::sys::backtrace::__rust_begin_short_backtrace::<test[9d35eded1c95d3be]::run_test::{closure#1}, ()>
[INFO] [stdout]   16:     0x6352b8c4b552 - <std[70759c8f55707aa4]::thread::lifecycle::spawn_unchecked<test[9d35eded1c95d3be]::run_test::{closure#1}, ()>::{closure#1} as core[df12db4294e9bfd3]::ops::function::FnOnce<()>>::call_once::{shim:vtable#0}
[INFO] [stdout]   17:     0x6352b8cb3e29 - <std[70759c8f55707aa4]::sys::thread::unix::Thread>::new::thread_start
[INFO] [stdout]   18:     0x783de9722dfa - <unknown>
[INFO] [stdout]   19:     0x783de97b63d4 - clone
[INFO] [stdout]   20:                0x0 - <unknown>
[INFO] [stdout] 
[INFO] [stdout] ---- tests::test_us stdout ----
[INFO] [stdout] 
[INFO] [stdout] thread 'tests::test_us' (935) panicked at src/lib.rs:159:9:
[INFO] [stdout] assertion failed: i.is_ok()
[INFO] [stdout] stack backtrace:
[INFO] [stdout]    0:     0x6352b8cb4901 - <<std[70759c8f55707aa4]::sys::backtrace::BacktraceLock>::print::DisplayBacktrace as core[df12db4294e9bfd3]::fmt::Display>::fmt
[INFO] [stdout]    1:     0x6352b8cca59a - core[df12db4294e9bfd3]::fmt::write
[INFO] [stdout]    2:     0x6352b8cb93cc - <alloc[2182bb758b4b3781]::vec::Vec<u8> as core[df12db4294e9bfd3]::io::write::Write>::write_fmt
[INFO] [stdout]    3:     0x6352b8c8fc66 - std[70759c8f55707aa4]::panicking::default_hook::{closure#0}
[INFO] [stdout]    4:     0x6352b8cac929 - std[70759c8f55707aa4]::panicking::default_hook
[INFO] [stdout]    5:     0x6352b8c47aa0 - test[9d35eded1c95d3be]::test_main_inner::<test[9d35eded1c95d3be]::test_main_static::{closure#0}>::{closure#0}
[INFO] [stdout]    6:     0x6352b8cacc52 - std[70759c8f55707aa4]::panicking::panic_with_hook
[INFO] [stdout]    7:     0x6352b8c8fd44 - std[70759c8f55707aa4]::panicking::panic_handler::{closure#0}
[INFO] [stdout]    8:     0x6352b8c889b9 - std[70759c8f55707aa4]::sys::backtrace::__rust_end_short_backtrace::<std[70759c8f55707aa4]::panicking::panic_handler::{closure#0}, !>
[INFO] [stdout]    9:     0x6352b8c90afd - __rustc[8fa7c3cbc660c2b3]::rust_begin_unwind
[INFO] [stdout]   10:     0x6352b8ccacfc - core[df12db4294e9bfd3]::panicking::panic_fmt
[INFO] [stdout]   11:     0x6352b8ccacc2 - core[df12db4294e9bfd3]::panicking::panic
[INFO] [stdout]   12:     0x6352b8b55ead - <py_holidays_rs[b86a5ad275c6a9d9]::tests::test_us::{closure#0} as core[df12db4294e9bfd3]::ops::function::FnOnce<()>>::call_once
[INFO] [stdout]   13:     0x6352b8c3ad8b - test[9d35eded1c95d3be]::__rust_begin_short_backtrace::<core[df12db4294e9bfd3]::result::Result<(), alloc[2182bb758b4b3781]::string::String>, fn() -> core[df12db4294e9bfd3]::result::Result<(), alloc[2182bb758b4b3781]::string::String>>
[INFO] [stdout]   14:     0x6352b8c483f5 - test[9d35eded1c95d3be]::run_test::{closure#0}
[INFO] [stdout]   15:     0x6352b8c41cb4 - std[70759c8f55707aa4]::sys::backtrace::__rust_begin_short_backtrace::<test[9d35eded1c95d3be]::run_test::{closure#1}, ()>
[INFO] [stdout]   16:     0x6352b8c4b552 - <std[70759c8f55707aa4]::thread::lifecycle::spawn_unchecked<test[9d35eded1c95d3be]::run_test::{closure#1}, ()>::{closure#1} as core[df12db4294e9bfd3]::ops::function::FnOnce<()>>::call_once::{shim:vtable#0}
[INFO] [stdout]   17:     0x6352b8cb3e29 - <std[70759c8f55707aa4]::sys::thread::unix::Thread>::new::thread_start
[INFO] [stdout]   18:     0x783de9722dfa - <unknown>
[INFO] [stdout]   19:     0x783de97b63d4 - clone
[INFO] [stdout]   20:                0x0 - <unknown>
[INFO] [stdout] 
[INFO] [stdout] ---- tests::test_gb stdout ----
[INFO] [stdout] 
[INFO] [stdout] thread 'tests::test_gb' (933) panicked at src/lib.rs:149:9:
[INFO] [stdout] assertion failed: i.is_ok()
[INFO] [stdout] stack backtrace:
[INFO] [stdout]    0:     0x6352b8cb4901 - <<std[70759c8f55707aa4]::sys::backtrace::BacktraceLock>::print::DisplayBacktrace as core[df12db4294e9bfd3]::fmt::Display>::fmt
[INFO] [stdout]    1:     0x6352b8cca59a - core[df12db4294e9bfd3]::fmt::write
[INFO] [stdout]    2:     0x6352b8cb93cc - <alloc[2182bb758b4b3781]::vec::Vec<u8> as core[df12db4294e9bfd3]::io::write::Write>::write_fmt
[INFO] [stdout]    3:     0x6352b8c8fc66 - std[70759c8f55707aa4]::panicking::default_hook::{closure#0}
[INFO] [stdout]    4:     0x6352b8cac929 - std[70759c8f55707aa4]::panicking::default_hook
[INFO] [stdout]    5:     0x6352b8c47aa0 - test[9d35eded1c95d3be]::test_main_inner::<test[9d35eded1c95d3be]::test_main_static::{closure#0}>::{closure#0}
[INFO] [stdout]    6:     0x6352b8cacc52 - std[70759c8f55707aa4]::panicking::panic_with_hook
[INFO] [stdout]    7:     0x6352b8c8fd44 - std[70759c8f55707aa4]::panicking::panic_handler::{closure#0}
[INFO] [stdout]    8:     0x6352b8c889b9 - std[70759c8f55707aa4]::sys::backtrace::__rust_end_short_backtrace::<std[70759c8f55707aa4]::panicking::panic_handler::{closure#0}, !>
[INFO] [stdout]    9:     0x6352b8c90afd - __rustc[8fa7c3cbc660c2b3]::rust_begin_unwind
[INFO] [stdout]   10:     0x6352b8ccacfc - core[df12db4294e9bfd3]::panicking::panic_fmt
[INFO] [stdout]   11:     0x6352b8ccacc2 - core[df12db4294e9bfd3]::panicking::panic
[INFO] [stdout]   12:     0x6352b8b55e3d - <py_holidays_rs[b86a5ad275c6a9d9]::tests::test_gb::{closure#0} as core[df12db4294e9bfd3]::ops::function::FnOnce<()>>::call_once
[INFO] [stdout]   13:     0x6352b8c3ad8b - test[9d35eded1c95d3be]::__rust_begin_short_backtrace::<core[df12db4294e9bfd3]::result::Result<(), alloc[2182bb758b4b3781]::string::String>, fn() -> core[df12db4294e9bfd3]::result::Result<(), alloc[2182bb758b4b3781]::string::String>>
[INFO] [stdout]   14:     0x6352b8c483f5 - test[9d35eded1c95d3be]::run_test::{closure#0}
[INFO] [stdout]   15:     0x6352b8c41cb4 - std[70759c8f55707aa4]::sys::backtrace::__rust_begin_short_backtrace::<test[9d35eded1c95d3be]::run_test::{closure#1}, ()>
[INFO] [stdout]   16:     0x6352b8c4b552 - <std[70759c8f55707aa4]::thread::lifecycle::spawn_unchecked<test[9d35eded1c95d3be]::run_test::{closure#1}, ()>::{closure#1} as core[df12db4294e9bfd3]::ops::function::FnOnce<()>>::call_once::{shim:vtable#0}
[INFO] [stdout]   17:     0x6352b8cb3e29 - <std[70759c8f55707aa4]::sys::thread::unix::Thread>::new::thread_start
[INFO] [stdout]   18:     0x783de9722dfa - <unknown>
[INFO] [stdout]   19:     0x783de97b63d4 - clone
[INFO] [stdout]   20:                0x0 - <unknown>
[INFO] [stdout] 
[INFO] [stdout] 
[INFO] [stdout] failures:
[INFO] [stdout]     tests::test_au
[INFO] [stdout]     tests::test_gb
[INFO] [stdout]     tests::test_initialise
[INFO] [stdout]     tests::test_us
[INFO] [stdout] 
[INFO] [stdout] test result: FAILED. 0 passed; 4 failed; 0 ignored; 0 measured; 0 filtered out; finished in 0.32s
[INFO] [stdout] 
[INFO] [stderr] error: test failed, to rerun pass `--lib`
[INFO] running `Command { std: "docker" "inspect" "08783031fc823e79fb46cd6ce75b1459506e5ef339b590292dd309c4b4e6916f", kill_on_drop: false }`
[INFO] running `Command { std: "docker" "rm" "-f" "08783031fc823e79fb46cd6ce75b1459506e5ef339b590292dd309c4b4e6916f", kill_on_drop: false }`
[INFO] [stdout] 08783031fc823e79fb46cd6ce75b1459506e5ef339b590292dd309c4b4e6916f
