[INFO] fetching crate pxtally 1.3.0...
[INFO] testing pxtally-1.3.0 against 1.99.0-beta.8+cargoflags=--release for beta-release-1.100-2
[INFO] extracting crate pxtally 1.3.0 into /workspace/builds/worker-4-tc1/source
[INFO] started tweaking crates.io crate pxtally 1.3.0
[INFO] finished tweaking crates.io crate pxtally 1.3.0
[INFO] tweaked toml for crates.io crate pxtally 1.3.0 written to /workspace/builds/worker-4-tc1/source/Cargo.toml
[INFO] validating manifest of crates.io crate pxtally 1.3.0 on toolchain 1.99.0-beta.8
[INFO] running `Command { std: CARGO_HOME="/workspace/cargo-home" RUSTUP_HOME="/workspace/rustup-home" "/workspace/cargo-home/bin/cargo" "+1.99.0-beta.8" "metadata" "--manifest-path" "Cargo.toml" "--no-deps", kill_on_drop: false }`
[INFO] crate crates.io crate pxtally 1.3.0 already has a lockfile, it will not be regenerated
[INFO] running `Command { std: CARGO_HOME="/workspace/cargo-home" RUSTUP_HOME="/workspace/rustup-home" "/workspace/cargo-home/bin/cargo" "+1.99.0-beta.8" "fetch" "--manifest-path" "Cargo.toml", kill_on_drop: false }`
[INFO] [stderr]     Updating crates.io index
[INFO] [stderr]     Blocking waiting for file lock on package cache
[INFO] [stderr]  Downloading crates ...
[INFO] [stderr]   Downloaded arc-swap v1.8.2
[INFO] [stderr]   Downloaded rust-i18n v3.1.5
[INFO] [stderr]   Downloaded wasm-bindgen-shared v0.2.113
[INFO] [stderr]   Downloaded base62 v2.2.4
[INFO] [stderr]   Downloaded rust-i18n-macro v3.1.5
[INFO] [stderr]   Downloaded rust-i18n-support v3.1.5
[INFO] [stderr]   Downloaded wasm-bindgen-macro v0.2.113
[INFO] [stderr]   Downloaded wasm-bindgen-macro-support v0.2.113
[INFO] [stderr]   Downloaded wasm-bindgen v0.2.113
[INFO] [stderr]   Downloaded color v0.3.2
[INFO] running `Command { std: "docker" "create" "-v" "/var/lib/crater-agent-workspace/builds/worker-4-tc1/source:/opt/rustwide/workdir:ro,Z" "-v" "/var/lib/crater-agent-workspace/builds/worker-4-tc1/target:/opt/rustwide/target:rw,Z" "-v" "/var/lib/crater-agent-workspace/cargo-home:/opt/rustwide/cargo-home:ro,Z" "-v" "/var/lib/crater-agent-workspace/rustup-home:/opt/rustwide/rustup-home:ro,Z" "-m" "1610612736" "--network" "none" "ghcr.io/rust-lang/crates-build-env/linux@sha256:77db811e55d90add9212f6832c23229e3de5f1c1f9905e8cb07319ea15df73ac" "sleep" "infinity", kill_on_drop: false }`
[INFO] [stdout] 62bf0760c842f0d344277f50a17c010b254b4b8258fcd8a8098f902c1b31ef9c
[INFO] running `Command { std: "docker" "start" "62bf0760c842f0d344277f50a17c010b254b4b8258fcd8a8098f902c1b31ef9c", kill_on_drop: false }`
[INFO] running `Command { std: "docker" "inspect" "62bf0760c842f0d344277f50a17c010b254b4b8258fcd8a8098f902c1b31ef9c", kill_on_drop: false }`
[INFO] running `Command { std: "docker" "exec" "-e" "SOURCE_DIR=/opt/rustwide/workdir" "-e" "CARGO_HOME=/opt/rustwide/cargo-home" "-e" "RUSTUP_HOME=/opt/rustwide/rustup-home" "-e" "CARGO_TARGET_DIR=/opt/rustwide/target" "-w" "/opt/rustwide/workdir" "--user" "0:0" "62bf0760c842f0d344277f50a17c010b254b4b8258fcd8a8098f902c1b31ef9c" "/opt/rustwide/cargo-home/bin/cargo" "+1.99.0-beta.8" "metadata" "--no-deps" "--format-version=1", kill_on_drop: false }`
[INFO] running `Command { std: "docker" "inspect" "62bf0760c842f0d344277f50a17c010b254b4b8258fcd8a8098f902c1b31ef9c", kill_on_drop: false }`
[INFO] running `Command { std: "docker" "exec" "-e" "SOURCE_DIR=/opt/rustwide/workdir" "-e" "CARGO_HOME=/opt/rustwide/cargo-home" "-e" "RUSTUP_HOME=/opt/rustwide/rustup-home" "-e" "CARGO_TARGET_DIR=/opt/rustwide/target" "-e" "CARGO_INCREMENTAL=0" "-e" "RUST_BACKTRACE=full" "-e" "RUSTFLAGS=--cap-lints=warn" "-e" "RUSTDOCFLAGS=--cap-lints=warn" "-w" "/opt/rustwide/workdir" "--user" "0:0" "62bf0760c842f0d344277f50a17c010b254b4b8258fcd8a8098f902c1b31ef9c" "/opt/rustwide/cargo-home/bin/cargo" "+1.99.0-beta.8" "build" "--frozen" "--message-format=json" "--release", kill_on_drop: false }`
[INFO] [stderr]    Compiling proc-macro2 v1.0.106
[INFO] [stderr]    Compiling regex-syntax v0.8.10
[INFO] [stderr]    Compiling rustversion v1.0.22
[INFO] [stderr]    Compiling aho-corasick v1.1.4
[INFO] [stderr]    Compiling crossbeam-utils v0.8.21
[INFO] [stderr]    Compiling serde v1.0.228
[INFO] [stderr]    Compiling bstr v1.12.1
[INFO] [stderr]    Compiling same-file v1.0.6
[INFO] [stderr]    Compiling hashbrown v0.16.1
[INFO] [stderr]    Compiling zerocopy v0.8.40
[INFO] [stderr]    Compiling zmij v1.0.21
[INFO] [stderr]    Compiling toml_write v0.1.2
[INFO] [stderr]    Compiling winnow v0.7.15
[INFO] [stderr]    Compiling itoa v1.0.17
[INFO] [stderr]    Compiling serde_json v1.0.149
[INFO] [stderr]    Compiling core2 v0.4.0
[INFO] [stderr]    Compiling walkdir v2.5.0
[INFO] [stderr]    Compiling nom v8.0.0
[INFO] [stderr]    Compiling unsafe-libyaml v0.2.11
[INFO] [stderr]    Compiling ryu v1.0.23
[INFO] [stderr]    Compiling either v1.15.0
[INFO] [stderr]    Compiling stable_deref_trait v1.2.1
[INFO] [stderr]    Compiling bitstream-io v4.9.0
[INFO] [stderr]    Compiling flate2 v1.1.9
[INFO] [stderr]    Compiling itertools v0.11.0
[INFO] [stderr]    Compiling once_cell v1.21.3
[INFO] [stderr]    Compiling arc-swap v1.8.2
[INFO] [stderr]    Compiling indexmap v2.13.0
[INFO] [stderr]    Compiling crossbeam-epoch v0.9.18
[INFO] [stderr]    Compiling lazy_static v1.5.0
[INFO] [stderr]    Compiling normpath v1.5.0
[INFO] [stderr]    Compiling quote v1.0.44
[INFO] [stderr]    Compiling siphasher v1.0.2
[INFO] [stderr]    Compiling base62 v2.2.4
[INFO] [stderr]    Compiling crossbeam-deque v0.8.6
[INFO] [stderr]    Compiling avif-serialize v0.8.8
[INFO] [stderr]    Compiling syn v2.0.117
[INFO] [stderr]    Compiling simd_helpers v0.1.0
[INFO] [stderr]    Compiling glob v0.3.3
[INFO] [stderr]    Compiling bytemuck v1.25.0
[INFO] [stderr]    Compiling rgb v0.8.53
[INFO] [stderr]    Compiling regex-automata v0.4.14
[INFO] [stderr]    Compiling clap_lex v1.0.0
[INFO] [stderr]    Compiling zune-core v0.5.1
[INFO] [stderr]    Compiling qoi v0.4.1
[INFO] [stderr]    Compiling png v0.18.1
[INFO] [stderr]    Compiling clap_builder v4.5.60
[INFO] [stderr]    Compiling pxtally v1.3.0 (/opt/rustwide/workdir)
[INFO] [stderr]    Compiling zune-jpeg v0.5.12
[INFO] [stderr]    Compiling color v0.3.2
[INFO] [stderr]    Compiling sys-locale v0.3.2
[INFO] [stderr]    Compiling globset v0.4.18
[INFO] [stderr]    Compiling regex v1.12.3
[INFO] [stderr]    Compiling serde_derive v1.0.228
[INFO] [stderr]    Compiling equator-macro v0.4.2
[INFO] [stderr]    Compiling thiserror-impl v2.0.18
[INFO] [stderr]    Compiling zerocopy-derive v0.8.40
[INFO] [stderr]    Compiling arg_enum_proc_macro v0.3.4
[INFO] [stderr]    Compiling profiling-procmacros v1.0.17
[INFO] [stderr]    Compiling fax_derive v0.2.0
[INFO] [stderr]    Compiling num-derive v0.4.2
[INFO] [stderr]    Compiling clap_derive v4.5.55
[INFO] [stderr]    Compiling ignore v0.4.25
[INFO] [stderr]    Compiling profiling v1.0.17
[INFO] [stderr]    Compiling fax v0.2.6
[INFO] [stderr]    Compiling equator v0.4.2
[INFO] [stderr]    Compiling aligned-vec v0.6.4
[INFO] [stderr]    Compiling thiserror v2.0.18
[INFO] [stderr]    Compiling v_frame v0.3.9
[INFO] [stderr]    Compiling av-scenechange v0.14.1
[INFO] [stderr]    Compiling globwalk v0.8.1
[INFO] [stderr]    Compiling av1-grain v0.2.5
[INFO] [stderr]    Compiling clap v4.5.60
[INFO] [stderr]    Compiling rust-i18n v3.1.5
[INFO] [stderr]    Compiling rav1e v0.8.1
[INFO] [stderr]    Compiling serde_spanned v0.6.9
[INFO] [stderr]    Compiling toml_datetime v0.6.11
[INFO] [stderr]    Compiling triomphe v0.1.15
[INFO] [stderr]    Compiling serde_yaml v0.9.34+deprecated
[INFO] [stderr]    Compiling toml_edit v0.22.27
[INFO] [stderr]    Compiling toml v0.8.23
[INFO] [stderr]    Compiling rust-i18n-support v3.1.5
[INFO] [stderr]    Compiling rust-i18n-macro v3.1.5
[INFO] [stderr]    Compiling half v2.7.1
[INFO] [stderr]    Compiling exr v1.74.0
[INFO] [stderr]    Compiling tiff v0.10.3
[INFO] [stderr]    Compiling ravif v0.12.0
[INFO] [stderr]    Compiling image v0.25.9
[INFO] [stderr]     Finished `release` profile [optimized] target(s) in 2m 45s
[INFO] running `Command { std: "docker" "inspect" "62bf0760c842f0d344277f50a17c010b254b4b8258fcd8a8098f902c1b31ef9c", kill_on_drop: false }`
[INFO] running `Command { std: "docker" "exec" "-e" "SOURCE_DIR=/opt/rustwide/workdir" "-e" "CARGO_HOME=/opt/rustwide/cargo-home" "-e" "RUSTUP_HOME=/opt/rustwide/rustup-home" "-e" "CARGO_TARGET_DIR=/opt/rustwide/target" "-e" "CARGO_INCREMENTAL=0" "-e" "RUST_BACKTRACE=full" "-e" "RUSTFLAGS=--cap-lints=warn" "-e" "RUSTDOCFLAGS=--cap-lints=warn" "-w" "/opt/rustwide/workdir" "--user" "0:0" "62bf0760c842f0d344277f50a17c010b254b4b8258fcd8a8098f902c1b31ef9c" "/opt/rustwide/cargo-home/bin/cargo" "+1.99.0-beta.8" "test" "--frozen" "--no-run" "--message-format=json" "--release", kill_on_drop: false }`
[INFO] [stderr]    Compiling png v0.18.1
[INFO] [stderr]    Compiling getrandom v0.3.4
[INFO] [stderr]    Compiling fastrand v2.3.0
[INFO] [stderr]    Compiling tempfile v3.27.0
[INFO] [stderr]    Compiling image v0.25.9
[INFO] [stderr]    Compiling pxtally v1.3.0 (/opt/rustwide/workdir)
[INFO] [stderr]     Finished `release` profile [optimized] target(s) in 1m 04s
[INFO] running `Command { std: "docker" "inspect" "62bf0760c842f0d344277f50a17c010b254b4b8258fcd8a8098f902c1b31ef9c", kill_on_drop: false }`
[INFO] running `Command { std: "docker" "exec" "-e" "SOURCE_DIR=/opt/rustwide/workdir" "-e" "CARGO_HOME=/opt/rustwide/cargo-home" "-e" "RUSTUP_HOME=/opt/rustwide/rustup-home" "-e" "CARGO_TARGET_DIR=/opt/rustwide/target" "-e" "CARGO_INCREMENTAL=0" "-e" "RUST_BACKTRACE=full" "-e" "RUSTFLAGS=--cap-lints=warn" "-e" "RUSTDOCFLAGS=--cap-lints=warn" "-w" "/opt/rustwide/workdir" "--user" "0:0" "62bf0760c842f0d344277f50a17c010b254b4b8258fcd8a8098f902c1b31ef9c" "/opt/rustwide/cargo-home/bin/cargo" "+1.99.0-beta.8" "test" "--frozen" "--release", kill_on_drop: false }`
[INFO] [stderr]     Finished `release` profile [optimized] target(s) in 0.16s
[INFO] [stderr]      Running unittests src/main.rs (/opt/rustwide/target/release/deps/pxtally-e1fcd4ac77f32169)
[INFO] [stdout] 
[INFO] [stdout] running 35 tests
[INFO] [stdout] test config::tests::float_in_range::checking_value ... ok
[INFO] [stdout] test counter::tests::angle_counter::new::check_value ... ok
[INFO] [stdout] test counter::tests::angle_counter::count::checking_value ... ok
[INFO] [stdout] test config::tests::oklch_hue_in_range::checking_value ... ok
[INFO] [stdout] test counter::tests::create_counters::checking_value_percentage ... ok
[INFO] [stdout] test counter::tests::angle_counter::contains::checking_value ... ok
[INFO] [stdout] test counter::tests::angle_counter::end::checking_value ... ok
[INFO] [stdout] test counter::tests::percentage_counter::new::checking_value ... ok
[INFO] [stdout] test counter::tests::create_counters::checking_value_angle ... ok
[INFO] [stdout] test counter::tests::count_by_func_with_filter::checking_value_01 ... ok
[INFO] [stdout] test counter::tests::filter::create_hue_filter::checking_value ... ok
[INFO] [stdout] test counter::tests::filter::filter_value::checking_value_02 ... ok
[INFO] [stdout] test counter::tests::count_by_func_with_filter::checking_value_02 ... ok
[INFO] [stdout] test counter::tests::filter::filter_value::checking_value_01 ... ok
[INFO] [stdout] test output::tests::stats::standard_deviation::checking_value_std_div_normal ... ok
[INFO] [stdout] test process::cielch::tests::pixel_to::checking_value ... ok
[INFO] [stdout] test process::hsl::tests::hsl_filter::contains::checking_value ... ok
[INFO] [stdout] test output::tests::output_json::checking_value ... ok
[INFO] [stdout] test output::tests::stats::standard_deviation::checking_value_std_div_0 ... ok
[INFO] [stdout] test process::cielab::tests::cielab_filter::to_target::checking_value ... ok
[INFO] [stdout] test process::hsl::tests::pixel_to::checking_value ... ok
[INFO] [stdout] test process::oklab::tests::oklab_filter::to_target::checking_value ... ok
[INFO] [stdout] test process::oklab::tests::pixel_to::checking_value ... ok
[INFO] [stdout] test counter::tests::percentage_counter::contains::checking_value ... ok
[INFO] [stdout] test counter::tests::rotate_value::checking_value ... ok
[INFO] [stdout] test counter::tests::percentage_counter::count::checking_value ... ok
[INFO] [stdout] test process::cielch::tests::cielch_filter::contains::checking_value ... ok
[INFO] [stdout] test process::cielch::tests::cielch_filter::to_target::checking_value ... ok
[INFO] [stdout] test process::cielab::tests::pixel_to::checking_value ... ok
[INFO] [stdout] test process::hsl::tests::hsl_filter::to_target::checking_value ... ok
[INFO] [stdout] test process::oklch::tests::pixel_to::checking_value ... ok
[INFO] [stdout] test process::oklch::tests::oklch_filter::contains::checking_value ... ok
[INFO] [stdout] test process::oklch::tests::oklch_filter::to_target::checking_value ... ok
[INFO] [stdout] test process::img_oklch::tests::process_img_oklch::check_file ... FAILED
[INFO] [stderr] error: test failed, to rerun pass `--bin pxtally`
[INFO] [stdout] test output::tests::stats::median::checking_value ... ok
[INFO] [stdout] 
[INFO] [stdout] failures:
[INFO] [stdout] 
[INFO] [stdout] ---- process::img_oklch::tests::process_img_oklch::check_file stdout ----
[INFO] [stdout] 
[INFO] [stdout] thread 'process::img_oklch::tests::process_img_oklch::check_file' (2245) panicked at src/process/img_oklch.rs:92:13:
[INFO] [stdout] assertion failed: process_img_oklch(&args).is_ok()
[INFO] [stdout] stack backtrace:
[INFO] [stdout]    0:     0x5985c9ddf7c1 - <<std[70759c8f55707aa4]::sys::backtrace::BacktraceLock>::print::DisplayBacktrace as core[df12db4294e9bfd3]::fmt::Display>::fmt
[INFO] [stdout]    1:     0x5985c9df72ba - core[df12db4294e9bfd3]::fmt::write
[INFO] [stdout]    2:     0x5985c9de414c - <alloc[2182bb758b4b3781]::vec::Vec<u8> as core[df12db4294e9bfd3]::io::write::Write>::write_fmt
[INFO] [stdout]    3:     0x5985c9dba346 - std[70759c8f55707aa4]::panicking::default_hook::{closure#0}
[INFO] [stdout]    4:     0x5985c9dd7529 - std[70759c8f55707aa4]::panicking::default_hook
[INFO] [stdout]    5:     0x5985c9b18760 - test[9d35eded1c95d3be]::test_main_inner::<test[9d35eded1c95d3be]::test_main_static::{closure#0}>::{closure#0}
[INFO] [stdout]    6:     0x5985c9dd7852 - std[70759c8f55707aa4]::panicking::panic_with_hook
[INFO] [stdout]    7:     0x5985c9dba424 - std[70759c8f55707aa4]::panicking::panic_handler::{closure#0}
[INFO] [stdout]    8:     0x5985c9db2fa9 - std[70759c8f55707aa4]::sys::backtrace::__rust_end_short_backtrace::<std[70759c8f55707aa4]::panicking::panic_handler::{closure#0}, !>
[INFO] [stdout]    9:     0x5985c9dbb06d - __rustc[8fa7c3cbc660c2b3]::rust_begin_unwind
[INFO] [stdout]   10:     0x5985c9df79ec - core[df12db4294e9bfd3]::panicking::panic_fmt
[INFO] [stdout]   11:     0x5985c9df79b2 - core[df12db4294e9bfd3]::panicking::panic
[INFO] [stdout]   12:     0x5985c9a3325b - pxtally[6a7ab5294b1fcc87]::process::img_oklch::tests::process_img_oklch::check_file
[INFO] [stdout]   13:     0x5985c99d0d69 - <pxtally[6a7ab5294b1fcc87]::process::img_oklch::tests::process_img_oklch::check_file::{closure#0} as core[df12db4294e9bfd3]::ops::function::FnOnce<()>>::call_once
[INFO] [stdout]   14:     0x5985c9b0ba4b - test[9d35eded1c95d3be]::__rust_begin_short_backtrace::<core[df12db4294e9bfd3]::result::Result<(), alloc[2182bb758b4b3781]::string::String>, fn() -> core[df12db4294e9bfd3]::result::Result<(), alloc[2182bb758b4b3781]::string::String>>
[INFO] [stdout]   15:     0x5985c9b190b5 - test[9d35eded1c95d3be]::run_test::{closure#0}
[INFO] [stdout]   16:     0x5985c9b12974 - std[70759c8f55707aa4]::sys::backtrace::__rust_begin_short_backtrace::<test[9d35eded1c95d3be]::run_test::{closure#1}, ()>
[INFO] [stdout]   17:     0x5985c9b1c212 - <std[70759c8f55707aa4]::thread::lifecycle::spawn_unchecked<test[9d35eded1c95d3be]::run_test::{closure#1}, ()>::{closure#1} as core[df12db4294e9bfd3]::ops::function::FnOnce<()>>::call_once::{shim:vtable#0}
[INFO] [stdout]   18:     0x5985c9ddf059 - <std[70759c8f55707aa4]::sys::thread::unix::Thread>::new::thread_start
[INFO] [stdout]   19:     0x7f8c89de8dfa - <unknown>
[INFO] [stdout]   20:     0x7f8c89e7c3d4 - clone
[INFO] [stdout]   21:                0x0 - <unknown>
[INFO] [stdout] 
[INFO] [stdout] 
[INFO] [stdout] failures:
[INFO] [stdout]     process::img_oklch::tests::process_img_oklch::check_file
[INFO] [stdout] 
[INFO] [stdout] test result: FAILED. 34 passed; 1 failed; 0 ignored; 0 measured; 0 filtered out; finished in 0.02s
[INFO] [stdout] 
[INFO] running `Command { std: "docker" "inspect" "62bf0760c842f0d344277f50a17c010b254b4b8258fcd8a8098f902c1b31ef9c", kill_on_drop: false }`
[INFO] running `Command { std: "docker" "rm" "-f" "62bf0760c842f0d344277f50a17c010b254b4b8258fcd8a8098f902c1b31ef9c", kill_on_drop: false }`
[INFO] [stdout] 62bf0760c842f0d344277f50a17c010b254b4b8258fcd8a8098f902c1b31ef9c
