[INFO] fetching crate pxsmith-io 0.1.0...
[INFO] testing pxsmith-io-0.1.0 against 1.100.0-beta.1+cargoflags=--release for beta-release-1.100-2
[INFO] extracting crate pxsmith-io 0.1.0 into /workspace/builds/worker-6-tc2/source
[INFO] started tweaking crates.io crate pxsmith-io 0.1.0
[INFO] removed 0 missing examples
[INFO] removed 0 missing tests
[INFO] finished tweaking crates.io crate pxsmith-io 0.1.0
[INFO] tweaked toml for crates.io crate pxsmith-io 0.1.0 written to /workspace/builds/worker-6-tc2/source/Cargo.toml
[INFO] validating manifest of crates.io crate pxsmith-io 0.1.0 on toolchain 1.100.0-beta.1
[INFO] running `Command { std: CARGO_HOME="/workspace/cargo-home" RUSTUP_HOME="/workspace/rustup-home" "/workspace/cargo-home/bin/cargo" "+1.100.0-beta.1" "metadata" "--manifest-path" "Cargo.toml" "--no-deps", kill_on_drop: false }`
[INFO] crate crates.io crate pxsmith-io 0.1.0 already has a lockfile, it will not be regenerated
[INFO] running `Command { std: CARGO_HOME="/workspace/cargo-home" RUSTUP_HOME="/workspace/rustup-home" "/workspace/cargo-home/bin/cargo" "+1.100.0-beta.1" "fetch" "--manifest-path" "Cargo.toml", kill_on_drop: false }`
[INFO] running `Command { std: "docker" "create" "-v" "/var/lib/crater-agent-workspace/builds/worker-6-tc2/source:/opt/rustwide/workdir:ro,Z" "-v" "/var/lib/crater-agent-workspace/builds/worker-6-tc2/target:/opt/rustwide/target:rw,Z" "-v" "/var/lib/crater-agent-workspace/cargo-home:/opt/rustwide/cargo-home:ro,Z" "-v" "/var/lib/crater-agent-workspace/rustup-home:/opt/rustwide/rustup-home:ro,Z" "-m" "1610612736" "--network" "none" "ghcr.io/rust-lang/crates-build-env/linux@sha256:77db811e55d90add9212f6832c23229e3de5f1c1f9905e8cb07319ea15df73ac" "sleep" "infinity", kill_on_drop: false }`
[INFO] [stdout] 3eb99d204ff2cde6531186c2e429cb4d9532ceea04e884b2a4b190127496e8f2
[INFO] running `Command { std: "docker" "start" "3eb99d204ff2cde6531186c2e429cb4d9532ceea04e884b2a4b190127496e8f2", kill_on_drop: false }`
[INFO] running `Command { std: "docker" "inspect" "3eb99d204ff2cde6531186c2e429cb4d9532ceea04e884b2a4b190127496e8f2", kill_on_drop: false }`
[INFO] running `Command { std: "docker" "exec" "-e" "SOURCE_DIR=/opt/rustwide/workdir" "-e" "CARGO_HOME=/opt/rustwide/cargo-home" "-e" "RUSTUP_HOME=/opt/rustwide/rustup-home" "-e" "CARGO_TARGET_DIR=/opt/rustwide/target" "-w" "/opt/rustwide/workdir" "--user" "0:0" "3eb99d204ff2cde6531186c2e429cb4d9532ceea04e884b2a4b190127496e8f2" "/opt/rustwide/cargo-home/bin/cargo" "+1.100.0-beta.1" "metadata" "--no-deps" "--format-version=1", kill_on_drop: false }`
[INFO] running `Command { std: "docker" "inspect" "3eb99d204ff2cde6531186c2e429cb4d9532ceea04e884b2a4b190127496e8f2", kill_on_drop: false }`
[INFO] running `Command { std: "docker" "exec" "-e" "SOURCE_DIR=/opt/rustwide/workdir" "-e" "CARGO_HOME=/opt/rustwide/cargo-home" "-e" "RUSTUP_HOME=/opt/rustwide/rustup-home" "-e" "CARGO_TARGET_DIR=/opt/rustwide/target" "-e" "CARGO_INCREMENTAL=0" "-e" "RUST_BACKTRACE=full" "-e" "RUSTFLAGS=--cap-lints=warn" "-e" "RUSTDOCFLAGS=--cap-lints=warn" "-w" "/opt/rustwide/workdir" "--user" "0:0" "3eb99d204ff2cde6531186c2e429cb4d9532ceea04e884b2a4b190127496e8f2" "/opt/rustwide/cargo-home/bin/cargo" "+1.100.0-beta.1" "build" "--frozen" "--message-format=json" "--release", kill_on_drop: false }`
[INFO] [stderr]    Compiling crossbeam-utils v0.8.22
[INFO] [stderr]    Compiling crossbeam-epoch v0.9.20
[INFO] [stderr]    Compiling num-traits v0.2.19
[INFO] [stderr]    Compiling crossbeam-deque v0.8.7
[INFO] [stderr]    Compiling simd-adler32 v0.3.10
[INFO] [stderr]    Compiling syn v2.0.119
[INFO] [stderr]    Compiling syn v3.0.3
[INFO] [stderr]    Compiling serde_core v1.0.229
[INFO] [stderr]    Compiling either v1.17.0
[INFO] [stderr]    Compiling miniz_oxide v0.8.9
[INFO] [stderr]    Compiling crc32fast v1.5.0
[INFO] [stderr]    Compiling zerocopy v0.8.56
[INFO] [stderr]    Compiling arrayvec v0.7.8
[INFO] [stderr]    Compiling as-slice v0.2.1
[INFO] [stderr]    Compiling av-scenechange v0.14.1
[INFO] [stderr]    Compiling built v0.8.1
[INFO] [stderr]    Compiling flate2 v1.1.9
[INFO] [stderr]    Compiling num-integer v0.1.46
[INFO] [stderr]    Compiling rayon-core v1.13.0
[INFO] [stderr]    Compiling log v0.4.33
[INFO] [stderr]    Compiling num-bigint v0.4.8
[INFO] [stderr]    Compiling phf_shared v0.13.1
[INFO] [stderr]    Compiling pulp v0.22.3
[INFO] [stderr]    Compiling rav1e v0.8.1
[INFO] [stderr]    Compiling aligned v0.4.3
[INFO] [stderr]    Compiling rayon v1.12.0
[INFO] [stderr]    Compiling no_std_io2 v0.9.4
[INFO] [stderr]    Compiling nom v8.0.0
[INFO] [stderr]    Compiling quick-error v2.0.1
[INFO] [stderr]    Compiling pastey v0.1.1
[INFO] [stderr]    Compiling by_address v1.2.1
[INFO] [stderr]    Compiling ref-cast v1.0.26
[INFO] [stderr]    Compiling y4m v0.8.0
[INFO] [stderr]    Compiling bitstream-io v4.10.0
[INFO] [stderr]    Compiling bytemuck_derive v1.12.0
[INFO] [stderr]    Compiling thiserror-impl v2.0.20
[INFO] [stderr]    Compiling num-rational v0.4.2
[INFO] [stderr]    Compiling ref-cast-impl v1.0.26
[INFO] [stderr]    Compiling bytemuck v1.25.2
[INFO] [stderr]    Compiling phf v0.13.1
[INFO] [stderr]    Compiling raw-cpuid v11.6.0
[INFO] [stderr]    Compiling thiserror v2.0.20
[INFO] [stderr]    Compiling approx v0.5.1
[INFO] [stderr]    Compiling itertools v0.14.0
[INFO] [stderr]    Compiling num-complex v0.4.6
[INFO] [stderr]    Compiling safe_arch v1.1.0
[INFO] [stderr]    Compiling maybe-rayon v0.1.1
[INFO] [stderr]    Compiling simd_helpers v0.1.0
[INFO] [stderr]    Compiling palette_math v0.7.7
[INFO] [stderr]    Compiling noop_proc_macro v0.3.0
[INFO] [stderr]    Compiling pulp-wasm-simd-flag v0.1.1
[INFO] [stderr]    Compiling imgref v1.12.2
[INFO] [stderr]    Compiling reborrow v0.5.5
[INFO] [stderr]    Compiling equator-macro v0.4.2
[INFO] [stderr]    Compiling zerocopy-derive v0.8.56
[INFO] [stderr]    Compiling profiling-procmacros v1.0.18
[INFO] [stderr]    Compiling arg_enum_proc_macro v0.3.4
[INFO] [stderr]    Compiling profiling v1.0.18
[INFO] [stderr]    Compiling num-derive v0.4.2
[INFO] [stderr]    Compiling palette_derive v0.7.7
[INFO] [stderr]    Compiling equator v0.4.2
[INFO] [stderr]    Compiling aligned-vec v0.6.4
[INFO] [stderr]    Compiling zune-core v0.5.3
[INFO] [stderr]    Compiling v_frame v0.3.9
[INFO] [stderr]    Compiling weezl v0.1.12
[INFO] [stderr]    Compiling new_debug_unreachable v1.0.6
[INFO] [stderr]    Compiling zune-jpeg v0.5.15
[INFO] [stderr]    Compiling av1-grain v0.2.5
[INFO] [stderr]    Compiling palette v0.7.7
[INFO] [stderr]    Compiling loop9 v0.1.5
[INFO] [stderr]    Compiling bitvec v1.1.1
[INFO] [stderr]    Compiling wide v1.6.1
[INFO] [stderr]    Compiling serde_derive v1.0.229
[INFO] [stderr]    Compiling rand v0.10.2
[INFO] [stderr]    Compiling rand_xoshiro v0.8.1
[INFO] [stderr]    Compiling ordered-float v5.3.0
[INFO] [stderr]    Compiling avif-serialize v0.8.9
[INFO] [stderr]    Compiling fdeflate v0.3.7
[INFO] [stderr]    Compiling zune-inflate v0.2.54
[INFO] [stderr]    Compiling lebe v0.5.3
[INFO] [stderr]    Compiling rgb v0.8.53
[INFO] [stderr]    Compiling bit_field v0.10.3
[INFO] [stderr]    Compiling byteorder-lite v0.1.0
[INFO] [stderr]    Compiling pxfm v0.1.30
[INFO] [stderr]    Compiling color_quant v1.1.0
[INFO] [stderr]    Compiling fax v0.2.7
[INFO] [stderr]    Compiling smallvec v1.15.2
[INFO] [stderr]    Compiling winnow v1.0.4
[INFO] [stderr]    Compiling half v2.7.1
[INFO] [stderr]    Compiling image-webp v0.2.4
[INFO] [stderr]    Compiling gif v0.14.2
[INFO] [stderr]    Compiling toml_parser v1.1.3+spec-1.1.0
[INFO] [stderr]    Compiling tiff v0.11.3
[INFO] [stderr]    Compiling ravif v0.13.0
[INFO] [stderr]    Compiling exr v1.74.2
[INFO] [stderr]    Compiling serde_json v1.0.151
[INFO] [stderr]    Compiling quantette v0.6.0
[INFO] [stderr]    Compiling moxcms v0.8.1
[INFO] [stderr]    Compiling serde v1.0.229
[INFO] [stderr]    Compiling png v0.18.1
[INFO] [stderr]    Compiling qoi v0.4.1
[INFO] [stderr]    Compiling serde_spanned v1.1.1
[INFO] [stderr]    Compiling toml_datetime v1.1.1+spec-1.1.0
[INFO] [stderr]    Compiling aseprite-io v0.2.0
[INFO] [stderr]    Compiling toml_writer v1.1.2+spec-1.1.0
[INFO] [stderr]    Compiling toml v1.1.4+spec-1.1.0
[INFO] [stderr]    Compiling pxsmith-core v0.1.0
[INFO] [stderr]    Compiling image v0.25.10
[INFO] [stderr]    Compiling pxsmith-io v0.1.0 (/opt/rustwide/workdir)
[INFO] [stderr]     Finished `release` profile [optimized] target(s) in 5m 24s
[INFO] running `Command { std: "docker" "inspect" "3eb99d204ff2cde6531186c2e429cb4d9532ceea04e884b2a4b190127496e8f2", kill_on_drop: false }`
[INFO] running `Command { std: "docker" "exec" "-e" "SOURCE_DIR=/opt/rustwide/workdir" "-e" "CARGO_HOME=/opt/rustwide/cargo-home" "-e" "RUSTUP_HOME=/opt/rustwide/rustup-home" "-e" "CARGO_TARGET_DIR=/opt/rustwide/target" "-e" "CARGO_INCREMENTAL=0" "-e" "RUST_BACKTRACE=full" "-e" "RUSTFLAGS=--cap-lints=warn" "-e" "RUSTDOCFLAGS=--cap-lints=warn" "-w" "/opt/rustwide/workdir" "--user" "0:0" "3eb99d204ff2cde6531186c2e429cb4d9532ceea04e884b2a4b190127496e8f2" "/opt/rustwide/cargo-home/bin/cargo" "+1.100.0-beta.1" "test" "--frozen" "--no-run" "--message-format=json" "--release", kill_on_drop: false }`
[INFO] [stderr]    Compiling pxsmith-io v0.1.0 (/opt/rustwide/workdir)
[INFO] [stderr]     Finished `release` profile [optimized] target(s) in 2m 10s
[INFO] running `Command { std: "docker" "inspect" "3eb99d204ff2cde6531186c2e429cb4d9532ceea04e884b2a4b190127496e8f2", kill_on_drop: false }`
[INFO] running `Command { std: "docker" "exec" "-e" "SOURCE_DIR=/opt/rustwide/workdir" "-e" "CARGO_HOME=/opt/rustwide/cargo-home" "-e" "RUSTUP_HOME=/opt/rustwide/rustup-home" "-e" "CARGO_TARGET_DIR=/opt/rustwide/target" "-e" "CARGO_INCREMENTAL=0" "-e" "RUST_BACKTRACE=full" "-e" "RUSTFLAGS=--cap-lints=warn" "-e" "RUSTDOCFLAGS=--cap-lints=warn" "-w" "/opt/rustwide/workdir" "--user" "0:0" "3eb99d204ff2cde6531186c2e429cb4d9532ceea04e884b2a4b190127496e8f2" "/opt/rustwide/cargo-home/bin/cargo" "+1.100.0-beta.1" "test" "--frozen" "--release", kill_on_drop: false }`
[INFO] [stderr]     Finished `release` profile [optimized] target(s) in 0.27s
[INFO] [stderr]      Running unittests src/lib.rs (/opt/rustwide/target/release/build/pxsmith-io/93d36cadfba33c38/out/pxsmith_io-93d36cadfba33c38)
[INFO] [stdout] 
[INFO] [stdout] running 60 tests
[INFO] [stdout] test document::tests::from_frames_rejects_inconsistent_input ... ok
[INFO] [stdout] test document::tests::group_chain_is_recorded_root_first ... ok
[INFO] [stdout] test document::tests::from_frames_builds_a_readable_file ... ok
[INFO] [stdout] test document::tests::linked_cel_projects_the_same_pixels ... ok
[INFO] [stdout] test document::tests::indexed_canvas_helper_matches_projection_shape ... ok
[INFO] [stdout] test document::tests::merge_back_rejects_duration_change ... ok
[INFO] [stdout] test document::tests::merge_back_rejects_unwritable_metadata_change ... ok
[INFO] [stdout] test document::tests::merge_back_rejects_layer_count_mismatch ... ok
[INFO] [stdout] test document::tests::merge_back_then_project_returns_the_same_frame ... ok
[INFO] [stdout] test atomic::tests::write_creates_file_with_contents ... ok
[INFO] [stdout] test document::tests::merge_back_without_changes_keeps_bytes_identical ... ok
[INFO] [stdout] test atomic::tests::dropping_without_commit_leaves_no_temp_file ... ok
[INFO] [stdout] test document::tests::byte_round_trip_of_generated_file ... ok
[INFO] [stdout] test document::tests::merge_back_rejects_normalized_palette ... ok
[INFO] [stdout] test document::tests::merge_back_survives_a_write_read_cycle ... ok
[INFO] [stdout] test document::tests::out_of_range_frame_is_an_error ... ok
[INFO] [stdout] test document::tests::partial_alpha_palette_is_rejected_by_default ... ok
[INFO] [stdout] test document::tests::projection_places_cel_at_its_offset ... ok
[INFO] [stdout] test document::tests::merge_back_without_changes_preserves_linked_cel ... ok
[INFO] [stdout] test document::tests::merge_back_writes_palette_changes ... ok
[INFO] [stdout] test atomic::tests::write_creates_missing_directories ... ok
[INFO] [stdout] test gif::tests::an_empty_sequence_is_an_error ... ok
[INFO] [stdout] test document::tests::rgba_surface_round_trips_through_merge_back ... ok
[INFO] [stdout] test document::tests::tilemap_layer_is_not_flattened ... ok
[INFO] [stdout] test document::tests::tilemap_round_trips_through_merge_back ... ok
[INFO] [stdout] test gif::tests::a_delay_that_does_not_fit_the_ten_millisecond_grid_is_reported ... ok
[INFO] [stdout] test gif::tests::a_full_palette_still_fits_the_colour_table ... ok
[INFO] [stdout] test gif::tests::what_we_wrote_is_what_comes_back_with_no_requantisation ... ok
[INFO] [stdout] test hex::tests::gpl_header_lines_are_skipped ... ok
[INFO] [stdout] test hex::tests::hash_prefixed_color_is_treated_as_comment ... ok
[INFO] [stdout] test hex::tests::import_format_detected_from_extension ... ok
[INFO] [stdout] test hex::tests::index_follows_file_order ... ok
[INFO] [stdout] test hex::tests::jasc_pal_requires_magic_line ... ok
[INFO] [stdout] test hex::tests::round_trip_normalizes_to_lowercase ... ok
[INFO] [stdout] test hex::tests::rejects_more_than_256_colors ... ok
[INFO] [stdout] test gif::tests::frames_of_different_sizes_line_up_at_the_top_left ... ok
[INFO] [stdout] test hex::tests::accepts_exactly_256_colors ... ok
[INFO] [stdout] test hex::tests::transparent_entries_keep_their_slot ... ok
[INFO] [stdout] test hex::tests::act_reads_triplets ... ok
[INFO] [stdout] test l0::tests::dot_defaults_to_transparent_without_an_explicit_entry ... ok
[INFO] [stdout] test l0::tests::frame_kind_and_duration_survive_the_round_trip ... ok
[INFO] [stdout] test l0::tests::decodes_to_the_expected_pixels ... ok
[INFO] [stdout] test l0::tests::exported_toml_uses_multiline_literal_strings ... ok
[INFO] [stdout] test l0::tests::invalid_color_key_is_rejected ... ok
[INFO] [stdout] test l0::tests::parses_the_documented_example ... ok
[INFO] [stdout] test hex::tests::malformed_line_reports_line_number ... ok
[INFO] [stdout] test hex::tests::parses_comments_blank_lines_and_mixed_case ... ok
[INFO] [stdout] test l0::tests::non_indexed_layer_is_blocking ... ok
[INFO] [stdout] test l0::tests::too_many_colors_is_rejected ... ok
[INFO] [stdout] test l0::tests::trailing_newline_before_closing_delimiter_is_ignored ... ok
[INFO] [stdout] test l0::tests::text_to_frames_to_text_is_pixel_identical ... ok
[INFO] [stdout] test l0::tests::rejects_unknown_format_version ... ok
[INFO] [stdout] test l0::tests::oversized_sprite_is_only_an_advisory ... ok
[INFO] [stdout] test l0::tests::row_length_mismatch_reports_the_line ... ok
[INFO] [stdout] test l0::tests::crlf_line_endings_parse_the_same_as_lf ... ok
[INFO] [stderr]      Running tests/aseprite_independent_parse.rs (/opt/rustwide/target/release/build/pxsmith-io/541bbe6371dbbef3/out/aseprite_independent_parse-541bbe6371dbbef3)
[INFO] [stdout] test atomic::tests::commit_replaces_existing_file ... ok
[INFO] [stdout] test l0::tests::unknown_character_reports_the_line ... ok
[INFO] [stdout] test png::tests::indexed_is_resolved_through_the_palette ... ok
[INFO] [stdout] test png::tests::reading_a_missing_file_is_an_error ... ok
[INFO] [stdout] test png::tests::rgba_round_trips_through_a_file ... ok
[INFO] [stdout] 
[INFO] [stdout] test result: ok. 60 passed; 0 failed; 0 ignored; 0 measured; 0 filtered out; finished in 0.04s
[INFO] [stdout] 
[INFO] [stdout] 
[INFO] [stdout] running 4 tests
[INFO] [stdout] test the_two_readers_find_the_same_cels ... ok
[INFO] [stdout] test the_corpus_records_what_it_does_not_cover ... ok
[INFO] [stdout] test the_independent_reader_agrees_with_aseprite_io ... FAILED
[INFO] [stdout] test the_corpus_actually_exercises_what_the_comparison_checks ... FAILED
[INFO] [stdout] 
[INFO] [stdout] failures:
[INFO] [stdout] 
[INFO] [stdout] ---- the_independent_reader_agrees_with_aseprite_io stdout ----
[INFO] [stdout] 
[INFO] [stdout] thread 'the_independent_reader_agrees_with_aseprite_io' (2253) panicked at tests/aseprite_independent_parse.rs:239:5:
[INFO] [stdout] 素材が 1 つも無い
[INFO] [stdout] stack backtrace:
[INFO] [stdout]    0:     0x5d6ae98231f1 - <<std[617be2ca0a6fd877]::sys::backtrace::BacktraceLock>::print::DisplayBacktrace as core[a373ad73a504971]::fmt::Display>::fmt
[INFO] [stdout]    1:     0x5d6ae9838a9a - core[a373ad73a504971]::fmt::write
[INFO] [stdout]    2:     0x5d6ae98276fc - <alloc[2e1b2a31b91974c5]::vec::Vec<u8> as core[a373ad73a504971]::io::write::Write>::write_fmt
[INFO] [stdout]    3:     0x5d6ae97fe966 - std[617be2ca0a6fd877]::panicking::default_hook::{closure#0}
[INFO] [stdout]    4:     0x5d6ae981b369 - std[617be2ca0a6fd877]::panicking::default_hook
[INFO] [stdout]    5:     0x5d6ae97a2c90 - test[aada8e7e76ba119b]::test_main_inner::{closure#0}
[INFO] [stdout]    6:     0x5d6ae981b522 - std[617be2ca0a6fd877]::panicking::panic_with_hook
[INFO] [stdout]    7:     0x5d6ae97fea44 - std[617be2ca0a6fd877]::panicking::panic_handler::{closure#0}
[INFO] [stdout]    8:     0x5d6ae97f74f9 - std[617be2ca0a6fd877]::sys::backtrace::__rust_end_short_backtrace::<std[617be2ca0a6fd877]::panicking::panic_handler::{closure#0}, !>
[INFO] [stdout]    9:     0x5d6ae97ff61d - __rustc[ea4f61d10b84890b]::rust_begin_unwind
[INFO] [stdout]   10:     0x5d6ae98391cc - core[a373ad73a504971]::panicking::panic_fmt
[INFO] [stdout]   11:     0x5d6ae978e8a2 - <aseprite_independent_parse[f2adf7b9a6952fab]::the_independent_reader_agrees_with_aseprite_io::{closure#0} as core[a373ad73a504971]::ops::function::FnOnce<()>>::call_once
[INFO] [stdout]   12:     0x5d6ae97960db - test[aada8e7e76ba119b]::__rust_begin_short_backtrace::<core[a373ad73a504971]::result::Result<(), alloc[2e1b2a31b91974c5]::string::String>, fn() -> core[a373ad73a504971]::result::Result<(), alloc[2e1b2a31b91974c5]::string::String>>
[INFO] [stdout]   13:     0x5d6ae97a32b5 - test[aada8e7e76ba119b]::run_test::{closure#0}
[INFO] [stdout]   14:     0x5d6ae979cba4 - std[617be2ca0a6fd877]::sys::backtrace::__rust_begin_short_backtrace::<test[aada8e7e76ba119b]::run_test::{closure#1}, ()>
[INFO] [stdout]   15:     0x5d6ae97a6342 - <std[617be2ca0a6fd877]::thread::lifecycle::spawn_unchecked<test[aada8e7e76ba119b]::run_test::{closure#1}, ()>::{closure#1} as core[a373ad73a504971]::ops::function::FnOnce<()>>::call_once::{shim:vtable#0}
[INFO] [stdout]   16:     0x5d6ae982273f - <std[617be2ca0a6fd877]::sys::thread::unix::Thread>::new::thread_start
[INFO] [stdout]   17:     0x722690f67dfa - <unknown>
[INFO] [stdout]   18:     0x722690ffb3d4 - clone
[INFO] [stdout]   19:                0x0 - <unknown>
[INFO] [stdout] 
[INFO] [stdout] ---- the_corpus_actually_exercises_what_the_comparison_checks stdout ----
[INFO] [stdout] 
[INFO] [stdout] thread 'the_corpus_actually_exercises_what_the_comparison_checks' (2251) panicked at tests/aseprite_independent_parse.rs:350:5:
[INFO] [stdout] グループレイヤが 1 つも無い — 添字のずれを検査できない
[INFO] [stdout] stack backtrace:
[INFO] [stdout]    0:     0x5d6ae98231f1 - <<std[617be2ca0a6fd877]::sys::backtrace::BacktraceLock>::print::DisplayBacktrace as core[a373ad73a504971]::fmt::Display>::fmt
[INFO] [stdout]    1:     0x5d6ae9838a9a - core[a373ad73a504971]::fmt::write
[INFO] [stdout]    2:     0x5d6ae98276fc - <alloc[2e1b2a31b91974c5]::vec::Vec<u8> as core[a373ad73a504971]::io::write::Write>::write_fmt
[INFO] [stdout]    3:     0x5d6ae97fe966 - std[617be2ca0a6fd877]::panicking::default_hook::{closure#0}
[INFO] [stdout]    4:     0x5d6ae981b369 - std[617be2ca0a6fd877]::panicking::default_hook
[INFO] [stdout]    5:     0x5d6ae97a2c90 - test[aada8e7e76ba119b]::test_main_inner::{closure#0}
[INFO] [stdout]    6:     0x5d6ae981b522 - std[617be2ca0a6fd877]::panicking::panic_with_hook
[INFO] [stdout]    7:     0x5d6ae97fea44 - std[617be2ca0a6fd877]::panicking::panic_handler::{closure#0}
[INFO] [stdout]    8:     0x5d6ae97f74f9 - std[617be2ca0a6fd877]::sys::backtrace::__rust_end_short_backtrace::<std[617be2ca0a6fd877]::panicking::panic_handler::{closure#0}, !>
[INFO] [stdout]    9:     0x5d6ae97ff61d - __rustc[ea4f61d10b84890b]::rust_begin_unwind
[INFO] [stdout]   10:     0x5d6ae98391cc - core[a373ad73a504971]::panicking::panic_fmt
[INFO] [stdout]   11:     0x5d6ae978f181 - <aseprite_independent_parse[f2adf7b9a6952fab]::the_corpus_actually_exercises_what_the_comparison_checks::{closure#0} as core[a373ad73a504971]::ops::function::FnOnce<()>>::call_once
[INFO] [stdout]   12:     0x5d6ae97960db - test[aada8e7e76ba119b]::__rust_begin_short_backtrace::<core[a373ad73a504971]::result::Result<(), alloc[2e1b2a31b91974c5]::string::String>, fn() -> core[a373ad73a504971]::result::Result<(), alloc[2e1b2a31b91974c5]::string::String>>
[INFO] [stdout]   13:     0x5d6ae97a32b5 - test[aada8e7e76ba119b]::run_test::{closure#0}
[INFO] [stdout]   14:     0x5d6ae979cba4 - std[617be2ca0a6fd877]::sys::backtrace::__rust_begin_short_backtrace::<test[aada8e7e76ba119b]::run_test::{closure#1}, ()>
[INFO] [stdout]   15:     0x5d6ae97a6342 - <std[617be2ca0a6fd877]::thread::lifecycle::spawn_unchecked<test[aada8e7e76ba119b]::run_test::{closure#1}, ()>::{closure#1} as core[a373ad73a504971]::ops::function::FnOnce<()>>::call_once::{shim:vtable#0}
[INFO] [stdout]   16:     0x5d6ae982273f - <std[617be2ca0a6fd877]::sys::thread::unix::Thread>::new::thread_start
[INFO] [stdout]   17:     0x722690f67dfa - <unknown>
[INFO] [stdout]   18:     0x722690ffb3d4 - clone
[INFO] [stdout]   19:                0x0 - <unknown>
[INFO] [stdout] 
[INFO] [stdout] 
[INFO] [stdout] failures:
[INFO] [stdout]     the_corpus_actually_exercises_what_the_comparison_checks
[INFO] [stdout]     the_independent_reader_agrees_with_aseprite_io
[INFO] [stdout] 
[INFO] [stdout] test result: FAILED. 2 passed; 2 failed; 0 ignored; 0 measured; 0 filtered out; finished in 0.00s
[INFO] [stdout] 
[INFO] [stderr] error: test failed, to rerun pass `--test aseprite_independent_parse`
[INFO] running `Command { std: "docker" "inspect" "3eb99d204ff2cde6531186c2e429cb4d9532ceea04e884b2a4b190127496e8f2", kill_on_drop: false }`
[INFO] running `Command { std: "docker" "rm" "-f" "3eb99d204ff2cde6531186c2e429cb4d9532ceea04e884b2a4b190127496e8f2", kill_on_drop: false }`
[INFO] [stdout] 3eb99d204ff2cde6531186c2e429cb4d9532ceea04e884b2a4b190127496e8f2
