[INFO] fetching crate pxh 0.11.3...
[INFO] testing pxh-0.11.3 against 1.99.0-beta.8+cargoflags=--release for beta-release-1.100-2
[INFO] extracting crate pxh 0.11.3 into /workspace/builds/worker-4-tc1/source
[INFO] started tweaking crates.io crate pxh 0.11.3
[INFO] removed 0 missing tests
[INFO] finished tweaking crates.io crate pxh 0.11.3
[INFO] tweaked toml for crates.io crate pxh 0.11.3 written to /workspace/builds/worker-4-tc1/source/Cargo.toml
[INFO] validating manifest of crates.io crate pxh 0.11.3 on toolchain 1.99.0-beta.8
[INFO] running `Command { std: CARGO_HOME="/workspace/cargo-home" RUSTUP_HOME="/workspace/rustup-home" "/workspace/cargo-home/bin/cargo" "+1.99.0-beta.8" "metadata" "--manifest-path" "Cargo.toml" "--no-deps", kill_on_drop: false }`
[INFO] crate crates.io crate pxh 0.11.3 already has a lockfile, it will not be regenerated
[INFO] running `Command { std: CARGO_HOME="/workspace/cargo-home" RUSTUP_HOME="/workspace/rustup-home" "/workspace/cargo-home/bin/cargo" "+1.99.0-beta.8" "fetch" "--manifest-path" "Cargo.toml", kill_on_drop: false }`
[INFO] [stderr]     Updating crates.io index
[INFO] [stderr]  Downloading crates ...
[INFO] [stderr]   Downloaded uzers v0.12.2
[INFO] [stderr]   Downloaded serde_yaml_ng v0.10.0
[INFO] [stderr]   Downloaded rexpect v0.7.1
[INFO] [stderr]   Downloaded comma v1.0.0
[INFO] [stderr]   Downloaded which v8.0.6
[INFO] [stderr]   Downloaded hashlink v0.12.2
[INFO] [stderr]   Downloaded clap_mangen v0.3.3
[INFO] [stderr]   Downloaded roff v1.1.1
[INFO] [stderr]   Downloaded nucleo v0.5.0
[INFO] [stderr]   Downloaded nucleo-matcher v0.3.1
[INFO] [stderr]   Downloaded clap_complete v4.6.11
[INFO] running `Command { std: "docker" "create" "-v" "/var/lib/crater-agent-workspace/builds/worker-4-tc1/source:/opt/rustwide/workdir:ro,Z" "-v" "/var/lib/crater-agent-workspace/builds/worker-4-tc1/target:/opt/rustwide/target:rw,Z" "-v" "/var/lib/crater-agent-workspace/cargo-home:/opt/rustwide/cargo-home:ro,Z" "-v" "/var/lib/crater-agent-workspace/rustup-home:/opt/rustwide/rustup-home:ro,Z" "-m" "1610612736" "--network" "none" "ghcr.io/rust-lang/crates-build-env/linux@sha256:77db811e55d90add9212f6832c23229e3de5f1c1f9905e8cb07319ea15df73ac" "sleep" "infinity", kill_on_drop: false }`
[INFO] [stdout] 0d03b68cfec84a180ae5f775b424cbab49288d3d4b91ffef6d2663582357d647
[INFO] running `Command { std: "docker" "start" "0d03b68cfec84a180ae5f775b424cbab49288d3d4b91ffef6d2663582357d647", kill_on_drop: false }`
[INFO] running `Command { std: "docker" "inspect" "0d03b68cfec84a180ae5f775b424cbab49288d3d4b91ffef6d2663582357d647", kill_on_drop: false }`
[INFO] running `Command { std: "docker" "exec" "-e" "SOURCE_DIR=/opt/rustwide/workdir" "-e" "CARGO_HOME=/opt/rustwide/cargo-home" "-e" "RUSTUP_HOME=/opt/rustwide/rustup-home" "-e" "CARGO_TARGET_DIR=/opt/rustwide/target" "-w" "/opt/rustwide/workdir" "--user" "0:0" "0d03b68cfec84a180ae5f775b424cbab49288d3d4b91ffef6d2663582357d647" "/opt/rustwide/cargo-home/bin/cargo" "+1.99.0-beta.8" "metadata" "--no-deps" "--format-version=1", kill_on_drop: false }`
[INFO] running `Command { std: "docker" "inspect" "0d03b68cfec84a180ae5f775b424cbab49288d3d4b91ffef6d2663582357d647", kill_on_drop: false }`
[INFO] running `Command { std: "docker" "exec" "-e" "SOURCE_DIR=/opt/rustwide/workdir" "-e" "CARGO_HOME=/opt/rustwide/cargo-home" "-e" "RUSTUP_HOME=/opt/rustwide/rustup-home" "-e" "CARGO_TARGET_DIR=/opt/rustwide/target" "-e" "CARGO_INCREMENTAL=0" "-e" "RUST_BACKTRACE=full" "-e" "RUSTFLAGS=--cap-lints=warn" "-e" "RUSTDOCFLAGS=--cap-lints=warn" "-w" "/opt/rustwide/workdir" "--user" "0:0" "0d03b68cfec84a180ae5f775b424cbab49288d3d4b91ffef6d2663582357d647" "/opt/rustwide/cargo-home/bin/cargo" "+1.99.0-beta.8" "build" "--frozen" "--message-format=json" "--release", kill_on_drop: false }`
[INFO] [stderr]    Compiling syn v3.0.6
[INFO] [stderr]    Compiling rustix v1.1.5
[INFO] [stderr]    Compiling linux-raw-sys v0.12.1
[INFO] [stderr]    Compiling crossbeam-utils v0.8.23
[INFO] [stderr]    Compiling syn v2.0.119
[INFO] [stderr]    Compiling crossbeam-epoch v0.9.21
[INFO] [stderr]    Compiling find-msvc-tools v0.1.14
[INFO] [stderr]    Compiling serde_core v1.0.229
[INFO] [stderr]    Compiling crossbeam-deque v0.8.8
[INFO] [stderr]    Compiling hashbrown v0.17.1
[INFO] [stderr]    Compiling serde v1.0.229
[INFO] [stderr]    Compiling errno v0.3.14
[INFO] [stderr]    Compiling pkg-config v0.3.34
[INFO] [stderr]    Compiling lock_api v0.4.14
[INFO] [stderr]    Compiling parking_lot_core v0.9.12
[INFO] [stderr]    Compiling aho-corasick v1.1.5
[INFO] [stderr]    Compiling signal-hook-registry v1.4.8
[INFO] [stderr]    Compiling cc v1.5.1
[INFO] [stderr]    Compiling unsafe-libyaml v0.2.11
[INFO] [stderr]    Compiling ryu v1.0.23
[INFO] [stderr]    Compiling winnow v1.0.4
[INFO] [stderr]    Compiling itoa v1.0.18
[INFO] [stderr]    Compiling parking_lot v0.12.5
[INFO] [stderr]    Compiling signal-hook v0.3.18
[INFO] [stderr]    Compiling getrandom v0.4.3
[INFO] [stderr]    Compiling mio v1.2.3
[INFO] [stderr]    Compiling indexmap v2.14.2
[INFO] [stderr]    Compiling toml_datetime v1.1.1+spec-1.1.0
[INFO] [stderr]    Compiling toml_writer v1.1.2+spec-1.1.0
[INFO] [stderr]    Compiling cpufeatures v0.3.1
[INFO] [stderr]    Compiling serde_json v1.0.151
[INFO] [stderr]    Compiling chacha20 v0.10.2
[INFO] [stderr]    Compiling hashlink v0.12.2
[INFO] [stderr]    Compiling signal-hook-mio v0.2.5
[INFO] [stderr]    Compiling nucleo-matcher v0.3.1
[INFO] [stderr]    Compiling serde_spanned v1.1.1
[INFO] [stderr]    Compiling roff v1.1.1
[INFO] [stderr]    Compiling fallible-streaming-iterator v0.1.9
[INFO] [stderr]    Compiling fallible-iterator v0.3.0
[INFO] [stderr]    Compiling regex-automata v0.4.18
[INFO] [stderr]    Compiling rand v0.10.3
[INFO] [stderr]    Compiling uzers v0.12.2
[INFO] [stderr]    Compiling hostname v0.4.2
[INFO] [stderr]    Compiling rayon-core v1.13.0
[INFO] [stderr]    Compiling libsqlite3-sys v0.38.2
[INFO] [stderr]    Compiling toml_parser v1.1.3+spec-1.1.0
[INFO] [stderr]    Compiling rayon v1.12.0
[INFO] [stderr]    Compiling toml_edit v0.25.15+spec-1.1.0
[INFO] [stderr]    Compiling toml v1.1.6+spec-1.1.0
[INFO] [stderr]    Compiling thiserror-impl v1.0.69
[INFO] [stderr]    Compiling derive_more-impl v2.1.1
[INFO] [stderr]    Compiling derive_more v2.1.1
[INFO] [stderr]    Compiling serde_derive v1.0.229
[INFO] [stderr]    Compiling clap_derive v4.6.7
[INFO] [stderr]    Compiling terminal_size v0.4.4
[INFO] [stderr]    Compiling tempfile v3.27.0
[INFO] [stderr]    Compiling clap_builder v4.6.7
[INFO] [stderr]    Compiling thiserror v1.0.69
[INFO] [stderr]    Compiling filedescriptor v0.8.3
[INFO] [stderr]    Compiling crossterm v0.29.0
[INFO] [stderr]    Compiling nucleo v0.5.0
[INFO] [stderr]    Compiling bstr v1.13.1
[INFO] [stderr]    Compiling regex v1.13.1
[INFO] [stderr]    Compiling clap v4.6.7
[INFO] [stderr]    Compiling clap_complete v4.6.11
[INFO] [stderr]    Compiling clap_mangen v0.3.3
[INFO] [stderr]    Compiling serde_yaml_ng v0.10.0
[INFO] [stderr]    Compiling pxh v0.11.3 (/opt/rustwide/workdir)
[INFO] [stderr]    Compiling rusqlite v0.40.2
[INFO] [stderr]     Finished `release` profile [optimized] target(s) in 2m 37s
[INFO] running `Command { std: "docker" "inspect" "0d03b68cfec84a180ae5f775b424cbab49288d3d4b91ffef6d2663582357d647", kill_on_drop: false }`
[INFO] running `Command { std: "docker" "exec" "-e" "SOURCE_DIR=/opt/rustwide/workdir" "-e" "CARGO_HOME=/opt/rustwide/cargo-home" "-e" "RUSTUP_HOME=/opt/rustwide/rustup-home" "-e" "CARGO_TARGET_DIR=/opt/rustwide/target" "-e" "CARGO_INCREMENTAL=0" "-e" "RUST_BACKTRACE=full" "-e" "RUSTFLAGS=--cap-lints=warn" "-e" "RUSTDOCFLAGS=--cap-lints=warn" "-w" "/opt/rustwide/workdir" "--user" "0:0" "0d03b68cfec84a180ae5f775b424cbab49288d3d4b91ffef6d2663582357d647" "/opt/rustwide/cargo-home/bin/cargo" "+1.99.0-beta.8" "test" "--frozen" "--no-run" "--message-format=json" "--release", kill_on_drop: false }`
[INFO] [stderr]    Compiling libc v0.2.189
[INFO] [stderr]    Compiling num-traits v0.2.19
[INFO] [stderr]    Compiling zerocopy v0.8.59
[INFO] [stderr]    Compiling nix v0.31.3
[INFO] [stderr]    Compiling thiserror v2.0.21
[INFO] [stderr]    Compiling pxh v0.11.3 (/opt/rustwide/workdir)
[INFO] [stderr]    Compiling thiserror-impl v2.0.21
[INFO] [stderr]    Compiling comma v1.0.0
[INFO] [stderr]    Compiling float-cmp v0.10.0
[INFO] [stderr]    Compiling predicates v3.1.4
[INFO] [stderr]    Compiling getrandom v0.4.3
[INFO] [stderr]    Compiling errno v0.3.14
[INFO] [stderr]    Compiling getrandom v0.3.4
[INFO] [stderr]    Compiling parking_lot_core v0.9.12
[INFO] [stderr]    Compiling mio v1.2.3
[INFO] [stderr]    Compiling wait-timeout v0.2.1
[INFO] [stderr]    Compiling filedescriptor v0.8.3
[INFO] [stderr]    Compiling uzers v0.12.2
[INFO] [stderr]    Compiling hostname v0.4.2
[INFO] [stderr]    Compiling which v8.0.6
[INFO] [stderr]    Compiling signal-hook-registry v1.4.8
[INFO] [stderr]    Compiling assert_cmd v2.2.2
[INFO] [stderr]    Compiling tempfile v3.27.0
[INFO] [stderr]    Compiling rand v0.10.3
[INFO] [stderr]    Compiling signal-hook v0.3.18
[INFO] [stderr]    Compiling parking_lot v0.12.5
[INFO] [stderr]    Compiling rand_core v0.9.5
[INFO] [stderr]    Compiling signal-hook-mio v0.2.5
[INFO] [stderr]    Compiling nucleo v0.5.0
[INFO] [stderr]    Compiling rand_xorshift v0.4.0
[INFO] [stderr]    Compiling rand v0.9.5
[INFO] [stderr]    Compiling crossterm v0.29.0
[INFO] [stderr]    Compiling rusty-fork v0.3.1
[INFO] [stderr]    Compiling rexpect v0.7.1
[INFO] [stderr]    Compiling ppv-lite86 v0.2.21
[INFO] [stderr]    Compiling rand_chacha v0.9.0
[INFO] [stderr]    Compiling proptest v1.11.0
[INFO] [stderr]     Finished `release` profile [optimized] target(s) in 1m 03s
[INFO] running `Command { std: "docker" "inspect" "0d03b68cfec84a180ae5f775b424cbab49288d3d4b91ffef6d2663582357d647", kill_on_drop: false }`
[INFO] running `Command { std: "docker" "exec" "-e" "SOURCE_DIR=/opt/rustwide/workdir" "-e" "CARGO_HOME=/opt/rustwide/cargo-home" "-e" "RUSTUP_HOME=/opt/rustwide/rustup-home" "-e" "CARGO_TARGET_DIR=/opt/rustwide/target" "-e" "CARGO_INCREMENTAL=0" "-e" "RUST_BACKTRACE=full" "-e" "RUSTFLAGS=--cap-lints=warn" "-e" "RUSTDOCFLAGS=--cap-lints=warn" "-w" "/opt/rustwide/workdir" "--user" "0:0" "0d03b68cfec84a180ae5f775b424cbab49288d3d4b91ffef6d2663582357d647" "/opt/rustwide/cargo-home/bin/cargo" "+1.99.0-beta.8" "test" "--frozen" "--release", kill_on_drop: false }`
[INFO] [stderr]    Compiling pxh v0.11.3 (/opt/rustwide/workdir)
[INFO] [stderr]     Finished `release` profile [optimized] target(s) in 43.05s
[INFO] [stderr]      Running unittests src/lib.rs (/opt/rustwide/target/release/deps/pxh-da7cd860c1aa6c55)
[INFO] [stdout] 
[INFO] [stdout] running 149 tests
[INFO] [stdout] test config::tests::test_invalid_toml_returns_none ... ok
[INFO] [stdout] test config::tests::template_parses_to_defaults ... ok
[INFO] [stdout] test config::tests::test_parse_empty_history_ignore_patterns ... ok
[INFO] [stdout] test config::tests::test_default_config ... ok
[INFO] [stdout] test config::tests::config_status_distinguishes_missing_invalid_and_valid ... ok
[INFO] [stdout] test config::tests::test_default_host_config ... ok
[INFO] [stdout] test config::tests::test_parse_config ... ok
[INFO] [stdout] test config::tests::test_parse_history_config ... ok
[INFO] [stdout] test config::tests::template_uncommented_parses_to_defaults ... ok
[INFO] [stdout] test config::tests::test_missing_history_section_uses_defaults ... ok
[INFO] [stdout] test config::tests::test_default_ignore_patterns_are_valid_regexes ... ok
[INFO] [stdout] test config::tests::test_initial_keymap_mode ... ok
[INFO] [stdout] test config::tests::unknown_keys_are_rejected ... ok
[INFO] [stdout] test config::tests::unknown_sections_are_rejected ... ok
[INFO] [stdout] test recall::engine::tests::test_directory_boost_requires_exact_match ... ok
[INFO] [stdout] test config::tests::test_parse_host_config ... ok
[INFO] [stdout] test config::tests::test_parse_partial_host_config ... ok
[INFO] [stdout] test config::tests::test_update_config_creates_file ... ok
[INFO] [stdout] test config::tests::test_wrong_type_returns_none ... ok
[INFO] [stdout] test config::tests::test_update_config_preserves_existing ... ok
[INFO] [stdout] test recall::engine::tests::test_engine_fuzzy_normalization_slashes ... ok
[INFO] [stdout] test config::tests::test_existing_config_without_host_section ... ok
[INFO] [stdout] test recall::engine::tests::test_engine_fzf_operator_semantics ... ok
[INFO] [stdout] test recall::engine::tests::test_format_relative_time_days ... ok
[INFO] [stdout] test recall::engine::tests::test_format_relative_time_minutes ... ok
[INFO] [stdout] test recall::engine::tests::test_format_relative_time_hours ... ok
[INFO] [stdout] test recall::engine::tests::test_format_relative_time_none ... ok
[INFO] [stdout] test recall::engine::tests::test_format_relative_time_seconds ... ok
[INFO] [stdout] test recall::engine::tests::test_filter_entries_frequent_command_beats_one_off ... ok
[INFO] [stdout] test recall::engine::tests::test_filter_entries_same_directory_beats_elsewhere ... ok
[INFO] [stdout] test recall::engine::tests::test_engine_fuzzy_normalization_asterisks ... ok
[INFO] [stdout] test recall::engine::tests::test_frecency_boost_handles_missing_timestamp ... ok
[INFO] [stdout] test recall::engine::tests::test_frecency_boost_clamps_future_timestamps ... ok
[INFO] [stdout] test recall::engine::tests::test_frecency_boost_decays_in_steps ... ok
[INFO] [stdout] test recall::engine::tests::test_engine_returns_all_rows_ordered_by_time ... ok
[INFO] [stdout] test recall::engine::tests::test_dropping_timestamp_index_forces_full_sort ... ok
[INFO] [stdout] test recall::engine::tests::test_engine_host_filter ... ok
[INFO] [stdout] test recall::engine::tests::test_engine_directory_filter ... ok
[INFO] [stdout] test recall::engine::tests::test_filter_entries_negation_and_prefix ... ok
[INFO] [stdout] test recall::engine::tests::test_frequency_boost_is_log_scale_and_capped ... ok
[INFO] [stdout] test recall::engine::tests::test_filter_entries_recent_beats_older_better_fuzzy_match ... ok
[INFO] [stdout] test recall::engine::tests::test_filter_entries_recent_slash_path_beats_older_plain_word ... ok
[INFO] [stdout] test recall::engine::tests::test_filter_entries_preserves_fuzzy_quality_when_equally_recent ... ok
[INFO] [stdout] test recall::query::tests::test_has_prefilter ... ok
[INFO] [stdout] test recall::engine::tests::test_global_result_limit_hides_old_commands ... ok
[INFO] [stdout] test recall::query::tests::test_covers_extension_and_new_atoms ... ok
[INFO] [stdout] test recall::query::tests::test_escapes_resolved_like_nucleo ... ok
[INFO] [stdout] test recall::query::tests::test_like_metacharacters_escaped ... ok
[INFO] [stdout] test recall::engine::tests::test_like_filter_normalizes_slash ... ok
[INFO] [stdout] test recall::query::tests::test_separators_split_atoms_before_operator_parsing ... ok
[INFO] [stdout] test recall::query::tests::test_specificity_orders_narrowness ... ok
[INFO] [stdout] test recall::tui::tests::keyboard_enhancement_is_pushed_and_popped_inside_alternate_screen ... ok
[INFO] [stdout] test recall::engine::tests::test_like_filter_drops_negated_atoms ... ok
[INFO] [stdout] test recall::engine::tests::test_like_filter_atoms_match_any_order ... ok
[INFO] [stdout] test recall::tui::tests::test_deduplicate_empty_list ... ok
[INFO] [stdout] test recall::query::tests::test_operators_stripped_per_atom ... ok
[INFO] [stdout] test recall::engine::tests::test_like_filter_matches_fuzzy_subsequences ... ok
[INFO] [stdout] test recall::engine::tests::test_like_filter_splits_atoms_on_separators ... ok
[INFO] [stdout] test recall::tui::tests::test_deduplicate_keeps_first_occurrence ... ok
[INFO] [stdout] test recall::tui::tests::test_delete_last_word_with_multibyte_whitespace ... ok
[INFO] [stdout] test recall::tui::tests::test_base64_encode ... ok
[INFO] [stdout] test recall::query::tests::test_negated_atoms_contribute_nothing ... ok
[INFO] [stdout] test recall::query::tests::test_non_ascii_chars_not_required ... ok
[INFO] [stdout] test recall::engine::tests::test_like_filter_strips_fzf_operators ... ok
[INFO] [stdout] test recall::tui::tests::test_copy_selected_returns_command_and_sets_status ... ok
[INFO] [stdout] test recall::tui::tests::test_entry_cache_covers ... ok
[INFO] [stdout] test recall::tui::tests::test_entry_cache_takes_narrowest_covering ... ok
[INFO] [stdout] test recall::tui::tests::test_fuzzy_highlight_contiguous_matches ... ok
[INFO] [stdout] test recall::tui::tests::test_fuzzy_highlight_keeps_command_that_exactly_fits ... ok
[INFO] [stdout] test recall::tui::tests::test_fuzzy_highlight_match_at_start ... ok
[INFO] [stdout] test recall::tui::tests::test_fuzzy_highlight_empty_command ... ok
[INFO] [stdout] test recall::tui::tests::test_fuzzy_highlight_match_at_end ... ok
[INFO] [stdout] test recall::tui::tests::test_fuzzy_highlight_no_indices ... ok
[INFO] [stdout] test recall::tui::tests::test_fuzzy_highlight_scattered_matches ... ok
[INFO] [stdout] test recall::tui::tests::test_fuzzy_highlight_truncates_by_display_width ... ok
[INFO] [stdout] test recall::tui::tests::test_fuzzy_highlight_truncation ... ok
[INFO] [stdout] test recall::tui::tests::test_highlight_at_end ... ok
[INFO] [stdout] test recall::tui::tests::test_highlight_at_start ... ok
[INFO] [stdout] test recall::engine::tests::test_like_filter_normalizes_dash_and_star ... ok
[INFO] [stdout] test recall::engine::tests::test_delete_entries_by_command_removes_all_duplicates ... ok
[INFO] [stdout] test recall::tui::tests::test_highlight_case_insensitive ... ok
[INFO] [stdout] test recall::tui::tests::test_entry_cache_store_replaces_and_stays_bounded ... ok
[INFO] [stdout] test recall::tui::tests::test_highlight_empty_both ... ok
[INFO] [stdout] test recall::engine::tests::test_recall_query_plans_walk_timestamp_index_without_sort ... ok
[INFO] [stdout] test recall::tui::tests::test_highlight_empty_command ... ok
[INFO] [stdout] test recall::tui::tests::test_highlight_multibyte_command ... ok
[INFO] [stdout] test recall::tui::tests::test_emacs_enter_and_escape_actions ... ok
[INFO] [stdout] test recall::tui::tests::test_highlight_no_query ... ok
[INFO] [stdout] test recall::tui::tests::test_sanitize_empty_string ... ok
[INFO] [stdout] test recall::engine::tests::test_engine_fuzzy_normalization_dashes ... ok
[INFO] [stdout] test recall::tui::tests::test_sanitize_handles_binary_garbage ... ok
[INFO] [stdout] test recall::tui::tests::test_sanitize_handles_incomplete_escape_sequences ... ok
[INFO] [stdout] test recall::tui::tests::test_sanitize_preserves_box_drawing ... ok
[INFO] [stdout] test recall::tui::tests::test_sanitize_preserves_normal_text ... ok
[INFO] [stdout] test recall::tui::tests::test_highlight_multiple_matches ... ok
[INFO] [stdout] test recall::tui::tests::test_sanitize_preserves_unicode ... ok
[INFO] [stdout] test recall::tui::tests::test_sanitize_strips_ansi_escape_sequences ... ok
[INFO] [stdout] test recall::tui::tests::test_highlight_no_match ... ok
[INFO] [stdout] test recall::tui::tests::test_emacs_query_editing_updates_filter ... ok
[INFO] [stdout] test recall::tui::tests::test_highlight_multibyte_query ... ok
[INFO] [stdout] test recall::tui::tests::test_sanitize_converts_newlines_to_spaces ... ok
[INFO] [stdout] test recall::tui::tests::test_sanitize_converts_tabs_to_spaces ... ok
[INFO] [stdout] test recall::tui::tests::test_sanitize_strips_control_characters ... ok
[INFO] [stdout] test recall::tui::tests::test_sanitize_strips_dcs_sequences ... ok
[INFO] [stdout] test recall::tui::tests::test_sanitize_strips_osc_sequences ... ok
[INFO] [stdout] test recall::tui::tests::test_sanitize_strips_c1_controls ... ok
[INFO] [stdout] test recall::tui::tests::test_truncate_to_width ... ok
[INFO] [stdout] test recall::tui::tests::test_sanitize_strips_other_esc_sequences ... ok
[INFO] [stdout] test recall::tui::tests::test_vim_keymap_mode_transitions ... ok
[INFO] [stdout] test recall::tui::tests::test_highlight_single_match ... ok
[INFO] [stdout] test recall::tui::tests::test_highlight_truncation ... ok
[INFO] [stdout] test recall::tui::tests::test_selection_stays_visible_and_scroll_clamps ... ok
[INFO] [stdout] test sync::tests::test_read_only_uri_percent_encodes_unsafe_bytes ... ok
[INFO] [stdout] test recall::tui::tests::test_draw_renders_into_plain_buffer ... ok
[INFO] [stdout] test tests::format_local_time_handles_range ... ok
[INFO] [stdout] test tests::render_table_pads_columns_and_continues_multiline_cells ... ok
[INFO] [stdout] test tests::render_table_styles_content_and_padding_as_one_span ... ok
[INFO] [stdout] test tests::test_effective_host_set_dedup ... ok
[INFO] [stdout] test tests::test_effective_host_set_no_aliases ... ok
[INFO] [stdout] test tests::test_effective_host_set_with_aliases ... ok
[INFO] [stdout] test recall::engine::tests::test_prefilter_is_superset_of_fuzzy_stage ... ok
[INFO] [stdout] test tests::test_migration_fresh_database ... ok
[INFO] [stdout] test tests::test_migration_idempotent ... ok
[INFO] [stdout] test tests::test_migration_legacy_database_with_machine_id ... ok
[INFO] [stdout] test tests::test_resolve_hostname_from_db ... ok
[INFO] [stdout] test tests::test_resolve_hostname_live_fallback ... ok
[INFO] [stdout] test tests::test_unmetafy_decodes_pairs_and_leaves_plain_bytes ... ok
[INFO] [stdout] test tests::test_resolve_hostname_from_config ... ok
[INFO] [stdout] test tests::test_with_write_retry_propagates_non_busy_error ... ok
[INFO] [stdout] test tests::test_with_write_retry_retries_then_succeeds ... ok
[INFO] [stdout] test tests::test_with_write_retry_succeeds_immediately ... ok
[INFO] [stdout] test ui::tests::count_pluralizes_everything_but_one ... ok
[INFO] [stdout] test ui::tests::levels_say_the_lowercase_word ... ok
[INFO] [stdout] test ui::tests::stripping_a_rendered_line_leaves_plain_text ... ok
[INFO] [stdout] test tests::test_with_write_retry_gives_up_after_timeout ... ok
[INFO] [stdout] test recall::tui::tests::test_quick_select_advances_selection ... ok
[INFO] [stdout] test recall::engine::tests::test_all_hosts_returns_superset_of_this_host ... ok
[INFO] [stdout] test recall::tui::tests::test_delete_selected_entry_invalidates_cached_candidate_sets ... ok
[INFO] [stdout] test recall::tui::tests::test_page_up_down_bounded ... ok
[INFO] [stdout] test sync::tests::test_watermark_roundtrip_and_missing ... ok
[INFO] [stdout] test sync::tests::test_merge_reports_max_id_regression_via_stats ... ok
[INFO] [stdout] test sync::tests::test_merge_rejects_a_non_pxh_database_untouched ... ok
[INFO] [stdout] test sync::tests::test_merge_reads_a_read_only_source ... ok
[INFO] [stdout] test sync::tests::test_merge_upgrades_unsealed_rows ... ok
[INFO] [stdout] test sync::tests::test_merge_secret_filter_drops_and_counts ... ok
[INFO] [stdout] test sync::tests::test_merge_never_writes_to_the_source ... ok
[INFO] [stdout] test sync::tests::test_merge_reports_stats_and_is_idempotent ... ok
[INFO] [stdout] test sync::tests::test_merge_watermark_skips_already_merged_ids ... ok
[INFO] [stderr]      Running unittests src/main.rs (/opt/rustwide/target/release/deps/pxh-6567abd95644beff)
[INFO] [stdout] test sync::tests::test_merge_crosses_chunk_boundaries ... ok
[INFO] [stdout] 
[INFO] [stdout] test result: ok. 149 passed; 0 failed; 0 ignored; 0 measured; 0 filtered out; finished in 0.69s
[INFO] [stdout] 
[INFO] [stdout] 
[INFO] [stdout] running 4 tests
[INFO] [stdout] test tests::autosuggest_query_plan_walks_timestamp_index_without_sort ... ok
[INFO] [stdout] test tests::clap_definition_is_consistent ... ok
[INFO] [stdout] test tests::seal_query_plan_uses_session_index_and_rowid ... ok
[INFO] [stdout] test tests::readme_mentions_every_visible_subcommand ... ok
[INFO] [stdout] 
[INFO] [stdout] test result: ok. 4 passed; 0 failed; 0 ignored; 0 measured; 0 filtered out; finished in 0.01s
[INFO] [stdout] 
[INFO] [stderr]      Running tests/bootstrap_test.rs (/opt/rustwide/target/release/deps/bootstrap_test-341bd2aadc993780)
[INFO] [stdout] 
[INFO] [stdout] running 9 tests
[INFO] [stdout] test bootstrap_fails_when_install_sh_cannot_be_fetched ... ok
[INFO] [stdout] test bootstrap_relative_install_dir_is_relative_to_the_remote_home ... FAILED
[INFO] [stdout] test bootstrap_install_dir_off_the_sync_path_warns_and_syncs_explicitly ... FAILED
[INFO] [stdout] test bootstrap_release_latest_takes_the_newest_published_build ... FAILED
[INFO] [stdout] test bootstrap_fails_when_the_release_has_no_published_build ... ok
[INFO] [stdout] test bootstrap_install_dir_with_spaces_installs_and_syncs ... FAILED
[INFO] [stdout] test bootstrap_no_sync_stops_after_the_probe_and_points_at_sync ... FAILED
[INFO] [stdout] test bootstrap_installs_this_release_confirms_it_and_syncs ... FAILED
[INFO] [stdout] test bootstrap_reports_a_stale_pxh_that_shadows_the_install_for_plain_sync ... FAILED
[INFO] [stdout] 
[INFO] [stdout] failures:
[INFO] [stdout] 
[INFO] [stdout] ---- bootstrap_relative_install_dir_is_relative_to_the_remote_home stdout ----
[INFO] [stdout] 
[INFO] [stdout] thread 'bootstrap_relative_install_dir_is_relative_to_the_remote_home' (3802) panicked at tests/bootstrap_test.rs:302:5:
[INFO] [stdout] Installing pxh 0.11.3 on devbox...
[INFO] [stdout] curl: (22) The requested URL returned error: 404
[INFO] [stdout] could not fetch install.sh
[INFO] [stdout] error: remote install failed (exit status: 22); if release 0.11.3 has no published build, retry with --release latest
[INFO] [stdout] 
[INFO] [stdout] stack backtrace:
[INFO] [stdout]    0:     0x55d735bbf2a1 - <<std[70759c8f55707aa4]::sys::backtrace::BacktraceLock>::print::DisplayBacktrace as core[df12db4294e9bfd3]::fmt::Display>::fmt
[INFO] [stdout]    1:     0x55d735bd3c2a - core[df12db4294e9bfd3]::fmt::write
[INFO] [stdout]    2:     0x55d735bc3a2c - <alloc[2182bb758b4b3781]::vec::Vec<u8> as core[df12db4294e9bfd3]::io::write::Write>::write_fmt
[INFO] [stdout]    3:     0x55d735b982b6 - std[70759c8f55707aa4]::panicking::default_hook::{closure#0}
[INFO] [stdout]    4:     0x55d735bb5c89 - std[70759c8f55707aa4]::panicking::default_hook
[INFO] [stdout]    5:     0x55d7359a6710 - test[9d35eded1c95d3be]::test_main_inner::<test[9d35eded1c95d3be]::test_main_static::{closure#0}>::{closure#0}
[INFO] [stdout]    6:     0x55d735bb5e42 - std[70759c8f55707aa4]::panicking::panic_with_hook
[INFO] [stdout]    7:     0x55d735b98362 - std[70759c8f55707aa4]::panicking::panic_handler::{closure#0}
[INFO] [stdout]    8:     0x55d735b90d99 - std[70759c8f55707aa4]::sys::backtrace::__rust_end_short_backtrace::<std[70759c8f55707aa4]::panicking::panic_handler::{closure#0}, !>
[INFO] [stdout]    9:     0x55d735b9901d - __rustc[8fa7c3cbc660c2b3]::rust_begin_unwind
[INFO] [stdout]   10:     0x55d735bd438c - core[df12db4294e9bfd3]::panicking::panic_fmt
[INFO] [stdout]   11:     0x55d7359945f7 - <bootstrap_test[5651ccb7ddf875cf]::bootstrap_relative_install_dir_is_relative_to_the_remote_home::{closure#0} as core[df12db4294e9bfd3]::ops::function::FnOnce<()>>::call_once
[INFO] [stdout]   12:     0x55d7359999fb - test[9d35eded1c95d3be]::__rust_begin_short_backtrace::<core[df12db4294e9bfd3]::result::Result<(), alloc[2182bb758b4b3781]::string::String>, fn() -> core[df12db4294e9bfd3]::result::Result<(), alloc[2182bb758b4b3781]::string::String>>
[INFO] [stdout]   13:     0x55d7359a7065 - test[9d35eded1c95d3be]::run_test::{closure#0}
[INFO] [stdout]   14:     0x55d7359a0924 - std[70759c8f55707aa4]::sys::backtrace::__rust_begin_short_backtrace::<test[9d35eded1c95d3be]::run_test::{closure#1}, ()>
[INFO] [stdout]   15:     0x55d7359aa1c2 - <std[70759c8f55707aa4]::thread::lifecycle::spawn_unchecked<test[9d35eded1c95d3be]::run_test::{closure#1}, ()>::{closure#1} as core[df12db4294e9bfd3]::ops::function::FnOnce<()>>::call_once::{shim:vtable#0}
[INFO] [stdout]   16:     0x55d735bbe559 - <std[70759c8f55707aa4]::sys::thread::unix::Thread>::new::thread_start
[INFO] [stdout]   17:     0x7e4898507dfa - <unknown>
[INFO] [stdout]   18:     0x7e489859b3d4 - clone
[INFO] [stdout]   19:                0x0 - <unknown>
[INFO] [stdout] 
[INFO] [stdout] ---- bootstrap_install_dir_off_the_sync_path_warns_and_syncs_explicitly stdout ----
[INFO] [stdout] 
[INFO] [stdout] thread 'bootstrap_install_dir_off_the_sync_path_warns_and_syncs_explicitly' (3798) panicked at tests/bootstrap_test.rs:316:5:
[INFO] [stdout] Installing pxh 0.11.3 on devbox...
[INFO] [stdout] curl: (22) The requested URL returned error: 404
[INFO] [stdout] could not fetch install.sh
[INFO] [stdout] error: remote install failed (exit status: 22); if release 0.11.3 has no published build, retry with --release latest
[INFO] [stdout] 
[INFO] [stdout] stack backtrace:
[INFO] [stdout]    0:     0x55d735bbf2a1 - <<std[70759c8f55707aa4]::sys::backtrace::BacktraceLock>::print::DisplayBacktrace as core[df12db4294e9bfd3]::fmt::Display>::fmt
[INFO] [stdout]    1:     0x55d735bd3c2a - core[df12db4294e9bfd3]::fmt::write
[INFO] [stdout]    2:     0x55d735bc3a2c - <alloc[2182bb758b4b3781]::vec::Vec<u8> as core[df12db4294e9bfd3]::io::write::Write>::write_fmt
[INFO] [stdout]    3:     0x55d735b982b6 - std[70759c8f55707aa4]::panicking::default_hook::{closure#0}
[INFO] [stdout]    4:     0x55d735bb5c89 - std[70759c8f55707aa4]::panicking::default_hook
[INFO] [stdout]    5:     0x55d7359a6710 - test[9d35eded1c95d3be]::test_main_inner::<test[9d35eded1c95d3be]::test_main_static::{closure#0}>::{closure#0}
[INFO] [stdout]    6:     0x55d735bb5e42 - std[70759c8f55707aa4]::panicking::panic_with_hook
[INFO] [stdout]    7:     0x55d735b98362 - std[70759c8f55707aa4]::panicking::panic_handler::{closure#0}
[INFO] [stdout]    8:     0x55d735b90d99 - std[70759c8f55707aa4]::sys::backtrace::__rust_end_short_backtrace::<std[70759c8f55707aa4]::panicking::panic_handler::{closure#0}, !>
[INFO] [stdout]    9:     0x55d735b9901d - __rustc[8fa7c3cbc660c2b3]::rust_begin_unwind
[INFO] [stdout]   10:     0x55d735bd438c - core[df12db4294e9bfd3]::panicking::panic_fmt
[INFO] [stdout]   11:     0x55d735994ac0 - <bootstrap_test[5651ccb7ddf875cf]::bootstrap_install_dir_off_the_sync_path_warns_and_syncs_explicitly::{closure#0} as core[df12db4294e9bfd3]::ops::function::FnOnce<()>>::call_once
[INFO] [stdout]   12:     0x55d7359999fb - test[9d35eded1c95d3be]::__rust_begin_short_backtrace::<core[df12db4294e9bfd3]::result::Result<(), alloc[2182bb758b4b3781]::string::String>, fn() -> core[df12db4294e9bfd3]::result::Result<(), alloc[2182bb758b4b3781]::string::String>>
[INFO] [stdout]   13:     0x55d7359a7065 - test[9d35eded1c95d3be]::run_test::{closure#0}
[INFO] [stdout]   14:     0x55d7359a0924 - std[70759c8f55707aa4]::sys::backtrace::__rust_begin_short_backtrace::<test[9d35eded1c95d3be]::run_test::{closure#1}, ()>
[INFO] [stdout]   15:     0x55d7359aa1c2 - <std[70759c8f55707aa4]::thread::lifecycle::spawn_unchecked<test[9d35eded1c95d3be]::run_test::{closure#1}, ()>::{closure#1} as core[df12db4294e9bfd3]::ops::function::FnOnce<()>>::call_once::{shim:vtable#0}
[INFO] [stdout]   16:     0x55d735bbe559 - <std[70759c8f55707aa4]::sys::thread::unix::Thread>::new::thread_start
[INFO] [stdout]   17:     0x7e4898507dfa - <unknown>
[INFO] [stdout]   18:     0x7e489859b3d4 - clone
[INFO] [stdout]   19:                0x0 - <unknown>
[INFO] [stdout] 
[INFO] [stdout] ---- bootstrap_release_latest_takes_the_newest_published_build stdout ----
[INFO] [stdout] 
[INFO] [stdout] thread 'bootstrap_release_latest_takes_the_newest_published_build' (3803) panicked at tests/bootstrap_test.rs:266:5:
[INFO] [stdout] Installing pxh latest on devbox...
[INFO] [stdout] curl: (22) The requested URL returned error: 404
[INFO] [stdout] could not fetch install.sh
[INFO] [stdout] error: remote install failed (exit status: 22); if release latest has no published build, retry with --release latest
[INFO] [stdout] 
[INFO] [stdout] stack backtrace:
[INFO] [stdout]    0:     0x55d735bbf2a1 - <<std[70759c8f55707aa4]::sys::backtrace::BacktraceLock>::print::DisplayBacktrace as core[df12db4294e9bfd3]::fmt::Display>::fmt
[INFO] [stdout]    1:     0x55d735bd3c2a - core[df12db4294e9bfd3]::fmt::write
[INFO] [stdout]    2:     0x55d735bc3a2c - <alloc[2182bb758b4b3781]::vec::Vec<u8> as core[df12db4294e9bfd3]::io::write::Write>::write_fmt
[INFO] [stdout]    3:     0x55d735b982b6 - std[70759c8f55707aa4]::panicking::default_hook::{closure#0}
[INFO] [stdout]    4:     0x55d735bb5c89 - std[70759c8f55707aa4]::panicking::default_hook
[INFO] [stdout]    5:     0x55d7359a6710 - test[9d35eded1c95d3be]::test_main_inner::<test[9d35eded1c95d3be]::test_main_static::{closure#0}>::{closure#0}
[INFO] [stdout]    6:     0x55d735bb5e42 - std[70759c8f55707aa4]::panicking::panic_with_hook
[INFO] [stdout]    7:     0x55d735b98362 - std[70759c8f55707aa4]::panicking::panic_handler::{closure#0}
[INFO] [stdout]    8:     0x55d735b90d99 - std[70759c8f55707aa4]::sys::backtrace::__rust_end_short_backtrace::<std[70759c8f55707aa4]::panicking::panic_handler::{closure#0}, !>
[INFO] [stdout]    9:     0x55d735b9901d - __rustc[8fa7c3cbc660c2b3]::rust_begin_unwind
[INFO] [stdout]   10:     0x55d735bd438c - core[df12db4294e9bfd3]::panicking::panic_fmt
[INFO] [stdout]   11:     0x55d735993d93 - <bootstrap_test[5651ccb7ddf875cf]::bootstrap_release_latest_takes_the_newest_published_build::{closure#0} as core[df12db4294e9bfd3]::ops::function::FnOnce<()>>::call_once
[INFO] [stdout]   12:     0x55d7359999fb - test[9d35eded1c95d3be]::__rust_begin_short_backtrace::<core[df12db4294e9bfd3]::result::Result<(), alloc[2182bb758b4b3781]::string::String>, fn() -> core[df12db4294e9bfd3]::result::Result<(), alloc[2182bb758b4b3781]::string::String>>
[INFO] [stdout]   13:     0x55d7359a7065 - test[9d35eded1c95d3be]::run_test::{closure#0}
[INFO] [stdout]   14:     0x55d7359a0924 - std[70759c8f55707aa4]::sys::backtrace::__rust_begin_short_backtrace::<test[9d35eded1c95d3be]::run_test::{closure#1}, ()>
[INFO] [stdout]   15:     0x55d7359aa1c2 - <std[70759c8f55707aa4]::thread::lifecycle::spawn_unchecked<test[9d35eded1c95d3be]::run_test::{closure#1}, ()>::{closure#1} as core[df12db4294e9bfd3]::ops::function::FnOnce<()>>::call_once::{shim:vtable#0}
[INFO] [stdout]   16:     0x55d735bbe559 - <std[70759c8f55707aa4]::sys::thread::unix::Thread>::new::thread_start
[INFO] [stdout]   17:     0x7e4898507dfa - <unknown>
[INFO] [stdout]   18:     0x7e489859b3d4 - clone
[INFO] [stdout]   19:                0x0 - <unknown>
[INFO] [stdout] 
[INFO] [stdout] ---- bootstrap_install_dir_with_spaces_installs_and_syncs stdout ----
[INFO] [stdout] 
[INFO] [stdout] thread 'bootstrap_install_dir_with_spaces_installs_and_syncs' (3799) panicked at tests/bootstrap_test.rs:358:5:
[INFO] [stdout] Installing pxh 0.11.3 on devbox...
[INFO] [stdout] curl: (22) The requested URL returned error: 404
[INFO] [stdout] could not fetch install.sh
[INFO] [stdout] error: remote install failed (exit status: 22); if release 0.11.3 has no published build, retry with --release latest
[INFO] [stdout] 
[INFO] [stdout] stack backtrace:
[INFO] [stdout]    0:     0x55d735bbf2a1 - <<std[70759c8f55707aa4]::sys::backtrace::BacktraceLock>::print::DisplayBacktrace as core[df12db4294e9bfd3]::fmt::Display>::fmt
[INFO] [stdout]    1:     0x55d735bd3c2a - core[df12db4294e9bfd3]::fmt::write
[INFO] [stdout]    2:     0x55d735bc3a2c - <alloc[2182bb758b4b3781]::vec::Vec<u8> as core[df12db4294e9bfd3]::io::write::Write>::write_fmt
[INFO] [stdout]    3:     0x55d735b982b6 - std[70759c8f55707aa4]::panicking::default_hook::{closure#0}
[INFO] [stdout]    4:     0x55d735bb5c89 - std[70759c8f55707aa4]::panicking::default_hook
[INFO] [stdout]    5:     0x55d7359a6710 - test[9d35eded1c95d3be]::test_main_inner::<test[9d35eded1c95d3be]::test_main_static::{closure#0}>::{closure#0}
[INFO] [stdout]    6:     0x55d735bb5e42 - std[70759c8f55707aa4]::panicking::panic_with_hook
[INFO] [stdout]    7:     0x55d735b98362 - std[70759c8f55707aa4]::panicking::panic_handler::{closure#0}
[INFO] [stdout]    8:     0x55d735b90d99 - std[70759c8f55707aa4]::sys::backtrace::__rust_end_short_backtrace::<std[70759c8f55707aa4]::panicking::panic_handler::{closure#0}, !>
[INFO] [stdout]    9:     0x55d735b9901d - __rustc[8fa7c3cbc660c2b3]::rust_begin_unwind
[INFO] [stdout]   10:     0x55d735bd438c - core[df12db4294e9bfd3]::panicking::panic_fmt
[INFO] [stdout]   11:     0x55d735992b61 - <bootstrap_test[5651ccb7ddf875cf]::bootstrap_install_dir_with_spaces_installs_and_syncs::{closure#0} as core[df12db4294e9bfd3]::ops::function::FnOnce<()>>::call_once
[INFO] [stdout]   12:     0x55d7359999fb - test[9d35eded1c95d3be]::__rust_begin_short_backtrace::<core[df12db4294e9bfd3]::result::Result<(), alloc[2182bb758b4b3781]::string::String>, fn() -> core[df12db4294e9bfd3]::result::Result<(), alloc[2182bb758b4b3781]::string::String>>
[INFO] [stdout]   13:     0x55d7359a7065 - test[9d35eded1c95d3be]::run_test::{closure#0}
[INFO] [stdout]   14:     0x55d7359a0924 - std[70759c8f55707aa4]::sys::backtrace::__rust_begin_short_backtrace::<test[9d35eded1c95d3be]::run_test::{closure#1}, ()>
[INFO] [stdout]   15:     0x55d7359aa1c2 - <std[70759c8f55707aa4]::thread::lifecycle::spawn_unchecked<test[9d35eded1c95d3be]::run_test::{closure#1}, ()>::{closure#1} as core[df12db4294e9bfd3]::ops::function::FnOnce<()>>::call_once::{shim:vtable#0}
[INFO] [stdout]   16:     0x55d735bbe559 - <std[70759c8f55707aa4]::sys::thread::unix::Thread>::new::thread_start
[INFO] [stdout]   17:     0x7e4898507dfa - <unknown>
[INFO] [stdout]   18:     0x7e489859b3d4 - clone
[INFO] [stdout]   19:                0x0 - <unknown>
[INFO] [stdout] 
[INFO] [stdout] ---- bootstrap_no_sync_stops_after_the_probe_and_points_at_sync stdout ----
[INFO] [stdout] 
[INFO] [stdout] thread 'bootstrap_no_sync_stops_after_the_probe_and_points_at_sync' (3801) panicked at tests/bootstrap_test.rs:254:5:
[INFO] [stdout] Installing pxh 0.11.3 on devbox...
[INFO] [stdout] curl: (22) The requested URL returned error: 404
[INFO] [stdout] could not fetch install.sh
[INFO] [stdout] error: remote install failed (exit status: 22); if release 0.11.3 has no published build, retry with --release latest
[INFO] [stdout] 
[INFO] [stdout] stack backtrace:
[INFO] [stdout]    0:     0x55d735bbf2a1 - <<std[70759c8f55707aa4]::sys::backtrace::BacktraceLock>::print::DisplayBacktrace as core[df12db4294e9bfd3]::fmt::Display>::fmt
[INFO] [stdout]    1:     0x55d735bd3c2a - core[df12db4294e9bfd3]::fmt::write
[INFO] [stdout]    2:     0x55d735bc3a2c - <alloc[2182bb758b4b3781]::vec::Vec<u8> as core[df12db4294e9bfd3]::io::write::Write>::write_fmt
[INFO] [stdout]    3:     0x55d735b982b6 - std[70759c8f55707aa4]::panicking::default_hook::{closure#0}
[INFO] [stdout]    4:     0x55d735bb5c89 - std[70759c8f55707aa4]::panicking::default_hook
[INFO] [stdout]    5:     0x55d7359a6710 - test[9d35eded1c95d3be]::test_main_inner::<test[9d35eded1c95d3be]::test_main_static::{closure#0}>::{closure#0}
[INFO] [stdout]    6:     0x55d735bb5e42 - std[70759c8f55707aa4]::panicking::panic_with_hook
[INFO] [stdout]    7:     0x55d735b98362 - std[70759c8f55707aa4]::panicking::panic_handler::{closure#0}
[INFO] [stdout]    8:     0x55d735b90d99 - std[70759c8f55707aa4]::sys::backtrace::__rust_end_short_backtrace::<std[70759c8f55707aa4]::panicking::panic_handler::{closure#0}, !>
[INFO] [stdout]    9:     0x55d735b9901d - __rustc[8fa7c3cbc660c2b3]::rust_begin_unwind
[INFO] [stdout]   10:     0x55d735bd438c - core[df12db4294e9bfd3]::panicking::panic_fmt
[INFO] [stdout]   11:     0x55d7359941a0 - <bootstrap_test[5651ccb7ddf875cf]::bootstrap_no_sync_stops_after_the_probe_and_points_at_sync::{closure#0} as core[df12db4294e9bfd3]::ops::function::FnOnce<()>>::call_once
[INFO] [stdout]   12:     0x55d7359999fb - test[9d35eded1c95d3be]::__rust_begin_short_backtrace::<core[df12db4294e9bfd3]::result::Result<(), alloc[2182bb758b4b3781]::string::String>, fn() -> core[df12db4294e9bfd3]::result::Result<(), alloc[2182bb758b4b3781]::string::String>>
[INFO] [stdout]   13:     0x55d7359a7065 - test[9d35eded1c95d3be]::run_test::{closure#0}
[INFO] [stdout]   14:     0x55d7359a0924 - std[70759c8f55707aa4]::sys::backtrace::__rust_begin_short_backtrace::<test[9d35eded1c95d3be]::run_test::{closure#1}, ()>
[INFO] [stdout]   15:     0x55d7359aa1c2 - <std[70759c8f55707aa4]::thread::lifecycle::spawn_unchecked<test[9d35eded1c95d3be]::run_test::{closure#1}, ()>::{closure#1} as core[df12db4294e9bfd3]::ops::function::FnOnce<()>>::call_once::{shim:vtable#0}
[INFO] [stdout]   16:     0x55d735bbe559 - <std[70759c8f55707aa4]::sys::thread::unix::Thread>::new::thread_start
[INFO] [stdout]   17:     0x7e4898507dfa - <unknown>
[INFO] [stdout]   18:     0x7e489859b3d4 - clone
[INFO] [stdout]   19:                0x0 - <unknown>
[INFO] [stdout] 
[INFO] [stdout] ---- bootstrap_installs_this_release_confirms_it_and_syncs stdout ----
[INFO] [stdout] 
[INFO] [stdout] thread 'bootstrap_installs_this_release_confirms_it_and_syncs' (3800) panicked at tests/bootstrap_test.rs:223:5:
[INFO] [stdout] Installing pxh 0.11.3 on devbox...
[INFO] [stdout] curl: (22) The requested URL returned error: 404
[INFO] [stdout] could not fetch install.sh
[INFO] [stdout] error: remote install failed (exit status: 22); if release 0.11.3 has no published build, retry with --release latest
[INFO] [stdout] 
[INFO] [stdout] stack backtrace:
[INFO] [stdout]    0:     0x55d735bbf2a1 - <<std[70759c8f55707aa4]::sys::backtrace::BacktraceLock>::print::DisplayBacktrace as core[df12db4294e9bfd3]::fmt::Display>::fmt
[INFO] [stdout]    1:     0x55d735bd3c2a - core[df12db4294e9bfd3]::fmt::write
[INFO] [stdout]    2:     0x55d735bc3a2c - <alloc[2182bb758b4b3781]::vec::Vec<u8> as core[df12db4294e9bfd3]::io::write::Write>::write_fmt
[INFO] [stdout]    3:     0x55d735b982b6 - std[70759c8f55707aa4]::panicking::default_hook::{closure#0}
[INFO] [stdout]    4:     0x55d735bb5c89 - std[70759c8f55707aa4]::panicking::default_hook
[INFO] [stdout]    5:     0x55d7359a6710 - test[9d35eded1c95d3be]::test_main_inner::<test[9d35eded1c95d3be]::test_main_static::{closure#0}>::{closure#0}
[INFO] [stdout]    6:     0x55d735bb5e42 - std[70759c8f55707aa4]::panicking::panic_with_hook
[INFO] [stdout]    7:     0x55d735b98362 - std[70759c8f55707aa4]::panicking::panic_handler::{closure#0}
[INFO] [stdout]    8:     0x55d735b90d99 - std[70759c8f55707aa4]::sys::backtrace::__rust_end_short_backtrace::<std[70759c8f55707aa4]::panicking::panic_handler::{closure#0}, !>
[INFO] [stdout]    9:     0x55d735b9901d - __rustc[8fa7c3cbc660c2b3]::rust_begin_unwind
[INFO] [stdout]   10:     0x55d735bd438c - core[df12db4294e9bfd3]::panicking::panic_fmt
[INFO] [stdout]   11:     0x55d735993378 - <bootstrap_test[5651ccb7ddf875cf]::bootstrap_installs_this_release_confirms_it_and_syncs::{closure#0} as core[df12db4294e9bfd3]::ops::function::FnOnce<()>>::call_once
[INFO] [stdout]   12:     0x55d7359999fb - test[9d35eded1c95d3be]::__rust_begin_short_backtrace::<core[df12db4294e9bfd3]::result::Result<(), alloc[2182bb758b4b3781]::string::String>, fn() -> core[df12db4294e9bfd3]::result::Result<(), alloc[2182bb758b4b3781]::string::String>>
[INFO] [stdout]   13:     0x55d7359a7065 - test[9d35eded1c95d3be]::run_test::{closure#0}
[INFO] [stdout]   14:     0x55d7359a0924 - std[70759c8f55707aa4]::sys::backtrace::__rust_begin_short_backtrace::<test[9d35eded1c95d3be]::run_test::{closure#1}, ()>
[INFO] [stdout]   15:     0x55d7359aa1c2 - <std[70759c8f55707aa4]::thread::lifecycle::spawn_unchecked<test[9d35eded1c95d3be]::run_test::{closure#1}, ()>::{closure#1} as core[df12db4294e9bfd3]::ops::function::FnOnce<()>>::call_once::{shim:vtable#0}
[INFO] [stdout]   16:     0x55d735bbe559 - <std[70759c8f55707aa4]::sys::thread::unix::Thread>::new::thread_start
[INFO] [stdout]   17:     0x7e4898507dfa - <unknown>
[INFO] [stdout]   18:     0x7e489859b3d4 - clone
[INFO] [stdout]   19:                0x0 - <unknown>
[INFO] [stdout] 
[INFO] [stdout] ---- bootstrap_reports_a_stale_pxh_that_shadows_the_install_for_plain_sync stdout ----
[INFO] [stdout] 
[INFO] [stdout] thread 'bootstrap_reports_a_stale_pxh_that_shadows_the_install_for_plain_sync' (3804) panicked at tests/bootstrap_test.rs:345:5:
[INFO] [stdout] Installing pxh 0.11.3 on devbox...
[INFO] [stdout] curl: (22) The requested URL returned error: 404
[INFO] [stdout] could not fetch install.sh
[INFO] [stdout] error: remote install failed (exit status: 22); if release 0.11.3 has no published build, retry with --release latest
[INFO] [stdout] 
[INFO] [stdout] stack backtrace:
[INFO] [stdout]    0:     0x55d735bbf2a1 - <<std[70759c8f55707aa4]::sys::backtrace::BacktraceLock>::print::DisplayBacktrace as core[df12db4294e9bfd3]::fmt::Display>::fmt
[INFO] [stdout]    1:     0x55d735bd3c2a - core[df12db4294e9bfd3]::fmt::write
[INFO] [stdout]    2:     0x55d735bc3a2c - <alloc[2182bb758b4b3781]::vec::Vec<u8> as core[df12db4294e9bfd3]::io::write::Write>::write_fmt
[INFO] [stdout]    3:     0x55d735b982b6 - std[70759c8f55707aa4]::panicking::default_hook::{closure#0}
[INFO] [stdout]    4:     0x55d735bb5c89 - std[70759c8f55707aa4]::panicking::default_hook
[INFO] [stdout]    5:     0x55d7359a6710 - test[9d35eded1c95d3be]::test_main_inner::<test[9d35eded1c95d3be]::test_main_static::{closure#0}>::{closure#0}
[INFO] [stdout]    6:     0x55d735bb5e42 - std[70759c8f55707aa4]::panicking::panic_with_hook
[INFO] [stdout]    7:     0x55d735b98362 - std[70759c8f55707aa4]::panicking::panic_handler::{closure#0}
[INFO] [stdout]    8:     0x55d735b90d99 - std[70759c8f55707aa4]::sys::backtrace::__rust_end_short_backtrace::<std[70759c8f55707aa4]::panicking::panic_handler::{closure#0}, !>
[INFO] [stdout]    9:     0x55d735b9901d - __rustc[8fa7c3cbc660c2b3]::rust_begin_unwind
[INFO] [stdout]   10:     0x55d735bd438c - core[df12db4294e9bfd3]::panicking::panic_fmt
[INFO] [stdout]   11:     0x55d735994f8b - <bootstrap_test[5651ccb7ddf875cf]::bootstrap_reports_a_stale_pxh_that_shadows_the_install_for_plain_sync::{closure#0} as core[df12db4294e9bfd3]::ops::function::FnOnce<()>>::call_once
[INFO] [stdout]   12:     0x55d7359999fb - test[9d35eded1c95d3be]::__rust_begin_short_backtrace::<core[df12db4294e9bfd3]::result::Result<(), alloc[2182bb758b4b3781]::string::String>, fn() -> core[df12db4294e9bfd3]::result::Result<(), alloc[2182bb758b4b3781]::string::String>>
[INFO] [stdout]   13:     0x55d7359a7065 - test[9d35eded1c95d3be]::run_test::{closure#0}
[INFO] [stdout]   14:     0x55d7359a0924 - std[70759c8f55707aa4]::sys::backtrace::__rust_begin_short_backtrace::<test[9d35eded1c95d3be]::run_test::{closure#1}, ()>
[INFO] [stdout]   15:     0x55d7359aa1c2 - <std[70759c8f55707aa4]::thread::lifecycle::spawn_unchecked<test[9d35eded1c95d3be]::run_test::{closure#1}, ()>::{closure#1} as core[df12db4294e9bfd3]::ops::function::FnOnce<()>>::call_once::{shim:vtable#0}
[INFO] [stdout]   16:     0x55d735bbe559 - <std[70759c8f55707aa4]::sys::thread::unix::Thread>::new::thread_start
[INFO] [stdout]   17:     0x7e4898507dfa - <unknown>
[INFO] [stdout]   18:     0x7e489859b3d4 - clone
[INFO] [stdout]   19:                0x0 - <unknown>
[INFO] [stdout] 
[INFO] [stdout] 
[INFO] [stdout] failures:
[INFO] [stdout]     bootstrap_install_dir_off_the_sync_path_warns_and_syncs_explicitly
[INFO] [stdout]     bootstrap_install_dir_with_spaces_installs_and_syncs
[INFO] [stdout]     bootstrap_installs_this_release_confirms_it_and_syncs
[INFO] [stdout]     bootstrap_no_sync_stops_after_the_probe_and_points_at_sync
[INFO] [stdout]     bootstrap_relative_install_dir_is_relative_to_the_remote_home
[INFO] [stdout]     bootstrap_release_latest_takes_the_newest_published_build
[INFO] [stdout]     bootstrap_reports_a_stale_pxh_that_shadows_the_install_for_plain_sync
[INFO] [stdout] 
[INFO] [stdout] test result: FAILED. 2 passed; 7 failed; 0 ignored; 0 measured; 0 filtered out; finished in 1.69s
[INFO] [stdout] 
[INFO] [stderr] error: test failed, to rerun pass `--test bootstrap_test`
[INFO] running `Command { std: "docker" "inspect" "0d03b68cfec84a180ae5f775b424cbab49288d3d4b91ffef6d2663582357d647", kill_on_drop: false }`
[INFO] running `Command { std: "docker" "rm" "-f" "0d03b68cfec84a180ae5f775b424cbab49288d3d4b91ffef6d2663582357d647", kill_on_drop: false }`
[INFO] [stdout] 0d03b68cfec84a180ae5f775b424cbab49288d3d4b91ffef6d2663582357d647
