[INFO] fetching crate pwrzv 0.7.0...
[INFO] testing pwrzv-0.7.0 against 1.100.0-beta.1+cargoflags=--release for beta-release-1.100-2
[INFO] extracting crate pwrzv 0.7.0 into /workspace/builds/worker-3-tc2/source
[INFO] started tweaking crates.io crate pwrzv 0.7.0
[INFO] removed 0 missing examples
[INFO] finished tweaking crates.io crate pwrzv 0.7.0
[INFO] tweaked toml for crates.io crate pwrzv 0.7.0 written to /workspace/builds/worker-3-tc2/source/Cargo.toml
[INFO] validating manifest of crates.io crate pwrzv 0.7.0 on toolchain 1.100.0-beta.1
[INFO] running `Command { std: CARGO_HOME="/workspace/cargo-home" RUSTUP_HOME="/workspace/rustup-home" "/workspace/cargo-home/bin/cargo" "+1.100.0-beta.1" "metadata" "--manifest-path" "Cargo.toml" "--no-deps", kill_on_drop: false }`
[INFO] crate crates.io crate pwrzv 0.7.0 already has a lockfile, it will not be regenerated
[INFO] running `Command { std: CARGO_HOME="/workspace/cargo-home" RUSTUP_HOME="/workspace/rustup-home" "/workspace/cargo-home/bin/cargo" "+1.100.0-beta.1" "fetch" "--manifest-path" "Cargo.toml", kill_on_drop: false }`
[INFO] running `Command { std: "docker" "create" "-v" "/var/lib/crater-agent-workspace/builds/worker-3-tc2/source:/opt/rustwide/workdir:ro,Z" "-v" "/var/lib/crater-agent-workspace/builds/worker-3-tc2/target:/opt/rustwide/target:rw,Z" "-v" "/var/lib/crater-agent-workspace/cargo-home:/opt/rustwide/cargo-home:ro,Z" "-v" "/var/lib/crater-agent-workspace/rustup-home:/opt/rustwide/rustup-home:ro,Z" "-m" "1610612736" "--network" "none" "ghcr.io/rust-lang/crates-build-env/linux@sha256:77db811e55d90add9212f6832c23229e3de5f1c1f9905e8cb07319ea15df73ac" "sleep" "infinity", kill_on_drop: false }`
[INFO] [stdout] b7b59341d0e35946bb89a5b68571e2736cf168057abd37c4ab9cd36b265b9153
[INFO] running `Command { std: "docker" "start" "b7b59341d0e35946bb89a5b68571e2736cf168057abd37c4ab9cd36b265b9153", kill_on_drop: false }`
[INFO] running `Command { std: "docker" "inspect" "b7b59341d0e35946bb89a5b68571e2736cf168057abd37c4ab9cd36b265b9153", kill_on_drop: false }`
[INFO] running `Command { std: "docker" "exec" "-e" "SOURCE_DIR=/opt/rustwide/workdir" "-e" "CARGO_HOME=/opt/rustwide/cargo-home" "-e" "RUSTUP_HOME=/opt/rustwide/rustup-home" "-e" "CARGO_TARGET_DIR=/opt/rustwide/target" "-w" "/opt/rustwide/workdir" "--user" "0:0" "b7b59341d0e35946bb89a5b68571e2736cf168057abd37c4ab9cd36b265b9153" "/opt/rustwide/cargo-home/bin/cargo" "+1.100.0-beta.1" "metadata" "--no-deps" "--format-version=1", kill_on_drop: false }`
[INFO] running `Command { std: "docker" "inspect" "b7b59341d0e35946bb89a5b68571e2736cf168057abd37c4ab9cd36b265b9153", kill_on_drop: false }`
[INFO] running `Command { std: "docker" "exec" "-e" "SOURCE_DIR=/opt/rustwide/workdir" "-e" "CARGO_HOME=/opt/rustwide/cargo-home" "-e" "RUSTUP_HOME=/opt/rustwide/rustup-home" "-e" "CARGO_TARGET_DIR=/opt/rustwide/target" "-e" "CARGO_INCREMENTAL=0" "-e" "RUST_BACKTRACE=full" "-e" "RUSTFLAGS=--cap-lints=warn" "-e" "RUSTDOCFLAGS=--cap-lints=warn" "-w" "/opt/rustwide/workdir" "--user" "0:0" "b7b59341d0e35946bb89a5b68571e2736cf168057abd37c4ab9cd36b265b9153" "/opt/rustwide/cargo-home/bin/cargo" "+1.100.0-beta.1" "build" "--frozen" "--message-format=json" "--release", kill_on_drop: false }`
[INFO] [stderr]    Compiling proc-macro2 v1.0.95
[INFO] [stderr]    Compiling unicode-ident v1.0.18
[INFO] [stderr]    Compiling serde v1.0.219
[INFO] [stderr]    Compiling libc v0.2.173
[INFO] [stderr]    Compiling autocfg v1.5.0
[INFO] [stderr]    Compiling anstyle v1.0.11
[INFO] [stderr]    Compiling colorchoice v1.0.4
[INFO] [stderr]    Compiling anstyle-query v1.1.3
[INFO] [stderr]    Compiling is_terminal_polyfill v1.70.1
[INFO] [stderr]    Compiling itoa v1.0.15
[INFO] [stderr]    Compiling clap_lex v0.7.5
[INFO] [stderr]    Compiling hashbrown v0.15.4
[INFO] [stderr]    Compiling ryu v1.0.20
[INFO] [stderr]    Compiling anstyle-parse v0.2.7
[INFO] [stderr]    Compiling serde_json v1.0.140
[INFO] [stderr]    Compiling unsafe-libyaml v0.2.11
[INFO] [stderr]    Compiling memchr v2.7.5
[INFO] [stderr]    Compiling pin-project-lite v0.2.16
[INFO] [stderr]    Compiling iana-time-zone v0.1.63
[INFO] [stderr]    Compiling bytes v1.10.1
[INFO] [stderr]    Compiling anstream v0.6.19
[INFO] [stderr]    Compiling clap_builder v4.5.40
[INFO] [stderr]    Compiling num-traits v0.2.19
[INFO] [stderr]    Compiling quote v1.0.40
[INFO] [stderr]    Compiling syn v2.0.103
[INFO] [stderr]    Compiling signal-hook-registry v1.4.5
[INFO] [stderr]    Compiling mio v1.0.4
[INFO] [stderr]    Compiling indexmap v2.9.0
[INFO] [stderr]    Compiling serde_derive v1.0.219
[INFO] [stderr]    Compiling clap_derive v4.5.40
[INFO] [stderr]    Compiling thiserror-impl v2.0.12
[INFO] [stderr]    Compiling tokio-macros v2.5.0
[INFO] [stderr]    Compiling tokio v1.45.1
[INFO] [stderr]    Compiling thiserror v2.0.12
[INFO] [stderr]    Compiling clap v4.5.40
[INFO] [stderr]    Compiling serde_yaml v0.9.34+deprecated
[INFO] [stderr]    Compiling chrono v0.4.41
[INFO] [stderr]    Compiling pwrzv v0.7.0 (/opt/rustwide/workdir)
[INFO] [stderr]     Finished `release` profile [optimized] target(s) in 38.08s
[INFO] running `Command { std: "docker" "inspect" "b7b59341d0e35946bb89a5b68571e2736cf168057abd37c4ab9cd36b265b9153", kill_on_drop: false }`
[INFO] running `Command { std: "docker" "exec" "-e" "SOURCE_DIR=/opt/rustwide/workdir" "-e" "CARGO_HOME=/opt/rustwide/cargo-home" "-e" "RUSTUP_HOME=/opt/rustwide/rustup-home" "-e" "CARGO_TARGET_DIR=/opt/rustwide/target" "-e" "CARGO_INCREMENTAL=0" "-e" "RUST_BACKTRACE=full" "-e" "RUSTFLAGS=--cap-lints=warn" "-e" "RUSTDOCFLAGS=--cap-lints=warn" "-w" "/opt/rustwide/workdir" "--user" "0:0" "b7b59341d0e35946bb89a5b68571e2736cf168057abd37c4ab9cd36b265b9153" "/opt/rustwide/cargo-home/bin/cargo" "+1.100.0-beta.1" "test" "--frozen" "--no-run" "--message-format=json" "--release", kill_on_drop: false }`
[INFO] [stderr]    Compiling pwrzv v0.7.0 (/opt/rustwide/workdir)
[INFO] [stderr]     Finished `release` profile [optimized] target(s) in 6.89s
[INFO] running `Command { std: "docker" "inspect" "b7b59341d0e35946bb89a5b68571e2736cf168057abd37c4ab9cd36b265b9153", kill_on_drop: false }`
[INFO] running `Command { std: "docker" "exec" "-e" "SOURCE_DIR=/opt/rustwide/workdir" "-e" "CARGO_HOME=/opt/rustwide/cargo-home" "-e" "RUSTUP_HOME=/opt/rustwide/rustup-home" "-e" "CARGO_TARGET_DIR=/opt/rustwide/target" "-e" "CARGO_INCREMENTAL=0" "-e" "RUST_BACKTRACE=full" "-e" "RUSTFLAGS=--cap-lints=warn" "-e" "RUSTDOCFLAGS=--cap-lints=warn" "-w" "/opt/rustwide/workdir" "--user" "0:0" "b7b59341d0e35946bb89a5b68571e2736cf168057abd37c4ab9cd36b265b9153" "/opt/rustwide/cargo-home/bin/cargo" "+1.100.0-beta.1" "test" "--frozen" "--release", kill_on_drop: false }`
[INFO] [stderr]     Finished `release` profile [optimized] target(s) in 0.09s
[INFO] [stderr]      Running unittests src/lib.rs (/opt/rustwide/target/release/build/pwrzv/b1e802fd3c6bed9c/out/pwrzv-b1e802fd3c6bed9c)
[INFO] [stdout] 
[INFO] [stdout] running 40 tests
[INFO] [stdout] test error::tests::test_calculation_error ... ok
[INFO] [stdout] test error::tests::test_error_construction_consistency ... ok
[INFO] [stdout] test error::tests::test_collection_error ... ok
[INFO] [stdout] test error::tests::test_error_debug_format ... ok
[INFO] [stdout] test error::tests::test_invalid_value_error ... ok
[INFO] [stdout] test linux::calculator::tests::test_calculate_extreme_values ... ok
[INFO] [stdout] test error::tests::test_io_error_conversion ... ok
[INFO] [stdout] test linux::calculator::tests::test_calculate_with_partial_metrics ... ok
[INFO] [stdout] test error::tests::test_parse_error ... ok
[INFO] [stdout] test error::tests::test_resource_access_error ... ok
[INFO] [stdout] test error::tests::test_unsupported_platform_error ... ok
[INFO] [stdout] test error::tests::test_result_type ... ok
[INFO] [stdout] test linux::calculator::tests::test_calculate_low_values ... ok
[INFO] [stdout] test linux::calculator::tests::test_calculate_with_no_metrics ... ok
[INFO] [stdout] test linux::calculator::tests::test_calculate_with_full_metrics ... ok
[INFO] [stdout] test error::tests::test_error_is_send_sync ... ok
[INFO] [stdout] test linux::metrics::tests::test_clone_and_debug ... ok
[INFO] [stdout] test error::tests::test_error_chain ... ok
[INFO] [stdout] test linux::calculator::tests::test_five_point_scale_with_decimal ... ok
[INFO] [stdout] test linux::metrics::tests::test_parse_cpu_cores ... ok
[INFO] [stdout] test linux::metrics::tests::test_parse_cpu_stat ... ok
[INFO] [stdout] test linux::metrics::tests::test_parse_memory_pressure ... ok
[INFO] [stdout] test sigmoid::tests::test_get_sigmoid_config ... ok
[INFO] [stdout] test sigmoid::tests::test_sigmoid_basic ... ok
[INFO] [stdout] test linux::metrics::tests::test_parse_memory_usage ... ok
[INFO] [stdout] test sigmoid::tests::test_sigmoid_monotonic ... ok
[INFO] [stdout] test sigmoid::tests::test_sigmoid_edge_cases ... ok
[INFO] [stdout] test linux::metrics::tests::test_parse_load_average ... ok
[INFO] [stdout] test tests::test_calculator_creation ... ok
[INFO] [stdout] test linux::metrics::tests::test_serialization ... ok
[INFO] [stdout] test sigmoid::tests::test_sigmoid_steepness ... ok
[INFO] [stdout] test tests::test_check_platform ... ok
[INFO] [stdout] test tests::test_precision_levels ... ok
[INFO] [stdout] test tests::test_get_platform_name ... ok
[INFO] [stdout] test linux::metrics::tests::test_collect_system_metrics ... ok
[INFO] [stdout] test linux::metrics::tests::test_error_handling ... ok
[INFO] [stdout] test linux::metrics::tests::test_individual_metric_methods ... ok
[INFO] [stdout] test tests::test_get_power_reserve_level_with_details_direct ... FAILED
[INFO] [stdout] test tests::test_get_power_reserve_level_direct ... FAILED
[INFO] [stdout] test linux::metrics::tests::test_integration_comprehensive ... ok
[INFO] [stdout] 
[INFO] [stdout] failures:
[INFO] [stdout] 
[INFO] [stdout] ---- tests::test_get_power_reserve_level_with_details_direct stdout ----
[INFO] [stdout] 
[INFO] [stdout] thread 'tests::test_get_power_reserve_level_with_details_direct' (1165) panicked at src/lib.rs:358:9:
[INFO] [stdout] Level should be in range (0.0, 5.0], got: 0
[INFO] [stdout] stack backtrace:
[INFO] [stdout]    0:     0x5b52c0044c01 - <<std[617be2ca0a6fd877]::sys::backtrace::BacktraceLock>::print::DisplayBacktrace as core[a373ad73a504971]::fmt::Display>::fmt
[INFO] [stdout]    1:     0x5b52c005a76a - core[a373ad73a504971]::fmt::write
[INFO] [stdout]    2:     0x5b52c0048fbc - <alloc[2e1b2a31b91974c5]::vec::Vec<u8> as core[a373ad73a504971]::io::write::Write>::write_fmt
[INFO] [stdout]    3:     0x5b52c00203d6 - std[617be2ca0a6fd877]::panicking::default_hook::{closure#0}
[INFO] [stdout]    4:     0x5b52c003cd79 - std[617be2ca0a6fd877]::panicking::default_hook
[INFO] [stdout]    5:     0x5b52bffd8290 - test[aada8e7e76ba119b]::test_main_inner::{closure#0}
[INFO] [stdout]    6:     0x5b52c003d0a2 - std[617be2ca0a6fd877]::panicking::panic_with_hook
[INFO] [stdout]    7:     0x5b52c0020482 - std[617be2ca0a6fd877]::panicking::panic_handler::{closure#0}
[INFO] [stdout]    8:     0x5b52c0019009 - std[617be2ca0a6fd877]::sys::backtrace::__rust_end_short_backtrace::<std[617be2ca0a6fd877]::panicking::panic_handler::{closure#0}, !>
[INFO] [stdout]    9:     0x5b52c002108d - __rustc[ea4f61d10b84890b]::rust_begin_unwind
[INFO] [stdout]   10:     0x5b52c005aecc - core[a373ad73a504971]::panicking::panic_fmt
[INFO] [stdout]   11:     0x5b52bff97aab - pwrzv[9494bb519d9e100]::tests::test_get_power_reserve_level_with_details_direct::{closure#0}
[INFO] [stdout]   12:     0x5b52bff9f653 - <tokio[caa7ac8e2d487447]::runtime::scheduler::current_thread::Context>::enter::<core[a373ad73a504971]::task::poll::Poll<()>, <tokio[caa7ac8e2d487447]::runtime::scheduler::current_thread::CoreGuard>::block_on<core[a373ad73a504971]::pin::Pin<&mut core[a373ad73a504971]::pin::Pin<&mut dyn core[a373ad73a504971]::future::future::Future<Output = ()>>>>::{closure#0}::{closure#0}>
[INFO] [stdout]   13:     0x5b52bff9979c - <tokio[caa7ac8e2d487447]::runtime::context::scoped::Scoped<tokio[caa7ac8e2d487447]::runtime::scheduler::Context>>::set::<<tokio[caa7ac8e2d487447]::runtime::scheduler::current_thread::CoreGuard>::enter<<tokio[caa7ac8e2d487447]::runtime::scheduler::current_thread::CoreGuard>::block_on<core[a373ad73a504971]::pin::Pin<&mut core[a373ad73a504971]::pin::Pin<&mut dyn core[a373ad73a504971]::future::future::Future<Output = ()>>>>::{closure#0}, core[a373ad73a504971]::option::Option<()>>::{closure#0}, (alloc[2e1b2a31b91974c5]::boxed::Box<tokio[caa7ac8e2d487447]::runtime::scheduler::current_thread::Core>, core[a373ad73a504971]::option::Option<()>)>
[INFO] [stdout]   14:     0x5b52bff9f9a7 - <tokio[caa7ac8e2d487447]::runtime::scheduler::current_thread::CoreGuard>::block_on::<core[a373ad73a504971]::pin::Pin<&mut core[a373ad73a504971]::pin::Pin<&mut dyn core[a373ad73a504971]::future::future::Future<Output = ()>>>>
[INFO] [stdout]   15:     0x5b52bffa19cd - tokio[caa7ac8e2d487447]::runtime::context::runtime::enter_runtime::<<tokio[caa7ac8e2d487447]::runtime::scheduler::current_thread::CurrentThread>::block_on<core[a373ad73a504971]::pin::Pin<&mut dyn core[a373ad73a504971]::future::future::Future<Output = ()>>>::{closure#0}, ()>
[INFO] [stdout]   16:     0x5b52bff9f535 - <tokio[caa7ac8e2d487447]::runtime::runtime::Runtime>::block_on::<core[a373ad73a504971]::pin::Pin<&mut dyn core[a373ad73a504971]::future::future::Future<Output = ()>>>
[INFO] [stdout]   17:     0x5b52bff97e1e - <pwrzv[9494bb519d9e100]::tests::test_get_power_reserve_level_with_details_direct::{closure#0} as core[a373ad73a504971]::ops::function::FnOnce<()>>::call_once
[INFO] [stdout]   18:     0x5b52bffcb6db - test[aada8e7e76ba119b]::__rust_begin_short_backtrace::<core[a373ad73a504971]::result::Result<(), alloc[2e1b2a31b91974c5]::string::String>, fn() -> core[a373ad73a504971]::result::Result<(), alloc[2e1b2a31b91974c5]::string::String>>
[INFO] [stderr] error: test failed, to rerun pass `--lib`
[INFO] [stdout]   19:     0x5b52bffd88b5 - test[aada8e7e76ba119b]::run_test::{closure#0}
[INFO] [stdout]   20:     0x5b52bffd21a4 - std[617be2ca0a6fd877]::sys::backtrace::__rust_begin_short_backtrace::<test[aada8e7e76ba119b]::run_test::{closure#1}, ()>
[INFO] [stdout]   21:     0x5b52bffdb942 - <std[617be2ca0a6fd877]::thread::lifecycle::spawn_unchecked<test[aada8e7e76ba119b]::run_test::{closure#1}, ()>::{closure#1} as core[a373ad73a504971]::ops::function::FnOnce<()>>::call_once::{shim:vtable#0}
[INFO] [stdout]   22:     0x5b52c00440ef - <std[617be2ca0a6fd877]::sys::thread::unix::Thread>::new::thread_start
[INFO] [stdout]   23:     0x780cd3df2dfa - <unknown>
[INFO] [stdout]   24:     0x780cd3e863d4 - clone
[INFO] [stdout]   25:                0x0 - <unknown>
[INFO] [stdout] 
[INFO] [stdout] ---- tests::test_get_power_reserve_level_direct stdout ----
[INFO] [stdout] 
[INFO] [stdout] thread 'tests::test_get_power_reserve_level_direct' (1164) panicked at src/lib.rs:342:9:
[INFO] [stdout] Level should be in range (0.0, 5.0], got: 0
[INFO] [stdout] stack backtrace:
[INFO] [stdout]    0:     0x5b52c0044c01 - <<std[617be2ca0a6fd877]::sys::backtrace::BacktraceLock>::print::DisplayBacktrace as core[a373ad73a504971]::fmt::Display>::fmt
[INFO] [stdout]    1:     0x5b52c005a76a - core[a373ad73a504971]::fmt::write
[INFO] [stdout]    2:     0x5b52c0048fbc - <alloc[2e1b2a31b91974c5]::vec::Vec<u8> as core[a373ad73a504971]::io::write::Write>::write_fmt
[INFO] [stdout]    3:     0x5b52c00203d6 - std[617be2ca0a6fd877]::panicking::default_hook::{closure#0}
[INFO] [stdout]    4:     0x5b52c003cd79 - std[617be2ca0a6fd877]::panicking::default_hook
[INFO] [stdout]    5:     0x5b52bffd8290 - test[aada8e7e76ba119b]::test_main_inner::{closure#0}
[INFO] [stdout]    6:     0x5b52c003d0a2 - std[617be2ca0a6fd877]::panicking::panic_with_hook
[INFO] [stdout]    7:     0x5b52c0020482 - std[617be2ca0a6fd877]::panicking::panic_handler::{closure#0}
[INFO] [stdout]    8:     0x5b52c0019009 - std[617be2ca0a6fd877]::sys::backtrace::__rust_end_short_backtrace::<std[617be2ca0a6fd877]::panicking::panic_handler::{closure#0}, !>
[INFO] [stdout]    9:     0x5b52c002108d - __rustc[ea4f61d10b84890b]::rust_begin_unwind
[INFO] [stdout]   10:     0x5b52c005aecc - core[a373ad73a504971]::panicking::panic_fmt
[INFO] [stdout]   11:     0x5b52bff97423 - pwrzv[9494bb519d9e100]::tests::test_get_power_reserve_level_direct::{closure#0}
[INFO] [stdout]   12:     0x5b52bff9f653 - <tokio[caa7ac8e2d487447]::runtime::scheduler::current_thread::Context>::enter::<core[a373ad73a504971]::task::poll::Poll<()>, <tokio[caa7ac8e2d487447]::runtime::scheduler::current_thread::CoreGuard>::block_on<core[a373ad73a504971]::pin::Pin<&mut core[a373ad73a504971]::pin::Pin<&mut dyn core[a373ad73a504971]::future::future::Future<Output = ()>>>>::{closure#0}::{closure#0}>
[INFO] [stdout]   13:     0x5b52bff9979c - <tokio[caa7ac8e2d487447]::runtime::context::scoped::Scoped<tokio[caa7ac8e2d487447]::runtime::scheduler::Context>>::set::<<tokio[caa7ac8e2d487447]::runtime::scheduler::current_thread::CoreGuard>::enter<<tokio[caa7ac8e2d487447]::runtime::scheduler::current_thread::CoreGuard>::block_on<core[a373ad73a504971]::pin::Pin<&mut core[a373ad73a504971]::pin::Pin<&mut dyn core[a373ad73a504971]::future::future::Future<Output = ()>>>>::{closure#0}, core[a373ad73a504971]::option::Option<()>>::{closure#0}, (alloc[2e1b2a31b91974c5]::boxed::Box<tokio[caa7ac8e2d487447]::runtime::scheduler::current_thread::Core>, core[a373ad73a504971]::option::Option<()>)>
[INFO] [stdout]   14:     0x5b52bff9f9a7 - <tokio[caa7ac8e2d487447]::runtime::scheduler::current_thread::CoreGuard>::block_on::<core[a373ad73a504971]::pin::Pin<&mut core[a373ad73a504971]::pin::Pin<&mut dyn core[a373ad73a504971]::future::future::Future<Output = ()>>>>
[INFO] [stdout]   15:     0x5b52bffa19cd - tokio[caa7ac8e2d487447]::runtime::context::runtime::enter_runtime::<<tokio[caa7ac8e2d487447]::runtime::scheduler::current_thread::CurrentThread>::block_on<core[a373ad73a504971]::pin::Pin<&mut dyn core[a373ad73a504971]::future::future::Future<Output = ()>>>::{closure#0}, ()>
[INFO] [stdout]   16:     0x5b52bff9f535 - <tokio[caa7ac8e2d487447]::runtime::runtime::Runtime>::block_on::<core[a373ad73a504971]::pin::Pin<&mut dyn core[a373ad73a504971]::future::future::Future<Output = ()>>>
[INFO] [stdout]   17:     0x5b52bff97c8e - <pwrzv[9494bb519d9e100]::tests::test_get_power_reserve_level_direct::{closure#0} as core[a373ad73a504971]::ops::function::FnOnce<()>>::call_once
[INFO] [stdout]   18:     0x5b52bffcb6db - test[aada8e7e76ba119b]::__rust_begin_short_backtrace::<core[a373ad73a504971]::result::Result<(), alloc[2e1b2a31b91974c5]::string::String>, fn() -> core[a373ad73a504971]::result::Result<(), alloc[2e1b2a31b91974c5]::string::String>>
[INFO] [stdout]   19:     0x5b52bffd88b5 - test[aada8e7e76ba119b]::run_test::{closure#0}
[INFO] [stdout]   20:     0x5b52bffd21a4 - std[617be2ca0a6fd877]::sys::backtrace::__rust_begin_short_backtrace::<test[aada8e7e76ba119b]::run_test::{closure#1}, ()>
[INFO] [stdout]   21:     0x5b52bffdb942 - <std[617be2ca0a6fd877]::thread::lifecycle::spawn_unchecked<test[aada8e7e76ba119b]::run_test::{closure#1}, ()>::{closure#1} as core[a373ad73a504971]::ops::function::FnOnce<()>>::call_once::{shim:vtable#0}
[INFO] [stdout]   22:     0x5b52c00440ef - <std[617be2ca0a6fd877]::sys::thread::unix::Thread>::new::thread_start
[INFO] [stdout]   23:     0x780cd3df2dfa - <unknown>
[INFO] [stdout]   24:     0x780cd3e863d4 - clone
[INFO] [stdout]   25:                0x0 - <unknown>
[INFO] [stdout] 
[INFO] [stdout] 
[INFO] [stdout] failures:
[INFO] [stdout]     tests::test_get_power_reserve_level_direct
[INFO] [stdout]     tests::test_get_power_reserve_level_with_details_direct
[INFO] [stdout] 
[INFO] [stdout] test result: FAILED. 38 passed; 2 failed; 0 ignored; 0 measured; 0 filtered out; finished in 0.04s
[INFO] [stdout] 
[INFO] running `Command { std: "docker" "inspect" "b7b59341d0e35946bb89a5b68571e2736cf168057abd37c4ab9cd36b265b9153", kill_on_drop: false }`
[INFO] running `Command { std: "docker" "rm" "-f" "b7b59341d0e35946bb89a5b68571e2736cf168057abd37c4ab9cd36b265b9153", kill_on_drop: false }`
[INFO] [stdout] b7b59341d0e35946bb89a5b68571e2736cf168057abd37c4ab9cd36b265b9153
