[INFO] fetching crate pwr-core 1.0.1...
[INFO] testing pwr-core-1.0.1 against 1.99.0-beta.8+cargoflags=--release for beta-release-1.100-2
[INFO] extracting crate pwr-core 1.0.1 into /workspace/builds/worker-3-tc1/source
[INFO] started tweaking crates.io crate pwr-core 1.0.1
[INFO] removed 0 missing tests
[INFO] finished tweaking crates.io crate pwr-core 1.0.1
[INFO] tweaked toml for crates.io crate pwr-core 1.0.1 written to /workspace/builds/worker-3-tc1/source/Cargo.toml
[INFO] validating manifest of crates.io crate pwr-core 1.0.1 on toolchain 1.99.0-beta.8
[INFO] running `Command { std: CARGO_HOME="/workspace/cargo-home" RUSTUP_HOME="/workspace/rustup-home" "/workspace/cargo-home/bin/cargo" "+1.99.0-beta.8" "metadata" "--manifest-path" "Cargo.toml" "--no-deps", kill_on_drop: false }`
[INFO] crate crates.io crate pwr-core 1.0.1 already has a lockfile, it will not be regenerated
[INFO] running `Command { std: CARGO_HOME="/workspace/cargo-home" RUSTUP_HOME="/workspace/rustup-home" "/workspace/cargo-home/bin/cargo" "+1.99.0-beta.8" "fetch" "--manifest-path" "Cargo.toml", kill_on_drop: false }`
[INFO] [stderr]     Updating crates.io index
[INFO] [stderr]  Downloading crates ...
[INFO] [stderr]   Downloaded unic-langid v0.9.6
[INFO] [stderr]   Downloaded inout v0.1.4
[INFO] [stderr]   Downloaded cc v1.2.65
[INFO] [stderr]   Downloaded salsa20 v0.10.2
[INFO] [stderr]   Downloaded i18n-config v0.4.8
[INFO] [stderr]   Downloaded rust-embed-utils v8.11.0
[INFO] [stderr]   Downloaded i18n-embed-impl v0.8.4
[INFO] [stderr]   Downloaded rust-embed-impl v8.11.0
[INFO] [stderr]   Downloaded pbkdf2 v0.12.2
[INFO] [stderr]   Downloaded intl-memoizer v0.5.3
[INFO] [stderr]   Downloaded scrypt v0.11.0
[INFO] [stderr]   Downloaded proc-macro-error-attr2 v2.0.0
[INFO] [stderr]   Downloaded uuid v1.23.4
[INFO] [stderr]   Downloaded bitflags v2.13.0
[INFO] [stderr]   Downloaded self_cell v0.10.3
[INFO] [stderr]   Downloaded opaque-debug v0.3.1
[INFO] [stderr]   Downloaded secrecy v0.10.3
[INFO] [stderr]   Downloaded io_tee v0.1.1
[INFO] [stderr]   Downloaded fluent v0.16.1
[INFO] [stderr]   Downloaded intl_pluralrules v7.0.2
[INFO] [stderr]   Downloaded age-core v0.11.0
[INFO] [stderr]   Downloaded find-crate v0.6.3
[INFO] [stderr]   Downloaded fluent-langneg v0.13.1
[INFO] [stderr]   Downloaded universal-hash v0.5.1
[INFO] [stderr]   Downloaded bech32 v0.9.1
[INFO] [stderr]   Downloaded cipher v0.4.4
[INFO] [stderr]   Downloaded i18n-embed-fl v0.9.4
[INFO] [stderr]   Downloaded pin-project-internal v1.1.13
[INFO] [stderr]   Downloaded displaydoc v0.2.6
[INFO] [stderr]   Downloaded proc-macro-error2 v2.0.1
[INFO] [stderr]   Downloaded i18n-embed v0.15.4
[INFO] [stderr]   Downloaded fluent-syntax v0.11.1
[INFO] [stderr]   Downloaded self_cell v1.2.2
[INFO] [stderr]   Downloaded cookie-factory v0.3.3
[INFO] [stderr]   Downloaded chacha20 v0.9.1
[INFO] [stderr]   Downloaded aead v0.5.2
[INFO] [stderr]   Downloaded poly1305 v0.8.0
[INFO] [stderr]   Downloaded pin-project v1.1.13
[INFO] [stderr]   Downloaded toml v0.5.11
[INFO] [stderr]   Downloaded fluent-bundle v0.15.3
[INFO] [stderr]   Downloaded hmac v0.12.1
[INFO] [stderr]   Downloaded chacha20poly1305 v0.10.1
[INFO] [stderr]   Downloaded memchr v2.8.2
[INFO] [stderr]   Downloaded zerocopy-derive v0.8.52
[INFO] [stderr]   Downloaded unic-langid-impl v0.9.6
[INFO] [stderr]   Downloaded base64 v0.21.7
[INFO] [stderr]   Downloaded hkdf v0.12.4
[INFO] [stderr]   Downloaded zerocopy v0.8.52
[INFO] [stderr]   Downloaded rust-embed v8.11.0
[INFO] [stderr]   Downloaded age v0.11.3
[INFO] running `Command { std: "docker" "create" "-v" "/var/lib/crater-agent-workspace/builds/worker-3-tc1/source:/opt/rustwide/workdir:ro,Z" "-v" "/var/lib/crater-agent-workspace/builds/worker-3-tc1/target:/opt/rustwide/target:rw,Z" "-v" "/var/lib/crater-agent-workspace/cargo-home:/opt/rustwide/cargo-home:ro,Z" "-v" "/var/lib/crater-agent-workspace/rustup-home:/opt/rustwide/rustup-home:ro,Z" "-m" "1610612736" "--network" "none" "ghcr.io/rust-lang/crates-build-env/linux@sha256:77db811e55d90add9212f6832c23229e3de5f1c1f9905e8cb07319ea15df73ac" "sleep" "infinity", kill_on_drop: false }`
[INFO] [stdout] fa00ad97e4dfc8f37f02b5593070fb8a45fc6d7cfcef80dfaeca22542f37394e
[INFO] running `Command { std: "docker" "start" "fa00ad97e4dfc8f37f02b5593070fb8a45fc6d7cfcef80dfaeca22542f37394e", kill_on_drop: false }`
[INFO] running `Command { std: "docker" "inspect" "fa00ad97e4dfc8f37f02b5593070fb8a45fc6d7cfcef80dfaeca22542f37394e", kill_on_drop: false }`
[INFO] running `Command { std: "docker" "exec" "-e" "SOURCE_DIR=/opt/rustwide/workdir" "-e" "CARGO_HOME=/opt/rustwide/cargo-home" "-e" "RUSTUP_HOME=/opt/rustwide/rustup-home" "-e" "CARGO_TARGET_DIR=/opt/rustwide/target" "-w" "/opt/rustwide/workdir" "--user" "0:0" "fa00ad97e4dfc8f37f02b5593070fb8a45fc6d7cfcef80dfaeca22542f37394e" "/opt/rustwide/cargo-home/bin/cargo" "+1.99.0-beta.8" "metadata" "--no-deps" "--format-version=1", kill_on_drop: false }`
[INFO] running `Command { std: "docker" "inspect" "fa00ad97e4dfc8f37f02b5593070fb8a45fc6d7cfcef80dfaeca22542f37394e", kill_on_drop: false }`
[INFO] running `Command { std: "docker" "exec" "-e" "SOURCE_DIR=/opt/rustwide/workdir" "-e" "CARGO_HOME=/opt/rustwide/cargo-home" "-e" "RUSTUP_HOME=/opt/rustwide/rustup-home" "-e" "CARGO_TARGET_DIR=/opt/rustwide/target" "-e" "CARGO_INCREMENTAL=0" "-e" "RUST_BACKTRACE=full" "-e" "RUSTFLAGS=--cap-lints=warn" "-e" "RUSTDOCFLAGS=--cap-lints=warn" "-w" "/opt/rustwide/workdir" "--user" "0:0" "fa00ad97e4dfc8f37f02b5593070fb8a45fc6d7cfcef80dfaeca22542f37394e" "/opt/rustwide/cargo-home/bin/cargo" "+1.99.0-beta.8" "build" "--frozen" "--message-format=json" "--release", kill_on_drop: false }`
[INFO] [stderr]    Compiling syn v2.0.118
[INFO] [stderr]    Compiling version_check v0.9.5
[INFO] [stderr]    Compiling typenum v1.20.1
[INFO] [stderr]    Compiling subtle v2.6.1
[INFO] [stderr]    Compiling cfg-if v1.0.4
[INFO] [stderr]    Compiling same-file v1.0.6
[INFO] [stderr]    Compiling cpufeatures v0.2.17
[INFO] [stderr]    Compiling rustversion v1.0.22
[INFO] [stderr]    Compiling serde_core v1.0.228
[INFO] [stderr]    Compiling serde v1.0.228
[INFO] [stderr]    Compiling thiserror v1.0.69
[INFO] [stderr]    Compiling memchr v2.8.2
[INFO] [stderr]    Compiling rustc-hash v2.1.3
[INFO] [stderr]    Compiling getrandom v0.2.17
[INFO] [stderr]    Compiling futures-sink v0.3.32
[INFO] [stderr]    Compiling smallvec v1.15.2
[INFO] [stderr]    Compiling futures-core v0.3.32
[INFO] [stderr]    Compiling zerocopy v0.8.52
[INFO] [stderr]    Compiling libc v0.2.186
[INFO] [stderr]    Compiling futures-io v0.3.32
[INFO] [stderr]    Compiling type-map v0.5.1
[INFO] [stderr]    Compiling walkdir v2.5.0
[INFO] [stderr]    Compiling self_cell v1.2.2
[INFO] [stderr]    Compiling log v0.4.33
[INFO] [stderr]    Compiling futures-channel v0.3.32
[INFO] [stderr]    Compiling generic-array v0.14.7
[INFO] [stderr]    Compiling slab v0.4.12
[INFO] [stderr]    Compiling semver v1.0.28
[INFO] [stderr]    Compiling futures-task v0.3.32
[INFO] [stderr]    Compiling self_cell v0.10.3
[INFO] [stderr]    Compiling rand_core v0.6.4
[INFO] [stderr]    Compiling parking_lot_core v0.9.12
[INFO] [stderr]    Compiling scopeguard v1.2.0
[INFO] [stderr]    Compiling rustc-hash v1.1.0
[INFO] [stderr]    Compiling lock_api v0.4.14
[INFO] [stderr]    Compiling rustix v1.1.4
[INFO] [stderr]    Compiling find-msvc-tools v0.1.9
[INFO] [stderr]    Compiling rustc_version v0.4.1
[INFO] [stderr]    Compiling autocfg v1.5.1
[INFO] [stderr]    Compiling shlex v2.0.1
[INFO] [stderr]    Compiling opaque-debug v0.3.1
[INFO] [stderr]    Compiling proc-macro-error-attr2 v2.0.0
[INFO] [stderr]    Compiling curve25519-dalek v4.1.3
[INFO] [stderr]    Compiling getrandom v0.4.3
[INFO] [stderr]    Compiling hashbrown v0.17.1
[INFO] [stderr]    Compiling cc v1.2.65
[INFO] [stderr]    Compiling bitflags v2.13.0
[INFO] [stderr]    Compiling minimal-lexical v0.2.1
[INFO] [stderr]    Compiling arc-swap v1.9.2
[INFO] [stderr]    Compiling base64 v0.21.7
[INFO] [stderr]    Compiling strsim v0.11.1
[INFO] [stderr]    Compiling nom v7.1.3
[INFO] [stderr]    Compiling num-traits v0.2.19
[INFO] [stderr]    Compiling io_tee v0.1.1
[INFO] [stderr]    Compiling virtue v0.0.18
[INFO] [stderr]    Compiling simd-adler32 v0.3.9
[INFO] [stderr]    Compiling serde_json v1.0.150
[INFO] [stderr]    Compiling miniz_oxide v0.8.9
[INFO] [stderr]    Compiling crypto-common v0.1.7
[INFO] [stderr]    Compiling block-buffer v0.10.4
[INFO] [stderr]    Compiling inout v0.1.4
[INFO] [stderr]    Compiling digest v0.10.7
[INFO] [stderr]    Compiling universal-hash v0.5.1
[INFO] [stderr]    Compiling aead v0.5.2
[INFO] [stderr]    Compiling poly1305 v0.8.0
[INFO] [stderr]    Compiling indexmap v2.14.0
[INFO] [stderr]    Compiling dirs-sys v0.5.0
[INFO] [stderr]    Compiling bincode_derive v2.0.1
[INFO] [stderr]    Compiling sha2 v0.10.9
[INFO] [stderr]    Compiling hmac v0.12.1
[INFO] [stderr]    Compiling rust-embed-utils v8.11.0
[INFO] [stderr]    Compiling parking_lot v0.12.5
[INFO] [stderr]    Compiling pbkdf2 v0.12.2
[INFO] [stderr]    Compiling hkdf v0.12.4
[INFO] [stderr]    Compiling crc32fast v1.5.0
[INFO] [stderr]    Compiling filetime v0.2.29
[INFO] [stderr]    Compiling iana-time-zone v0.1.65
[INFO] [stderr]    Compiling bech32 v0.9.1
[INFO] [stderr]    Compiling lazy_static v1.5.0
[INFO] [stderr]    Compiling unty v0.0.4
[INFO] [stderr]    Compiling untrusted v0.9.0
[INFO] [stderr]    Compiling uuid v1.23.4
[INFO] [stderr]    Compiling ring v0.17.14
[INFO] [stderr]    Compiling flate2 v1.1.9
[INFO] [stderr]    Compiling bincode v2.0.1
[INFO] [stderr]    Compiling dirs v6.0.0
[INFO] [stderr]    Compiling xattr v1.6.1
[INFO] [stderr]    Compiling tar v0.4.46
[INFO] [stderr]    Compiling proc-macro-error2 v2.0.1
[INFO] [stderr]    Compiling serde_derive v1.0.228
[INFO] [stderr]    Compiling displaydoc v0.2.6
[INFO] [stderr]    Compiling thiserror-impl v1.0.69
[INFO] [stderr]    Compiling zeroize_derive v1.5.0
[INFO] [stderr]    Compiling futures-macro v0.3.32
[INFO] [stderr]    Compiling rust-embed-impl v8.11.0
[INFO] [stderr]    Compiling curve25519-dalek-derive v0.1.1
[INFO] [stderr]    Compiling pin-project-internal v1.1.13
[INFO] [stderr]    Compiling thiserror-impl v2.0.18
[INFO] [stderr]    Compiling zeroize v1.9.0
[INFO] [stderr]    Compiling tinystr v0.8.3
[INFO] [stderr]    Compiling cipher v0.4.4
[INFO] [stderr]    Compiling secrecy v0.10.3
[INFO] [stderr]    Compiling rust-embed v8.11.0
[INFO] [stderr]    Compiling unic-langid-impl v0.9.6
[INFO] [stderr]    Compiling unic-langid v0.9.6
[INFO] [stderr]    Compiling futures-util v0.3.32
[INFO] [stderr]    Compiling intl-memoizer v0.5.3
[INFO] [stderr]    Compiling intl_pluralrules v7.0.2
[INFO] [stderr]    Compiling fluent-langneg v0.13.1
[INFO] [stderr]    Compiling chacha20 v0.9.1
[INFO] [stderr]    Compiling salsa20 v0.10.2
[INFO] [stderr]    Compiling ppv-lite86 v0.2.21
[INFO] [stderr]    Compiling scrypt v0.11.0
[INFO] [stderr]    Compiling chacha20poly1305 v0.10.1
[INFO] [stderr]    Compiling pin-project v1.1.13
[INFO] [stderr]    Compiling fluent-syntax v0.11.1
[INFO] [stderr]    Compiling thiserror v2.0.18
[INFO] [stderr]    Compiling rand_chacha v0.3.1
[INFO] [stderr]    Compiling fluent-bundle v0.15.3
[INFO] [stderr]    Compiling rand v0.8.6
[INFO] [stderr]    Compiling x25519-dalek v2.0.1
[INFO] [stderr]    Compiling fluent v0.16.1
[INFO] [stderr]    Compiling toml v0.5.11
[INFO] [stderr]    Compiling basic-toml v0.1.10
[INFO] [stderr]    Compiling i18n-config v0.4.8
[INFO] [stderr]    Compiling toml_datetime v0.6.11
[INFO] [stderr]    Compiling serde_spanned v0.6.9
[INFO] [stderr]    Compiling chrono v0.4.45
[INFO] [stderr]    Compiling toml_edit v0.22.27
[INFO] [stderr]    Compiling find-crate v0.6.3
[INFO] [stderr]    Compiling i18n-embed-impl v0.8.4
[INFO] [stderr]    Compiling i18n-embed v0.15.4
[INFO] [stderr]    Compiling i18n-embed-fl v0.9.4
[INFO] [stderr]    Compiling futures-executor v0.3.32
[INFO] [stderr]    Compiling futures v0.3.32
[INFO] [stderr]    Compiling cookie-factory v0.3.3
[INFO] [stderr]    Compiling age-core v0.11.0
[INFO] [stderr]    Compiling age v0.11.3
[INFO] [stderr]    Compiling toml v0.8.23
[INFO] [stderr]    Compiling pwr-core v1.0.1 (/opt/rustwide/workdir)
[INFO] [stderr]     Finished `release` profile [optimized] target(s) in 1m 11s
[INFO] [stderr] warning: the following packages contain code that will be rejected by a future version of Rust: proc-macro-error2 v2.0.1
[INFO] [stderr] note: to see what the problems were, use the option `--future-incompat-report`, or run `cargo report future-incompatibilities --id 1`
[INFO] running `Command { std: "docker" "inspect" "fa00ad97e4dfc8f37f02b5593070fb8a45fc6d7cfcef80dfaeca22542f37394e", kill_on_drop: false }`
[INFO] running `Command { std: "docker" "exec" "-e" "SOURCE_DIR=/opt/rustwide/workdir" "-e" "CARGO_HOME=/opt/rustwide/cargo-home" "-e" "RUSTUP_HOME=/opt/rustwide/rustup-home" "-e" "CARGO_TARGET_DIR=/opt/rustwide/target" "-e" "CARGO_INCREMENTAL=0" "-e" "RUST_BACKTRACE=full" "-e" "RUSTFLAGS=--cap-lints=warn" "-e" "RUSTDOCFLAGS=--cap-lints=warn" "-w" "/opt/rustwide/workdir" "--user" "0:0" "fa00ad97e4dfc8f37f02b5593070fb8a45fc6d7cfcef80dfaeca22542f37394e" "/opt/rustwide/cargo-home/bin/cargo" "+1.99.0-beta.8" "test" "--frozen" "--no-run" "--message-format=json" "--release", kill_on_drop: false }`
[INFO] [stderr]    Compiling rustix v1.1.4
[INFO] [stderr]    Compiling once_cell v1.21.4
[INFO] [stderr]    Compiling fastrand v2.4.1
[INFO] [stderr]    Compiling xattr v1.6.1
[INFO] [stderr]    Compiling tempfile v3.27.0
[INFO] [stderr]    Compiling tar v0.4.46
[INFO] [stderr]    Compiling pwr-core v1.0.1 (/opt/rustwide/workdir)
[INFO] [stdout] warning: unused import: `pwr_core::config::PwrConfig`
[INFO] [stdout]   --> tests/end_to_end.rs:10:5
[INFO] [stdout]    |
[INFO] [stdout] 10 | use pwr_core::config::PwrConfig;
[INFO] [stdout]    |     ^^^^^^^^^^^^^^^^^^^^^^^^^^^
[INFO] [stdout]    |
[INFO] [stdout]    = note: `#[warn(unused_imports)]` (part of `#[warn(unused)]`) on by default
[INFO] [stdout] 
[INFO] [stdout] 
[INFO] [stdout] warning: unused variable: `header`
[INFO] [stdout]    --> tests/end_to_end.rs:155:14
[INFO] [stdout]     |
[INFO] [stdout] 155 |         let (header, payload) = loop {
[INFO] [stdout]     |              ^^^^^^ help: if this is intentional, prefix it with an underscore: `_header`
[INFO] [stdout]     |
[INFO] [stdout]     = note: `#[warn(unused_variables)]` (part of `#[warn(unused)]`) on by default
[INFO] [stdout] 
[INFO] [stdout] 
[INFO] [stdout] warning: unused variable: `header`
[INFO] [stdout]    --> tests/end_to_end.rs:115:14
[INFO] [stdout]     |
[INFO] [stdout] 115 |         let (header, payload) = loop {
[INFO] [stdout]     |              ^^^^^^ help: if this is intentional, prefix it with an underscore: `_header`
[INFO] [stdout] 
[INFO] [stdout] 
[INFO] [stderr]     Finished `release` profile [optimized] target(s) in 23.34s
[INFO] [stderr] warning: the following packages contain code that will be rejected by a future version of Rust: proc-macro-error2 v2.0.1
[INFO] [stderr] note: to see what the problems were, use the option `--future-incompat-report`, or run `cargo report future-incompatibilities --id 1`
[INFO] running `Command { std: "docker" "inspect" "fa00ad97e4dfc8f37f02b5593070fb8a45fc6d7cfcef80dfaeca22542f37394e", kill_on_drop: false }`
[INFO] running `Command { std: "docker" "exec" "-e" "SOURCE_DIR=/opt/rustwide/workdir" "-e" "CARGO_HOME=/opt/rustwide/cargo-home" "-e" "RUSTUP_HOME=/opt/rustwide/rustup-home" "-e" "CARGO_TARGET_DIR=/opt/rustwide/target" "-e" "CARGO_INCREMENTAL=0" "-e" "RUST_BACKTRACE=full" "-e" "RUSTFLAGS=--cap-lints=warn" "-e" "RUSTDOCFLAGS=--cap-lints=warn" "-w" "/opt/rustwide/workdir" "--user" "0:0" "fa00ad97e4dfc8f37f02b5593070fb8a45fc6d7cfcef80dfaeca22542f37394e" "/opt/rustwide/cargo-home/bin/cargo" "+1.99.0-beta.8" "test" "--frozen" "--release", kill_on_drop: false }`
[INFO] [stderr] warning: unused import: `pwr_core::config::PwrConfig`
[INFO] [stderr]   --> tests/end_to_end.rs:10:5
[INFO] [stderr]    |
[INFO] [stderr] 10 | use pwr_core::config::PwrConfig;
[INFO] [stderr]    |     ^^^^^^^^^^^^^^^^^^^^^^^^^^^
[INFO] [stderr]    |
[INFO] [stderr]    = note: `#[warn(unused_imports)]` (part of `#[warn(unused)]`) on by default
[INFO] [stderr] 
[INFO] [stderr] warning: unused variable: `header`
[INFO] [stderr]    --> tests/end_to_end.rs:155:14
[INFO] [stderr]     |
[INFO] [stderr] 155 |         let (header, payload) = loop {
[INFO] [stderr]     |              ^^^^^^ help: if this is intentional, prefix it with an underscore: `_header`
[INFO] [stderr]     |
[INFO] [stderr]     = note: `#[warn(unused_variables)]` (part of `#[warn(unused)]`) on by default
[INFO] [stderr] 
[INFO] [stderr] warning: unused variable: `header`
[INFO] [stderr]    --> tests/end_to_end.rs:115:14
[INFO] [stderr]     |
[INFO] [stderr] 115 |         let (header, payload) = loop {
[INFO] [stderr]     |              ^^^^^^ help: if this is intentional, prefix it with an underscore: `_header`
[INFO] [stderr] 
[INFO] [stderr] warning: `pwr-core` (test "end_to_end") generated 3 warnings (run `cargo fix --test "end_to_end" -p pwr-core` to apply 3 suggestions)
[INFO] [stderr]     Finished `release` profile [optimized] target(s) in 0.19s
[INFO] [stderr] warning: the following packages contain code that will be rejected by a future version of Rust: proc-macro-error2 v2.0.1
[INFO] [stderr] note: to see what the problems were, use the option `--future-incompat-report`, or run `cargo report future-incompatibilities --id 1`
[INFO] [stderr]      Running unittests src/lib.rs (/opt/rustwide/target/release/deps/pwr_core-f45864f7bb686732)
[INFO] [stdout] 
[INFO] [stdout] running 65 tests
[INFO] [stdout] test crypto::tests::test_derive_project_key_different_uuids_produce_different_keys ... ok
[INFO] [stdout] test crypto::tests::test_client_and_server_proofs_differ ... ok
[INFO] [stdout] test crypto::tests::test_derive_project_key_output_length ... ok
[INFO] [stdout] test crypto::tests::test_generate_psk_is_random ... ok
[INFO] [stdout] test crypto::tests::test_client_proof_deterministic ... ok
[INFO] [stdout] test crypto::tests::test_derive_project_key_different_psks_produce_different_keys ... ok
[INFO] [stdout] test crypto::tests::test_age_encrypt_empty ... ok
[INFO] [stdout] test config::tests::test_server_addr ... ok
[INFO] [stdout] test crypto::tests::test_psk_from_hex_rejects_short ... ok
[INFO] [stdout] test crypto::tests::test_psk_hex_round_trip ... ok
[INFO] [stdout] test crypto::tests::test_sha256_file ... ok
[INFO] [stdout] test frame::tests::test_decode_needs_more_data ... ok
[INFO] [stdout] test archive::tests::test_hash_verification_prevents_extraction ... ok
[INFO] [stdout] test config::tests::test_default_port ... ok
[INFO] [stdout] test frame::tests::test_decode_rejects_bad_magic ... ok
[INFO] [stdout] test crypto::tests::test_age_decrypt_wrong_identity_fails ... ok
[INFO] [stdout] test crypto::tests::test_derive_project_key_deterministic ... ok
[INFO] [stdout] test crypto::tests::test_age_encrypt_decrypt_round_trip ... ok
[INFO] [stdout] test crypto::tests::test_sha256_hex_known ... ok
[INFO] [stdout] test integrity::tests::test_hash_bytes_empty ... ok
[INFO] [stdout] test integrity::tests::test_hash_bytes_known_answer ... ok
[INFO] [stdout] test integrity::tests::test_hash_bytes_raw_length ... ok
[INFO] [stdout] test integrity::tests::test_hash_reader ... ok
[INFO] [stdout] test frame::tests::test_file_chunk_round_trip ... ok
[INFO] [stdout] test integrity::tests::test_streaming_hasher_matches_oneshot ... ok
[INFO] [stdout] test config::tests::test_config_path ... ok
[INFO] [stdout] test integrity::tests::test_hash_file ... ok
[INFO] [stdout] test integrity::tests::test_verify_file_hash ... ok
[INFO] [stdout] test frame::tests::test_frame_decoder_buffering ... ok
[INFO] [stdout] test frame::tests::test_encode_decode_round_trip ... ok
[INFO] [stdout] test frame::tests::test_file_eof ... ok
[INFO] [stdout] test integrity::tests::test_verify_hash_mismatch ... ok
[INFO] [stdout] test integrity::tests::test_verify_hash_match ... ok
[INFO] [stdout] test metadata::tests::test_days_since_sync ... ok
[INFO] [stdout] test metadata::tests::test_human_size ... ok
[INFO] [stdout] test integrity::tests::test_streaming_hasher ... ok
[INFO] [stdout] test metadata::tests::test_encrypted_project ... ok
[INFO] [stdout] test project::tests::test_atomic_write_no_partial_read ... ok
[INFO] [stdout] test metadata::tests::test_project_state_serialization ... ok
[INFO] [stdout] test metadata::tests::test_state_transitions ... ok
[INFO] [stdout] test metadata::tests::test_serialization_round_trip ... ok
[INFO] [stdout] test project::tests::test_file_count ... ok
[INFO] [stdout] test project::tests::test_is_local_project ... ok
[INFO] [stdout] test project::tests::test_dir_size ... ok
[INFO] [stdout] test protocol::tests::test_archive_request_serialization ... ok
[INFO] [stdout] test protocol::tests::test_client_message_round_trip ... ok
[INFO] [stdout] test project::tests::test_is_tracked ... ok
[INFO] [stdout] test project::tests::test_find_projects_recursive ... ok
[INFO] [stdout] test project::tests::test_read_write_round_trip ... ok
[INFO] [stdout] test protocol::tests::test_client_message_type_mapping ... ok
[INFO] [stdout] test project::tests::test_remove_dir_contents_except_project ... ok
[INFO] [stdout] test project::tests::test_is_archived_placeholder ... ok
[INFO] [stdout] test project::tests::test_find_projects ... ok
[INFO] [stdout] test project::tests::test_remove_project_file ... ok
[INFO] [stdout] test frame::tests::test_decode_rejects_oversized_frame ... ok
[INFO] [stdout] test archive::tests::test_create_and_extract_archive ... ok
[INFO] [stdout] test protocol::tests::test_project_info_timestamps ... ok
[INFO] [stdout] test protocol::tests::test_server_message_round_trip ... ok
[INFO] [stdout] test protocol::tests::test_decode_client_message_wrong_type ... ok
[INFO] [stdout] test protocol::tests::test_decode_server_message_wrong_type ... ok
[INFO] [stdout] test protocol::tests::test_server_message_type_mapping ... ok
[INFO] [stdout] test transaction::tests::test_transaction_serialization ... ok
[INFO] [stdout] test protocol::tests::test_invalid_message_type ... ok
[INFO] [stdout] test protocol::tests::test_message_type_round_trip ... ok
[INFO] [stdout] test integrity::tests::test_hash_file_large ... ok
[INFO] [stdout] 
[INFO] [stdout] test result: ok. 65 passed; 0 failed; 0 ignored; 0 measured; 0 filtered out; finished in 0.21s
[INFO] [stdout] 
[INFO] [stderr]      Running tests/crypto_integration.rs (/opt/rustwide/target/release/deps/crypto_integration-610d08eed0593c36)
[INFO] [stdout] 
[INFO] [stdout] running 26 tests
[INFO] [stdout] test test_age_key_generation ... ok
[INFO] [stdout] test test_client_proof_verification ... ok
[INFO] [stdout] test test_different_psk_produces_different_proof ... ok
[INFO] [stdout] test test_integrity_verify_empty_file ... ok
[INFO] [stdout] test test_encrypt_decrypt_empty_payload ... ok
[INFO] [stdout] test test_hkdf_different_uuids_different_keys ... ok
[INFO] [stdout] test test_hkdf_derived_keys_are_256_bit ... ok
[INFO] [stdout] test test_corrupted_ciphertext_fails_decryption ... ok
[INFO] [stdout] test test_hkdf_known_uuid_produces_stable_key ... ok
[INFO] [stdout] test test_hkdf_same_inputs_same_output ... ok
[INFO] [stdout] test test_integrity_hash_file_nonexistent ... ok
[INFO] [stdout] test test_mutual_authentication_flow ... ok
[INFO] [stdout] test test_psk_from_hex_rejects_wrong_length ... ok
[INFO] [stdout] test test_psk_from_hex_rejects_odd_length ... ok
[INFO] [stdout] test test_psk_generation_is_256_bit ... ok
[INFO] [stdout] test test_psk_hex_case_insensitive ... ok
[INFO] [stdout] test test_wrong_identity_fails_decryption ... ok
[INFO] [stdout] test test_psk_hex_round_trip_preserves_key ... ok
[INFO] [stdout] test test_age_identity_exists ... ok
[INFO] [stdout] test test_archive_hash_verification_prevents_wrong_data ... ok
[INFO] [stdout] test test_progress_callback_fires_during_archive ... ok
[INFO] [stdout] test test_full_archive_encrypt_decrypt_round_trip ... ok
[INFO] [stdout] test test_encrypt_produces_different_ciphertext_each_time ... ok
[INFO] [stdout] test test_encrypt_decrypt_small_payload ... ok
[INFO] [stdout] test test_encrypt_decrypt_large_payload ... ok
[INFO] [stdout] test test_integrity_streaming_large_data ... ok
[INFO] [stdout] 
[INFO] [stdout] test result: ok. 26 passed; 0 failed; 0 ignored; 0 measured; 0 filtered out; finished in 0.04s
[INFO] [stdout] 
[INFO] [stderr]      Running tests/end_to_end.rs (/opt/rustwide/target/release/deps/end_to_end-289336c0c38f6ad2)
[INFO] [stdout] 
[INFO] [stdout] running 2 tests
[INFO] [stdout] test test_end_to_end_hash_verification_prevents_corruption ... ok
[INFO] [stdout] test test_full_client_server_archive_restore_cycle ... FAILED
[INFO] [stderr] error: test failed, to rerun pass `--test end_to_end`
[INFO] [stdout] 
[INFO] [stdout] failures:
[INFO] [stdout] 
[INFO] [stdout] ---- test_full_client_server_archive_restore_cycle stdout ----
[INFO] [stdout] 
[INFO] [stdout] thread '<unnamed>' (2954) panicked at tests/end_to_end.rs:191:60:
[INFO] [stdout] called `Result::unwrap()` on an `Err` value: Error { kind: UnexpectedEof, message: "failed to fill whole buffer" }
[INFO] [stdout] stack backtrace:
[INFO] [stdout]    0:     0x623839893721 - <<std[70759c8f55707aa4]::sys::backtrace::BacktraceLock>::print::DisplayBacktrace as core[df12db4294e9bfd3]::fmt::Display>::fmt
[INFO] [stdout]    1:     0x6238398aa52a - core[df12db4294e9bfd3]::fmt::write
[INFO] [stdout]    2:     0x623839897ffc - <alloc[2182bb758b4b3781]::vec::Vec<u8> as core[df12db4294e9bfd3]::io::write::Write>::write_fmt
[INFO] [stdout]    3:     0x62383986d466 - std[70759c8f55707aa4]::panicking::default_hook::{closure#0}
[INFO] [stdout]    4:     0x62383988a719 - std[70759c8f55707aa4]::panicking::default_hook
[INFO] [stdout]    5:     0x623839758440 - test[9d35eded1c95d3be]::test_main_inner::<test[9d35eded1c95d3be]::test_main_static::{closure#0}>::{closure#0}
[INFO] [stdout]    6:     0x62383988a8d2 - std[70759c8f55707aa4]::panicking::panic_with_hook
[INFO] [stdout]    7:     0x62383986d512 - std[70759c8f55707aa4]::panicking::panic_handler::{closure#0}
[INFO] [stdout]    8:     0x623839865ee9 - std[70759c8f55707aa4]::sys::backtrace::__rust_end_short_backtrace::<std[70759c8f55707aa4]::panicking::panic_handler::{closure#0}, !>
[INFO] [stdout]    9:     0x62383986e1fd - __rustc[8fa7c3cbc660c2b3]::rust_begin_unwind
[INFO] [stdout]   10:     0x6238398aac5c - core[df12db4294e9bfd3]::panicking::panic_fmt
[INFO] [stdout]   11:     0x6238398aaa32 - core[df12db4294e9bfd3]::result::unwrap_failed
[INFO] [stdout]   12:     0x623839741e6f - std[70759c8f55707aa4]::sys::backtrace::__rust_begin_short_backtrace::<end_to_end[83649413e11a927b]::test_full_client_server_archive_restore_cycle::{closure#1}, ()>
[INFO] [stdout]   13:     0x6238397433e2 - <std[70759c8f55707aa4]::thread::lifecycle::spawn_unchecked<end_to_end[83649413e11a927b]::test_full_client_server_archive_restore_cycle::{closure#1}, ()>::{closure#1} as core[df12db4294e9bfd3]::ops::function::FnOnce<()>>::call_once::{shim:vtable#0}
[INFO] [stdout]   14:     0x623839892779 - <std[70759c8f55707aa4]::sys::thread::unix::Thread>::new::thread_start
[INFO] [stdout]   15:     0x73e17d250dfa - <unknown>
[INFO] [stdout]   16:     0x73e17d2e43d4 - clone
[INFO] [stdout]   17:                0x0 - <unknown>
[INFO] [stdout] 
[INFO] [stdout] thread 'test_full_client_server_archive_restore_cycle' (2952) panicked at tests/end_to_end.rs:206:26:
[INFO] [stdout] called `Result::unwrap()` on an `Err` value: Any { .. }
[INFO] [stdout] stack backtrace:
[INFO] [stdout]    0:     0x623839893721 - <<std[70759c8f55707aa4]::sys::backtrace::BacktraceLock>::print::DisplayBacktrace as core[df12db4294e9bfd3]::fmt::Display>::fmt
[INFO] [stdout]    1:     0x6238398aa52a - core[df12db4294e9bfd3]::fmt::write
[INFO] [stdout]    2:     0x623839897ffc - <alloc[2182bb758b4b3781]::vec::Vec<u8> as core[df12db4294e9bfd3]::io::write::Write>::write_fmt
[INFO] [stdout]    3:     0x62383986d466 - std[70759c8f55707aa4]::panicking::default_hook::{closure#0}
[INFO] [stdout]    4:     0x62383988a719 - std[70759c8f55707aa4]::panicking::default_hook
[INFO] [stdout]    5:     0x623839758440 - test[9d35eded1c95d3be]::test_main_inner::<test[9d35eded1c95d3be]::test_main_static::{closure#0}>::{closure#0}
[INFO] [stdout]    6:     0x62383988a8d2 - std[70759c8f55707aa4]::panicking::panic_with_hook
[INFO] [stdout]    7:     0x62383986d512 - std[70759c8f55707aa4]::panicking::panic_handler::{closure#0}
[INFO] [stdout]    8:     0x623839865ee9 - std[70759c8f55707aa4]::sys::backtrace::__rust_end_short_backtrace::<std[70759c8f55707aa4]::panicking::panic_handler::{closure#0}, !>
[INFO] [stdout]    9:     0x62383986e1fd - __rustc[8fa7c3cbc660c2b3]::rust_begin_unwind
[INFO] [stdout]   10:     0x6238398aac5c - core[df12db4294e9bfd3]::panicking::panic_fmt
[INFO] [stdout]   11:     0x6238398aaa32 - core[df12db4294e9bfd3]::result::unwrap_failed
[INFO] [stdout]   12:     0x6238397473c3 - <end_to_end[83649413e11a927b]::test_full_client_server_archive_restore_cycle::{closure#0} as core[df12db4294e9bfd3]::ops::function::FnOnce<()>>::call_once
[INFO] [stdout]   13:     0x62383974b72b - test[9d35eded1c95d3be]::__rust_begin_short_backtrace::<core[df12db4294e9bfd3]::result::Result<(), alloc[2182bb758b4b3781]::string::String>, fn() -> core[df12db4294e9bfd3]::result::Result<(), alloc[2182bb758b4b3781]::string::String>>
[INFO] [stdout]   14:     0x623839758d95 - test[9d35eded1c95d3be]::run_test::{closure#0}
[INFO] [stdout]   15:     0x623839752654 - std[70759c8f55707aa4]::sys::backtrace::__rust_begin_short_backtrace::<test[9d35eded1c95d3be]::run_test::{closure#1}, ()>
[INFO] [stdout]   16:     0x62383975bef2 - <std[70759c8f55707aa4]::thread::lifecycle::spawn_unchecked<test[9d35eded1c95d3be]::run_test::{closure#1}, ()>::{closure#1} as core[df12db4294e9bfd3]::ops::function::FnOnce<()>>::call_once::{shim:vtable#0}
[INFO] [stdout]   17:     0x623839892779 - <std[70759c8f55707aa4]::sys::thread::unix::Thread>::new::thread_start
[INFO] [stdout]   18:     0x73e17d250dfa - <unknown>
[INFO] [stdout]   19:     0x73e17d2e43d4 - clone
[INFO] [stdout]   20:                0x0 - <unknown>
[INFO] [stdout] 
[INFO] [stdout] 
[INFO] [stdout] failures:
[INFO] [stdout]     test_full_client_server_archive_restore_cycle
[INFO] [stdout] 
[INFO] [stdout] test result: FAILED. 1 passed; 1 failed; 0 ignored; 0 measured; 0 filtered out; finished in 1.29s
[INFO] [stdout] 
[INFO] running `Command { std: "docker" "inspect" "fa00ad97e4dfc8f37f02b5593070fb8a45fc6d7cfcef80dfaeca22542f37394e", kill_on_drop: false }`
[INFO] running `Command { std: "docker" "rm" "-f" "fa00ad97e4dfc8f37f02b5593070fb8a45fc6d7cfcef80dfaeca22542f37394e", kill_on_drop: false }`
[INFO] [stdout] fa00ad97e4dfc8f37f02b5593070fb8a45fc6d7cfcef80dfaeca22542f37394e
