[INFO] fetching crate putter 0.1.0...
[INFO] testing putter-0.1.0 against 1.100.0-beta.1+cargoflags=--release for beta-release-1.100-2
[INFO] extracting crate putter 0.1.0 into /workspace/builds/worker-3-tc2/source
[INFO] started tweaking crates.io crate putter 0.1.0
[INFO] removed 0 missing tests
[INFO] finished tweaking crates.io crate putter 0.1.0
[INFO] tweaked toml for crates.io crate putter 0.1.0 written to /workspace/builds/worker-3-tc2/source/Cargo.toml
[INFO] validating manifest of crates.io crate putter 0.1.0 on toolchain 1.100.0-beta.1
[INFO] running `Command { std: CARGO_HOME="/workspace/cargo-home" RUSTUP_HOME="/workspace/rustup-home" "/workspace/cargo-home/bin/cargo" "+1.100.0-beta.1" "metadata" "--manifest-path" "Cargo.toml" "--no-deps", kill_on_drop: false }`
[INFO] crate crates.io crate putter 0.1.0 already has a lockfile, it will not be regenerated
[INFO] running `Command { std: CARGO_HOME="/workspace/cargo-home" RUSTUP_HOME="/workspace/rustup-home" "/workspace/cargo-home/bin/cargo" "+1.100.0-beta.1" "fetch" "--manifest-path" "Cargo.toml", kill_on_drop: false }`
[INFO] running `Command { std: "docker" "create" "-v" "/var/lib/crater-agent-workspace/builds/worker-3-tc2/source:/opt/rustwide/workdir:ro,Z" "-v" "/var/lib/crater-agent-workspace/builds/worker-3-tc2/target:/opt/rustwide/target:rw,Z" "-v" "/var/lib/crater-agent-workspace/cargo-home:/opt/rustwide/cargo-home:ro,Z" "-v" "/var/lib/crater-agent-workspace/rustup-home:/opt/rustwide/rustup-home:ro,Z" "-m" "1610612736" "--network" "none" "ghcr.io/rust-lang/crates-build-env/linux@sha256:77db811e55d90add9212f6832c23229e3de5f1c1f9905e8cb07319ea15df73ac" "sleep" "infinity", kill_on_drop: false }`
[INFO] [stdout] 01d0b24cfc8e8c896a516eae135f6858310edc5bb884211e8f09ba907992f29b
[INFO] running `Command { std: "docker" "start" "01d0b24cfc8e8c896a516eae135f6858310edc5bb884211e8f09ba907992f29b", kill_on_drop: false }`
[INFO] running `Command { std: "docker" "inspect" "01d0b24cfc8e8c896a516eae135f6858310edc5bb884211e8f09ba907992f29b", kill_on_drop: false }`
[INFO] running `Command { std: "docker" "exec" "-e" "SOURCE_DIR=/opt/rustwide/workdir" "-e" "CARGO_HOME=/opt/rustwide/cargo-home" "-e" "RUSTUP_HOME=/opt/rustwide/rustup-home" "-e" "CARGO_TARGET_DIR=/opt/rustwide/target" "-w" "/opt/rustwide/workdir" "--user" "0:0" "01d0b24cfc8e8c896a516eae135f6858310edc5bb884211e8f09ba907992f29b" "/opt/rustwide/cargo-home/bin/cargo" "+1.100.0-beta.1" "metadata" "--no-deps" "--format-version=1", kill_on_drop: false }`
[INFO] running `Command { std: "docker" "inspect" "01d0b24cfc8e8c896a516eae135f6858310edc5bb884211e8f09ba907992f29b", kill_on_drop: false }`
[INFO] running `Command { std: "docker" "exec" "-e" "SOURCE_DIR=/opt/rustwide/workdir" "-e" "CARGO_HOME=/opt/rustwide/cargo-home" "-e" "RUSTUP_HOME=/opt/rustwide/rustup-home" "-e" "CARGO_TARGET_DIR=/opt/rustwide/target" "-e" "CARGO_INCREMENTAL=0" "-e" "RUST_BACKTRACE=full" "-e" "RUSTFLAGS=--cap-lints=warn" "-e" "RUSTDOCFLAGS=--cap-lints=warn" "-w" "/opt/rustwide/workdir" "--user" "0:0" "01d0b24cfc8e8c896a516eae135f6858310edc5bb884211e8f09ba907992f29b" "/opt/rustwide/cargo-home/bin/cargo" "+1.100.0-beta.1" "build" "--frozen" "--message-format=json" "--release", kill_on_drop: false }`
[INFO] [stderr]    Compiling proc-macro2 v1.0.106
[INFO] [stderr]    Compiling unicode-ident v1.0.24
[INFO] [stderr]    Compiling quote v1.0.45
[INFO] [stderr]    Compiling libc v0.2.186
[INFO] [stderr]    Compiling rustix v1.1.4
[INFO] [stderr]    Compiling getrandom v0.4.2
[INFO] [stderr]    Compiling bitflags v2.11.1
[INFO] [stderr]    Compiling linux-raw-sys v0.12.1
[INFO] [stderr]    Compiling utf8parse v0.2.2
[INFO] [stderr]    Compiling cfg-if v1.0.4
[INFO] [stderr]    Compiling find-msvc-tools v0.1.9
[INFO] [stderr]    Compiling colorchoice v1.0.5
[INFO] [stderr]    Compiling fastrand v2.4.1
[INFO] [stderr]    Compiling shlex v1.3.0
[INFO] [stderr]    Compiling anstyle-query v1.1.5
[INFO] [stderr]    Compiling serde_core v1.0.228
[INFO] [stderr]    Compiling is_terminal_polyfill v1.70.2
[INFO] [stderr]    Compiling anstyle-parse v1.0.0
[INFO] [stderr]    Compiling anstyle v1.0.14
[INFO] [stderr]    Compiling once_cell v1.21.4
[INFO] [stderr]    Compiling cc v1.2.62
[INFO] [stderr]    Compiling strsim v0.11.1
[INFO] [stderr]    Compiling log v0.4.29
[INFO] [stderr]    Compiling clap_lex v1.1.0
[INFO] [stderr]    Compiling heck v0.5.0
[INFO] [stderr]    Compiling zmij v1.0.21
[INFO] [stderr]    Compiling anstream v1.0.0
[INFO] [stderr]    Compiling thiserror v2.0.18
[INFO] [stderr]    Compiling serde_json v1.0.149
[INFO] [stderr]    Compiling anyhow v1.0.102
[INFO] [stderr]    Compiling serde v1.0.228
[INFO] [stderr]    Compiling env_filter v1.0.1
[INFO] [stderr]    Compiling itoa v1.0.18
[INFO] [stderr]    Compiling memchr v2.8.0
[INFO] [stderr]    Compiling walkdir v2.5.0
[INFO] [stderr]    Compiling env_logger v0.11.10
[INFO] [stderr]    Compiling clap_builder v4.6.0
[INFO] [stderr]    Compiling syn v2.0.117
[INFO] [stderr]    Compiling tempfile v3.27.0
[INFO] [stderr]    Compiling renamore v0.3.2
[INFO] [stderr]    Compiling clap_derive v4.6.1
[INFO] [stderr]    Compiling serde_derive v1.0.228
[INFO] [stderr]    Compiling thiserror-impl v2.0.18
[INFO] [stderr]    Compiling clap v4.6.1
[INFO] [stderr]    Compiling clap-verbosity-flag v3.0.4
[INFO] [stderr]    Compiling putter v0.1.0 (/opt/rustwide/workdir)
[INFO] [stderr]     Finished `release` profile [optimized] target(s) in 45.49s
[INFO] running `Command { std: "docker" "inspect" "01d0b24cfc8e8c896a516eae135f6858310edc5bb884211e8f09ba907992f29b", kill_on_drop: false }`
[INFO] running `Command { std: "docker" "exec" "-e" "SOURCE_DIR=/opt/rustwide/workdir" "-e" "CARGO_HOME=/opt/rustwide/cargo-home" "-e" "RUSTUP_HOME=/opt/rustwide/rustup-home" "-e" "CARGO_TARGET_DIR=/opt/rustwide/target" "-e" "CARGO_INCREMENTAL=0" "-e" "RUST_BACKTRACE=full" "-e" "RUSTFLAGS=--cap-lints=warn" "-e" "RUSTDOCFLAGS=--cap-lints=warn" "-w" "/opt/rustwide/workdir" "--user" "0:0" "01d0b24cfc8e8c896a516eae135f6858310edc5bb884211e8f09ba907992f29b" "/opt/rustwide/cargo-home/bin/cargo" "+1.100.0-beta.1" "test" "--frozen" "--no-run" "--message-format=json" "--release", kill_on_drop: false }`
[INFO] [stderr]    Compiling memchr v2.8.0
[INFO] [stderr]    Compiling crossbeam-utils v0.8.21
[INFO] [stderr]    Compiling regex-syntax v0.8.10
[INFO] [stderr]    Compiling autocfg v1.5.0
[INFO] [stderr]    Compiling libc v0.2.186
[INFO] [stderr]    Compiling bitflags v2.11.1
[INFO] [stderr]    Compiling getrandom v0.4.2
[INFO] [stderr]    Compiling rustix v1.1.4
[INFO] [stderr]    Compiling predicates-core v1.0.10
[INFO] [stderr]    Compiling cfg-if v1.0.4
[INFO] [stderr]    Compiling linux-raw-sys v0.12.1
[INFO] [stderr]    Compiling doc-comment v0.3.4
[INFO] [stderr]    Compiling termtree v0.5.1
[INFO] [stderr]    Compiling difflib v0.4.0
[INFO] [stderr]    Compiling normalize-line-endings v0.3.0
[INFO] [stderr]    Compiling fastrand v2.4.1
[INFO] [stderr]    Compiling once_cell v1.21.4
[INFO] [stderr]    Compiling testing_logger v0.1.1
[INFO] [stderr]    Compiling assert_matches v1.5.0
[INFO] [stderr]    Compiling predicates-tree v1.0.13
[INFO] [stderr]    Compiling num-traits v0.2.19
[INFO] [stderr]    Compiling aho-corasick v1.1.4
[INFO] [stderr]    Compiling bstr v1.12.1
[INFO] [stderr]    Compiling serde_json v1.0.149
[INFO] [stderr]    Compiling crossbeam-epoch v0.9.18
[INFO] [stderr]    Compiling crossbeam-deque v0.8.6
[INFO] [stderr]    Compiling float-cmp v0.10.0
[INFO] [stderr]    Compiling putter v0.1.0 (/opt/rustwide/workdir)
[INFO] [stderr]    Compiling tempfile v3.27.0
[INFO] [stderr]    Compiling regex-automata v0.4.14
[INFO] [stderr]    Compiling globset v0.4.18
[INFO] [stderr]    Compiling regex v1.12.3
[INFO] [stderr]    Compiling predicates v3.1.4
[INFO] [stderr]    Compiling ignore v0.4.25
[INFO] [stderr]    Compiling globwalk v0.9.1
[INFO] [stderr]    Compiling assert_fs v1.1.3
[INFO] [stderr]     Finished `release` profile [optimized] target(s) in 1m 08s
[INFO] running `Command { std: "docker" "inspect" "01d0b24cfc8e8c896a516eae135f6858310edc5bb884211e8f09ba907992f29b", kill_on_drop: false }`
[INFO] running `Command { std: "docker" "exec" "-e" "SOURCE_DIR=/opt/rustwide/workdir" "-e" "CARGO_HOME=/opt/rustwide/cargo-home" "-e" "RUSTUP_HOME=/opt/rustwide/rustup-home" "-e" "CARGO_TARGET_DIR=/opt/rustwide/target" "-e" "CARGO_INCREMENTAL=0" "-e" "RUST_BACKTRACE=full" "-e" "RUSTFLAGS=--cap-lints=warn" "-e" "RUSTDOCFLAGS=--cap-lints=warn" "-w" "/opt/rustwide/workdir" "--user" "0:0" "01d0b24cfc8e8c896a516eae135f6858310edc5bb884211e8f09ba907992f29b" "/opt/rustwide/cargo-home/bin/cargo" "+1.100.0-beta.1" "test" "--frozen" "--release", kill_on_drop: false }`
[INFO] [stderr]     Finished `release` profile [optimized] target(s) in 0.19s
[INFO] [stderr]      Running unittests src/lib.rs (/opt/rustwide/target/release/build/putter/d94f6d9bc06d3860/out/putter-d94f6d9bc06d3860)
[INFO] [stdout] 
[INFO] [stdout] running 92 tests
[INFO] [stdout] test file_compare::tests::files_of_different_size_returns_false ... ok
[INFO] [stdout] test manifest::tests::version_1_copy_with_good_mode ... ok
[INFO] [stdout] test file_compare::tests::files_with_same_canonicalized_paths_returns_true ... ok
[INFO] [stdout] test manifest::tests::load_unknown_version_from_json ... ok
[INFO] [stdout] test file_compare::tests::files_of_same_size_but_different_content_returns_false ... ok
[INFO] [stdout] test manifest::tests::into_manifest_low::can_handle_symlink_to_file ... ok
[INFO] [stdout] test manifest::tests::version_1_copy_without_mode ... ok
[INFO] [stdout] test manifest::tests::version_1_copy_with_invalid_mode_octal ... ok
[INFO] [stdout] test manifest::tests::into_manifest_low::can_expand_basic_structure ... ok
[INFO] [stdout] test manifest::tests::version_1_source_not_absolute ... ok
[INFO] [stdout] test manifest::tests::version_1_target_no_file_name ... ok
[INFO] [stdout] test manifest::tests::version_1_target_not_absolute ... ok
[INFO] [stdout] test manifest::tests::load_missing_from_json ... ok
[INFO] [stdout] test manifest::tests::into_manifest_low::can_handle_symlink_to_dir ... ok
[INFO] [stdout] test manifest::tests::version_1_copy_with_null_mode ... ok
[INFO] [stdout] test file_compare::tests::files_with_same_content_returns_true ... ok
[INFO] [stdout] test manifest::tests::version_1_copy_with_numeric_mode ... ok
[INFO] [stdout] test manifest::tests::load_version_1_from_json ... ok
[INFO] [stdout] test manifest::tests::version_1_source_no_file_name ... ok
[INFO] [stdout] test manifest::tests::version_1_target_symlink_exact_overlap ... ok
[INFO] [stdout] test manifest::tests::load_missing_version_from_json ... ok
[INFO] [stdout] test file_compare::tests::bad_path_returns_path_not_found ... ok
[INFO] [stdout] test manifest::tests::version_1_target_symlink_prefix_overlap ... ok
[INFO] [stdout] test file_compare::tests::symlinks_leading_to_same_directory_returns_true ... ok
[INFO] [stdout] test file_compare::tests::symlinks_leading_to_same_file_returns_true ... ok
[INFO] [stdout] test manifest::tests::into_manifest_low::can_handle_file_override ... ok
[INFO] [stdout] test manifest::tests::version_1_target_symlink_recursive_exact_overlap ... ok
[INFO] [stdout] test manifest::tests::version_1_target_symlink_recursive_prefix_overlap ... ok
[INFO] [stdout] test state::tests::fail_load_from_invalid_json ... ok
[INFO] [stdout] test tests::apply_collision_backup_collision ... ok
[INFO] [stdout] test state::tests::load_from_json ... ok
[INFO] [stdout] test state::tests::fail_load_from_missing_json ... ok
[INFO] [stdout] test state::tests::save_to_json ... ok
[INFO] [stdout] test tests::apply_source_and_target_same_content ... ok
[INFO] [stdout] test tests::apply_collision_with_matching_state ... ok
[INFO] [stdout] test state::tests::save_to_json_missing_parent_dir ... ok
[INFO] [stdout] test tests::apply_collision_backup_no_collision ... ok
[INFO] [stdout] test tests::apply_with_delete ... ok
[INFO] [stdout] test tests::apply_collision_backup_collision_backup_exists ... ok
[INFO] [stdout] test tests::apply_collision_with_mismatching_state ... ok
[INFO] [stdout] test tests::apply_with_same_source ... ok
[INFO] [stdout] test tests::check_collision_with_matching_state ... ok
[INFO] [stdout] test tests::check_dir_collision ... ok
[INFO] [stdout] test tests::copy_collision_force::check_collision ... ok
[INFO] [stdout] test tests::apply_with_subdir ... ok
[INFO] [stdout] test tests::apply_collision ... ok
[INFO] [stdout] test tests::apply_with_delete_unmanaged ... ok
[INFO] [stdout] test tests::check_source_and_target_same_content ... ok
[INFO] [stdout] test tests::apply_with_delete_missing ... ok
[INFO] [stdout] test tests::check_collision_with_mismatching_state ... ok
[INFO] [stdout] test tests::apply_with_delete_inside_empty_dir ... ok
[INFO] [stdout] test tests::apply_with_file_inside_previously_managed_link ... ok
[INFO] [stdout] test tests::copy_collision_force::apply_dry_run_collision ... ok
[INFO] [stdout] test tests::apply_with_delete_readonly ... FAILED
[INFO] [stdout] test tests::check_with_delete_readonly ... ok
[INFO] [stdout] test tests::copy_collision_matching_state::apply_no_collision ... ok
[INFO] [stdout] test tests::copy_collision_matching_state::check_no_collision ... ok
[INFO] [stdout] test tests::copy_directory::test_apply_dry_run ... ok
[INFO] [stdout] test tests::copy_collision_matching_state::apply_dry_run_no_collision ... ok
[INFO] [stdout] test tests::copy_directory::test_apply ... ok
[INFO] [stdout] test tests::copy_no_collision_empty_state::check_no_collision ... ok
[INFO] [stdout] test tests::symlink_collision::check_collision_abort ... ok
[INFO] [stdout] test tests::copy_directory::test_check ... ok
[INFO] [stdout] test tests::symlink_collision::apply_collision_force ... ok
[INFO] [stdout] test tests::symlink_collision::apply_dry_run_collision_backup ... ok
[INFO] [stdout] test tests::symlink_collision::check_collision_backup ... ok
[INFO] [stdout] test tests::symlink_collision::apply_dry_run_collision_force ... ok
[INFO] [stdout] test tests::symlink_collision::apply_dry_run_collision_abort ... ok
[INFO] [stdout] test tests::symlink_collision_matching_state::apply_no_collision ... ok
[INFO] [stdout] test tests::symlink_collision_matching_state::apply_dry_run_no_collision ... ok
[INFO] [stdout] test tests::copy_no_collision_empty_state::apply_dry_run_no_collision ... ok
[INFO] [stdout] test tests::symlink_missing_managed_source::apply_collision_backup ... ok
[INFO] [stdout] test tests::copy_no_collision_empty_state::apply_no_collision ... ok
[INFO] [stdout] test tests::symlink_missing_managed_source::apply_collision_force ... ok
[INFO] [stdout] test tests::symlink_missing_managed_source::check_collision_force ... ok
[INFO] [stdout] test tests::symlink_missing_managed_source::check_collision_abort ... ok
[INFO] [stdout] test tests::symlink_missing_managed_source::check_collision_backup ... ok
[INFO] [stdout] test tests::symlink_no_collision_empty_state::apply_no_collision ... ok
[INFO] [stdout] test tests::symlink_no_collision_empty_state::apply_dry_run_no_collision ... ok
[INFO] [stdout] test tests::symlink_missing_managed_source::apply_dry_run_collision_backup ... ok
[INFO] [stdout] test tests::symlink_missing_managed_source::apply_dry_run_collision_force ... ok
[INFO] [stdout] test tests::symlink_missing_managed_source::apply_dry_run_collision_abort ... ok
[INFO] [stdout] test tests::symlink_collision::check_collision_force ... ok
[INFO] [stdout] test tests::symlink_collision::apply_collision_backup ... ok
[INFO] [stdout] test tests::symlink_collision_matching_state::check_no_collision ... ok
[INFO] [stdout] test tests::symlink_collision::apply_collision_abort ... ok
[INFO] [stdout] test tests::copy_collision_force::apply_collision ... ok
[INFO] [stdout] test tests::symlink_no_collision_empty_state::check_no_collision ... ok
[INFO] [stdout] test tests::symlink_delete_managed_file::check_no_collision ... ok
[INFO] [stdout] test tests::symlink_delete_managed_file::apply_no_collision ... ok
[INFO] [stdout] test tests::symlink_missing_managed_source::apply_collision_abort ... ok
[INFO] [stdout] test tests::symlink_delete_managed_file::apply_dry_run_no_collision ... ok
[INFO] [stdout] 
[INFO] [stdout] failures:
[INFO] [stdout] 
[INFO] [stdout] ---- tests::apply_with_delete_readonly stdout ----
[INFO] [stdout] 
[INFO] [stdout] thread 'tests::apply_with_delete_readonly' (1494) panicked at src/lib.rs:2986:9:
[INFO] [stdout] assertion failed: matches!(result, Err(ApplyRealError::CannotRemoveFileError(_, _)))
[INFO] [stdout] stack backtrace:
[INFO] [stdout]    0:     0x6381101d1d15 - <<std[617be2ca0a6fd877]::sys::backtrace::BacktraceLock>::print::DisplayBacktrace as core[a373ad73a504971]::fmt::Display>::fmt
[INFO] [stdout]    1:     0x6381101ac68a - core[a373ad73a504971]::fmt::write
[INFO] [stdout]    2:     0x6381101d13ab - <alloc[2e1b2a31b91974c5]::vec::Vec<u8> as core[a373ad73a504971]::io::write::Write>::write_fmt
[INFO] [stdout]    3:     0x6381101d0e8f - std[617be2ca0a6fd877]::panicking::default_hook::{closure#0}
[INFO] [stdout]    4:     0x6381101d0aba - std[617be2ca0a6fd877]::panicking::default_hook
[INFO] [stdout]    5:     0x6381101d05f5 - std[617be2ca0a6fd877]::panicking::panic_with_hook
[INFO] [stdout]    6:     0x6381101f74c2 - std[617be2ca0a6fd877]::panicking::panic_handler::{closure#0}
[INFO] [stdout]    7:     0x6381101f7449 - std[617be2ca0a6fd877]::sys::backtrace::__rust_end_short_backtrace::<std[617be2ca0a6fd877]::panicking::panic_handler::{closure#0}, !>
[INFO] [stdout]    8:     0x6381101f794c - __rustc[ea4f61d10b84890b]::rust_begin_unwind
[INFO] [stdout]    9:     0x6381101ac51b - core[a373ad73a504971]::panicking::panic_fmt
[INFO] [stdout]   10:     0x6381101adcb1 - core[a373ad73a504971]::panicking::panic
[INFO] [stdout]   11:     0x63811018894c - <putter[eff29ebda63b2e2d]::tests::apply_with_delete_readonly::{closure#0} as core[a373ad73a504971]::ops::function::FnOnce<()>>::call_once
[INFO] [stdout]   12:     0x63811021562b - test[aada8e7e76ba119b]::__rust_begin_short_backtrace::<core[a373ad73a504971]::result::Result<(), alloc[2e1b2a31b91974c5]::string::String>, fn() -> core[a373ad73a504971]::result::Result<(), alloc[2e1b2a31b91974c5]::string::String>>
[INFO] [stdout]   13:     0x638110210a8f - test[aada8e7e76ba119b]::run_test::{closure#0}
[INFO] [stdout]   14:     0x63811021050c - std[617be2ca0a6fd877]::sys::backtrace::__rust_begin_short_backtrace::<test[aada8e7e76ba119b]::run_test::{closure#1}, ()>
[INFO] [stdout]   15:     0x638110230a7c - <std[617be2ca0a6fd877]::thread::lifecycle::spawn_unchecked<test[aada8e7e76ba119b]::run_test::{closure#1}, ()>::{closure#1} as core[a373ad73a504971]::ops::function::FnOnce<()>>::call_once::{shim:vtable#0}
[INFO] [stdout]   16:     0x6381101f90c4 - <std[617be2ca0a6fd877]::sys::thread::unix::Thread>::new::thread_start
[INFO] [stdout]   17:     0x7334a793bdfa - <unknown>
[INFO] [stdout]   18:     0x7334a79cf3d4 - clone
[INFO] [stdout]   19:                0x0 - <unknown>
[INFO] [stdout] 
[INFO] [stdout] 
[INFO] [stdout] failures:
[INFO] [stdout]     tests::apply_with_delete_readonly
[INFO] [stdout] 
[INFO] [stdout] test result: FAILED. 91 passed; 1 failed; 0 ignored; 0 measured; 0 filtered out; finished in 0.04s
[INFO] [stdout] 
[INFO] [stderr] error: test failed, to rerun pass `--lib`
[INFO] running `Command { std: "docker" "inspect" "01d0b24cfc8e8c896a516eae135f6858310edc5bb884211e8f09ba907992f29b", kill_on_drop: false }`
[INFO] running `Command { std: "docker" "rm" "-f" "01d0b24cfc8e8c896a516eae135f6858310edc5bb884211e8f09ba907992f29b", kill_on_drop: false }`
[INFO] [stdout] 01d0b24cfc8e8c896a516eae135f6858310edc5bb884211e8f09ba907992f29b
