[INFO] fetching crate pust 0.2.3...
[INFO] testing pust-0.2.3 against 1.100.0-beta.1+cargoflags=--release for beta-release-1.100-2
[INFO] extracting crate pust 0.2.3 into /workspace/builds/worker-1-tc2/source
[INFO] started tweaking crates.io crate pust 0.2.3
[INFO] finished tweaking crates.io crate pust 0.2.3
[INFO] tweaked toml for crates.io crate pust 0.2.3 written to /workspace/builds/worker-1-tc2/source/Cargo.toml
[INFO] validating manifest of crates.io crate pust 0.2.3 on toolchain 1.100.0-beta.1
[INFO] running `Command { std: CARGO_HOME="/workspace/cargo-home" RUSTUP_HOME="/workspace/rustup-home" "/workspace/cargo-home/bin/cargo" "+1.100.0-beta.1" "metadata" "--manifest-path" "Cargo.toml" "--no-deps", kill_on_drop: false }`
[INFO] crate crates.io crate pust 0.2.3 already has a lockfile, it will not be regenerated
[INFO] running `Command { std: CARGO_HOME="/workspace/cargo-home" RUSTUP_HOME="/workspace/rustup-home" "/workspace/cargo-home/bin/cargo" "+1.100.0-beta.1" "fetch" "--manifest-path" "Cargo.toml", kill_on_drop: false }`
[INFO] [stderr] warning: `package.homepage` is redundant with `package.repository`
[INFO] [stderr]   --> Cargo.toml:46:12
[INFO] [stderr]    |
[INFO] [stderr] 46 | homepage = "https://github.com/nurmukhametdaniyar/pust"
[INFO] [stderr]    |            ^^^^^^^^^^^^^^^^^^^^^^^^^^^^^^^^^^^^^^^^^^^^
[INFO] [stderr] ...
[INFO] [stderr] 51 | repository = "https://github.com/nurmukhametdaniyar/pust"
[INFO] [stderr]    |              --------------------------------------------
[INFO] [stderr]    |
[INFO] [stderr]    = note: `cargo::redundant_homepage` is set to `warn` by default
[INFO] [stderr] help: consider removing `package.homepage`
[INFO] [stderr] warning: `pust` (manifest) generated 1 warning
[INFO] running `Command { std: "docker" "create" "-v" "/var/lib/crater-agent-workspace/builds/worker-1-tc2/source:/opt/rustwide/workdir:ro,Z" "-v" "/var/lib/crater-agent-workspace/builds/worker-1-tc2/target:/opt/rustwide/target:rw,Z" "-v" "/var/lib/crater-agent-workspace/cargo-home:/opt/rustwide/cargo-home:ro,Z" "-v" "/var/lib/crater-agent-workspace/rustup-home:/opt/rustwide/rustup-home:ro,Z" "-m" "1610612736" "--network" "none" "ghcr.io/rust-lang/crates-build-env/linux@sha256:77db811e55d90add9212f6832c23229e3de5f1c1f9905e8cb07319ea15df73ac" "sleep" "infinity", kill_on_drop: false }`
[INFO] [stdout] f1590ee696f65b2f9e86c500e80c606c3a249f277c07f1f7a976be9c50a9d299
[INFO] running `Command { std: "docker" "start" "f1590ee696f65b2f9e86c500e80c606c3a249f277c07f1f7a976be9c50a9d299", kill_on_drop: false }`
[INFO] running `Command { std: "docker" "inspect" "f1590ee696f65b2f9e86c500e80c606c3a249f277c07f1f7a976be9c50a9d299", kill_on_drop: false }`
[INFO] running `Command { std: "docker" "exec" "-e" "SOURCE_DIR=/opt/rustwide/workdir" "-e" "CARGO_HOME=/opt/rustwide/cargo-home" "-e" "RUSTUP_HOME=/opt/rustwide/rustup-home" "-e" "CARGO_TARGET_DIR=/opt/rustwide/target" "-w" "/opt/rustwide/workdir" "--user" "0:0" "f1590ee696f65b2f9e86c500e80c606c3a249f277c07f1f7a976be9c50a9d299" "/opt/rustwide/cargo-home/bin/cargo" "+1.100.0-beta.1" "metadata" "--no-deps" "--format-version=1", kill_on_drop: false }`
[INFO] running `Command { std: "docker" "inspect" "f1590ee696f65b2f9e86c500e80c606c3a249f277c07f1f7a976be9c50a9d299", kill_on_drop: false }`
[INFO] running `Command { std: "docker" "exec" "-e" "SOURCE_DIR=/opt/rustwide/workdir" "-e" "CARGO_HOME=/opt/rustwide/cargo-home" "-e" "RUSTUP_HOME=/opt/rustwide/rustup-home" "-e" "CARGO_TARGET_DIR=/opt/rustwide/target" "-e" "CARGO_INCREMENTAL=0" "-e" "RUST_BACKTRACE=full" "-e" "RUSTFLAGS=--cap-lints=warn" "-e" "RUSTDOCFLAGS=--cap-lints=warn" "-w" "/opt/rustwide/workdir" "--user" "0:0" "f1590ee696f65b2f9e86c500e80c606c3a249f277c07f1f7a976be9c50a9d299" "/opt/rustwide/cargo-home/bin/cargo" "+1.100.0-beta.1" "build" "--frozen" "--message-format=json" "--release", kill_on_drop: false }`
[INFO] [stderr] warning: `package.homepage` is redundant with `package.repository`
[INFO] [stderr]   --> Cargo.toml:46:12
[INFO] [stderr]    |
[INFO] [stderr] 46 | homepage = "https://github.com/nurmukhametdaniyar/pust"
[INFO] [stderr]    |            ^^^^^^^^^^^^^^^^^^^^^^^^^^^^^^^^^^^^^^^^^^^^
[INFO] [stderr] ...
[INFO] [stderr] 51 | repository = "https://github.com/nurmukhametdaniyar/pust"
[INFO] [stderr]    |              --------------------------------------------
[INFO] [stderr]    |
[INFO] [stderr]    = note: `cargo::redundant_homepage` is set to `warn` by default
[INFO] [stderr] help: consider removing `package.homepage`
[INFO] [stderr] warning: `pust` (manifest) generated 1 warning
[INFO] [stderr]    Compiling libc v0.2.134
[INFO] [stderr]    Compiling proc-macro2 v1.0.46
[INFO] [stderr]    Compiling quote v1.0.21
[INFO] [stderr]    Compiling unicode-ident v1.0.4
[INFO] [stderr]    Compiling pkg-config v0.3.25
[INFO] [stderr]    Compiling xml-rs v0.8.4
[INFO] [stderr]    Compiling once_cell v1.15.0
[INFO] [stderr]    Compiling syn v1.0.102
[INFO] [stderr]    Compiling smallvec v1.10.0
[INFO] [stderr]    Compiling downcast-rs v1.2.0
[INFO] [stderr]    Compiling memoffset v0.6.5
[INFO] [stderr]    Compiling libloading v0.7.3
[INFO] [stderr]    Compiling memchr v2.5.0
[INFO] [stderr]    Compiling scoped-tls v1.0.0
[INFO] [stderr]    Compiling nom v7.1.1
[INFO] [stderr]    Compiling num-traits v0.2.15
[INFO] [stderr]    Compiling proc-macro-error-attr v1.0.4
[INFO] [stderr]    Compiling proc-macro-error v1.0.4
[INFO] [stderr]    Compiling aho-corasick v0.7.19
[INFO] [stderr]    Compiling either v1.8.0
[INFO] [stderr]    Compiling predicates-core v1.0.3
[INFO] [stderr]    Compiling regex-syntax v0.6.27
[INFO] [stderr]    Compiling heck v0.4.0
[INFO] [stderr]    Compiling os_str_bytes v6.3.0
[INFO] [stderr]    Compiling dlib v0.5.0
[INFO] [stderr]    Compiling difflib v0.4.0
[INFO] [stderr]    Compiling termtree v0.2.4
[INFO] [stderr]    Compiling normalize-line-endings v0.3.0
[INFO] [stderr]    Compiling downcast v0.11.0
[INFO] [stderr]    Compiling itertools v0.10.5
[INFO] [stderr]    Compiling predicates-tree v1.0.5
[INFO] [stderr]    Compiling termcolor v1.1.3
[INFO] [stderr]    Compiling wayland-sys v0.29.5
[INFO] [stderr]    Compiling smithay-client-toolkit v0.16.0
[INFO] [stderr]    Compiling fragile v1.2.1
[INFO] [stderr]    Compiling quick-xml v0.22.0
[INFO] [stderr]    Compiling clap_lex v0.3.0
[INFO] [stderr]    Compiling wayland-scanner v0.29.5
[INFO] [stderr]    Compiling xcb v1.1.1
[INFO] [stderr]    Compiling nix v0.24.2
[INFO] [stderr]    Compiling getrandom v0.2.7
[INFO] [stderr]    Compiling memmap2 v0.5.7
[INFO] [stderr]    Compiling atty v0.2.14
[INFO] [stderr]    Compiling rpassword v7.0.0
[INFO] [stderr]    Compiling float-cmp v0.9.0
[INFO] [stderr]    Compiling rand_core v0.6.4
[INFO] [stderr]    Compiling sudo v0.6.0
[INFO] [stderr]    Compiling rand_chacha v0.3.1
[INFO] [stderr]    Compiling rand_seeder v0.2.3
[INFO] [stderr]    Compiling rand_pcg v0.3.1
[INFO] [stderr]    Compiling rand v0.8.5
[INFO] [stderr]    Compiling wayland-client v0.29.5
[INFO] [stderr]    Compiling wayland-protocols v0.29.5
[INFO] [stderr]    Compiling xcursor v0.3.4
[INFO] [stderr]    Compiling regex v1.6.0
[INFO] [stderr]    Compiling wayland-commons v0.29.5
[INFO] [stderr]    Compiling predicates v2.1.1
[INFO] [stderr]    Compiling clap_derive v4.0.10
[INFO] [stderr]    Compiling mockall_derive v0.11.2
[INFO] [stderr]    Compiling mockall_double v0.3.0
[INFO] [stderr]    Compiling wayland-cursor v0.29.5
[INFO] [stderr]    Compiling clap v4.0.10
[INFO] [stderr]    Compiling mockall v0.11.2
[INFO] [stderr]    Compiling x11-clipboard v0.6.1
[INFO] [stderr]    Compiling smithay-clipboard v0.6.6
[INFO] [stderr]    Compiling copypasta v0.8.1
[INFO] [stderr]    Compiling pust v0.2.3 (/opt/rustwide/workdir)
[INFO] [stderr] warning: unused dependency `mockall`
[INFO] [stderr]   --> Cargo.toml:11:15
[INFO] [stderr]    |
[INFO] [stderr] 11 | [dependencies.mockall]
[INFO] [stderr]    |               ^^^^^^^^
[INFO] [stderr]    |
[INFO] [stderr]    = note: `cargo::unused_dependencies` is set to `warn` by default
[INFO] [stderr] help: consider removing the dependency on `mockall`
[INFO] [stderr] warning: unused dependency `mockall_double`
[INFO] [stderr]   --> Cargo.toml:14:15
[INFO] [stderr]    |
[INFO] [stderr] 14 | [dependencies.mockall_double]
[INFO] [stderr]    |               ^^^^^^^^^^^^^^^
[INFO] [stderr]    |
[INFO] [stderr] help: consider removing the dependency on `mockall_double`
[INFO] [stderr] warning: unused dependency `sudo`
[INFO] [stderr]   --> Cargo.toml:32:15
[INFO] [stderr]    |
[INFO] [stderr] 32 | [dependencies.sudo]
[INFO] [stderr]    |               ^^^^^
[INFO] [stderr]    |
[INFO] [stderr] help: consider removing the dependency on `sudo`
[INFO] [stderr] warning: `pust` (manifest) generated 3 warnings
[INFO] [stderr]     Finished `release` profile [optimized] target(s) in 1m 16s
[INFO] [stderr] warning: the following packages contain code that will be rejected by a future version of Rust: quick-xml v0.22.0
[INFO] [stderr] note: to see what the problems were, use the option `--future-incompat-report`, or run `cargo report future-incompatibilities --id 8`
[INFO] running `Command { std: "docker" "inspect" "f1590ee696f65b2f9e86c500e80c606c3a249f277c07f1f7a976be9c50a9d299", kill_on_drop: false }`
[INFO] running `Command { std: "docker" "exec" "-e" "SOURCE_DIR=/opt/rustwide/workdir" "-e" "CARGO_HOME=/opt/rustwide/cargo-home" "-e" "RUSTUP_HOME=/opt/rustwide/rustup-home" "-e" "CARGO_TARGET_DIR=/opt/rustwide/target" "-e" "CARGO_INCREMENTAL=0" "-e" "RUST_BACKTRACE=full" "-e" "RUSTFLAGS=--cap-lints=warn" "-e" "RUSTDOCFLAGS=--cap-lints=warn" "-w" "/opt/rustwide/workdir" "--user" "0:0" "f1590ee696f65b2f9e86c500e80c606c3a249f277c07f1f7a976be9c50a9d299" "/opt/rustwide/cargo-home/bin/cargo" "+1.100.0-beta.1" "test" "--frozen" "--no-run" "--message-format=json" "--release", kill_on_drop: false }`
[INFO] [stderr] warning: `package.homepage` is redundant with `package.repository`
[INFO] [stderr]   --> Cargo.toml:46:12
[INFO] [stderr]    |
[INFO] [stderr] 46 | homepage = "https://github.com/nurmukhametdaniyar/pust"
[INFO] [stderr]    |            ^^^^^^^^^^^^^^^^^^^^^^^^^^^^^^^^^^^^^^^^^^^^
[INFO] [stderr] ...
[INFO] [stderr] 51 | repository = "https://github.com/nurmukhametdaniyar/pust"
[INFO] [stderr]    |              --------------------------------------------
[INFO] [stderr]    |
[INFO] [stderr]    = note: `cargo::redundant_homepage` is set to `warn` by default
[INFO] [stderr] help: consider removing `package.homepage`
[INFO] [stderr] warning: `pust` (manifest) generated 1 warning
[INFO] [stderr]    Compiling doc-comment v0.3.3
[INFO] [stderr]    Compiling regex-automata v0.1.10
[INFO] [stderr]    Compiling wait-timeout v0.2.0
[INFO] [stderr]    Compiling bstr v0.2.17
[INFO] [stderr]    Compiling assert_cmd v2.0.4
[INFO] [stderr]    Compiling pust v0.2.3 (/opt/rustwide/workdir)
[INFO] [stderr]     Finished `release` profile [optimized] target(s) in 3.75s
[INFO] [stderr] warning: the following packages contain code that will be rejected by a future version of Rust: quick-xml v0.22.0
[INFO] [stderr] note: to see what the problems were, use the option `--future-incompat-report`, or run `cargo report future-incompatibilities --id 8`
[INFO] running `Command { std: "docker" "inspect" "f1590ee696f65b2f9e86c500e80c606c3a249f277c07f1f7a976be9c50a9d299", kill_on_drop: false }`
[INFO] running `Command { std: "docker" "exec" "-e" "SOURCE_DIR=/opt/rustwide/workdir" "-e" "CARGO_HOME=/opt/rustwide/cargo-home" "-e" "RUSTUP_HOME=/opt/rustwide/rustup-home" "-e" "CARGO_TARGET_DIR=/opt/rustwide/target" "-e" "CARGO_INCREMENTAL=0" "-e" "RUST_BACKTRACE=full" "-e" "RUSTFLAGS=--cap-lints=warn" "-e" "RUSTDOCFLAGS=--cap-lints=warn" "-w" "/opt/rustwide/workdir" "--user" "0:0" "f1590ee696f65b2f9e86c500e80c606c3a249f277c07f1f7a976be9c50a9d299" "/opt/rustwide/cargo-home/bin/cargo" "+1.100.0-beta.1" "test" "--frozen" "--release", kill_on_drop: false }`
[INFO] [stderr] warning: `package.homepage` is redundant with `package.repository`
[INFO] [stderr]   --> Cargo.toml:46:12
[INFO] [stderr]    |
[INFO] [stderr] 46 | homepage = "https://github.com/nurmukhametdaniyar/pust"
[INFO] [stderr]    |            ^^^^^^^^^^^^^^^^^^^^^^^^^^^^^^^^^^^^^^^^^^^^
[INFO] [stderr] ...
[INFO] [stderr] 51 | repository = "https://github.com/nurmukhametdaniyar/pust"
[INFO] [stderr]    |              --------------------------------------------
[INFO] [stderr]    |
[INFO] [stderr]    = note: `cargo::redundant_homepage` is set to `warn` by default
[INFO] [stderr] help: consider removing `package.homepage`
[INFO] [stderr] warning: `pust` (manifest) generated 1 warning
[INFO] [stderr]     Finished `release` profile [optimized] target(s) in 0.10s
[INFO] [stderr] warning: the following packages contain code that will be rejected by a future version of Rust: quick-xml v0.22.0
[INFO] [stderr] note: to see what the problems were, use the option `--future-incompat-report`, or run `cargo report future-incompatibilities --id 8`
[INFO] [stderr]      Running unittests src/main.rs (/opt/rustwide/target/release/build/pust/4af60d77b0b32fe4/out/pust-4af60d77b0b32fe4)
[INFO] [stdout] 
[INFO] [stdout] running 16 tests
[INFO] [stdout] test alphabet::test::should_append_lower ... ok
[INFO] [stdout] test alphabet::test::should_append_upper ... ok
[INFO] [stdout] test alphabet::test::should_create_new_alphabet ... ok
[INFO] [stdout] test alphabet::test::should_generate_identical_passwords ... ok
[INFO] [stdout] test alphabet::test::should_not_append_digits ... ok
[INFO] [stdout] test alphabet::test::should_not_append_lower ... ok
[INFO] [stdout] test alphabet::test::should_not_generate_identical_passwords ... ok
[INFO] [stdout] test alphabet::test::should_append_digits ... ok
[INFO] [stdout] test alphabet::test::should_return_empty_password ... ok
[INFO] [stdout] test alphabet::test::should_not_append_special ... ok
[INFO] [stdout] test rnger::test::should_generate_same_output ... ok
[INFO] [stdout] test rnger::test::should_generate_different_output ... ok
[INFO] [stdout] test alphabet::test::should_not_append_upper ... ok
[INFO] [stdout] test config::test::check_args_match ... ok
[INFO] [stdout] test alphabet::test::should_generate_identical_chars ... ok
[INFO] [stdout] test alphabet::test::should_append_special ... ok
[INFO] [stdout] 
[INFO] [stdout] test result: ok. 16 passed; 0 failed; 0 ignored; 0 measured; 0 filtered out; finished in 0.01s
[INFO] [stdout] 
[INFO] [stderr]      Running tests/cli.rs (/opt/rustwide/target/release/build/pust/f9969fbfc02996ce/out/cli-f9969fbfc02996ce)
[INFO] [stdout] 
[INFO] [stdout] running 2 tests
[INFO] [stdout] test run_with_length ... FAILED
[INFO] [stdout] test run_usually ... FAILED
[INFO] [stdout] 
[INFO] [stdout] failures:
[INFO] [stdout] 
[INFO] [stdout] ---- run_with_length stdout ----
[INFO] [stdout] 
[INFO] [stdout] thread 'run_with_length' (8036) panicked at /rustc/e3feeb59cd1bdd011a2bfcc0747b55125d9b8527/library/core/src/ops/function.rs:250:5:
[INFO] [stdout] Unexpected failure.
[INFO] [stdout] code-101
[INFO] [stdout] stderr=```"\nthread \'main\' (8038) panicked at src/password.rs:71:44:\ncalled `Result::unwrap()` on an `Err` value: Os { code: 6, kind: Uncategorized, message: \"No such device or address\" }\nstack backtrace:\n   0:     0x5c874aeaf6b1 - <<std[617be2ca0a6fd877]::sys::backtrace::BacktraceLock>::print::DisplayBacktrace as core[a373ad73a504971]::fmt::Display>::fmt\n   1:     0x5c874aec36ca - core[a373ad73a504971]::fmt::write\n   2:     0x5c874aeb3e5c - <std[617be2ca0a6fd877]::sys::stdio::unix::Stderr as core[a373ad73a504971]::io::write::Write>::write_fmt\n   3:     0x5c874ae964d6 - std[617be2ca0a6fd877]::panicking::default_hook::{closure#0}\n   4:     0x5c874aeaa7b1 - std[617be2ca0a6fd877]::panicking::default_hook\n   5:     0x5c874aeaa96b - std[617be2ca0a6fd877]::panicking::panic_with_hook\n   6:     0x5c874ae96582 - std[617be2ca0a6fd877]::panicking::panic_handler::{closure#0}\n   7:     0x5c874ae8f219 - std[617be2ca0a6fd877]::sys::backtrace::__rust_end_short_backtrace::<std[617be2ca0a6fd877]::panicking::panic_handler::{closure#0}, !>\n   8:     0x5c874ae96dbd - __rustc[ea4f61d10b84890b]::rust_begin_unwind\n   9:     0x5c874aec3dfc - core[a373ad73a504971]::panicking::panic_fmt\n  10:     0x5c874aec3bd2 - core[a373ad73a504971]::result::unwrap_failed\n  11:     0x5c874ae15165 - <pust[9ad809ced5e1679]::password::Password>::read_password\n  12:     0x5c874ae1b29d - pust[9ad809ced5e1679]::main\n  13:     0x5c874ae16b1b - std[617be2ca0a6fd877]::sys::backtrace::__rust_begin_short_backtrace::<fn(), ()>\n  14:     0x5c874ae16fc9 - std[617be2ca0a6fd877]::rt::lang_start::<()>::{closure#0}\n  15:     0x5c874aea9cc8 - std[617be2ca0a6fd877]::rt::lang_start_internal\n  16:     0x5c874ae1e205 - main\n  17:     0x7c4ee7998601 - <unknown>\n  18:     0x7c4ee7998718 - __libc_start_main\n  19:     0x5c874ae0ac85 - _start\n  20:                0x0 - <unknown>\n"```
[INFO] [stdout] command=`"/opt/rustwide/target/release/pust" "test" "--length" "16"`
[INFO] [stdout] code=101
[INFO] [stdout] stdout="Create master password: "
[INFO] [stdout] stderr="\nthread \'main\' (8038) panicked at src/password.rs:71:44:\ncalled `Result::unwrap()` on an `Err` value: Os { code: 6, kind: Uncategorized, message: \"No such device or address\" }\nstack backtrace:\n   0:     0x5c874aeaf6b1 - <<std[617be2ca0a6fd877]::sys::backtrace::BacktraceLock>::print::DisplayBacktrace as core[a373ad73a504971]::fmt::Display>::fmt\n   1:     0x5c874aec36ca - core[a373ad73a504971]::fmt::write\n   2:     0x5c874aeb3e5c - <std[617be2ca0a6fd877]::sys::stdio::unix::Stderr as core[a373ad73a504971]::io::write::Write>::write_fmt\n   3:     0x5c874ae964d6 - std[617be2ca0a6fd877]::panicking::default_hook::{closure#0}\n   4:     0x5c874aeaa7b1 - std[617be2ca0a6fd877]::panicking::default_hook\n   5:     0x5c874aeaa96b - std[617be2ca0a6fd877]::panicking::panic_with_hook\n   6:     0x5c874ae96582 - std[617be2ca0a6fd877]::panicking::panic_handler::{closure#0}\n   7:     0x5c874ae8f219 - std[617be2ca0a6fd877]::sys::backtrace::__rust_end_short_backtrace::<std[617be2ca0a6fd877]::panicking::panic_handler::{closure#0}, !>\n   8:     0x5c874ae96dbd - __rustc[ea4f61d10b84890b]::rust_begin_unwind\n   9:     0x5c874aec3dfc - core[a373ad73a504971]::panicking::panic_fmt\n  10:     0x5c874aec3bd2 - core[a373ad73a504971]::result::unwrap_failed\n  11:     0x5c874ae15165 - <pust[9ad809ced5e1679]::password::Password>::read_password\n  12:     0x5c874ae1b29d - pust[9ad809ced5e1679]::main\n  13:     0x5c874ae16b1b - std[617be2ca0a6fd877]::sys::backtrace::__rust_begin_short_backtrace::<fn(), ()>\n  14:     0x5c874ae16fc9 - std[617be2ca0a6fd877]::rt::lang_start::<()>::{closure#0}\n  15:     0x5c874aea9cc8 - std[617be2ca0a6fd877]::rt::lang_start_internal\n  16:     0x5c874ae1e205 - main\n  17:     0x7c4ee7998601 - <unknown>\n  18:     0x7c4ee7998718 - __libc_start_main\n  19:     0x5c874ae0ac85 - _start\n  20:                0x0 - <unknown>\n"
[INFO] [stdout] 
[INFO] [stdout] stack backtrace:
[INFO] [stdout]    0:     0x5b093f39dde1 - <<std[617be2ca0a6fd877]::sys::backtrace::BacktraceLock>::print::DisplayBacktrace as core[a373ad73a504971]::fmt::Display>::fmt
[INFO] [stdout]    1:     0x5b093f3b355a - core[a373ad73a504971]::fmt::write
[INFO] [stdout]    2:     0x5b093f3a32ac - <alloc[2e1b2a31b91974c5]::vec::Vec<u8> as core[a373ad73a504971]::io::write::Write>::write_fmt
[INFO] [stdout]    3:     0x5b093f379c36 - std[617be2ca0a6fd877]::panicking::default_hook::{closure#0}
[INFO] [stdout]    4:     0x5b093f396379 - std[617be2ca0a6fd877]::panicking::default_hook
[INFO] [stdout]    5:     0x5b093f32f3d0 - test[aada8e7e76ba119b]::test_main_inner::{closure#0}
[INFO] [stdout]    6:     0x5b093f396532 - std[617be2ca0a6fd877]::panicking::panic_with_hook
[INFO] [stdout]    7:     0x5b093f379ce2 - std[617be2ca0a6fd877]::panicking::panic_handler::{closure#0}
[INFO] [stdout]    8:     0x5b093f3729f9 - std[617be2ca0a6fd877]::sys::backtrace::__rust_end_short_backtrace::<std[617be2ca0a6fd877]::panicking::panic_handler::{closure#0}, !>
[INFO] [stdout]    9:     0x5b093f37a8ed - __rustc[ea4f61d10b84890b]::rust_begin_unwind
[INFO] [stdout]   10:     0x5b093f3b3c8c - core[a373ad73a504971]::panicking::panic_fmt
[INFO] [stdout]   11:     0x5b093f363124 - <assert_cmd[6b4cc8b2fbc9d1ee]::assert::AssertError>::panic::<assert_cmd[6b4cc8b2fbc9d1ee]::assert::Assert>
[INFO] [stdout]   12:     0x5b093f363626 - <assert_cmd[6b4cc8b2fbc9d1ee]::assert::Assert>::success
[INFO] [stdout]   13:     0x5b093f322219 - <cli[88022614fa555d40]::run_with_length::{closure#0} as core[a373ad73a504971]::ops::function::FnOnce<()>>::call_once
[INFO] [stdout]   14:     0x5b093f32281b - test[aada8e7e76ba119b]::__rust_begin_short_backtrace::<core[a373ad73a504971]::result::Result<(), alloc[2e1b2a31b91974c5]::string::String>, fn() -> core[a373ad73a504971]::result::Result<(), alloc[2e1b2a31b91974c5]::string::String>>
[INFO] [stdout]   15:     0x5b093f32f9f5 - test[aada8e7e76ba119b]::run_test::{closure#0}
[INFO] [stdout]   16:     0x5b093f3292e4 - std[617be2ca0a6fd877]::sys::backtrace::__rust_begin_short_backtrace::<test[aada8e7e76ba119b]::run_test::{closure#1}, ()>
[INFO] [stdout]   17:     0x5b093f332a82 - <std[617be2ca0a6fd877]::thread::lifecycle::spawn_unchecked<test[aada8e7e76ba119b]::run_test::{closure#1}, ()>::{closure#1} as core[a373ad73a504971]::ops::function::FnOnce<()>>::call_once::{shim:vtable#0}
[INFO] [stdout]   18:     0x5b093f39d5bf - <std[617be2ca0a6fd877]::sys::thread::unix::Thread>::new::thread_start
[INFO] [stdout]   19:     0x70acce17ddfa - <unknown>
[INFO] [stdout]   20:     0x70acce2113d4 - clone
[INFO] [stdout]   21:                0x0 - <unknown>
[INFO] [stdout] 
[INFO] [stdout] ---- run_usually stdout ----
[INFO] [stdout] 
[INFO] [stdout] thread 'run_usually' (8035) panicked at /rustc/e3feeb59cd1bdd011a2bfcc0747b55125d9b8527/library/core/src/ops/function.rs:250:5:
[INFO] [stdout] Unexpected failure.
[INFO] [stdout] code-101
[INFO] [stdout] stderr=```"\nthread \'main\' (8037) panicked at src/password.rs:71:44:\ncalled `Result::unwrap()` on an `Err` value: Os { code: 6, kind: Uncategorized, message: \"No such device or address\" }\nstack backtrace:\n   0:     0x5f5e030726b1 - <<std[617be2ca0a6fd877]::sys::backtrace::BacktraceLock>::print::DisplayBacktrace as core[a373ad73a504971]::fmt::Display>::fmt\n   1:     0x5f5e030866ca - core[a373ad73a504971]::fmt::write\n   2:     0x5f5e03076e5c - <std[617be2ca0a6fd877]::sys::stdio::unix::Stderr as core[a373ad73a504971]::io::write::Write>::write_fmt\n   3:     0x5f5e030594d6 - std[617be2ca0a6fd877]::panicking::default_hook::{closure#0}\n   4:     0x5f5e0306d7b1 - std[617be2ca0a6fd877]::panicking::default_hook\n   5:     0x5f5e0306d96b - std[617be2ca0a6fd877]::panicking::panic_with_hook\n   6:     0x5f5e03059582 - std[617be2ca0a6fd877]::panicking::panic_handler::{closure#0}\n   7:     0x5f5e03052219 - std[617be2ca0a6fd877]::sys::backtrace::__rust_end_short_backtrace::<std[617be2ca0a6fd877]::panicking::panic_handler::{closure#0}, !>\n   8:     0x5f5e03059dbd - __rustc[ea4f61d10b84890b]::rust_begin_unwind\n   9:     0x5f5e03086dfc - core[a373ad73a504971]::panicking::panic_fmt\n  10:     0x5f5e03086bd2 - core[a373ad73a504971]::result::unwrap_failed\n  11:     0x5f5e02fd8165 - <pust[9ad809ced5e1679]::password::Password>::read_password\n  12:     0x5f5e02fde29d - pust[9ad809ced5e1679]::main\n  13:     0x5f5e02fd9b1b - std[617be2ca0a6fd877]::sys::backtrace::__rust_begin_short_backtrace::<fn(), ()>\n  14:     0x5f5e02fd9fc9 - std[617be2ca0a6fd877]::rt::lang_start::<()>::{closure#0}\n  15:     0x5f5e0306ccc8 - std[617be2ca0a6fd877]::rt::lang_start_internal\n  16:     0x5f5e02fe1205 - main\n  17:     0x758482f3d601 - <unknown>\n  18:     0x758482f3d718 - __libc_start_main\n  19:     0x5f5e02fcdc85 - _start\n  20:                0x0 - <unknown>\n"```
[INFO] [stdout] command=`"/opt/rustwide/target/release/pust" "test"`
[INFO] [stdout] code=101
[INFO] [stdout] stdout="Create master password: "
[INFO] [stdout] stderr="\nthread \'main\' (8037) panicked at src/password.rs:71:44:\ncalled `Result::unwrap()` on an `Err` value: Os { code: 6, kind: Uncategorized, message: \"No such device or address\" }\nstack backtrace:\n   0:     0x5f5e030726b1 - <<std[617be2ca0a6fd877]::sys::backtrace::BacktraceLock>::print::DisplayBacktrace as core[a373ad73a504971]::fmt::Display>::fmt\n   1:     0x5f5e030866ca - core[a373ad73a504971]::fmt::write\n   2:     0x5f5e03076e5c - <std[617be2ca0a6fd877]::sys::stdio::unix::Stderr as core[a373ad73a504971]::io::write::Write>::write_fmt\n   3:     0x5f5e030594d6 - std[617be2ca0a6fd877]::panicking::default_hook::{closure#0}\n   4:     0x5f5e0306d7b1 - std[617be2ca0a6fd877]::panicking::default_hook\n   5:     0x5f5e0306d96b - std[617be2ca0a6fd877]::panicking::panic_with_hook\n   6:     0x5f5e03059582 - std[617be2ca0a6fd877]::panicking::panic_handler::{closure#0}\n   7:     0x5f5e03052219 - std[617be2ca0a6fd877]::sys::backtrace::__rust_end_short_backtrace::<std[617be2ca0a6fd877]::panicking::panic_handler::{closure#0}, !>\n   8:     0x5f5e03059dbd - __rustc[ea4f61d10b84890b]::rust_begin_unwind\n   9:     0x5f5e03086dfc - core[a373ad73a504971]::panicking::panic_fmt\n  10:     0x5f5e03086bd2 - core[a373ad73a504971]::result::unwrap_failed\n  11:     0x5f5e02fd8165 - <pust[9ad809ced5e1679]::password::Password>::read_password\n  12:     0x5f5e02fde29d - pust[9ad809ced5e1679]::main\n  13:     0x5f5e02fd9b1b - std[617be2ca0a6fd877]::sys::backtrace::__rust_begin_short_backtrace::<fn(), ()>\n  14:     0x5f5e02fd9fc9 - std[617be2ca0a6fd877]::rt::lang_start::<()>::{closure#0}\n  15:     0x5f5e0306ccc8 - std[617be2ca0a6fd877]::rt::lang_start_internal\n  16:     0x5f5e02fe1205 - main\n  17:     0x758482f3d601 - <unknown>\n  18:     0x758482f3d718 - __libc_start_main\n  19:     0x5f5e02fcdc85 - _start\n  20:                0x0 - <unknown>\n"
[INFO] [stdout] 
[INFO] [stdout] stack backtrace:
[INFO] [stdout]    0:     0x5b093f39dde1 - <<std[617be2ca0a6fd877]::sys::backtrace::BacktraceLock>::print::DisplayBacktrace as core[a373ad73a504971]::fmt::Display>::fmt
[INFO] [stdout]    1:     0x5b093f3b355a - core[a373ad73a504971]::fmt::write
[INFO] [stdout]    2:     0x5b093f3a32ac - <alloc[2e1b2a31b91974c5]::vec::Vec<u8> as core[a373ad73a504971]::io::write::Write>::write_fmt
[INFO] [stdout]    3:     0x5b093f379c36 - std[617be2ca0a6fd877]::panicking::default_hook::{closure#0}
[INFO] [stdout]    4:     0x5b093f396379 - std[617be2ca0a6fd877]::panicking::default_hook
[INFO] [stdout]    5:     0x5b093f32f3d0 - test[aada8e7e76ba119b]::test_main_inner::{closure#0}
[INFO] [stdout]    6:     0x5b093f396532 - std[617be2ca0a6fd877]::panicking::panic_with_hook
[INFO] [stdout]    7:     0x5b093f379ce2 - std[617be2ca0a6fd877]::panicking::panic_handler::{closure#0}
[INFO] [stdout]    8:     0x5b093f3729f9 - std[617be2ca0a6fd877]::sys::backtrace::__rust_end_short_backtrace::<std[617be2ca0a6fd877]::panicking::panic_handler::{closure#0}, !>
[INFO] [stdout]    9:     0x5b093f37a8ed - __rustc[ea4f61d10b84890b]::rust_begin_unwind
[INFO] [stdout]   10:     0x5b093f3b3c8c - core[a373ad73a504971]::panicking::panic_fmt
[INFO] [stdout]   11:     0x5b093f363124 - <assert_cmd[6b4cc8b2fbc9d1ee]::assert::AssertError>::panic::<assert_cmd[6b4cc8b2fbc9d1ee]::assert::Assert>
[INFO] [stdout]   12:     0x5b093f363626 - <assert_cmd[6b4cc8b2fbc9d1ee]::assert::Assert>::success
[INFO] [stdout]   13:     0x5b093f321f98 - <cli[88022614fa555d40]::run_usually::{closure#0} as core[a373ad73a504971]::ops::function::FnOnce<()>>::call_once
[INFO] [stdout]   14:     0x5b093f32281b - test[aada8e7e76ba119b]::__rust_begin_short_backtrace::<core[a373ad73a504971]::result::Result<(), alloc[2e1b2a31b91974c5]::string::String>, fn() -> core[a373ad73a504971]::result::Result<(), alloc[2e1b2a31b91974c5]::string::String>>
[INFO] [stdout]   15:     0x5b093f32f9f5 - test[aada8e7e76ba119b]::run_test::{closure#0}
[INFO] [stdout]   16:     0x5b093f3292e4 - std[617be2ca0a6fd877]::sys::backtrace::__rust_begin_short_backtrace::<test[aada8e7e76ba119b]::run_test::{closure#1}, ()>
[INFO] [stdout]   17:     0x5b093f332a82 - <std[617be2ca0a6fd877]::thread::lifecycle::spawn_unchecked<test[aada8e7e76ba119b]::run_test::{closure#1}, ()>::{closure#1} as core[a373ad73a504971]::ops::function::FnOnce<()>>::call_once::{shim:vtable#0}
[INFO] [stdout]   18:     0x5b093f39d5bf - <std[617be2ca0a6fd877]::sys::thread::unix::Thread>::new::thread_start
[INFO] [stdout]   19:     0x70acce17ddfa - <unknown>
[INFO] [stdout]   20:     0x70acce2113d4 - clone
[INFO] [stdout]   21:                0x0 - <unknown>
[INFO] [stdout] 
[INFO] [stdout] 
[INFO] [stdout] failures:
[INFO] [stdout]     run_usually
[INFO] [stdout]     run_with_length
[INFO] [stdout] 
[INFO] [stdout] test result: FAILED. 0 passed; 2 failed; 0 ignored; 0 measured; 0 filtered out; finished in 0.01s
[INFO] [stdout] 
[INFO] [stderr] error: test failed, to rerun pass `--test cli`
[INFO] running `Command { std: "docker" "inspect" "f1590ee696f65b2f9e86c500e80c606c3a249f277c07f1f7a976be9c50a9d299", kill_on_drop: false }`
[INFO] running `Command { std: "docker" "rm" "-f" "f1590ee696f65b2f9e86c500e80c606c3a249f277c07f1f7a976be9c50a9d299", kill_on_drop: false }`
[INFO] [stdout] f1590ee696f65b2f9e86c500e80c606c3a249f277c07f1f7a976be9c50a9d299
