[INFO] fetching crate pushover-rs 0.3.23...
[INFO] testing pushover-rs-0.3.23 against 1.100.0-beta.1+cargoflags=--release for beta-release-1.100-2
[INFO] extracting crate pushover-rs 0.3.23 into /workspace/builds/worker-5-tc2/source
[INFO] started tweaking crates.io crate pushover-rs 0.3.23
[INFO] removed 0 missing examples
[INFO] finished tweaking crates.io crate pushover-rs 0.3.23
[INFO] tweaked toml for crates.io crate pushover-rs 0.3.23 written to /workspace/builds/worker-5-tc2/source/Cargo.toml
[INFO] validating manifest of crates.io crate pushover-rs 0.3.23 on toolchain 1.100.0-beta.1
[INFO] running `Command { std: CARGO_HOME="/workspace/cargo-home" RUSTUP_HOME="/workspace/rustup-home" "/workspace/cargo-home/bin/cargo" "+1.100.0-beta.1" "metadata" "--manifest-path" "Cargo.toml" "--no-deps", kill_on_drop: false }`
[INFO] crate crates.io crate pushover-rs 0.3.23 already has a lockfile, it will not be regenerated
[INFO] running `Command { std: CARGO_HOME="/workspace/cargo-home" RUSTUP_HOME="/workspace/rustup-home" "/workspace/cargo-home/bin/cargo" "+1.100.0-beta.1" "fetch" "--manifest-path" "Cargo.toml", kill_on_drop: false }`
[INFO] [stderr] warning: `package.homepage` is redundant with `package.repository`
[INFO] [stderr]   --> Cargo.toml:50:12
[INFO] [stderr]    |
[INFO] [stderr] 50 | homepage = "https://github.com/Oscuro87/pushover-rs"
[INFO] [stderr]    |            ^^^^^^^^^^^^^^^^^^^^^^^^^^^^^^^^^^^^^^^^^
[INFO] [stderr] ...
[INFO] [stderr] 55 | repository = "https://github.com/Oscuro87/pushover-rs"
[INFO] [stderr]    |              -----------------------------------------
[INFO] [stderr]    |
[INFO] [stderr]    = note: `cargo::redundant_homepage` is set to `warn` by default
[INFO] [stderr] help: consider removing `package.homepage`
[INFO] [stderr] warning: `pushover-rs` (manifest) generated 1 warning
[INFO] running `Command { std: "docker" "create" "-v" "/var/lib/crater-agent-workspace/builds/worker-5-tc2/source:/opt/rustwide/workdir:ro,Z" "-v" "/var/lib/crater-agent-workspace/builds/worker-5-tc2/target:/opt/rustwide/target:rw,Z" "-v" "/var/lib/crater-agent-workspace/cargo-home:/opt/rustwide/cargo-home:ro,Z" "-v" "/var/lib/crater-agent-workspace/rustup-home:/opt/rustwide/rustup-home:ro,Z" "-m" "1610612736" "--network" "none" "ghcr.io/rust-lang/crates-build-env/linux@sha256:77db811e55d90add9212f6832c23229e3de5f1c1f9905e8cb07319ea15df73ac" "sleep" "infinity", kill_on_drop: false }`
[INFO] [stdout] 8d6dbf225a4bfe07f5bc78027cf8e4d93ca0238c2c21c7d641b0c185d67db8bd
[INFO] running `Command { std: "docker" "start" "8d6dbf225a4bfe07f5bc78027cf8e4d93ca0238c2c21c7d641b0c185d67db8bd", kill_on_drop: false }`
[INFO] running `Command { std: "docker" "inspect" "8d6dbf225a4bfe07f5bc78027cf8e4d93ca0238c2c21c7d641b0c185d67db8bd", kill_on_drop: false }`
[INFO] running `Command { std: "docker" "exec" "-e" "SOURCE_DIR=/opt/rustwide/workdir" "-e" "CARGO_HOME=/opt/rustwide/cargo-home" "-e" "RUSTUP_HOME=/opt/rustwide/rustup-home" "-e" "CARGO_TARGET_DIR=/opt/rustwide/target" "-w" "/opt/rustwide/workdir" "--user" "0:0" "8d6dbf225a4bfe07f5bc78027cf8e4d93ca0238c2c21c7d641b0c185d67db8bd" "/opt/rustwide/cargo-home/bin/cargo" "+1.100.0-beta.1" "metadata" "--no-deps" "--format-version=1", kill_on_drop: false }`
[INFO] running `Command { std: "docker" "inspect" "8d6dbf225a4bfe07f5bc78027cf8e4d93ca0238c2c21c7d641b0c185d67db8bd", kill_on_drop: false }`
[INFO] running `Command { std: "docker" "exec" "-e" "SOURCE_DIR=/opt/rustwide/workdir" "-e" "CARGO_HOME=/opt/rustwide/cargo-home" "-e" "RUSTUP_HOME=/opt/rustwide/rustup-home" "-e" "CARGO_TARGET_DIR=/opt/rustwide/target" "-e" "CARGO_INCREMENTAL=0" "-e" "RUST_BACKTRACE=full" "-e" "RUSTFLAGS=--cap-lints=warn" "-e" "RUSTDOCFLAGS=--cap-lints=warn" "-w" "/opt/rustwide/workdir" "--user" "0:0" "8d6dbf225a4bfe07f5bc78027cf8e4d93ca0238c2c21c7d641b0c185d67db8bd" "/opt/rustwide/cargo-home/bin/cargo" "+1.100.0-beta.1" "build" "--frozen" "--message-format=json" "--release", kill_on_drop: false }`
[INFO] [stderr] warning: `package.homepage` is redundant with `package.repository`
[INFO] [stderr]   --> Cargo.toml:50:12
[INFO] [stderr]    |
[INFO] [stderr] 50 | homepage = "https://github.com/Oscuro87/pushover-rs"
[INFO] [stderr]    |            ^^^^^^^^^^^^^^^^^^^^^^^^^^^^^^^^^^^^^^^^^
[INFO] [stderr] ...
[INFO] [stderr] 55 | repository = "https://github.com/Oscuro87/pushover-rs"
[INFO] [stderr]    |              -----------------------------------------
[INFO] [stderr]    |
[INFO] [stderr]    = note: `cargo::redundant_homepage` is set to `warn` by default
[INFO] [stderr] help: consider removing `package.homepage`
[INFO] [stderr] warning: `pushover-rs` (manifest) generated 1 warning
[INFO] [stderr]    Compiling libc v0.2.184
[INFO] [stderr]    Compiling aws-lc-rs v1.16.2
[INFO] [stderr]    Compiling futures-sink v0.3.32
[INFO] [stderr]    Compiling litemap v0.8.2
[INFO] [stderr]    Compiling writeable v0.6.3
[INFO] [stderr]    Compiling http v1.4.0
[INFO] [stderr]    Compiling icu_properties_data v2.2.0
[INFO] [stderr]    Compiling icu_normalizer_data v2.2.0
[INFO] [stderr]    Compiling rustls v0.23.37
[INFO] [stderr]    Compiling slab v0.4.12
[INFO] [stderr]    Compiling syn v2.0.117
[INFO] [stderr]    Compiling futures-channel v0.3.32
[INFO] [stderr]    Compiling tracing v0.1.44
[INFO] [stderr]    Compiling ipnet v2.12.0
[INFO] [stderr]    Compiling rustls-native-certs v0.8.3
[INFO] [stderr]    Compiling form_urlencoded v1.2.2
[INFO] [stderr]    Compiling log v0.4.29
[INFO] [stderr]    Compiling futures-util v0.3.32
[INFO] [stderr]    Compiling iri-string v0.7.12
[INFO] [stderr]    Compiling serde_json v1.0.149
[INFO] [stderr]    Compiling jobserver v0.1.34
[INFO] [stderr]    Compiling http-body v1.0.1
[INFO] [stderr]    Compiling mio v1.2.0
[INFO] [stderr]    Compiling socket2 v0.6.3
[INFO] [stderr]    Compiling cc v1.2.59
[INFO] [stderr]    Compiling http-body-util v0.1.3
[INFO] [stderr]    Compiling cmake v0.1.58
[INFO] [stderr]    Compiling aws-lc-sys v0.39.1
[INFO] [stderr]    Compiling synstructure v0.13.2
[INFO] [stderr]    Compiling zerofrom-derive v0.1.7
[INFO] [stderr]    Compiling yoke-derive v0.8.2
[INFO] [stderr]    Compiling zerovec-derive v0.11.3
[INFO] [stderr]    Compiling displaydoc v0.2.5
[INFO] [stderr]    Compiling tokio-macros v2.7.0
[INFO] [stderr]    Compiling serde_derive v1.0.228
[INFO] [stderr]    Compiling tokio v1.51.0
[INFO] [stderr]    Compiling zerofrom v0.1.7
[INFO] [stderr]    Compiling yoke v0.8.2
[INFO] [stderr]    Compiling zerotrie v0.2.4
[INFO] [stderr]    Compiling zerovec v0.11.6
[INFO] [stderr]    Compiling tinystr v0.8.3
[INFO] [stderr]    Compiling potential_utf v0.1.5
[INFO] [stderr]    Compiling icu_locale_core v2.2.0
[INFO] [stderr]    Compiling icu_collections v2.2.0
[INFO] [stderr]    Compiling serde v1.0.228
[INFO] [stderr]    Compiling icu_provider v2.2.0
[INFO] [stderr]    Compiling icu_normalizer v2.2.0
[INFO] [stderr]    Compiling icu_properties v2.2.0
[INFO] [stderr]    Compiling idna_adapter v1.2.1
[INFO] [stderr]    Compiling idna v1.1.0
[INFO] [stderr]    Compiling hyper v1.9.0
[INFO] [stderr]    Compiling tower v0.5.3
[INFO] [stderr]    Compiling url v2.5.8
[INFO] [stderr]    Compiling tower-http v0.6.8
[INFO] [stderr]    Compiling hyper-util v0.1.20
[INFO] [stderr]    Compiling rustls-webpki v0.103.10
[INFO] [stderr]    Compiling tokio-rustls v0.26.4
[INFO] [stderr]    Compiling rustls-platform-verifier v0.6.2
[INFO] [stderr]    Compiling hyper-rustls v0.27.7
[INFO] [stderr]    Compiling reqwest v0.13.2
[INFO] [stderr]    Compiling pushover-rs v0.3.23 (/opt/rustwide/workdir)
[INFO] [stderr]     Finished `release` profile [optimized] target(s) in 1m 51s
[INFO] running `Command { std: "docker" "inspect" "8d6dbf225a4bfe07f5bc78027cf8e4d93ca0238c2c21c7d641b0c185d67db8bd", kill_on_drop: false }`
[INFO] running `Command { std: "docker" "exec" "-e" "SOURCE_DIR=/opt/rustwide/workdir" "-e" "CARGO_HOME=/opt/rustwide/cargo-home" "-e" "RUSTUP_HOME=/opt/rustwide/rustup-home" "-e" "CARGO_TARGET_DIR=/opt/rustwide/target" "-e" "CARGO_INCREMENTAL=0" "-e" "RUST_BACKTRACE=full" "-e" "RUSTFLAGS=--cap-lints=warn" "-e" "RUSTDOCFLAGS=--cap-lints=warn" "-w" "/opt/rustwide/workdir" "--user" "0:0" "8d6dbf225a4bfe07f5bc78027cf8e4d93ca0238c2c21c7d641b0c185d67db8bd" "/opt/rustwide/cargo-home/bin/cargo" "+1.100.0-beta.1" "test" "--frozen" "--no-run" "--message-format=json" "--release", kill_on_drop: false }`
[INFO] [stderr] warning: `package.homepage` is redundant with `package.repository`
[INFO] [stderr]   --> Cargo.toml:50:12
[INFO] [stderr]    |
[INFO] [stderr] 50 | homepage = "https://github.com/Oscuro87/pushover-rs"
[INFO] [stderr]    |            ^^^^^^^^^^^^^^^^^^^^^^^^^^^^^^^^^^^^^^^^^
[INFO] [stderr] ...
[INFO] [stderr] 55 | repository = "https://github.com/Oscuro87/pushover-rs"
[INFO] [stderr]    |              -----------------------------------------
[INFO] [stderr]    |
[INFO] [stderr]    = note: `cargo::redundant_homepage` is set to `warn` by default
[INFO] [stderr] help: consider removing `package.homepage`
[INFO] [stderr] warning: `pushover-rs` (manifest) generated 1 warning
[INFO] [stderr]    Compiling bitflags v2.11.0
[INFO] [stderr]    Compiling serde v1.0.228
[INFO] [stderr]    Compiling serde_json v1.0.149
[INFO] [stderr]    Compiling unicode-ident v1.0.24
[INFO] [stderr]    Compiling tower-http v0.6.8
[INFO] [stderr]    Compiling ron v0.11.0
[INFO] [stderr]    Compiling reqwest v0.13.2
[INFO] [stderr]    Compiling pushover-rs v0.3.23 (/opt/rustwide/workdir)
[INFO] [stderr]     Finished `release` profile [optimized] target(s) in 25.08s
[INFO] running `Command { std: "docker" "inspect" "8d6dbf225a4bfe07f5bc78027cf8e4d93ca0238c2c21c7d641b0c185d67db8bd", kill_on_drop: false }`
[INFO] running `Command { std: "docker" "exec" "-e" "SOURCE_DIR=/opt/rustwide/workdir" "-e" "CARGO_HOME=/opt/rustwide/cargo-home" "-e" "RUSTUP_HOME=/opt/rustwide/rustup-home" "-e" "CARGO_TARGET_DIR=/opt/rustwide/target" "-e" "CARGO_INCREMENTAL=0" "-e" "RUST_BACKTRACE=full" "-e" "RUSTFLAGS=--cap-lints=warn" "-e" "RUSTDOCFLAGS=--cap-lints=warn" "-w" "/opt/rustwide/workdir" "--user" "0:0" "8d6dbf225a4bfe07f5bc78027cf8e4d93ca0238c2c21c7d641b0c185d67db8bd" "/opt/rustwide/cargo-home/bin/cargo" "+1.100.0-beta.1" "test" "--frozen" "--release", kill_on_drop: false }`
[INFO] [stderr] warning: `package.homepage` is redundant with `package.repository`
[INFO] [stderr]   --> Cargo.toml:50:12
[INFO] [stderr]    |
[INFO] [stderr] 50 | homepage = "https://github.com/Oscuro87/pushover-rs"
[INFO] [stderr]    |            ^^^^^^^^^^^^^^^^^^^^^^^^^^^^^^^^^^^^^^^^^
[INFO] [stderr] ...
[INFO] [stderr] 55 | repository = "https://github.com/Oscuro87/pushover-rs"
[INFO] [stderr]    |              -----------------------------------------
[INFO] [stderr]    |
[INFO] [stderr]    = note: `cargo::redundant_homepage` is set to `warn` by default
[INFO] [stderr] help: consider removing `package.homepage`
[INFO] [stderr] warning: `pushover-rs` (manifest) generated 1 warning
[INFO] [stderr]     Finished `release` profile [optimized] target(s) in 0.17s
[INFO] [stderr]      Running unittests src/lib.rs (/opt/rustwide/target/release/build/pushover-rs/9bb87c653c049ffe/out/pushover_rs-9bb87c653c049ffe)
[INFO] [stdout] 
[INFO] [stdout] running 12 tests
[INFO] [stdout] test tests::github_actions_friendly::test_build_attachment_too_large ... ok
[INFO] [stdout] test tests::github_actions_friendly::test_message_builder ... ok
[INFO] [stdout] test tests::github_actions_friendly::test_build_attachment_doesnt_exist ... ok
[INFO] [stdout] test tests::no_github_actions::test_send_with_good_attachment ... FAILED
[INFO] [stdout] test tests::no_github_actions::test_send_request_emergency_priority ... FAILED
[INFO] [stdout] test tests::no_github_actions::test_send_minimal_message_specific_device ... FAILED
[INFO] [stdout] test tests::no_github_actions::test_testdata_readability ... FAILED
[INFO] [stdout] test tests::no_github_actions::test_send_with_good_attachment_and_emergency_priority ... FAILED
[INFO] [stdout] test tests::no_github_actions::test_send_with_good_attachment_async ... FAILED
[INFO] [stdout] test tests::no_github_actions::test_send_request_min_message_with_ttl ... FAILED
[INFO] [stdout] test tests::no_github_actions::test_send_request_minimal_message ... FAILED
[INFO] [stdout] test tests::no_github_actions::test_send_bad_request ... FAILED
[INFO] [stdout] 
[INFO] [stdout] failures:
[INFO] [stdout] 
[INFO] [stdout] ---- tests::no_github_actions::test_send_with_good_attachment stdout ----
[INFO] [stdout] 
[INFO] [stdout] thread 'tests::no_github_actions::test_send_with_good_attachment' (2648) panicked at src/tests/no_github_actions.rs:122:9:
[INFO] [stdout] Could not read test data.
[INFO] [stdout] stack backtrace:
[INFO] [stdout]    0:     0x61703b018e41 - <<std[617be2ca0a6fd877]::sys::backtrace::BacktraceLock>::print::DisplayBacktrace as core[a373ad73a504971]::fmt::Display>::fmt
[INFO] [stdout]    1:     0x61703b02f13a - core[a373ad73a504971]::fmt::write
[INFO] [stdout]    2:     0x61703b01daac - <alloc[2e1b2a31b91974c5]::vec::Vec<u8> as core[a373ad73a504971]::io::write::Write>::write_fmt
[INFO] [stdout]    3:     0x61703aff3616 - std[617be2ca0a6fd877]::panicking::default_hook::{closure#0}
[INFO] [stdout]    4:     0x61703b0106a9 - std[617be2ca0a6fd877]::panicking::default_hook
[INFO] [stdout]    5:     0x61703abf8aa0 - test[aada8e7e76ba119b]::test_main_inner::{closure#0}
[INFO] [stdout]    6:     0x61703b0109d2 - std[617be2ca0a6fd877]::panicking::panic_with_hook
[INFO] [stdout]    7:     0x61703aff36f4 - std[617be2ca0a6fd877]::panicking::panic_handler::{closure#0}
[INFO] [stdout]    8:     0x61703afec0c9 - std[617be2ca0a6fd877]::sys::backtrace::__rust_end_short_backtrace::<std[617be2ca0a6fd877]::panicking::panic_handler::{closure#0}, !>
[INFO] [stdout]    9:     0x61703aff44bd - __rustc[ea4f61d10b84890b]::rust_begin_unwind
[INFO] [stdout]   10:     0x61703b02f89c - core[a373ad73a504971]::panicking::panic_fmt
[INFO] [stdout]   11:     0x61703abd66b9 - <pushover_rs[3111cda25da5facc]::tests::no_github_actions::test_send_with_good_attachment::{closure#0} as core[a373ad73a504971]::ops::function::FnOnce<()>>::call_once
[INFO] [stdout]   12:     0x61703abebeeb - test[aada8e7e76ba119b]::__rust_begin_short_backtrace::<core[a373ad73a504971]::result::Result<(), alloc[2e1b2a31b91974c5]::string::String>, fn() -> core[a373ad73a504971]::result::Result<(), alloc[2e1b2a31b91974c5]::string::String>>
[INFO] [stdout]   13:     0x61703abf90c5 - test[aada8e7e76ba119b]::run_test::{closure#0}
[INFO] [stdout]   14:     0x61703abf29b4 - std[617be2ca0a6fd877]::sys::backtrace::__rust_begin_short_backtrace::<test[aada8e7e76ba119b]::run_test::{closure#1}, ()>
[INFO] [stdout]   15:     0x61703abfc152 - <std[617be2ca0a6fd877]::thread::lifecycle::spawn_unchecked<test[aada8e7e76ba119b]::run_test::{closure#1}, ()>::{closure#1} as core[a373ad73a504971]::ops::function::FnOnce<()>>::call_once::{shim:vtable#0}
[INFO] [stdout]   16:     0x61703b017fdf - <std[617be2ca0a6fd877]::sys::thread::unix::Thread>::new::thread_start
[INFO] [stdout]   17:     0x745a86c19dfa - <unknown>
[INFO] [stdout]   18:     0x745a86cad3d4 - clone
[INFO] [stdout]   19:                0x0 - <unknown>
[INFO] [stdout] 
[INFO] [stdout] ---- tests::no_github_actions::test_send_request_emergency_priority stdout ----
[INFO] [stdout] 
[INFO] [stdout] thread 'tests::no_github_actions::test_send_request_emergency_priority' (2645) panicked at src/tests/no_github_actions.rs:82:9:
[INFO] [stdout] Could not read test data.
[INFO] [stdout] stack backtrace:
[INFO] [stdout]    0:     0x61703b018e41 - <<std[617be2ca0a6fd877]::sys::backtrace::BacktraceLock>::print::DisplayBacktrace as core[a373ad73a504971]::fmt::Display>::fmt
[INFO] [stdout]    1:     0x61703b02f13a - core[a373ad73a504971]::fmt::write
[INFO] [stdout]    2:     0x61703b01daac - <alloc[2e1b2a31b91974c5]::vec::Vec<u8> as core[a373ad73a504971]::io::write::Write>::write_fmt
[INFO] [stdout]    3:     0x61703aff3616 - std[617be2ca0a6fd877]::panicking::default_hook::{closure#0}
[INFO] [stdout]    4:     0x61703b0106a9 - std[617be2ca0a6fd877]::panicking::default_hook
[INFO] [stdout]    5:     0x61703abf8aa0 - test[aada8e7e76ba119b]::test_main_inner::{closure#0}
[INFO] [stdout]    6:     0x61703b0109d2 - std[617be2ca0a6fd877]::panicking::panic_with_hook
[INFO] [stdout]    7:     0x61703aff36f4 - std[617be2ca0a6fd877]::panicking::panic_handler::{closure#0}
[INFO] [stdout]    8:     0x61703afec0c9 - std[617be2ca0a6fd877]::sys::backtrace::__rust_end_short_backtrace::<std[617be2ca0a6fd877]::panicking::panic_handler::{closure#0}, !>
[INFO] [stdout]    9:     0x61703aff44bd - __rustc[ea4f61d10b84890b]::rust_begin_unwind
[INFO] [stdout]   10:     0x61703b02f89c - core[a373ad73a504971]::panicking::panic_fmt
[INFO] [stdout]   11:     0x61703abd39fc - pushover_rs[3111cda25da5facc]::tests::no_github_actions::test_send_request_emergency_priority::{closure#0}
[INFO] [stdout]   12:     0x61703abdb9a8 - <tokio[5a7395fcebba8289]::runtime::context::scoped::Scoped<tokio[5a7395fcebba8289]::runtime::scheduler::Context>>::set::<<tokio[5a7395fcebba8289]::runtime::scheduler::current_thread::CoreGuard>::enter<<tokio[5a7395fcebba8289]::runtime::scheduler::current_thread::CoreGuard>::block_on<core[a373ad73a504971]::pin::Pin<&mut core[a373ad73a504971]::pin::Pin<&mut dyn core[a373ad73a504971]::future::future::Future<Output = ()>>>>::{closure#0}, core[a373ad73a504971]::option::Option<()>>::{closure#0}, (alloc[2e1b2a31b91974c5]::boxed::Box<tokio[5a7395fcebba8289]::runtime::scheduler::current_thread::Core>, core[a373ad73a504971]::option::Option<()>)>
[INFO] [stdout]   13:     0x61703abdbdfd - <tokio[5a7395fcebba8289]::runtime::scheduler::current_thread::CoreGuard>::block_on::<core[a373ad73a504971]::pin::Pin<&mut core[a373ad73a504971]::pin::Pin<&mut dyn core[a373ad73a504971]::future::future::Future<Output = ()>>>>
[INFO] [stdout]   14:     0x61703abd86fd - tokio[5a7395fcebba8289]::runtime::context::runtime::enter_runtime::<<tokio[5a7395fcebba8289]::runtime::scheduler::current_thread::CurrentThread>::block_on<core[a373ad73a504971]::pin::Pin<&mut dyn core[a373ad73a504971]::future::future::Future<Output = ()>>>::{closure#0}, ()>
[INFO] [stdout]   15:     0x61703abd722e - <tokio[5a7395fcebba8289]::runtime::runtime::Runtime>::block_on::<core[a373ad73a504971]::pin::Pin<&mut dyn core[a373ad73a504971]::future::future::Future<Output = ()>>>
[INFO] [stdout]   16:     0x61703abd698e - <pushover_rs[3111cda25da5facc]::tests::no_github_actions::test_send_request_emergency_priority::{closure#0} as core[a373ad73a504971]::ops::function::FnOnce<()>>::call_once
[INFO] [stdout]   17:     0x61703abebeeb - test[aada8e7e76ba119b]::__rust_begin_short_backtrace::<core[a373ad73a504971]::result::Result<(), alloc[2e1b2a31b91974c5]::string::String>, fn() -> core[a373ad73a504971]::result::Result<(), alloc[2e1b2a31b91974c5]::string::String>>
[INFO] [stdout]   18:     0x61703abf90c5 - test[aada8e7e76ba119b]::run_test::{closure#0}
[INFO] [stdout]   19:     0x61703abf29b4 - std[617be2ca0a6fd877]::sys::backtrace::__rust_begin_short_backtrace::<test[aada8e7e76ba119b]::run_test::{closure#1}, ()>
[INFO] [stdout]   20:     0x61703abfc152 - <std[617be2ca0a6fd877]::thread::lifecycle::spawn_unchecked<test[aada8e7e76ba119b]::run_test::{closure#1}, ()>::{closure#1} as core[a373ad73a504971]::ops::function::FnOnce<()>>::call_once::{shim:vtable#0}
[INFO] [stdout]   21:     0x61703b017fdf - <std[617be2ca0a6fd877]::sys::thread::unix::Thread>::new::thread_start
[INFO] [stdout]   22:     0x745a86c19dfa - <unknown>
[INFO] [stdout]   23:     0x745a86cad3d4 - clone
[INFO] [stdout]   24:                0x0 - <unknown>
[INFO] [stdout] 
[INFO] [stdout] ---- tests::no_github_actions::test_send_minimal_message_specific_device stdout ----
[INFO] [stdout] 
[INFO] [stdout] thread 'tests::no_github_actions::test_send_minimal_message_specific_device' (2644) panicked at src/tests/no_github_actions.rs:29:9:
[INFO] [stdout] Could not read test data.
[INFO] [stdout] stack backtrace:
[INFO] [stdout]    0:     0x61703b018e41 - <<std[617be2ca0a6fd877]::sys::backtrace::BacktraceLock>::print::DisplayBacktrace as core[a373ad73a504971]::fmt::Display>::fmt
[INFO] [stdout]    1:     0x61703b02f13a - core[a373ad73a504971]::fmt::write
[INFO] [stdout]    2:     0x61703b01daac - <alloc[2e1b2a31b91974c5]::vec::Vec<u8> as core[a373ad73a504971]::io::write::Write>::write_fmt
[INFO] [stdout]    3:     0x61703aff3616 - std[617be2ca0a6fd877]::panicking::default_hook::{closure#0}
[INFO] [stdout]    4:     0x61703b0106a9 - std[617be2ca0a6fd877]::panicking::default_hook
[INFO] [stdout]    5:     0x61703abf8aa0 - test[aada8e7e76ba119b]::test_main_inner::{closure#0}
[INFO] [stdout]    6:     0x61703b0109d2 - std[617be2ca0a6fd877]::panicking::panic_with_hook
[INFO] [stdout]    7:     0x61703aff36f4 - std[617be2ca0a6fd877]::panicking::panic_handler::{closure#0}
[INFO] [stdout]    8:     0x61703afec0c9 - std[617be2ca0a6fd877]::sys::backtrace::__rust_end_short_backtrace::<std[617be2ca0a6fd877]::panicking::panic_handler::{closure#0}, !>
[INFO] [stdout]    9:     0x61703aff44bd - __rustc[ea4f61d10b84890b]::rust_begin_unwind
[INFO] [stdout]   10:     0x61703b02f89c - core[a373ad73a504971]::panicking::panic_fmt
[INFO] [stdout]   11:     0x61703abd624c - pushover_rs[3111cda25da5facc]::tests::no_github_actions::test_send_minimal_message_specific_device::{closure#0}
[INFO] [stdout]   12:     0x61703abdb9a8 - <tokio[5a7395fcebba8289]::runtime::context::scoped::Scoped<tokio[5a7395fcebba8289]::runtime::scheduler::Context>>::set::<<tokio[5a7395fcebba8289]::runtime::scheduler::current_thread::CoreGuard>::enter<<tokio[5a7395fcebba8289]::runtime::scheduler::current_thread::CoreGuard>::block_on<core[a373ad73a504971]::pin::Pin<&mut core[a373ad73a504971]::pin::Pin<&mut dyn core[a373ad73a504971]::future::future::Future<Output = ()>>>>::{closure#0}, core[a373ad73a504971]::option::Option<()>>::{closure#0}, (alloc[2e1b2a31b91974c5]::boxed::Box<tokio[5a7395fcebba8289]::runtime::scheduler::current_thread::Core>, core[a373ad73a504971]::option::Option<()>)>
[INFO] [stdout]   13:     0x61703abdbdfd - <tokio[5a7395fcebba8289]::runtime::scheduler::current_thread::CoreGuard>::block_on::<core[a373ad73a504971]::pin::Pin<&mut core[a373ad73a504971]::pin::Pin<&mut dyn core[a373ad73a504971]::future::future::Future<Output = ()>>>>
[INFO] [stdout]   14:     0x61703abd86fd - tokio[5a7395fcebba8289]::runtime::context::runtime::enter_runtime::<<tokio[5a7395fcebba8289]::runtime::scheduler::current_thread::CurrentThread>::block_on<core[a373ad73a504971]::pin::Pin<&mut dyn core[a373ad73a504971]::future::future::Future<Output = ()>>>::{closure#0}, ()>
[INFO] [stdout]   15:     0x61703abd722e - <tokio[5a7395fcebba8289]::runtime::runtime::Runtime>::block_on::<core[a373ad73a504971]::pin::Pin<&mut dyn core[a373ad73a504971]::future::future::Future<Output = ()>>>
[INFO] [stdout]   16:     0x61703abd6dae - <pushover_rs[3111cda25da5facc]::tests::no_github_actions::test_send_minimal_message_specific_device::{closure#0} as core[a373ad73a504971]::ops::function::FnOnce<()>>::call_once
[INFO] [stdout]   17:     0x61703abebeeb - test[aada8e7e76ba119b]::__rust_begin_short_backtrace::<core[a373ad73a504971]::result::Result<(), alloc[2e1b2a31b91974c5]::string::String>, fn() -> core[a373ad73a504971]::result::Result<(), alloc[2e1b2a31b91974c5]::string::String>>
[INFO] [stdout]   18:     0x61703abf90c5 - test[aada8e7e76ba119b]::run_test::{closure#0}
[INFO] [stdout]   19:     0x61703abf29b4 - std[617be2ca0a6fd877]::sys::backtrace::__rust_begin_short_backtrace::<test[aada8e7e76ba119b]::run_test::{closure#1}, ()>
[INFO] [stdout]   20:     0x61703abfc152 - <std[617be2ca0a6fd877]::thread::lifecycle::spawn_unchecked<test[aada8e7e76ba119b]::run_test::{closure#1}, ()>::{closure#1} as core[a373ad73a504971]::ops::function::FnOnce<()>>::call_once::{shim:vtable#0}
[INFO] [stdout]   21:     0x61703b017fdf - <std[617be2ca0a6fd877]::sys::thread::unix::Thread>::new::thread_start
[INFO] [stdout]   22:     0x745a86c19dfa - <unknown>
[INFO] [stdout]   23:     0x745a86cad3d4 - clone
[INFO] [stdout]   24:                0x0 - <unknown>
[INFO] [stdout] 
[INFO] [stdout] ---- tests::no_github_actions::test_testdata_readability stdout ----
[INFO] [stdout] 
[INFO] [stdout] thread 'tests::no_github_actions::test_testdata_readability' (2651) panicked at src/tests/no_github_actions.rs:10:5:
[INFO] [stdout] assertion `left == right` failed
[INFO] [stdout]   left: false
[INFO] [stdout]  right: true
[INFO] [stdout] stack backtrace:
[INFO] [stdout]    0:     0x61703b018e41 - <<std[617be2ca0a6fd877]::sys::backtrace::BacktraceLock>::print::DisplayBacktrace as core[a373ad73a504971]::fmt::Display>::fmt
[INFO] [stdout]    1:     0x61703b02f13a - core[a373ad73a504971]::fmt::write
[INFO] [stdout]    2:     0x61703b01daac - <alloc[2e1b2a31b91974c5]::vec::Vec<u8> as core[a373ad73a504971]::io::write::Write>::write_fmt
[INFO] [stdout]    3:     0x61703aff3616 - std[617be2ca0a6fd877]::panicking::default_hook::{closure#0}
[INFO] [stdout]    4:     0x61703b0106a9 - std[617be2ca0a6fd877]::panicking::default_hook
[INFO] [stdout]    5:     0x61703abf8aa0 - test[aada8e7e76ba119b]::test_main_inner::{closure#0}
[INFO] [stdout]    6:     0x61703b0109d2 - std[617be2ca0a6fd877]::panicking::panic_with_hook
[INFO] [stdout]    7:     0x61703aff36c2 - std[617be2ca0a6fd877]::panicking::panic_handler::{closure#0}
[INFO] [stdout]    8:     0x61703afec0c9 - std[617be2ca0a6fd877]::sys::backtrace::__rust_end_short_backtrace::<std[617be2ca0a6fd877]::panicking::panic_handler::{closure#0}, !>
[INFO] [stdout]    9:     0x61703aff44bd - __rustc[ea4f61d10b84890b]::rust_begin_unwind
[INFO] [stdout]   10:     0x61703b02f89c - core[a373ad73a504971]::panicking::panic_fmt
[INFO] [stdout]   11:     0x61703b02f7b3 - core[a373ad73a504971]::panicking::assert_failed_inner
[INFO] [stdout]   12:     0x61703abdebde - core[a373ad73a504971]::panicking::assert_failed::<bool, bool>
[INFO] [stdout]   13:     0x61703abd64dd - <pushover_rs[3111cda25da5facc]::tests::no_github_actions::test_testdata_readability::{closure#0} as core[a373ad73a504971]::ops::function::FnOnce<()>>::call_once
[INFO] [stdout]   14:     0x61703abebeeb - test[aada8e7e76ba119b]::__rust_begin_short_backtrace::<core[a373ad73a504971]::result::Result<(), alloc[2e1b2a31b91974c5]::string::String>, fn() -> core[a373ad73a504971]::result::Result<(), alloc[2e1b2a31b91974c5]::string::String>>
[INFO] [stdout]   15:     0x61703abf90c5 - test[aada8e7e76ba119b]::run_test::{closure#0}
[INFO] [stdout]   16:     0x61703abf29b4 - std[617be2ca0a6fd877]::sys::backtrace::__rust_begin_short_backtrace::<test[aada8e7e76ba119b]::run_test::{closure#1}, ()>
[INFO] [stdout]   17:     0x61703abfc152 - <std[617be2ca0a6fd877]::thread::lifecycle::spawn_unchecked<test[aada8e7e76ba119b]::run_test::{closure#1}, ()>::{closure#1} as core[a373ad73a504971]::ops::function::FnOnce<()>>::call_once::{shim:vtable#0}
[INFO] [stdout]   18:     0x61703b017fdf - <std[617be2ca0a6fd877]::sys::thread::unix::Thread>::new::thread_start
[INFO] [stdout]   19:     0x745a86c19dfa - <unknown>
[INFO] [stdout]   20:     0x745a86cad3d4 - clone
[INFO] [stdout]   21:                0x0 - <unknown>
[INFO] [stdout] 
[INFO] [stdout] ---- tests::no_github_actions::test_send_with_good_attachment_and_emergency_priority stdout ----
[INFO] [stdout] 
[INFO] [stdout] thread 'tests::no_github_actions::test_send_with_good_attachment_and_emergency_priority' (2649) panicked at src/tests/no_github_actions.rs:145:9:
[INFO] [stdout] Could not read test data.
[INFO] [stdout] stack backtrace:
[INFO] [stdout]    0:     0x61703b018e41 - <<std[617be2ca0a6fd877]::sys::backtrace::BacktraceLock>::print::DisplayBacktrace as core[a373ad73a504971]::fmt::Display>::fmt
[INFO] [stdout]    1:     0x61703b02f13a - core[a373ad73a504971]::fmt::write
[INFO] [stdout]    2:     0x61703b01daac - <alloc[2e1b2a31b91974c5]::vec::Vec<u8> as core[a373ad73a504971]::io::write::Write>::write_fmt
[INFO] [stdout]    3:     0x61703aff3616 - std[617be2ca0a6fd877]::panicking::default_hook::{closure#0}
[INFO] [stdout]    4:     0x61703b0106a9 - std[617be2ca0a6fd877]::panicking::default_hook
[INFO] [stdout]    5:     0x61703abf8aa0 - test[aada8e7e76ba119b]::test_main_inner::{closure#0}
[INFO] [stdout]    6:     0x61703b0109d2 - std[617be2ca0a6fd877]::panicking::panic_with_hook
[INFO] [stdout]    7:     0x61703aff36f4 - std[617be2ca0a6fd877]::panicking::panic_handler::{closure#0}
[INFO] [stdout]    8:     0x61703afec0c9 - std[617be2ca0a6fd877]::sys::backtrace::__rust_end_short_backtrace::<std[617be2ca0a6fd877]::panicking::panic_handler::{closure#0}, !>
[INFO] [stdout]    9:     0x61703aff44bd - __rustc[ea4f61d10b84890b]::rust_begin_unwind
[INFO] [stdout]   10:     0x61703b02f89c - core[a373ad73a504971]::panicking::panic_fmt
[INFO] [stdout]   11:     0x61703abd7074 - <pushover_rs[3111cda25da5facc]::tests::no_github_actions::test_send_with_good_attachment_and_emergency_priority::{closure#0} as core[a373ad73a504971]::ops::function::FnOnce<()>>::call_once
[INFO] [stdout]   12:     0x61703abebeeb - test[aada8e7e76ba119b]::__rust_begin_short_backtrace::<core[a373ad73a504971]::result::Result<(), alloc[2e1b2a31b91974c5]::string::String>, fn() -> core[a373ad73a504971]::result::Result<(), alloc[2e1b2a31b91974c5]::string::String>>
[INFO] [stdout]   13:     0x61703abf90c5 - test[aada8e7e76ba119b]::run_test::{closure#0}
[INFO] [stdout]   14:     0x61703abf29b4 - std[617be2ca0a6fd877]::sys::backtrace::__rust_begin_short_backtrace::<test[aada8e7e76ba119b]::run_test::{closure#1}, ()>
[INFO] [stdout]   15:     0x61703abfc152 - <std[617be2ca0a6fd877]::thread::lifecycle::spawn_unchecked<test[aada8e7e76ba119b]::run_test::{closure#1}, ()>::{closure#1} as core[a373ad73a504971]::ops::function::FnOnce<()>>::call_once::{shim:vtable#0}
[INFO] [stdout]   16:     0x61703b017fdf - <std[617be2ca0a6fd877]::sys::thread::unix::Thread>::new::thread_start
[INFO] [stdout]   17:     0x745a86c19dfa - <unknown>
[INFO] [stdout]   18:     0x745a86cad3d4 - clone
[INFO] [stdout]   19:                0x0 - <unknown>
[INFO] [stdout] 
[INFO] [stdout] ---- tests::no_github_actions::test_send_with_good_attachment_async stdout ----
[INFO] [stdout] 
[INFO] [stdout] thread 'tests::no_github_actions::test_send_with_good_attachment_async' (2650) panicked at src/tests/no_github_actions.rs:167:9:
[INFO] [stdout] Could not read test data.
[INFO] [stdout] stack backtrace:
[INFO] [stdout]    0:     0x61703b018e41 - <<std[617be2ca0a6fd877]::sys::backtrace::BacktraceLock>::print::DisplayBacktrace as core[a373ad73a504971]::fmt::Display>::fmt
[INFO] [stdout]    1:     0x61703b02f13a - core[a373ad73a504971]::fmt::write
[INFO] [stdout]    2:     0x61703b01daac - <alloc[2e1b2a31b91974c5]::vec::Vec<u8> as core[a373ad73a504971]::io::write::Write>::write_fmt
[INFO] [stdout]    3:     0x61703aff3616 - std[617be2ca0a6fd877]::panicking::default_hook::{closure#0}
[INFO] [stdout]    4:     0x61703b0106a9 - std[617be2ca0a6fd877]::panicking::default_hook
[INFO] [stdout]    5:     0x61703abf8aa0 - test[aada8e7e76ba119b]::test_main_inner::{closure#0}
[INFO] [stdout]    6:     0x61703b0109d2 - std[617be2ca0a6fd877]::panicking::panic_with_hook
[INFO] [stdout]    7:     0x61703aff36f4 - std[617be2ca0a6fd877]::panicking::panic_handler::{closure#0}
[INFO] [stdout]    8:     0x61703afec0c9 - std[617be2ca0a6fd877]::sys::backtrace::__rust_end_short_backtrace::<std[617be2ca0a6fd877]::panicking::panic_handler::{closure#0}, !>
[INFO] [stdout]    9:     0x61703aff44bd - __rustc[ea4f61d10b84890b]::rust_begin_unwind
[INFO] [stdout]   10:     0x61703b02f89c - core[a373ad73a504971]::panicking::panic_fmt
[INFO] [stdout]   11:     0x61703abd531d - pushover_rs[3111cda25da5facc]::tests::no_github_actions::test_send_with_good_attachment_async::{closure#0}
[INFO] [stdout]   12:     0x61703abdb9a8 - <tokio[5a7395fcebba8289]::runtime::context::scoped::Scoped<tokio[5a7395fcebba8289]::runtime::scheduler::Context>>::set::<<tokio[5a7395fcebba8289]::runtime::scheduler::current_thread::CoreGuard>::enter<<tokio[5a7395fcebba8289]::runtime::scheduler::current_thread::CoreGuard>::block_on<core[a373ad73a504971]::pin::Pin<&mut core[a373ad73a504971]::pin::Pin<&mut dyn core[a373ad73a504971]::future::future::Future<Output = ()>>>>::{closure#0}, core[a373ad73a504971]::option::Option<()>>::{closure#0}, (alloc[2e1b2a31b91974c5]::boxed::Box<tokio[5a7395fcebba8289]::runtime::scheduler::current_thread::Core>, core[a373ad73a504971]::option::Option<()>)>
[INFO] [stdout]   13:     0x61703abdbdfd - <tokio[5a7395fcebba8289]::runtime::scheduler::current_thread::CoreGuard>::block_on::<core[a373ad73a504971]::pin::Pin<&mut core[a373ad73a504971]::pin::Pin<&mut dyn core[a373ad73a504971]::future::future::Future<Output = ()>>>>
[INFO] [stdout]   14:     0x61703abd86fd - tokio[5a7395fcebba8289]::runtime::context::runtime::enter_runtime::<<tokio[5a7395fcebba8289]::runtime::scheduler::current_thread::CurrentThread>::block_on<core[a373ad73a504971]::pin::Pin<&mut dyn core[a373ad73a504971]::future::future::Future<Output = ()>>>::{closure#0}, ()>
[INFO] [stdout]   15:     0x61703abd722e - <tokio[5a7395fcebba8289]::runtime::runtime::Runtime>::block_on::<core[a373ad73a504971]::pin::Pin<&mut dyn core[a373ad73a504971]::future::future::Future<Output = ()>>>
[INFO] [stdout]   16:     0x61703abd6aee - <pushover_rs[3111cda25da5facc]::tests::no_github_actions::test_send_with_good_attachment_async::{closure#0} as core[a373ad73a504971]::ops::function::FnOnce<()>>::call_once
[INFO] [stdout]   17:     0x61703abebeeb - test[aada8e7e76ba119b]::__rust_begin_short_backtrace::<core[a373ad73a504971]::result::Result<(), alloc[2e1b2a31b91974c5]::string::String>, fn() -> core[a373ad73a504971]::result::Result<(), alloc[2e1b2a31b91974c5]::string::String>>
[INFO] [stdout]   18:     0x61703abf90c5 - test[aada8e7e76ba119b]::run_test::{closure#0}
[INFO] [stdout]   19:     0x61703abf29b4 - std[617be2ca0a6fd877]::sys::backtrace::__rust_begin_short_backtrace::<test[aada8e7e76ba119b]::run_test::{closure#1}, ()>
[INFO] [stdout]   20:     0x61703abfc152 - <std[617be2ca0a6fd877]::thread::lifecycle::spawn_unchecked<test[aada8e7e76ba119b]::run_test::{closure#1}, ()>::{closure#1} as core[a373ad73a504971]::ops::function::FnOnce<()>>::call_once::{shim:vtable#0}
[INFO] [stdout]   21:     0x61703b017fdf - <std[617be2ca0a6fd877]::sys::thread::unix::Thread>::new::thread_start
[INFO] [stdout]   22:     0x745a86c19dfa - <unknown>
[INFO] [stdout]   23:     0x745a86cad3d4 - clone
[INFO] [stdout]   24:                0x0 - <unknown>
[INFO] [stdout] 
[INFO] [stdout] ---- tests::no_github_actions::test_send_request_min_message_with_ttl stdout ----
[INFO] [stdout] 
[INFO] [stdout] thread 'tests::no_github_actions::test_send_request_min_message_with_ttl' (2646) panicked at src/tests/no_github_actions.rs:63:9:
[INFO] [stdout] Could not read test data.
[INFO] [stdout] stack backtrace:
[INFO] [stdout]    0:     0x61703b018e41 - <<std[617be2ca0a6fd877]::sys::backtrace::BacktraceLock>::print::DisplayBacktrace as core[a373ad73a504971]::fmt::Display>::fmt
[INFO] [stdout]    1:     0x61703b02f13a - core[a373ad73a504971]::fmt::write
[INFO] [stdout]    2:     0x61703b01daac - <alloc[2e1b2a31b91974c5]::vec::Vec<u8> as core[a373ad73a504971]::io::write::Write>::write_fmt
[INFO] [stdout]    3:     0x61703aff3616 - std[617be2ca0a6fd877]::panicking::default_hook::{closure#0}
[INFO] [stdout]    4:     0x61703b0106a9 - std[617be2ca0a6fd877]::panicking::default_hook
[INFO] [stdout]    5:     0x61703abf8aa0 - test[aada8e7e76ba119b]::test_main_inner::{closure#0}
[INFO] [stdout]    6:     0x61703b0109d2 - std[617be2ca0a6fd877]::panicking::panic_with_hook
[INFO] [stdout]    7:     0x61703aff36f4 - std[617be2ca0a6fd877]::panicking::panic_handler::{closure#0}
[INFO] [stdout]    8:     0x61703afec0c9 - std[617be2ca0a6fd877]::sys::backtrace::__rust_end_short_backtrace::<std[617be2ca0a6fd877]::panicking::panic_handler::{closure#0}, !>
[INFO] [stdout]    9:     0x61703aff44bd - __rustc[ea4f61d10b84890b]::rust_begin_unwind
[INFO] [stdout]   10:     0x61703b02f89c - core[a373ad73a504971]::panicking::panic_fmt
[INFO] [stdout]   11:     0x61703abd5ec0 - pushover_rs[3111cda25da5facc]::tests::no_github_actions::test_send_request_min_message_with_ttl::{closure#0}
[INFO] [stdout]   12:     0x61703abdb9a8 - <tokio[5a7395fcebba8289]::runtime::context::scoped::Scoped<tokio[5a7395fcebba8289]::runtime::scheduler::Context>>::set::<<tokio[5a7395fcebba8289]::runtime::scheduler::current_thread::CoreGuard>::enter<<tokio[5a7395fcebba8289]::runtime::scheduler::current_thread::CoreGuard>::block_on<core[a373ad73a504971]::pin::Pin<&mut core[a373ad73a504971]::pin::Pin<&mut dyn core[a373ad73a504971]::future::future::Future<Output = ()>>>>::{closure#0}, core[a373ad73a504971]::option::Option<()>>::{closure#0}, (alloc[2e1b2a31b91974c5]::boxed::Box<tokio[5a7395fcebba8289]::runtime::scheduler::current_thread::Core>, core[a373ad73a504971]::option::Option<()>)>
[INFO] [stdout]   13:     0x61703abdbdfd - <tokio[5a7395fcebba8289]::runtime::scheduler::current_thread::CoreGuard>::block_on::<core[a373ad73a504971]::pin::Pin<&mut core[a373ad73a504971]::pin::Pin<&mut dyn core[a373ad73a504971]::future::future::Future<Output = ()>>>>
[INFO] [stdout]   14:     0x61703abd86fd - tokio[5a7395fcebba8289]::runtime::context::runtime::enter_runtime::<<tokio[5a7395fcebba8289]::runtime::scheduler::current_thread::CurrentThread>::block_on<core[a373ad73a504971]::pin::Pin<&mut dyn core[a373ad73a504971]::future::future::Future<Output = ()>>>::{closure#0}, ()>
[INFO] [stdout]   15:     0x61703abd722e - <tokio[5a7395fcebba8289]::runtime::runtime::Runtime>::block_on::<core[a373ad73a504971]::pin::Pin<&mut dyn core[a373ad73a504971]::future::future::Future<Output = ()>>>
[INFO] [stdout]   16:     0x61703abd6c4e - <pushover_rs[3111cda25da5facc]::tests::no_github_actions::test_send_request_min_message_with_ttl::{closure#0} as core[a373ad73a504971]::ops::function::FnOnce<()>>::call_once
[INFO] [stdout]   17:     0x61703abebeeb - test[aada8e7e76ba119b]::__rust_begin_short_backtrace::<core[a373ad73a504971]::result::Result<(), alloc[2e1b2a31b91974c5]::string::String>, fn() -> core[a373ad73a504971]::result::Result<(), alloc[2e1b2a31b91974c5]::string::String>>
[INFO] [stdout]   18:     0x61703abf90c5 - test[aada8e7e76ba119b]::run_test::{closure#0}
[INFO] [stdout]   19:     0x61703abf29b4 - std[617be2ca0a6fd877]::sys::backtrace::__rust_begin_short_backtrace::<test[aada8e7e76ba119b]::run_test::{closure#1}, ()>
[INFO] [stdout]   20:     0x61703abfc152 - <std[617be2ca0a6fd877]::thread::lifecycle::spawn_unchecked<test[aada8e7e76ba119b]::run_test::{closure#1}, ()>::{closure#1} as core[a373ad73a504971]::ops::function::FnOnce<()>>::call_once::{shim:vtable#0}
[INFO] [stdout]   21:     0x61703b017fdf - <std[617be2ca0a6fd877]::sys::thread::unix::Thread>::new::thread_start
[INFO] [stdout]   22:     0x745a86c19dfa - <unknown>
[INFO] [stdout]   23:     0x745a86cad3d4 - clone
[INFO] [stdout]   24:                0x0 - <unknown>
[INFO] [stdout] 
[INFO] [stdout] ---- tests::no_github_actions::test_send_request_minimal_message stdout ----
[INFO] [stdout] 
[INFO] [stdout] thread 'tests::no_github_actions::test_send_request_minimal_message' (2647) panicked at src/tests/no_github_actions.rs:45:9:
[INFO] [stdout] Could not read test data.
[INFO] [stdout] stack backtrace:
[INFO] [stdout]    0:     0x61703b018e41 - <<std[617be2ca0a6fd877]::sys::backtrace::BacktraceLock>::print::DisplayBacktrace as core[a373ad73a504971]::fmt::Display>::fmt
[INFO] [stdout]    1:     0x61703b02f13a - core[a373ad73a504971]::fmt::write
[INFO] [stdout]    2:     0x61703b01daac - <alloc[2e1b2a31b91974c5]::vec::Vec<u8> as core[a373ad73a504971]::io::write::Write>::write_fmt
[INFO] [stdout]    3:     0x61703aff3616 - std[617be2ca0a6fd877]::panicking::default_hook::{closure#0}
[INFO] [stdout]    4:     0x61703b0106a9 - std[617be2ca0a6fd877]::panicking::default_hook
[INFO] [stdout]    5:     0x61703abf8aa0 - test[aada8e7e76ba119b]::test_main_inner::{closure#0}
[INFO] [stdout]    6:     0x61703b0109d2 - std[617be2ca0a6fd877]::panicking::panic_with_hook
[INFO] [stdout]    7:     0x61703aff36f4 - std[617be2ca0a6fd877]::panicking::panic_handler::{closure#0}
[INFO] [stdout]    8:     0x61703afec0c9 - std[617be2ca0a6fd877]::sys::backtrace::__rust_end_short_backtrace::<std[617be2ca0a6fd877]::panicking::panic_handler::{closure#0}, !>
[INFO] [stdout]    9:     0x61703aff44bd - __rustc[ea4f61d10b84890b]::rust_begin_unwind
[INFO] [stdout]   10:     0x61703b02f89c - core[a373ad73a504971]::panicking::panic_fmt
[INFO] [stdout]   11:     0x61703abd36eb - pushover_rs[3111cda25da5facc]::tests::no_github_actions::test_send_request_minimal_message::{closure#0}
[INFO] [stdout]   12:     0x61703abdb9a8 - <tokio[5a7395fcebba8289]::runtime::context::scoped::Scoped<tokio[5a7395fcebba8289]::runtime::scheduler::Context>>::set::<<tokio[5a7395fcebba8289]::runtime::scheduler::current_thread::CoreGuard>::enter<<tokio[5a7395fcebba8289]::runtime::scheduler::current_thread::CoreGuard>::block_on<core[a373ad73a504971]::pin::Pin<&mut core[a373ad73a504971]::pin::Pin<&mut dyn core[a373ad73a504971]::future::future::Future<Output = ()>>>>::{closure#0}, core[a373ad73a504971]::option::Option<()>>::{closure#0}, (alloc[2e1b2a31b91974c5]::boxed::Box<tokio[5a7395fcebba8289]::runtime::scheduler::current_thread::Core>, core[a373ad73a504971]::option::Option<()>)>
[INFO] [stdout]   13:     0x61703abdbdfd - <tokio[5a7395fcebba8289]::runtime::scheduler::current_thread::CoreGuard>::block_on::<core[a373ad73a504971]::pin::Pin<&mut core[a373ad73a504971]::pin::Pin<&mut dyn core[a373ad73a504971]::future::future::Future<Output = ()>>>>
[INFO] [stdout]   14:     0x61703abd86fd - tokio[5a7395fcebba8289]::runtime::context::runtime::enter_runtime::<<tokio[5a7395fcebba8289]::runtime::scheduler::current_thread::CurrentThread>::block_on<core[a373ad73a504971]::pin::Pin<&mut dyn core[a373ad73a504971]::future::future::Future<Output = ()>>>::{closure#0}, ()>
[INFO] [stdout]   15:     0x61703abd722e - <tokio[5a7395fcebba8289]::runtime::runtime::Runtime>::block_on::<core[a373ad73a504971]::pin::Pin<&mut dyn core[a373ad73a504971]::future::future::Future<Output = ()>>>
[INFO] [stdout]   16:     0x61703abd682e - <pushover_rs[3111cda25da5facc]::tests::no_github_actions::test_send_request_minimal_message::{closure#0} as core[a373ad73a504971]::ops::function::FnOnce<()>>::call_once
[INFO] [stdout]   17:     0x61703abebeeb - test[aada8e7e76ba119b]::__rust_begin_short_backtrace::<core[a373ad73a504971]::result::Result<(), alloc[2e1b2a31b91974c5]::string::String>, fn() -> core[a373ad73a504971]::result::Result<(), alloc[2e1b2a31b91974c5]::string::String>>
[INFO] [stdout]   18:     0x61703abf90c5 - test[aada8e7e76ba119b]::run_test::{closure#0}
[INFO] [stdout]   19:     0x61703abf29b4 - std[617be2ca0a6fd877]::sys::backtrace::__rust_begin_short_backtrace::<test[aada8e7e76ba119b]::run_test::{closure#1}, ()>
[INFO] [stdout]   20:     0x61703abfc152 - <std[617be2ca0a6fd877]::thread::lifecycle::spawn_unchecked<test[aada8e7e76ba119b]::run_test::{closure#1}, ()>::{closure#1} as core[a373ad73a504971]::ops::function::FnOnce<()>>::call_once::{shim:vtable#0}
[INFO] [stdout]   21:     0x61703b017fdf - <std[617be2ca0a6fd877]::sys::thread::unix::Thread>::new::thread_start
[INFO] [stdout]   22:     0x745a86c19dfa - <unknown>
[INFO] [stdout]   23:     0x745a86cad3d4 - clone
[INFO] [stdout]   24:                0x0 - <unknown>
[INFO] [stdout] 
[INFO] [stdout] ---- tests::no_github_actions::test_send_bad_request stdout ----
[INFO] [stdout] 
[INFO] [stdout] thread 'tests::no_github_actions::test_send_bad_request' (2643) panicked at src/tests/no_github_actions.rs:95:5:
[INFO] [stdout] assertion failed: response.is_ok()
[INFO] [stdout] stack backtrace:
[INFO] [stdout]    0:     0x61703b018e41 - <<std[617be2ca0a6fd877]::sys::backtrace::BacktraceLock>::print::DisplayBacktrace as core[a373ad73a504971]::fmt::Display>::fmt
[INFO] [stdout]    1:     0x61703b02f13a - core[a373ad73a504971]::fmt::write
[INFO] [stdout]    2:     0x61703b01daac - <alloc[2e1b2a31b91974c5]::vec::Vec<u8> as core[a373ad73a504971]::io::write::Write>::write_fmt
[INFO] [stdout]    3:     0x61703aff3616 - std[617be2ca0a6fd877]::panicking::default_hook::{closure#0}
[INFO] [stdout]    4:     0x61703b0106a9 - std[617be2ca0a6fd877]::panicking::default_hook
[INFO] [stdout]    5:     0x61703abf8aa0 - test[aada8e7e76ba119b]::test_main_inner::{closure#0}
[INFO] [stdout]    6:     0x61703b0109d2 - std[617be2ca0a6fd877]::panicking::panic_with_hook
[INFO] [stdout]    7:     0x61703aff36f4 - std[617be2ca0a6fd877]::panicking::panic_handler::{closure#0}
[INFO] [stdout]    8:     0x61703afec0c9 - std[617be2ca0a6fd877]::sys::backtrace::__rust_end_short_backtrace::<std[617be2ca0a6fd877]::panicking::panic_handler::{closure#0}, !>
[INFO] [stdout]    9:     0x61703aff44bd - __rustc[ea4f61d10b84890b]::rust_begin_unwind
[INFO] [stdout]   10:     0x61703b02f89c - core[a373ad73a504971]::panicking::panic_fmt
[INFO] [stdout]   11:     0x61703b02f862 - core[a373ad73a504971]::panicking::panic
[INFO] [stdout]   12:     0x61703abd338e - pushover_rs[3111cda25da5facc]::tests::no_github_actions::test_send_bad_request::{closure#0}
[INFO] [stdout]   13:     0x61703abdb9a8 - <tokio[5a7395fcebba8289]::runtime::context::scoped::Scoped<tokio[5a7395fcebba8289]::runtime::scheduler::Context>>::set::<<tokio[5a7395fcebba8289]::runtime::scheduler::current_thread::CoreGuard>::enter<<tokio[5a7395fcebba8289]::runtime::scheduler::current_thread::CoreGuard>::block_on<core[a373ad73a504971]::pin::Pin<&mut core[a373ad73a504971]::pin::Pin<&mut dyn core[a373ad73a504971]::future::future::Future<Output = ()>>>>::{closure#0}, core[a373ad73a504971]::option::Option<()>>::{closure#0}, (alloc[2e1b2a31b91974c5]::boxed::Box<tokio[5a7395fcebba8289]::runtime::scheduler::current_thread::Core>, core[a373ad73a504971]::option::Option<()>)>
[INFO] [stdout]   14:     0x61703abdbdfd - <tokio[5a7395fcebba8289]::runtime::scheduler::current_thread::CoreGuard>::block_on::<core[a373ad73a504971]::pin::Pin<&mut core[a373ad73a504971]::pin::Pin<&mut dyn core[a373ad73a504971]::future::future::Future<Output = ()>>>>
[INFO] [stdout]   15:     0x61703abd86fd - tokio[5a7395fcebba8289]::runtime::context::runtime::enter_runtime::<<tokio[5a7395fcebba8289]::runtime::scheduler::current_thread::CurrentThread>::block_on<core[a373ad73a504971]::pin::Pin<&mut dyn core[a373ad73a504971]::future::future::Future<Output = ()>>>::{closure#0}, ()>
[INFO] [stdout]   16:     0x61703abd722e - <tokio[5a7395fcebba8289]::runtime::runtime::Runtime>::block_on::<core[a373ad73a504971]::pin::Pin<&mut dyn core[a373ad73a504971]::future::future::Future<Output = ()>>>
[INFO] [stdout]   17:     0x61703abd637e - <pushover_rs[3111cda25da5facc]::tests::no_github_actions::test_send_bad_request::{closure#0} as core[a373ad73a504971]::ops::function::FnOnce<()>>::call_once
[INFO] [stdout]   18:     0x61703abebeeb - test[aada8e7e76ba119b]::__rust_begin_short_backtrace::<core[a373ad73a504971]::result::Result<(), alloc[2e1b2a31b91974c5]::string::String>, fn() -> core[a373ad73a504971]::result::Result<(), alloc[2e1b2a31b91974c5]::string::String>>
[INFO] [stdout]   19:     0x61703abf90c5 - test[aada8e7e76ba119b]::run_test::{closure#0}
[INFO] [stdout]   20:     0x61703abf29b4 - std[617be2ca0a6fd877]::sys::backtrace::__rust_begin_short_backtrace::<test[aada8e7e76ba119b]::run_test::{closure#1}, ()>
[INFO] [stdout]   21:     0x61703abfc152 - <std[617be2ca0a6fd877]::thread::lifecycle::spawn_unchecked<test[aada8e7e76ba119b]::run_test::{closure#1}, ()>::{closure#1} as core[a373ad73a504971]::ops::function::FnOnce<()>>::call_once::{shim:vtable#0}
[INFO] [stdout]   22:     0x61703b017fdf - <std[617be2ca0a6fd877]::sys::thread::unix::Thread>::new::thread_start
[INFO] [stdout]   23:     0x745a86c19dfa - <unknown>
[INFO] [stdout]   24:     0x745a86cad3d4 - clone
[INFO] [stdout]   25:                0x0 - <unknown>
[INFO] [stdout] 
[INFO] [stdout] 
[INFO] [stdout] failures:
[INFO] [stdout]     tests::no_github_actions::test_send_bad_request
[INFO] [stdout]     tests::no_github_actions::test_send_minimal_message_specific_device
[INFO] [stdout]     tests::no_github_actions::test_send_request_emergency_priority
[INFO] [stdout]     tests::no_github_actions::test_send_request_min_message_with_ttl
[INFO] [stdout]     tests::no_github_actions::test_send_request_minimal_message
[INFO] [stdout]     tests::no_github_actions::test_send_with_good_attachment
[INFO] [stdout]     tests::no_github_actions::test_send_with_good_attachment_and_emergency_priority
[INFO] [stdout]     tests::no_github_actions::test_send_with_good_attachment_async
[INFO] [stdout]     tests::no_github_actions::test_testdata_readability
[INFO] [stdout] 
[INFO] [stdout] test result: FAILED. 3 passed; 9 failed; 0 ignored; 0 measured; 0 filtered out; finished in 0.09s
[INFO] [stdout] 
[INFO] [stderr] error: test failed, to rerun pass `--lib`
[INFO] running `Command { std: "docker" "inspect" "8d6dbf225a4bfe07f5bc78027cf8e4d93ca0238c2c21c7d641b0c185d67db8bd", kill_on_drop: false }`
[INFO] running `Command { std: "docker" "rm" "-f" "8d6dbf225a4bfe07f5bc78027cf8e4d93ca0238c2c21c7d641b0c185d67db8bd", kill_on_drop: false }`
[INFO] [stdout] 8d6dbf225a4bfe07f5bc78027cf8e4d93ca0238c2c21c7d641b0c185d67db8bd
