[INFO] fetching crate pushicino 1.0.1...
[INFO] testing pushicino-1.0.1 against 1.100.0-beta.1+cargoflags=--release for beta-release-1.100-2
[INFO] extracting crate pushicino 1.0.1 into /workspace/builds/worker-4-tc2/source
[INFO] started tweaking crates.io crate pushicino 1.0.1
[INFO] finished tweaking crates.io crate pushicino 1.0.1
[INFO] tweaked toml for crates.io crate pushicino 1.0.1 written to /workspace/builds/worker-4-tc2/source/Cargo.toml
[INFO] validating manifest of crates.io crate pushicino 1.0.1 on toolchain 1.100.0-beta.1
[INFO] running `Command { std: CARGO_HOME="/workspace/cargo-home" RUSTUP_HOME="/workspace/rustup-home" "/workspace/cargo-home/bin/cargo" "+1.100.0-beta.1" "metadata" "--manifest-path" "Cargo.toml" "--no-deps", kill_on_drop: false }`
[INFO] crate crates.io crate pushicino 1.0.1 already has a lockfile, it will not be regenerated
[INFO] running `Command { std: CARGO_HOME="/workspace/cargo-home" RUSTUP_HOME="/workspace/rustup-home" "/workspace/cargo-home/bin/cargo" "+1.100.0-beta.1" "fetch" "--manifest-path" "Cargo.toml", kill_on_drop: false }`
[INFO] running `Command { std: "docker" "create" "-v" "/var/lib/crater-agent-workspace/builds/worker-4-tc2/source:/opt/rustwide/workdir:ro,Z" "-v" "/var/lib/crater-agent-workspace/builds/worker-4-tc2/target:/opt/rustwide/target:rw,Z" "-v" "/var/lib/crater-agent-workspace/cargo-home:/opt/rustwide/cargo-home:ro,Z" "-v" "/var/lib/crater-agent-workspace/rustup-home:/opt/rustwide/rustup-home:ro,Z" "-m" "1610612736" "--network" "none" "ghcr.io/rust-lang/crates-build-env/linux@sha256:77db811e55d90add9212f6832c23229e3de5f1c1f9905e8cb07319ea15df73ac" "sleep" "infinity", kill_on_drop: false }`
[INFO] [stdout] 796d43d56070ff8ee9e4c36304bc7ada0d202b4bf912c8b3d26517918c352ab5
[INFO] running `Command { std: "docker" "start" "796d43d56070ff8ee9e4c36304bc7ada0d202b4bf912c8b3d26517918c352ab5", kill_on_drop: false }`
[INFO] running `Command { std: "docker" "inspect" "796d43d56070ff8ee9e4c36304bc7ada0d202b4bf912c8b3d26517918c352ab5", kill_on_drop: false }`
[INFO] running `Command { std: "docker" "exec" "-e" "SOURCE_DIR=/opt/rustwide/workdir" "-e" "CARGO_HOME=/opt/rustwide/cargo-home" "-e" "RUSTUP_HOME=/opt/rustwide/rustup-home" "-e" "CARGO_TARGET_DIR=/opt/rustwide/target" "-w" "/opt/rustwide/workdir" "--user" "0:0" "796d43d56070ff8ee9e4c36304bc7ada0d202b4bf912c8b3d26517918c352ab5" "/opt/rustwide/cargo-home/bin/cargo" "+1.100.0-beta.1" "metadata" "--no-deps" "--format-version=1", kill_on_drop: false }`
[INFO] running `Command { std: "docker" "inspect" "796d43d56070ff8ee9e4c36304bc7ada0d202b4bf912c8b3d26517918c352ab5", kill_on_drop: false }`
[INFO] running `Command { std: "docker" "exec" "-e" "SOURCE_DIR=/opt/rustwide/workdir" "-e" "CARGO_HOME=/opt/rustwide/cargo-home" "-e" "RUSTUP_HOME=/opt/rustwide/rustup-home" "-e" "CARGO_TARGET_DIR=/opt/rustwide/target" "-e" "CARGO_INCREMENTAL=0" "-e" "RUST_BACKTRACE=full" "-e" "RUSTFLAGS=--cap-lints=warn" "-e" "RUSTDOCFLAGS=--cap-lints=warn" "-w" "/opt/rustwide/workdir" "--user" "0:0" "796d43d56070ff8ee9e4c36304bc7ada0d202b4bf912c8b3d26517918c352ab5" "/opt/rustwide/cargo-home/bin/cargo" "+1.100.0-beta.1" "build" "--frozen" "--message-format=json" "--release", kill_on_drop: false }`
[INFO] [stderr]    Compiling syn v2.0.117
[INFO] [stderr]    Compiling num-traits v0.2.19
[INFO] [stderr]    Compiling cc v1.2.62
[INFO] [stderr]    Compiling tokio v1.52.3
[INFO] [stderr]    Compiling rand v0.8.6
[INFO] [stderr]    Compiling time v0.3.47
[INFO] [stderr]    Compiling num-integer v0.1.46
[INFO] [stderr]    Compiling num-iter v0.1.45
[INFO] [stderr]    Compiling num-bigint v0.4.6
[INFO] [stderr]    Compiling cmake v0.1.58
[INFO] [stderr]    Compiling aws-lc-sys v0.41.0
[INFO] [stderr]    Compiling synstructure v0.13.2
[INFO] [stderr]    Compiling tokio-util v0.7.18
[INFO] [stderr]    Compiling tower v0.5.3
[INFO] [stderr]    Compiling zeroize_derive v1.4.3
[INFO] [stderr]    Compiling zerofrom-derive v0.1.7
[INFO] [stderr]    Compiling zeroize v1.8.2
[INFO] [stderr]    Compiling yoke-derive v0.8.2
[INFO] [stderr]    Compiling zerovec-derive v0.11.3
[INFO] [stderr]    Compiling displaydoc v0.2.5
[INFO] [stderr]    Compiling serde_derive v1.0.228
[INFO] [stderr]    Compiling generic-array v0.14.9
[INFO] [stderr]    Compiling der v0.7.10
[INFO] [stderr]    Compiling rustls-pki-types v1.14.1
[INFO] [stderr]    Compiling h2 v0.4.14
[INFO] [stderr]    Compiling thiserror-impl v2.0.18
[INFO] [stderr]    Compiling curve25519-dalek-derive v0.1.1
[INFO] [stderr]    Compiling num-bigint-dig v0.8.6
[INFO] [stderr]    Compiling rustls-native-certs v0.8.3
[INFO] [stderr]    Compiling zerofrom v0.1.8
[INFO] [stderr]    Compiling yoke v0.8.2
[INFO] [stderr]    Compiling zerotrie v0.2.4
[INFO] [stderr]    Compiling crypto-common v0.1.6
[INFO] [stderr]    Compiling block-buffer v0.10.4
[INFO] [stderr]    Compiling crypto-bigint v0.5.5
[INFO] [stderr]    Compiling inout v0.1.4
[INFO] [stderr]    Compiling cipher v0.4.4
[INFO] [stderr]    Compiling digest v0.10.7
[INFO] [stderr]    Compiling universal-hash v0.5.1
[INFO] [stderr]    Compiling aead v0.5.2
[INFO] [stderr]    Compiling zerovec v0.11.6
[INFO] [stderr]    Compiling polyval v0.6.2
[INFO] [stderr]    Compiling aes v0.8.4
[INFO] [stderr]    Compiling hmac v0.12.1
[INFO] [stderr]    Compiling signature v2.2.0
[INFO] [stderr]    Compiling sha2 v0.10.9
[INFO] [stderr]    Compiling hkdf v0.12.4
[INFO] [stderr]    Compiling rfc6979 v0.4.0
[INFO] [stderr]    Compiling curve25519-dalek v4.1.3
[INFO] [stderr]    Compiling ghash v0.5.1
[INFO] [stderr]    Compiling ctr v0.9.2
[INFO] [stderr]    Compiling thiserror v2.0.18
[INFO] [stderr]    Compiling simple_asn1 v0.6.4
[INFO] [stderr]    Compiling aes-gcm v0.10.3
[INFO] [stderr]    Compiling spki v0.7.3
[INFO] [stderr]    Compiling pkcs8 v0.10.2
[INFO] [stderr]    Compiling tinystr v0.8.3
[INFO] [stderr]    Compiling potential_utf v0.1.5
[INFO] [stderr]    Compiling ed25519 v2.2.3
[INFO] [stderr]    Compiling icu_locale_core v2.2.0
[INFO] [stderr]    Compiling icu_collections v2.2.0
[INFO] [stderr]    Compiling pkcs1 v0.7.5
[INFO] [stderr]    Compiling ed25519-dalek v2.2.0
[INFO] [stderr]    Compiling rsa v0.9.10
[INFO] [stderr]    Compiling icu_provider v2.2.0
[INFO] [stderr]    Compiling serde v1.0.228
[INFO] [stderr]    Compiling icu_normalizer v2.2.0
[INFO] [stderr]    Compiling icu_properties v2.2.0
[INFO] [stderr]    Compiling hyper v1.9.0
[INFO] [stderr]    Compiling serdect v0.2.0
[INFO] [stderr]    Compiling sec1 v0.7.3
[INFO] [stderr]    Compiling elliptic-curve v0.13.8
[INFO] [stderr]    Compiling idna_adapter v1.2.2
[INFO] [stderr]    Compiling idna v1.1.0
[INFO] [stderr]    Compiling ecdsa v0.16.9
[INFO] [stderr]    Compiling primeorder v0.13.6
[INFO] [stderr]    Compiling url v2.5.8
[INFO] [stderr]    Compiling hyper-util v0.1.20
[INFO] [stderr]    Compiling tower-http v0.6.11
[INFO] [stderr]    Compiling p256 v0.13.2
[INFO] [stderr]    Compiling p384 v0.13.1
[INFO] [stderr]    Compiling jsonwebtoken v10.4.0
[INFO] [stderr]    Compiling aws-lc-rs v1.17.0
[INFO] [stderr]    Compiling rustls v0.23.40
[INFO] [stderr]    Compiling rustls-webpki v0.103.13
[INFO] [stderr]    Compiling tokio-rustls v0.26.4
[INFO] [stderr]    Compiling rustls-platform-verifier v0.7.0
[INFO] [stderr]    Compiling hyper-rustls v0.27.9
[INFO] [stderr]    Compiling reqwest v0.13.3
[INFO] [stderr]    Compiling pushicino v1.0.1 (/opt/rustwide/workdir)
[INFO] [stdout] warning: use of deprecated associated function `elliptic_curve::generic_array::GenericArray::<T, N>::from_slice`: please upgrade to generic-array 1.x
[INFO] [stdout]   --> src/rfc8188.rs:41:33
[INFO] [stdout]    |
[INFO] [stdout] 41 |     let cek = Key::<Aes128Gcm>::from_slice(&cek);
[INFO] [stdout]    |                                 ^^^^^^^^^^
[INFO] [stdout]    |
[INFO] [stdout]    = note: `#[warn(deprecated)]` on by default
[INFO] [stdout] 
[INFO] [stdout] 
[INFO] [stdout] warning: use of deprecated associated function `elliptic_curve::generic_array::GenericArray::<T, N>::from_slice`: please upgrade to generic-array 1.x
[INFO] [stdout]   --> src/rfc8188.rs:42:37
[INFO] [stdout]    |
[INFO] [stdout] 42 |     let nonce = Nonce::<Aes128Gcm>::from_slice(&nonce);
[INFO] [stdout]    |                                     ^^^^^^^^^^
[INFO] [stdout] 
[INFO] [stdout] 
[INFO] [stderr]     Finished `release` profile [optimized] target(s) in 2m 11s
[INFO] running `Command { std: "docker" "inspect" "796d43d56070ff8ee9e4c36304bc7ada0d202b4bf912c8b3d26517918c352ab5", kill_on_drop: false }`
[INFO] running `Command { std: "docker" "exec" "-e" "SOURCE_DIR=/opt/rustwide/workdir" "-e" "CARGO_HOME=/opt/rustwide/cargo-home" "-e" "RUSTUP_HOME=/opt/rustwide/rustup-home" "-e" "CARGO_TARGET_DIR=/opt/rustwide/target" "-e" "CARGO_INCREMENTAL=0" "-e" "RUST_BACKTRACE=full" "-e" "RUSTFLAGS=--cap-lints=warn" "-e" "RUSTDOCFLAGS=--cap-lints=warn" "-w" "/opt/rustwide/workdir" "--user" "0:0" "796d43d56070ff8ee9e4c36304bc7ada0d202b4bf912c8b3d26517918c352ab5" "/opt/rustwide/cargo-home/bin/cargo" "+1.100.0-beta.1" "test" "--frozen" "--no-run" "--message-format=json" "--release", kill_on_drop: false }`
[INFO] [stderr]    Compiling tracing v0.1.44
[INFO] [stderr]    Compiling tokio-macros v2.7.0
[INFO] [stderr]    Compiling serde v1.0.228
[INFO] [stderr]    Compiling axum-core v0.5.6
[INFO] [stderr]    Compiling tokio v1.52.3
[INFO] [stderr]    Compiling serdect v0.2.0
[INFO] [stderr]    Compiling url v2.5.8
[INFO] [stderr]    Compiling serde_urlencoded v0.7.1
[INFO] [stderr]    Compiling sec1 v0.7.3
[INFO] [stderr]    Compiling elliptic-curve v0.13.8
[INFO] [stderr]    Compiling ecdsa v0.16.9
[INFO] [stderr]    Compiling primeorder v0.13.6
[INFO] [stderr]    Compiling p384 v0.13.1
[INFO] [stderr]    Compiling p256 v0.13.2
[INFO] [stderr]    Compiling jsonwebtoken v10.4.0
[INFO] [stderr]    Compiling tokio-util v0.7.18
[INFO] [stderr]    Compiling tower v0.5.3
[INFO] [stderr]    Compiling tokio-rustls v0.26.4
[INFO] [stderr]    Compiling tower-http v0.6.11
[INFO] [stderr]    Compiling h2 v0.4.14
[INFO] [stderr]    Compiling hyper v1.9.0
[INFO] [stderr]    Compiling hyper-util v0.1.20
[INFO] [stderr]    Compiling hyper-rustls v0.27.9
[INFO] [stderr]    Compiling axum v0.8.9
[INFO] [stderr]    Compiling reqwest v0.13.3
[INFO] [stderr]    Compiling pushicino v1.0.1 (/opt/rustwide/workdir)
[INFO] [stdout] warning: use of deprecated associated function `elliptic_curve::generic_array::GenericArray::<T, N>::from_slice`: please upgrade to generic-array 1.x
[INFO] [stdout]   --> src/rfc8188.rs:41:33
[INFO] [stdout]    |
[INFO] [stdout] 41 |     let cek = Key::<Aes128Gcm>::from_slice(&cek);
[INFO] [stdout]    |                                 ^^^^^^^^^^
[INFO] [stdout]    |
[INFO] [stdout]    = note: `#[warn(deprecated)]` on by default
[INFO] [stdout] 
[INFO] [stdout] 
[INFO] [stdout] warning: use of deprecated associated function `elliptic_curve::generic_array::GenericArray::<T, N>::from_slice`: please upgrade to generic-array 1.x
[INFO] [stdout]   --> src/rfc8188.rs:42:37
[INFO] [stdout]    |
[INFO] [stdout] 42 |     let nonce = Nonce::<Aes128Gcm>::from_slice(&nonce);
[INFO] [stdout]    |                                     ^^^^^^^^^^
[INFO] [stdout] 
[INFO] [stdout] 
[INFO] [stdout] warning: unused import: `aes_gcm::aead::rand_core::RngCore`
[INFO] [stdout]  --> src/rfc8188.rs:1:5
[INFO] [stdout]   |
[INFO] [stdout] 1 | use aes_gcm::aead::rand_core::RngCore;
[INFO] [stdout]   |     ^^^^^^^^^^^^^^^^^^^^^^^^^^^^^^^^^
[INFO] [stdout]   |
[INFO] [stdout]   = note: `#[warn(unused_imports)]` (part of `#[warn(unused)]`) on by default
[INFO] [stdout] 
[INFO] [stdout] 
[INFO] [stdout] warning: unused import: `OsRng`
[INFO] [stdout]  --> src/rfc8188.rs:2:37
[INFO] [stdout]   |
[INFO] [stdout] 2 | use aes_gcm::aead::{AeadMut, Nonce, OsRng};
[INFO] [stdout]   |                                     ^^^^^
[INFO] [stdout] 
[INFO] [stdout] 
[INFO] [stdout] warning: use of deprecated associated function `elliptic_curve::generic_array::GenericArray::<T, N>::from_slice`: please upgrade to generic-array 1.x
[INFO] [stdout]   --> src/rfc8188.rs:41:33
[INFO] [stdout]    |
[INFO] [stdout] 41 |     let cek = Key::<Aes128Gcm>::from_slice(&cek);
[INFO] [stdout]    |                                 ^^^^^^^^^^
[INFO] [stdout]    |
[INFO] [stdout]    = note: `#[warn(deprecated)]` on by default
[INFO] [stdout] 
[INFO] [stdout] 
[INFO] [stdout] warning: use of deprecated associated function `elliptic_curve::generic_array::GenericArray::<T, N>::from_slice`: please upgrade to generic-array 1.x
[INFO] [stdout]   --> src/rfc8188.rs:42:37
[INFO] [stdout]    |
[INFO] [stdout] 42 |     let nonce = Nonce::<Aes128Gcm>::from_slice(&nonce);
[INFO] [stdout]    |                                     ^^^^^^^^^^
[INFO] [stdout] 
[INFO] [stdout] 
[INFO] [stderr]     Finished `release` profile [optimized] target(s) in 55.43s
[INFO] running `Command { std: "docker" "inspect" "796d43d56070ff8ee9e4c36304bc7ada0d202b4bf912c8b3d26517918c352ab5", kill_on_drop: false }`
[INFO] running `Command { std: "docker" "exec" "-e" "SOURCE_DIR=/opt/rustwide/workdir" "-e" "CARGO_HOME=/opt/rustwide/cargo-home" "-e" "RUSTUP_HOME=/opt/rustwide/rustup-home" "-e" "CARGO_TARGET_DIR=/opt/rustwide/target" "-e" "CARGO_INCREMENTAL=0" "-e" "RUST_BACKTRACE=full" "-e" "RUSTFLAGS=--cap-lints=warn" "-e" "RUSTDOCFLAGS=--cap-lints=warn" "-w" "/opt/rustwide/workdir" "--user" "0:0" "796d43d56070ff8ee9e4c36304bc7ada0d202b4bf912c8b3d26517918c352ab5" "/opt/rustwide/cargo-home/bin/cargo" "+1.100.0-beta.1" "test" "--frozen" "--release", kill_on_drop: false }`
[INFO] [stderr] warning: use of deprecated associated function `elliptic_curve::generic_array::GenericArray::<T, N>::from_slice`: please upgrade to generic-array 1.x
[INFO] [stderr]   --> src/rfc8188.rs:41:33
[INFO] [stderr]    |
[INFO] [stderr] 41 |     let cek = Key::<Aes128Gcm>::from_slice(&cek);
[INFO] [stderr]    |                                 ^^^^^^^^^^
[INFO] [stderr]    |
[INFO] [stderr]    = note: `#[warn(deprecated)]` on by default
[INFO] [stderr] 
[INFO] [stderr] warning: use of deprecated associated function `elliptic_curve::generic_array::GenericArray::<T, N>::from_slice`: please upgrade to generic-array 1.x
[INFO] [stderr]   --> src/rfc8188.rs:42:37
[INFO] [stderr]    |
[INFO] [stderr] 42 |     let nonce = Nonce::<Aes128Gcm>::from_slice(&nonce);
[INFO] [stderr]    |                                     ^^^^^^^^^^
[INFO] [stderr] 
[INFO] [stderr] warning: unused import: `aes_gcm::aead::rand_core::RngCore`
[INFO] [stderr]  --> src/rfc8188.rs:1:5
[INFO] [stderr]   |
[INFO] [stderr] 1 | use aes_gcm::aead::rand_core::RngCore;
[INFO] [stderr]   |     ^^^^^^^^^^^^^^^^^^^^^^^^^^^^^^^^^
[INFO] [stderr]   |
[INFO] [stderr]   = note: `#[warn(unused_imports)]` (part of `#[warn(unused)]`) on by default
[INFO] [stderr] 
[INFO] [stderr] warning: unused import: `OsRng`
[INFO] [stderr]  --> src/rfc8188.rs:2:37
[INFO] [stderr]   |
[INFO] [stderr] 2 | use aes_gcm::aead::{AeadMut, Nonce, OsRng};
[INFO] [stderr]   |                                     ^^^^^
[INFO] [stderr] 
[INFO] [stderr] warning: `pushicino` (lib) generated 2 warnings
[INFO] [stderr] warning: `pushicino` (lib test) generated 4 warnings (2 duplicates) (run `cargo fix --lib -p pushicino --tests` to apply 2 suggestions)
[INFO] [stderr]     Finished `release` profile [optimized] target(s) in 0.26s
[INFO] [stderr]      Running unittests src/lib.rs (/opt/rustwide/target/release/build/pushicino/1deaf92cc6340263/out/pushicino-1deaf92cc6340263)
[INFO] [stdout] 
[INFO] [stdout] running 2 tests
[INFO] [stdout] test rfc8188::tests::test_encode ... ok
[INFO] [stdout] test tests::test_send ... FAILED
[INFO] [stdout] 
[INFO] [stdout] failures:
[INFO] [stdout] 
[INFO] [stdout] ---- tests::test_send stdout ----
[INFO] [stdout] 
[INFO] [stdout] thread 'tests::test_send' (3236) panicked at src/lib.rs:299:58:
[INFO] [stdout] called `Result::unwrap()` on an `Err` value: InvalidKeyFormat(Error)
[INFO] [stdout] stack backtrace:
[INFO] [stdout]    0:     0x5cf9a3cc0951 - <<std[617be2ca0a6fd877]::sys::backtrace::BacktraceLock>::print::DisplayBacktrace as core[a373ad73a504971]::fmt::Display>::fmt
[INFO] [stdout]    1:     0x5cf9a3cd782a - core[a373ad73a504971]::fmt::write
[INFO] [stdout]    2:     0x5cf9a3cc575c - <alloc[2e1b2a31b91974c5]::vec::Vec<u8> as core[a373ad73a504971]::io::write::Write>::write_fmt
[INFO] [stdout]    3:     0x5cf9a3c9b246 - std[617be2ca0a6fd877]::panicking::default_hook::{closure#0}
[INFO] [stdout]    4:     0x5cf9a3cb82d9 - std[617be2ca0a6fd877]::panicking::default_hook
[INFO] [stdout]    5:     0x5cf9a37c10e0 - test[aada8e7e76ba119b]::test_main_inner::{closure#0}
[INFO] [stdout]    6:     0x5cf9a3cb8602 - std[617be2ca0a6fd877]::panicking::panic_with_hook
[INFO] [stdout]    7:     0x5cf9a3c9b2f2 - std[617be2ca0a6fd877]::panicking::panic_handler::{closure#0}
[INFO] [stdout]    8:     0x5cf9a3c93cf9 - std[617be2ca0a6fd877]::sys::backtrace::__rust_end_short_backtrace::<std[617be2ca0a6fd877]::panicking::panic_handler::{closure#0}, !>
[INFO] [stdout]    9:     0x5cf9a3c9c0ed - __rustc[ea4f61d10b84890b]::rust_begin_unwind
[INFO] [stdout]   10:     0x5cf9a3cd7f8c - core[a373ad73a504971]::panicking::panic_fmt
[INFO] [stdout]   11:     0x5cf9a3cd7d62 - core[a373ad73a504971]::result::unwrap_failed
[INFO] [stdout]   12:     0x5cf9a379711e - pushicino[c6540efb046cc166]::tests::test_send::{closure#0}
[INFO] [stdout]   13:     0x5cf9a37aada8 - <tokio[fca5f3749072d5e3]::runtime::context::scoped::Scoped<tokio[fca5f3749072d5e3]::runtime::scheduler::Context>>::set::<<tokio[fca5f3749072d5e3]::runtime::scheduler::current_thread::CoreGuard>::enter<<tokio[fca5f3749072d5e3]::runtime::scheduler::current_thread::CoreGuard>::block_on<core[a373ad73a504971]::pin::Pin<&mut core[a373ad73a504971]::pin::Pin<&mut dyn core[a373ad73a504971]::future::future::Future<Output = ()>>>>::{closure#0}, core[a373ad73a504971]::option::Option<()>>::{closure#0}, (alloc[2e1b2a31b91974c5]::boxed::Box<tokio[fca5f3749072d5e3]::runtime::scheduler::current_thread::Core>, core[a373ad73a504971]::option::Option<()>)>
[INFO] [stdout]   14:     0x5cf9a37ab533 - <tokio[fca5f3749072d5e3]::runtime::scheduler::current_thread::CurrentThread>::block_on::<core[a373ad73a504971]::pin::Pin<&mut dyn core[a373ad73a504971]::future::future::Future<Output = ()>>>
[INFO] [stdout]   15:     0x5cf9a37a57bd - <tokio[fca5f3749072d5e3]::runtime::runtime::Runtime>::block_on::<core[a373ad73a504971]::pin::Pin<&mut dyn core[a373ad73a504971]::future::future::Future<Output = ()>>>
[INFO] [stdout]   16:     0x5cf9a3797c8b - <pushicino[c6540efb046cc166]::tests::test_send::{closure#0} as core[a373ad73a504971]::ops::function::FnOnce<()>>::call_once
[INFO] [stdout]   17:     0x5cf9a37b452b - test[aada8e7e76ba119b]::__rust_begin_short_backtrace::<core[a373ad73a504971]::result::Result<(), alloc[2e1b2a31b91974c5]::string::String>, fn() -> core[a373ad73a504971]::result::Result<(), alloc[2e1b2a31b91974c5]::string::String>>
[INFO] [stdout]   18:     0x5cf9a37c1705 - test[aada8e7e76ba119b]::run_test::{closure#0}
[INFO] [stdout]   19:     0x5cf9a37baff4 - std[617be2ca0a6fd877]::sys::backtrace::__rust_begin_short_backtrace::<test[aada8e7e76ba119b]::run_test::{closure#1}, ()>
[INFO] [stdout]   20:     0x5cf9a37c4792 - <std[617be2ca0a6fd877]::thread::lifecycle::spawn_unchecked<test[aada8e7e76ba119b]::run_test::{closure#1}, ()>::{closure#1} as core[a373ad73a504971]::ops::function::FnOnce<()>>::call_once::{shim:vtable#0}
[INFO] [stdout]   21:     0x5cf9a3cbfa9f - <std[617be2ca0a6fd877]::sys::thread::unix::Thread>::new::thread_start
[INFO] [stdout]   22:     0x77d5998bddfa - <unknown>
[INFO] [stdout]   23:     0x77d5999513d4 - clone
[INFO] [stdout]   24:                0x0 - <unknown>
[INFO] [stdout] 
[INFO] [stdout] 
[INFO] [stdout] failures:
[INFO] [stdout]     tests::test_send
[INFO] [stdout] 
[INFO] [stdout] test result: FAILED. 1 passed; 1 failed; 0 ignored; 0 measured; 0 filtered out; finished in 0.00s
[INFO] [stdout] 
[INFO] [stderr] error: test failed, to rerun pass `--lib`
[INFO] running `Command { std: "docker" "inspect" "796d43d56070ff8ee9e4c36304bc7ada0d202b4bf912c8b3d26517918c352ab5", kill_on_drop: false }`
[INFO] running `Command { std: "docker" "rm" "-f" "796d43d56070ff8ee9e4c36304bc7ada0d202b4bf912c8b3d26517918c352ab5", kill_on_drop: false }`
[INFO] [stdout] 796d43d56070ff8ee9e4c36304bc7ada0d202b4bf912c8b3d26517918c352ab5
