[INFO] fetching crate pure-stage 0.1.2...
[INFO] testing pure-stage-0.1.2 against 1.100.0-beta.1+cargoflags=--release for beta-release-1.100-2
[INFO] extracting crate pure-stage 0.1.2 into /workspace/builds/worker-7-tc2/source
[INFO] started tweaking crates.io crate pure-stage 0.1.2
[INFO] removed 0 missing tests
[INFO] finished tweaking crates.io crate pure-stage 0.1.2
[INFO] tweaked toml for crates.io crate pure-stage 0.1.2 written to /workspace/builds/worker-7-tc2/source/Cargo.toml
[INFO] validating manifest of crates.io crate pure-stage 0.1.2 on toolchain 1.100.0-beta.1
[INFO] running `Command { std: CARGO_HOME="/workspace/cargo-home" RUSTUP_HOME="/workspace/rustup-home" "/workspace/cargo-home/bin/cargo" "+1.100.0-beta.1" "metadata" "--manifest-path" "Cargo.toml" "--no-deps", kill_on_drop: false }`
[INFO] crate crates.io crate pure-stage 0.1.2 already has a lockfile, it will not be regenerated
[INFO] running `Command { std: CARGO_HOME="/workspace/cargo-home" RUSTUP_HOME="/workspace/rustup-home" "/workspace/cargo-home/bin/cargo" "+1.100.0-beta.1" "fetch" "--manifest-path" "Cargo.toml", kill_on_drop: false }`
[INFO] [stderr] warning: Cargo.toml: `lints.rust.future-incompatible` is deprecated in favor of `lints.rust.future_incompatible` and will not work in a future edition
[INFO] [stderr] warning: Cargo.toml: `lints.rust.nonstandard-style` is deprecated in favor of `lints.rust.nonstandard_style` and will not work in a future edition
[INFO] [stderr] warning: Cargo.toml: `lints.rust.rust-2018-compatibility` is deprecated in favor of `lints.rust.rust_2018_compatibility` and will not work in a future edition
[INFO] [stderr] warning: Cargo.toml: `lints.rust.rust-2018-idioms` is deprecated in favor of `lints.rust.rust_2018_idioms` and will not work in a future edition
[INFO] [stderr] warning: Cargo.toml: `lints.rust.rust-2021-compatibility` is deprecated in favor of `lints.rust.rust_2021_compatibility` and will not work in a future edition
[INFO] [stderr] warning: `package.homepage` is redundant with `package.repository`
[INFO] [stderr]    --> Cargo.toml:107:12
[INFO] [stderr]     |
[INFO] [stderr] 107 | homepage = "https://github.com/pragma-org/amaru"
[INFO] [stderr]     |            ^^^^^^^^^^^^^^^^^^^^^^^^^^^^^^^^^^^^^
[INFO] [stderr] ...
[INFO] [stderr] 112 | repository = "https://github.com/pragma-org/amaru"
[INFO] [stderr]     |              -------------------------------------
[INFO] [stderr]     |
[INFO] [stderr]     = note: `cargo::redundant_homepage` is set to `warn` by default
[INFO] [stderr] help: consider removing `package.homepage`
[INFO] [stderr] warning: `pure-stage` (manifest) generated 6 warnings
[INFO] running `Command { std: "docker" "create" "-v" "/var/lib/crater-agent-workspace/builds/worker-7-tc2/source:/opt/rustwide/workdir:ro,Z" "-v" "/var/lib/crater-agent-workspace/builds/worker-7-tc2/target:/opt/rustwide/target:rw,Z" "-v" "/var/lib/crater-agent-workspace/cargo-home:/opt/rustwide/cargo-home:ro,Z" "-v" "/var/lib/crater-agent-workspace/rustup-home:/opt/rustwide/rustup-home:ro,Z" "-m" "1610612736" "--network" "none" "ghcr.io/rust-lang/crates-build-env/linux@sha256:77db811e55d90add9212f6832c23229e3de5f1c1f9905e8cb07319ea15df73ac" "sleep" "infinity", kill_on_drop: false }`
[INFO] [stdout] 6499a89ad49a6e17bc4767e761275c876047ddb8ba734a6031cc187643f4b252
[INFO] running `Command { std: "docker" "start" "6499a89ad49a6e17bc4767e761275c876047ddb8ba734a6031cc187643f4b252", kill_on_drop: false }`
[INFO] running `Command { std: "docker" "inspect" "6499a89ad49a6e17bc4767e761275c876047ddb8ba734a6031cc187643f4b252", kill_on_drop: false }`
[INFO] running `Command { std: "docker" "exec" "-e" "SOURCE_DIR=/opt/rustwide/workdir" "-e" "CARGO_HOME=/opt/rustwide/cargo-home" "-e" "RUSTUP_HOME=/opt/rustwide/rustup-home" "-e" "CARGO_TARGET_DIR=/opt/rustwide/target" "-w" "/opt/rustwide/workdir" "--user" "0:0" "6499a89ad49a6e17bc4767e761275c876047ddb8ba734a6031cc187643f4b252" "/opt/rustwide/cargo-home/bin/cargo" "+1.100.0-beta.1" "metadata" "--no-deps" "--format-version=1", kill_on_drop: false }`
[INFO] running `Command { std: "docker" "inspect" "6499a89ad49a6e17bc4767e761275c876047ddb8ba734a6031cc187643f4b252", kill_on_drop: false }`
[INFO] running `Command { std: "docker" "exec" "-e" "SOURCE_DIR=/opt/rustwide/workdir" "-e" "CARGO_HOME=/opt/rustwide/cargo-home" "-e" "RUSTUP_HOME=/opt/rustwide/rustup-home" "-e" "CARGO_TARGET_DIR=/opt/rustwide/target" "-e" "CARGO_INCREMENTAL=0" "-e" "RUST_BACKTRACE=full" "-e" "RUSTFLAGS=--cap-lints=warn" "-e" "RUSTDOCFLAGS=--cap-lints=warn" "-w" "/opt/rustwide/workdir" "--user" "0:0" "6499a89ad49a6e17bc4767e761275c876047ddb8ba734a6031cc187643f4b252" "/opt/rustwide/cargo-home/bin/cargo" "+1.100.0-beta.1" "build" "--frozen" "--message-format=json" "--release", kill_on_drop: false }`
[INFO] [stderr] warning: Cargo.toml: `lints.rust.future-incompatible` is deprecated in favor of `lints.rust.future_incompatible` and will not work in a future edition
[INFO] [stderr] warning: Cargo.toml: `lints.rust.nonstandard-style` is deprecated in favor of `lints.rust.nonstandard_style` and will not work in a future edition
[INFO] [stderr] warning: Cargo.toml: `lints.rust.rust-2018-compatibility` is deprecated in favor of `lints.rust.rust_2018_compatibility` and will not work in a future edition
[INFO] [stderr] warning: Cargo.toml: `lints.rust.rust-2018-idioms` is deprecated in favor of `lints.rust.rust_2018_idioms` and will not work in a future edition
[INFO] [stderr] warning: Cargo.toml: `lints.rust.rust-2021-compatibility` is deprecated in favor of `lints.rust.rust_2021_compatibility` and will not work in a future edition
[INFO] [stderr] warning: `package.homepage` is redundant with `package.repository`
[INFO] [stderr]    --> Cargo.toml:107:12
[INFO] [stderr]     |
[INFO] [stderr] 107 | homepage = "https://github.com/pragma-org/amaru"
[INFO] [stderr]     |            ^^^^^^^^^^^^^^^^^^^^^^^^^^^^^^^^^^^^^
[INFO] [stderr] ...
[INFO] [stderr] 112 | repository = "https://github.com/pragma-org/amaru"
[INFO] [stderr]     |              -------------------------------------
[INFO] [stderr]     |
[INFO] [stderr]     = note: `cargo::redundant_homepage` is set to `warn` by default
[INFO] [stderr] help: consider removing `package.homepage`
[INFO] [stderr] warning: `pure-stage` (manifest) generated 6 warnings
[INFO] [stderr]    Compiling proc-macro2 v1.0.103
[INFO] [stderr]    Compiling unicode-ident v1.0.22
[INFO] [stderr]    Compiling quote v1.0.42
[INFO] [stderr]    Compiling getrandom v0.3.4
[INFO] [stderr]    Compiling zerocopy v0.8.31
[INFO] [stderr]    Compiling tracing-core v0.1.36
[INFO] [stderr]    Compiling erased-serde v0.4.9
[INFO] [stderr]    Compiling regex-syntax v0.8.8
[INFO] [stderr]    Compiling serde_json v1.0.145
[INFO] [stderr]    Compiling inventory v0.3.21
[INFO] [stderr]    Compiling thiserror v2.0.17
[INFO] [stderr]    Compiling ryu v1.0.20
[INFO] [stderr]    Compiling typetag v0.2.21
[INFO] [stderr]    Compiling rand_core v0.9.3
[INFO] [stderr]    Compiling anyhow v1.0.101
[INFO] [stderr]    Compiling memchr v2.7.6
[INFO] [stderr]    Compiling tracing-log v0.2.0
[INFO] [stderr]    Compiling parking_lot_core v0.9.12
[INFO] [stderr]    Compiling futures-core v0.3.31
[INFO] [stderr]    Compiling syn v2.0.111
[INFO] [stderr]    Compiling parking_lot v0.12.5
[INFO] [stderr]    Compiling regex-automata v0.4.13
[INFO] [stderr]    Compiling ppv-lite86 v0.2.21
[INFO] [stderr]    Compiling rand_chacha v0.9.0
[INFO] [stderr]    Compiling rand v0.9.2
[INFO] [stderr]    Compiling matchers v0.2.0
[INFO] [stderr]    Compiling serde_derive v1.0.228
[INFO] [stderr]    Compiling tracing-attributes v0.1.31
[INFO] [stderr]    Compiling amaru-observability-macros v0.1.2
[INFO] [stderr]    Compiling tokio-macros v2.6.0
[INFO] [stderr]    Compiling typetag-impl v0.2.21
[INFO] [stderr]    Compiling futures-macro v0.3.31
[INFO] [stderr]    Compiling thiserror-impl v2.0.17
[INFO] [stderr]    Compiling tokio v1.48.0
[INFO] [stderr]    Compiling futures-util v0.3.31
[INFO] [stderr]    Compiling amaru-observability v0.1.2
[INFO] [stderr]    Compiling tracing v0.1.44
[INFO] [stderr]    Compiling serde v1.0.228
[INFO] [stderr]    Compiling tracing-serde v0.2.0
[INFO] [stderr]    Compiling tracing-subscriber v0.3.22
[INFO] [stderr]    Compiling cbor4ii v1.2.2
[INFO] [stderr]    Compiling pure-stage v0.1.2 (/opt/rustwide/workdir)
[INFO] [stderr]     Finished `release` profile [optimized] target(s) in 1m 21s
[INFO] running `Command { std: "docker" "inspect" "6499a89ad49a6e17bc4767e761275c876047ddb8ba734a6031cc187643f4b252", kill_on_drop: false }`
[INFO] running `Command { std: "docker" "exec" "-e" "SOURCE_DIR=/opt/rustwide/workdir" "-e" "CARGO_HOME=/opt/rustwide/cargo-home" "-e" "RUSTUP_HOME=/opt/rustwide/rustup-home" "-e" "CARGO_TARGET_DIR=/opt/rustwide/target" "-e" "CARGO_INCREMENTAL=0" "-e" "RUST_BACKTRACE=full" "-e" "RUSTFLAGS=--cap-lints=warn" "-e" "RUSTDOCFLAGS=--cap-lints=warn" "-w" "/opt/rustwide/workdir" "--user" "0:0" "6499a89ad49a6e17bc4767e761275c876047ddb8ba734a6031cc187643f4b252" "/opt/rustwide/cargo-home/bin/cargo" "+1.100.0-beta.1" "test" "--frozen" "--no-run" "--message-format=json" "--release", kill_on_drop: false }`
[INFO] [stderr] warning: Cargo.toml: `lints.rust.future-incompatible` is deprecated in favor of `lints.rust.future_incompatible` and will not work in a future edition
[INFO] [stderr] warning: Cargo.toml: `lints.rust.nonstandard-style` is deprecated in favor of `lints.rust.nonstandard_style` and will not work in a future edition
[INFO] [stderr] warning: Cargo.toml: `lints.rust.rust-2018-compatibility` is deprecated in favor of `lints.rust.rust_2018_compatibility` and will not work in a future edition
[INFO] [stderr] warning: Cargo.toml: `lints.rust.rust-2018-idioms` is deprecated in favor of `lints.rust.rust_2018_idioms` and will not work in a future edition
[INFO] [stderr] warning: Cargo.toml: `lints.rust.rust-2021-compatibility` is deprecated in favor of `lints.rust.rust_2021_compatibility` and will not work in a future edition
[INFO] [stderr] warning: `package.homepage` is redundant with `package.repository`
[INFO] [stderr]    --> Cargo.toml:107:12
[INFO] [stderr]     |
[INFO] [stderr] 107 | homepage = "https://github.com/pragma-org/amaru"
[INFO] [stderr]     |            ^^^^^^^^^^^^^^^^^^^^^^^^^^^^^^^^^^^^^
[INFO] [stderr] ...
[INFO] [stderr] 112 | repository = "https://github.com/pragma-org/amaru"
[INFO] [stderr]     |              -------------------------------------
[INFO] [stderr]     |
[INFO] [stderr]     = note: `cargo::redundant_homepage` is set to `warn` by default
[INFO] [stderr] help: consider removing `package.homepage`
[INFO] [stderr] warning: `pure-stage` (manifest) generated 6 warnings
[INFO] [stderr]    Compiling tokio v1.48.0
[INFO] [stderr]    Compiling yansi v1.0.1
[INFO] [stderr]    Compiling diff v0.1.13
[INFO] [stderr]    Compiling pretty_assertions v1.4.1
[INFO] [stderr]    Compiling pure-stage v0.1.2 (/opt/rustwide/workdir)
[INFO] [stderr]     Finished `release` profile [optimized] target(s) in 1m 25s
[INFO] running `Command { std: "docker" "inspect" "6499a89ad49a6e17bc4767e761275c876047ddb8ba734a6031cc187643f4b252", kill_on_drop: false }`
[INFO] running `Command { std: "docker" "exec" "-e" "SOURCE_DIR=/opt/rustwide/workdir" "-e" "CARGO_HOME=/opt/rustwide/cargo-home" "-e" "RUSTUP_HOME=/opt/rustwide/rustup-home" "-e" "CARGO_TARGET_DIR=/opt/rustwide/target" "-e" "CARGO_INCREMENTAL=0" "-e" "RUST_BACKTRACE=full" "-e" "RUSTFLAGS=--cap-lints=warn" "-e" "RUSTDOCFLAGS=--cap-lints=warn" "-w" "/opt/rustwide/workdir" "--user" "0:0" "6499a89ad49a6e17bc4767e761275c876047ddb8ba734a6031cc187643f4b252" "/opt/rustwide/cargo-home/bin/cargo" "+1.100.0-beta.1" "test" "--frozen" "--release", kill_on_drop: false }`
[INFO] [stderr] warning: Cargo.toml: `lints.rust.future-incompatible` is deprecated in favor of `lints.rust.future_incompatible` and will not work in a future edition
[INFO] [stderr] warning: Cargo.toml: `lints.rust.nonstandard-style` is deprecated in favor of `lints.rust.nonstandard_style` and will not work in a future edition
[INFO] [stderr] warning: Cargo.toml: `lints.rust.rust-2018-compatibility` is deprecated in favor of `lints.rust.rust_2018_compatibility` and will not work in a future edition
[INFO] [stderr] warning: Cargo.toml: `lints.rust.rust-2018-idioms` is deprecated in favor of `lints.rust.rust_2018_idioms` and will not work in a future edition
[INFO] [stderr] warning: Cargo.toml: `lints.rust.rust-2021-compatibility` is deprecated in favor of `lints.rust.rust_2021_compatibility` and will not work in a future edition
[INFO] [stderr] warning: `package.homepage` is redundant with `package.repository`
[INFO] [stderr]    --> Cargo.toml:107:12
[INFO] [stderr]     |
[INFO] [stderr] 107 | homepage = "https://github.com/pragma-org/amaru"
[INFO] [stderr]     |            ^^^^^^^^^^^^^^^^^^^^^^^^^^^^^^^^^^^^^
[INFO] [stderr] ...
[INFO] [stderr] 112 | repository = "https://github.com/pragma-org/amaru"
[INFO] [stderr]     |              -------------------------------------
[INFO] [stderr]     |
[INFO] [stderr]     = note: `cargo::redundant_homepage` is set to `warn` by default
[INFO] [stderr] help: consider removing `package.homepage`
[INFO] [stderr] warning: `pure-stage` (manifest) generated 6 warnings
[INFO] [stderr]     Finished `release` profile [optimized] target(s) in 0.15s
[INFO] [stderr]      Running unittests src/lib.rs (/opt/rustwide/target/release/build/pure-stage/c73c6d382b84eea7/out/pure_stage-c73c6d382b84eea7)
[INFO] [stdout] 
[INFO] [stdout] running 20 tests
[INFO] [stdout] test resources::tests::test_resources ... ok
[INFO] [stdout] test serde::test_send_data::test_tuple ... ok
[INFO] [stdout] test logging::layer::tests::test_cbor_tracing ... ok
[INFO] [stdout] test serde::test_send_data::test_enum_a ... ok
[INFO] [stdout] test logging::layer::tests::fix_representation ... ok
[INFO] [stdout] test serde::test_send_data::test_struct ... ok
[INFO] [stdout] test serde::test_send_data::test_enum_b ... ok
[INFO] [stdout] test effect::unknown_external_effect ... ok
[INFO] [stdout] test simulation::running::scheduled_runnables::tests::next_wakeup_time_is_the_smallest_time ... ok
[INFO] [stdout] test simulation::running::scheduled_runnables::tests::remove_by_schedule_id_removes_only_the_matching_entry_even_with_same_time ... ok
[INFO] [stdout] test simulation::running::scheduled_runnables::tests::wakeup_with_max_time_and_no_due_entries_returns_empty_and_max_time ... ok
[INFO] [stdout] test simulation::running::scheduled_runnables::tests::wakeup_with_no_max_time_only_removes_the_first_runnables_and_their_time ... ok
[INFO] [stdout] test simulation::running::scheduled_runnables::tests::wakeup_with_max_time_only_removes_only_the_first_runnables ... ok
[INFO] [stdout] test simulation::running::simulation_invariants ... ok
[INFO] [stdout] test stage_ref::stage_ref ... ok
[INFO] [stdout] test time::instant ... ok
[INFO] [stdout] test trace_buffer::tests::test_serialization ... ok
[INFO] [stdout] test types::test::try_in_stage_option ... ok
[INFO] [stdout] test types::test::try_in_stage_result ... ok
[INFO] [stderr]      Running tests/functional.rs (/opt/rustwide/target/release/build/pure-stage/4480919aec57e5a0/out/functional-4480919aec57e5a0)
[INFO] [stdout] test types::test::message ... ok
[INFO] [stdout] 
[INFO] [stdout] test result: ok. 20 passed; 0 failed; 0 ignored; 0 measured; 0 filtered out; finished in 0.02s
[INFO] [stdout] 
[INFO] [stdout] 
[INFO] [stdout] running 7 tests
[INFO] [stdout] test send ... ok
[INFO] [stdout] test supervision ... FAILED
[INFO] [stdout] test external_effect ... ok
[INFO] [stdout] test call_then_terminate ... ok
[INFO] [stdout] test scheduling ... ok
[INFO] [stdout] test caller_already_terminated ... ok
[INFO] [stdout] test clock_wait_then_terminate ... ok
[INFO] [stdout] 
[INFO] [stdout] failures:
[INFO] [stdout] 
[INFO] [stdout] ---- supervision stdout ----
[INFO] [stdout] [2m2026-10-18T14:37:03.073034Z[0m [31mERROR[0m [2mpure_stage::simulation::running::resume[0m[2m:[0m terminating simulation due to unsupervised stage termination [3mat_stage[0m[2m=[0mtrigger-1
[INFO] [stdout] 
[INFO] [stdout] thread 'supervision' (1322) panicked at tests/functional.rs:448:5:
[INFO] [stdout] trace entries differ:
[INFO] [stdout] stage c-5:
[INFO] [stdout] [1mDiff[0m [31m< left[0m / [32mright >[0m :
[INFO] [stdout]  [
[INFO] [stdout]      State {
[INFO] [stdout]          stage: Name(
[INFO] [stdout]              "c-5",
[INFO] [stdout]          ),
[INFO] [stdout]          state: SendDataValue {
[INFO] [stdout]              typetag: "pure_stage::stage_ref::StageRef<u32>",
[INFO] [stdout]              value: Map(
[INFO] [stdout]                  [
[INFO] [stdout]                      (
[INFO] [stdout]                          Text(
[INFO] [stdout]                              "name",
[INFO] [stdout]                          ),
[INFO] [stdout]                          Text(
[INFO] [stdout]                              "child-2",
[INFO] [stdout]                          ),
[INFO] [stdout]                      ),
[INFO] [stdout]                  ],
[INFO] [stdout]              ),
[INFO] [stdout]          },
[INFO] [stdout]      },
[INFO] [stdout]      Input {
[INFO] [stdout]          stage: Name(
[INFO] [stdout]              "c-5",
[INFO] [stdout]          ),
[INFO] [stdout]          input: SendDataValue {
[INFO] [stdout]              typetag: "u32",
[INFO] [stdout]              value: Integer(
[INFO] [stdout]                  42,
[INFO] [stdout]              ),
[INFO] [stdout]          },
[INFO] [stdout]      },
[INFO] [stdout]      Resume {
[INFO] [stdout]          stage: Name(
[INFO] [stdout]              "c-5",
[INFO] [stdout]          ),
[INFO] [stdout]          response: Unit,
[INFO] [stdout]      },
[INFO] [stdout]      Suspend(
[INFO] [stdout]          Send {
[INFO] [stdout]              from: Name(
[INFO] [stdout]                  "c-5",
[INFO] [stdout]              ),
[INFO] [stdout]              to: Name(
[INFO] [stdout]                  "child-2",
[INFO] [stdout]              ),
[INFO] [stdout]              msg: SendDataValue {
[INFO] [stdout]                  typetag: "u32",
[INFO] [stdout]                  value: Integer(
[INFO] [stdout]                      42,
[INFO] [stdout]                  ),
[INFO] [stdout]              },
[INFO] [stdout]          },
[INFO] [stdout]      ),
[INFO] [stdout]      Resume {
[INFO] [stdout]          stage: Name(
[INFO] [stdout]              "c-5",
[INFO] [stdout]          ),
[INFO] [stdout]          response: Unit,
[INFO] [stdout]      },
[INFO] [stdout]      State {
[INFO] [stdout]          stage: Name(
[INFO] [stdout]              "c-5",
[INFO] [stdout]          ),
[INFO] [stdout]          state: SendDataValue {
[INFO] [stdout]              typetag: "pure_stage::stage_ref::StageRef<u32>",
[INFO] [stdout]              value: Map(
[INFO] [stdout]                  [
[INFO] [stdout]                      (
[INFO] [stdout]                          Text(
[INFO] [stdout]                              "name",
[INFO] [stdout]                          ),
[INFO] [stdout]                          Text(
[INFO] [stdout]                              "child-2",
[INFO] [stdout]                          ),
[INFO] [stdout]                      ),
[INFO] [stdout]                  ],
[INFO] [stdout]              ),
[INFO] [stdout]          },
[INFO] [stdout]      },
[INFO] [stdout] [32m>    Terminated {[0m
[INFO] [stdout] [32m>        stage: Name([0m
[INFO] [stdout] [32m>            "c-5",[0m
[INFO] [stdout] [32m>        ),[0m
[INFO] [stdout] [32m>        reason: Aborted,[0m
[INFO] [stdout] [32m>    },[0m
[INFO] [stdout]  ]
[INFO] [stdout] 
[INFO] [stdout] 
[INFO] [stdout] 
[INFO] [stdout] actual entries
[INFO] [stdout] 
[INFO] [stdout] State { stage: Name("trigger-1"), state: SendDataValue { typetag: "()", value: Array([]) } }
[INFO] [stdout] Input { stage: Name("trigger-1"), input: SendDataValue { typetag: "u32", value: Integer(1) } }
[INFO] [stdout] Resume { stage: Name("trigger-1"), response: Unit }
[INFO] [stdout] Suspend(AddStage { at_stage: Name("trigger-1"), name: Name("child") })
[INFO] [stdout] Resume { stage: Name("trigger-1"), response: AddStageResponse(Name("child-2")) }
[INFO] [stdout] Suspend(WireStage { at_stage: Name("trigger-1"), name: Name("child-2"), initial_state: SendDataValue { typetag: "(pure_stage::stage_ref::StageRef<u32>, pure_stage::stage_ref::StageRef<u32>)", value: Array([Map([(Text("name"), Text(""))]), Map([(Text("name"), Text(""))])]) }, tombstone: SendDataValue { typetag: "pure_stage::effect::CanSupervise", value: Text("child-2") } })
[INFO] [stdout] Resume { stage: Name("trigger-1"), response: Unit }
[INFO] [stdout] Suspend(Send { from: Name("trigger-1"), to: Name("child-2"), msg: SendDataValue { typetag: "u32", value: Integer(1) } })
[INFO] [stdout] Resume { stage: Name("trigger-1"), response: Unit }
[INFO] [stdout] State { stage: Name("trigger-1"), state: SendDataValue { typetag: "()", value: Array([]) } }
[INFO] [stdout] State { stage: Name("child-2"), state: SendDataValue { typetag: "(pure_stage::stage_ref::StageRef<u32>, pure_stage::stage_ref::StageRef<u32>)", value: Array([Map([(Text("name"), Text(""))]), Map([(Text("name"), Text(""))])]) } }
[INFO] [stdout] Input { stage: Name("child-2"), input: SendDataValue { typetag: "u32", value: Integer(1) } }
[INFO] [stdout] Resume { stage: Name("child-2"), response: Unit }
[INFO] [stdout] Suspend(AddStage { at_stage: Name("child-2"), name: Name("a") })
[INFO] [stdout] Resume { stage: Name("child-2"), response: AddStageResponse(Name("a-3")) }
[INFO] [stdout] Suspend(WireStage { at_stage: Name("child-2"), name: Name("a-3"), initial_state: SendDataValue { typetag: "()", value: Array([]) }, tombstone: SendDataValue { typetag: "u32", value: Integer(2) } })
[INFO] [stdout] Resume { stage: Name("child-2"), response: Unit }
[INFO] [stdout] Suspend(AddStage { at_stage: Name("child-2"), name: Name("b") })
[INFO] [stdout] Resume { stage: Name("child-2"), response: AddStageResponse(Name("b-4")) }
[INFO] [stdout] Suspend(WireStage { at_stage: Name("child-2"), name: Name("b-4"), initial_state: SendDataValue { typetag: "()", value: Array([]) }, tombstone: SendDataValue { typetag: "pure_stage::effect::CanSupervise", value: Text("b-4") } })
[INFO] [stdout] Resume { stage: Name("child-2"), response: Unit }
[INFO] [stdout] Suspend(AddStage { at_stage: Name("child-2"), name: Name("c") })
[INFO] [stdout] Resume { stage: Name("child-2"), response: AddStageResponse(Name("c-5")) }
[INFO] [stdout] Suspend(WireStage { at_stage: Name("child-2"), name: Name("c-5"), initial_state: SendDataValue { typetag: "pure_stage::stage_ref::StageRef<u32>", value: Map([(Text("name"), Text("child-2"))]) }, tombstone: SendDataValue { typetag: "pure_stage::effect::CanSupervise", value: Text("c-5") } })
[INFO] [stdout] Resume { stage: Name("child-2"), response: Unit }
[INFO] [stdout] Suspend(Send { from: Name("child-2"), to: Name("c-5"), msg: SendDataValue { typetag: "u32", value: Integer(42) } })
[INFO] [stdout] Resume { stage: Name("child-2"), response: Unit }
[INFO] [stdout] State { stage: Name("child-2"), state: SendDataValue { typetag: "(pure_stage::stage_ref::StageRef<u32>, pure_stage::stage_ref::StageRef<u32>)", value: Array([Map([(Text("name"), Text("a-3"))]), Map([(Text("name"), Text("b-4"))])]) } }
[INFO] [stdout] State { stage: Name("c-5"), state: SendDataValue { typetag: "pure_stage::stage_ref::StageRef<u32>", value: Map([(Text("name"), Text("child-2"))]) } }
[INFO] [stdout] Input { stage: Name("c-5"), input: SendDataValue { typetag: "u32", value: Integer(42) } }
[INFO] [stdout] Resume { stage: Name("c-5"), response: Unit }
[INFO] [stdout] Suspend(Send { from: Name("c-5"), to: Name("child-2"), msg: SendDataValue { typetag: "u32", value: Integer(42) } })
[INFO] [stdout] Resume { stage: Name("c-5"), response: Unit }
[INFO] [stdout] State { stage: Name("c-5"), state: SendDataValue { typetag: "pure_stage::stage_ref::StageRef<u32>", value: Map([(Text("name"), Text("child-2"))]) } }
[INFO] [stdout] State { stage: Name("a-3"), state: SendDataValue { typetag: "()", value: Array([]) } }
[INFO] [stdout] State { stage: Name("b-4"), state: SendDataValue { typetag: "()", value: Array([]) } }
[INFO] [stdout] Input { stage: Name("child-2"), input: SendDataValue { typetag: "u32", value: Integer(42) } }
[INFO] [stdout] Resume { stage: Name("child-2"), response: Unit }
[INFO] [stdout] Suspend(Send { from: Name("child-2"), to: Name("a-3"), msg: SendDataValue { typetag: "u32", value: Integer(20) } })
[INFO] [stdout] Resume { stage: Name("child-2"), response: Unit }
[INFO] [stdout] State { stage: Name("child-2"), state: SendDataValue { typetag: "(pure_stage::stage_ref::StageRef<u32>, pure_stage::stage_ref::StageRef<u32>)", value: Array([Map([(Text("name"), Text("a-3"))]), Map([(Text("name"), Text("b-4"))])]) } }
[INFO] [stdout] Input { stage: Name("a-3"), input: SendDataValue { typetag: "u32", value: Integer(20) } }
[INFO] [stdout] Resume { stage: Name("a-3"), response: Unit }
[INFO] [stdout] Suspend(Terminate { at_stage: Name("a-3") })
[INFO] [stdout] Terminated { stage: Name("a-3"), reason: Voluntary }
[INFO] [stdout] Input { stage: Name("child-2"), input: SendDataValue { typetag: "u32", value: Integer(2) } }
[INFO] [stdout] Resume { stage: Name("child-2"), response: Unit }
[INFO] [stdout] Suspend(Send { from: Name("child-2"), to: Name("b-4"), msg: SendDataValue { typetag: "u32", value: Integer(3) } })
[INFO] [stdout] Resume { stage: Name("child-2"), response: Unit }
[INFO] [stdout] State { stage: Name("child-2"), state: SendDataValue { typetag: "(pure_stage::stage_ref::StageRef<u32>, pure_stage::stage_ref::StageRef<u32>)", value: Array([Map([(Text("name"), Text("a-3"))]), Map([(Text("name"), Text("b-4"))])]) } }
[INFO] [stdout] Input { stage: Name("b-4"), input: SendDataValue { typetag: "u32", value: Integer(3) } }
[INFO] [stdout] Resume { stage: Name("b-4"), response: Unit }
[INFO] [stdout] Suspend(Terminate { at_stage: Name("b-4") })
[INFO] [stdout] Terminated { stage: Name("b-4"), reason: Voluntary }
[INFO] [stdout] Terminated { stage: Name("child-2"), reason: Supervision(Name("b-4")) }
[INFO] [stdout] Terminated { stage: Name("trigger-1"), reason: Supervision(Name("child-2")) }
[INFO] [stdout] 
[INFO] [stdout] stack backtrace:
[INFO] [stdout]    0:     0x5f57df467d61 - <<std[617be2ca0a6fd877]::sys::backtrace::BacktraceLock>::print::DisplayBacktrace as core[a373ad73a504971]::fmt::Display>::fmt
[INFO] [stdout]    1:     0x5f57df47deaa - core[a373ad73a504971]::fmt::write
[INFO] [stdout]    2:     0x5f57df46c4cc - <alloc[2e1b2a31b91974c5]::vec::Vec<u8> as core[a373ad73a504971]::io::write::Write>::write_fmt
[INFO] [stdout]    3:     0x5f57df443616 - std[617be2ca0a6fd877]::panicking::default_hook::{closure#0}
[INFO] [stdout]    4:     0x5f57df4600c9 - std[617be2ca0a6fd877]::panicking::default_hook
[INFO] [stdout]    5:     0x5f57df2fafd0 - test[aada8e7e76ba119b]::test_main_inner::{closure#0}
[INFO] [stdout]    6:     0x5f57df4603f2 - std[617be2ca0a6fd877]::panicking::panic_with_hook
[INFO] [stdout]    7:     0x5f57df4436c2 - std[617be2ca0a6fd877]::panicking::panic_handler::{closure#0}
[INFO] [stdout]    8:     0x5f57df43be49 - std[617be2ca0a6fd877]::sys::backtrace::__rust_end_short_backtrace::<std[617be2ca0a6fd877]::panicking::panic_handler::{closure#0}, !>
[INFO] [stdout]    9:     0x5f57df4443dd - __rustc[ea4f61d10b84890b]::rust_begin_unwind
[INFO] [stdout]   10:     0x5f57df47e68c - core[a373ad73a504971]::panicking::panic_fmt
[INFO] [stdout]   11:     0x5f57df270b1e - functional[ba306a5d978758d2]::assert_equiv
[INFO] [stdout]   12:     0x5f57df274889 - functional[ba306a5d978758d2]::supervision
[INFO] [stdout]   13:     0x5f57df279b49 - <functional[ba306a5d978758d2]::supervision::{closure#0} as core[a373ad73a504971]::ops::function::FnOnce<()>>::call_once
[INFO] [stdout]   14:     0x5f57df2ee41b - test[aada8e7e76ba119b]::__rust_begin_short_backtrace::<core[a373ad73a504971]::result::Result<(), alloc[2e1b2a31b91974c5]::string::String>, fn() -> core[a373ad73a504971]::result::Result<(), alloc[2e1b2a31b91974c5]::string::String>>
[INFO] [stdout]   15:     0x5f57df2fb5f5 - test[aada8e7e76ba119b]::run_test::{closure#0}
[INFO] [stdout]   16:     0x5f57df2f4ee4 - std[617be2ca0a6fd877]::sys::backtrace::__rust_begin_short_backtrace::<test[aada8e7e76ba119b]::run_test::{closure#1}, ()>
[INFO] [stdout]   17:     0x5f57df2fe682 - <std[617be2ca0a6fd877]::thread::lifecycle::spawn_unchecked<test[aada8e7e76ba119b]::run_test::{closure#1}, ()>::{closure#1} as core[a373ad73a504971]::ops::function::FnOnce<()>>::call_once::{shim:vtable#0}
[INFO] [stdout]   18:     0x5f57df46757f - <std[617be2ca0a6fd877]::sys::thread::unix::Thread>::new::thread_start
[INFO] [stdout]   19:     0x73ed2a124dfa - <unknown>
[INFO] [stdout]   20:     0x73ed2a1b83d4 - clone
[INFO] [stdout]   21:                0x0 - <unknown>
[INFO] [stdout] 
[INFO] [stdout] 
[INFO] [stdout] failures:
[INFO] [stdout]     supervision
[INFO] [stdout] 
[INFO] [stdout] test result: FAILED. 6 passed; 1 failed; 0 ignored; 0 measured; 0 filtered out; finished in 1.02s
[INFO] [stdout] 
[INFO] [stderr] error: test failed, to rerun pass `--test functional`
[INFO] running `Command { std: "docker" "inspect" "6499a89ad49a6e17bc4767e761275c876047ddb8ba734a6031cc187643f4b252", kill_on_drop: false }`
[INFO] running `Command { std: "docker" "rm" "-f" "6499a89ad49a6e17bc4767e761275c876047ddb8ba734a6031cc187643f4b252", kill_on_drop: false }`
[INFO] [stdout] 6499a89ad49a6e17bc4767e761275c876047ddb8ba734a6031cc187643f4b252
