[INFO] fetching crate pure-magic 0.4.1...
[INFO] testing pure-magic-0.4.1 against 1.100.0-beta.1+cargoflags=--release for beta-release-1.100-2
[INFO] extracting crate pure-magic 0.4.1 into /workspace/builds/worker-1-tc2/source
[INFO] started tweaking crates.io crate pure-magic 0.4.1
[INFO] finished tweaking crates.io crate pure-magic 0.4.1
[INFO] tweaked toml for crates.io crate pure-magic 0.4.1 written to /workspace/builds/worker-1-tc2/source/Cargo.toml
[INFO] validating manifest of crates.io crate pure-magic 0.4.1 on toolchain 1.100.0-beta.1
[INFO] running `Command { std: CARGO_HOME="/workspace/cargo-home" RUSTUP_HOME="/workspace/rustup-home" "/workspace/cargo-home/bin/cargo" "+1.100.0-beta.1" "metadata" "--manifest-path" "Cargo.toml" "--no-deps", kill_on_drop: false }`
[INFO] crate crates.io crate pure-magic 0.4.1 already has a lockfile, it will not be regenerated
[INFO] running `Command { std: CARGO_HOME="/workspace/cargo-home" RUSTUP_HOME="/workspace/rustup-home" "/workspace/cargo-home/bin/cargo" "+1.100.0-beta.1" "fetch" "--manifest-path" "Cargo.toml", kill_on_drop: false }`
[INFO] running `Command { std: "docker" "create" "-v" "/var/lib/crater-agent-workspace/builds/worker-1-tc2/source:/opt/rustwide/workdir:ro,Z" "-v" "/var/lib/crater-agent-workspace/builds/worker-1-tc2/target:/opt/rustwide/target:rw,Z" "-v" "/var/lib/crater-agent-workspace/cargo-home:/opt/rustwide/cargo-home:ro,Z" "-v" "/var/lib/crater-agent-workspace/rustup-home:/opt/rustwide/rustup-home:ro,Z" "-m" "1610612736" "--network" "none" "ghcr.io/rust-lang/crates-build-env/linux@sha256:77db811e55d90add9212f6832c23229e3de5f1c1f9905e8cb07319ea15df73ac" "sleep" "infinity", kill_on_drop: false }`
[INFO] [stdout] e947e49d1d7fab625a36e09534b5089432938f772b1db642c7e5b5fc19e95f02
[INFO] running `Command { std: "docker" "start" "e947e49d1d7fab625a36e09534b5089432938f772b1db642c7e5b5fc19e95f02", kill_on_drop: false }`
[INFO] running `Command { std: "docker" "inspect" "e947e49d1d7fab625a36e09534b5089432938f772b1db642c7e5b5fc19e95f02", kill_on_drop: false }`
[INFO] running `Command { std: "docker" "exec" "-e" "SOURCE_DIR=/opt/rustwide/workdir" "-e" "CARGO_HOME=/opt/rustwide/cargo-home" "-e" "RUSTUP_HOME=/opt/rustwide/rustup-home" "-e" "CARGO_TARGET_DIR=/opt/rustwide/target" "-w" "/opt/rustwide/workdir" "--user" "0:0" "e947e49d1d7fab625a36e09534b5089432938f772b1db642c7e5b5fc19e95f02" "/opt/rustwide/cargo-home/bin/cargo" "+1.100.0-beta.1" "metadata" "--no-deps" "--format-version=1", kill_on_drop: false }`
[INFO] running `Command { std: "docker" "inspect" "e947e49d1d7fab625a36e09534b5089432938f772b1db642c7e5b5fc19e95f02", kill_on_drop: false }`
[INFO] running `Command { std: "docker" "exec" "-e" "SOURCE_DIR=/opt/rustwide/workdir" "-e" "CARGO_HOME=/opt/rustwide/cargo-home" "-e" "RUSTUP_HOME=/opt/rustwide/rustup-home" "-e" "CARGO_TARGET_DIR=/opt/rustwide/target" "-e" "CARGO_INCREMENTAL=0" "-e" "RUST_BACKTRACE=full" "-e" "RUSTFLAGS=--cap-lints=warn" "-e" "RUSTDOCFLAGS=--cap-lints=warn" "-w" "/opt/rustwide/workdir" "--user" "0:0" "e947e49d1d7fab625a36e09534b5089432938f772b1db642c7e5b5fc19e95f02" "/opt/rustwide/cargo-home/bin/cargo" "+1.100.0-beta.1" "build" "--frozen" "--message-format=json" "--release", kill_on_drop: false }`
[INFO] [stderr]    Compiling rustix v1.1.4
[INFO] [stderr]    Compiling pest v2.9.0
[INFO] [stderr]    Compiling syn v2.0.119
[INFO] [stderr]    Compiling virtue v0.0.18
[INFO] [stderr]    Compiling miniz_oxide v0.8.9
[INFO] [stderr]    Compiling csv-core v0.1.13
[INFO] [stderr]    Compiling thiserror-impl v2.0.20
[INFO] [stderr]    Compiling filetime v0.2.29
[INFO] [stderr]    Compiling unty v0.0.4
[INFO] [stderr]    Compiling serde v1.0.229
[INFO] [stderr]    Compiling serde_json v1.0.151
[INFO] [stderr]    Compiling memmap2 v0.9.11
[INFO] [stderr]    Compiling uuid v1.24.1
[INFO] [stderr]    Compiling csv v1.4.0
[INFO] [stderr]    Compiling flate2 v1.1.9
[INFO] [stderr]    Compiling bincode_derive v2.0.1
[INFO] [stderr]    Compiling bincode v2.0.1
[INFO] [stderr]    Compiling thiserror v2.0.20
[INFO] [stderr]    Compiling pest_meta v2.9.0
[INFO] [stderr]    Compiling xattr v1.6.1
[INFO] [stderr]    Compiling tar v0.4.46
[INFO] [stderr]    Compiling pest_generator v2.9.0
[INFO] [stderr]    Compiling pest_derive v2.9.0
[INFO] [stderr]    Compiling tracing-attributes v0.1.31
[INFO] [stderr]    Compiling flaglet v0.1.2
[INFO] [stderr]    Compiling dyf v0.2.1
[INFO] [stderr]    Compiling tracing v0.1.44
[INFO] [stderr]    Compiling pure-magic v0.4.1 (/opt/rustwide/workdir)
[INFO] [stderr]     Finished `release` profile [optimized] target(s) in 29.56s
[INFO] running `Command { std: "docker" "inspect" "e947e49d1d7fab625a36e09534b5089432938f772b1db642c7e5b5fc19e95f02", kill_on_drop: false }`
[INFO] running `Command { std: "docker" "exec" "-e" "SOURCE_DIR=/opt/rustwide/workdir" "-e" "CARGO_HOME=/opt/rustwide/cargo-home" "-e" "RUSTUP_HOME=/opt/rustwide/rustup-home" "-e" "CARGO_TARGET_DIR=/opt/rustwide/target" "-e" "CARGO_INCREMENTAL=0" "-e" "RUST_BACKTRACE=full" "-e" "RUSTFLAGS=--cap-lints=warn" "-e" "RUSTDOCFLAGS=--cap-lints=warn" "-w" "/opt/rustwide/workdir" "--user" "0:0" "e947e49d1d7fab625a36e09534b5089432938f772b1db642c7e5b5fc19e95f02" "/opt/rustwide/cargo-home/bin/cargo" "+1.100.0-beta.1" "test" "--frozen" "--no-run" "--message-format=json" "--release", kill_on_drop: false }`
[INFO] [stderr]    Compiling tracing-log v0.2.0
[INFO] [stderr]    Compiling smallvec v1.15.2
[INFO] [stderr]    Compiling tracing v0.1.44
[INFO] [stderr]    Compiling tracing-subscriber v0.3.23
[INFO] [stderr]    Compiling pure-magic v0.4.1 (/opt/rustwide/workdir)
[INFO] [stderr]     Finished `release` profile [optimized] target(s) in 25.44s
[INFO] running `Command { std: "docker" "inspect" "e947e49d1d7fab625a36e09534b5089432938f772b1db642c7e5b5fc19e95f02", kill_on_drop: false }`
[INFO] running `Command { std: "docker" "exec" "-e" "SOURCE_DIR=/opt/rustwide/workdir" "-e" "CARGO_HOME=/opt/rustwide/cargo-home" "-e" "RUSTUP_HOME=/opt/rustwide/rustup-home" "-e" "CARGO_TARGET_DIR=/opt/rustwide/target" "-e" "CARGO_INCREMENTAL=0" "-e" "RUST_BACKTRACE=full" "-e" "RUSTFLAGS=--cap-lints=warn" "-e" "RUSTDOCFLAGS=--cap-lints=warn" "-w" "/opt/rustwide/workdir" "--user" "0:0" "e947e49d1d7fab625a36e09534b5089432938f772b1db642c7e5b5fc19e95f02" "/opt/rustwide/cargo-home/bin/cargo" "+1.100.0-beta.1" "test" "--frozen" "--release", kill_on_drop: false }`
[INFO] [stderr]     Finished `release` profile [optimized] target(s) in 0.10s
[INFO] [stderr]      Running unittests src/lib.rs (/opt/rustwide/target/release/build/pure-magic/dacf612b52a5cbe3/out/pure_magic-dacf612b52a5cbe3)
[INFO] [stdout] 
[INFO] [stdout] running 161 tests
[INFO] [stdout] test readers::cache::tests::test_cache_eviction ... ok
[INFO] [stdout] test readers::cache::tests::test_data_size ... ok
[INFO] [stdout] test readers::cache::tests::test_get_entire_file ... ok
[INFO] [stdout] test readers::cache::tests::test_chunk_consolidation ... ok
[INFO] [stdout] test readers::cache::tests::test_file_smaller_than_block ... ok
[INFO] [stdout] test parser::test::test_unescape ... ok
[INFO] [stdout] test readers::cache::tests::test_large_block_size ... ok
[INFO] [stdout] test readers::cache::tests::test_lru_behavior ... ok
[INFO] [stdout] test readers::cache::tests::test_get_across_blocks ... ok
[INFO] [stdout] test readers::cache::tests::test_get_single_block ... ok
[INFO] [stdout] test readers::cache::tests::test_get_out_of_bounds ... ok
[INFO] [stdout] test readers::cache::tests::test_read_until_limit_not_found ... ok
[INFO] [stdout] test readers::cache::tests::test_multiple_gets_same_block ... ok
[INFO] [stdout] test readers::cache::tests::test_overlapping_ranges ... ok
[INFO] [stdout] test readers::cache::tests::test_read_beyond_end ... ok
[INFO] [stdout] test readers::cache::tests::test_read_empty ... ok
[INFO] [stdout] test readers::cache::tests::test_read_exact_range ... ok
[INFO] [stdout] test readers::cache::tests::test_read_until_utf16_limit ... ok
[INFO] [stdout] test readers::slice::tests::test_offset_from_start_current ... ok
[INFO] [stdout] test readers::cache::tests::test_read_exact ... ok
[INFO] [stdout] test readers::cache::tests::test_read_exact_error ... ok
[INFO] [stdout] test readers::cache::tests::test_read_exact_range_error ... ok
[INFO] [stdout] test readers::cache::tests::test_read_until_limit_beyond_stream ... ok
[INFO] [stdout] test readers::cache::tests::test_read_until_limit ... ok
[INFO] [stdout] test readers::slice::tests::test_data_size ... ok
[INFO] [stdout] test readers::cache::tests::test_read_until_limit_with_limit ... ok
[INFO] [stdout] test readers::slice::tests::test_data_size_empty ... ok
[INFO] [stdout] test readers::slice::tests::test_from_slice ... ok
[INFO] [stdout] test readers::slice::tests::test_from_slice_empty ... ok
[INFO] [stdout] test readers::cache::tests::test_read_method ... ok
[INFO] [stdout] test readers::cache::tests::test_get_empty_range ... ok
[INFO] [stdout] test readers::slice::tests::test_read_count_beyond_end ... ok
[INFO] [stdout] test readers::slice::tests::test_read_count_partial ... ok
[INFO] [stdout] test readers::slice::tests::test_read_count_zero ... ok
[INFO] [stdout] test readers::slice::tests::test_read_exact_count_exact_length ... ok
[INFO] [stdout] test readers::slice::tests::test_read_exact_count_beyond_end ... ok
[INFO] [stdout] test readers::slice::tests::test_read_exact_into_empty ... ok
[INFO] [stdout] test readers::slice::tests::test_read_exact_range_success ... ok
[INFO] [stdout] test readers::slice::tests::test_read_exact_range_zero_length ... ok
[INFO] [stdout] test readers::slice::tests::test_read_range_beyond_end ... ok
[INFO] [stdout] test readers::slice::tests::test_read_count_all ... ok
[INFO] [stdout] test readers::slice::tests::test_read_exact_range_beyond_end ... ok
[INFO] [stdout] test readers::slice::tests::test_offset_from_start_end ... ok
[INFO] [stdout] test readers::slice::tests::test_read_range_empty ... ok
[INFO] [stdout] test readers::slice::tests::test_read_range_full ... ok
[INFO] [stdout] test readers::cache::tests::test_small_block_size ... ok
[INFO] [stdout] test readers::slice::tests::test_read_range_empty_slice ... ok
[INFO] [stdout] test readers::slice::tests::test_read_range_partial ... ok
[INFO] [stdout] test readers::slice::tests::test_read_until_any_delim_or_limit_empty_delims ... ok
[INFO] [stdout] test readers::slice::tests::test_read_until_any_delim_or_limit_found ... ok
[INFO] [stdout] test readers::slice::tests::test_read_until_or_limit_limit_zero ... ok
[INFO] [stdout] test readers::slice::tests::test_read_until_or_limit_at_start ... ok
[INFO] [stdout] test readers::slice::tests::test_read_exact_into_success ... ok
[INFO] [stdout] test readers::slice::tests::test_read_until_or_limit_found ... ok
[INFO] [stdout] test readers::slice::tests::test_read_until_or_limit_not_found ... ok
[INFO] [stdout] test readers::slice::tests::test_read_until_or_limit_with_limit ... ok
[INFO] [stdout] test readers::slice::tests::test_read_until_any_delim_or_limit_with_limit ... ok
[INFO] [stdout] test readers::slice::tests::test_read_until_any_delim_or_limit_multiple_delims ... ok
[INFO] [stdout] test readers::slice::tests::test_read_range_start_beyond ... ok
[INFO] [stdout] test readers::slice::tests::test_read_exact_count_success ... ok
[INFO] [stdout] test readers::slice::tests::test_read_until_any_delim_or_limit_not_found ... ok
[INFO] [stdout] test readers::slice::tests::test_read_exact_range_start_beyond ... ok
[INFO] [stdout] test readers::slice::tests::test_offset_from_start_start ... ok
[INFO] [stdout] test readers::slice::tests::test_read_exact_into_full ... ok
[INFO] [stdout] test readers::cache::tests::test_io_read ... ok
[INFO] [stdout] test readers::slice::tests::test_read_exact_count_zero ... ok
[INFO] [stdout] test readers::slice::tests::test_read_exact_into_error_too_large ... ok
[INFO] [stdout] test readers::slice::tests::test_read_count_zero_at_middle ... ok
[INFO] [stdout] test readers::slice::tests::test_read_while_or_limit_all_match ... ok
[INFO] [stdout] test readers::slice::tests::test_read_until_utf16_or_limit_found ... ok
[INFO] [stdout] test readers::slice::tests::test_read_until_utf16_or_limit_not_found ... ok
[INFO] [stdout] test readers::slice::tests::test_read_until_utf16_or_limit_with_limit ... ok
[INFO] [stdout] test readers::slice::tests::test_read_while_or_limit_stop_at_delim ... ok
[INFO] [stdout] test readers::slice::tests::test_read_while_or_limit_with_limit ... ok
[INFO] [stdout] test readers::slice::tests::test_seek_current ... ok
[INFO] [stdout] test readers::slice::tests::test_seek_current_negative ... ok
[INFO] [stdout] test readers::slice::tests::test_seek_end ... ok
[INFO] [stdout] test readers::slice::tests::test_seek_start ... ok
[INFO] [stdout] test readers::slice::tests::test_read_until_utf16_or_limit_odd_length ... ok
[INFO] [stdout] test readers::slice::tests::test_read_until_utf16_or_limit_empty ... ok
[INFO] [stdout] test readers::slice::tests::test_read_until_utf16_or_limit_single_byte ... ok
[INFO] [stdout] test readers::slice::tests::test_read_until_utf16_or_limit_odd_nonzero_start ... ok
[INFO] [stdout] test readers::slice::tests::test_read_while_or_limit_stream_pos_past_end ... ok
[INFO] [stdout] test readers::slice::tests::test_read_until_utf16_or_limit_stream_pos_past_end ... ok
[INFO] [stdout] test readers::slice::tests::test_read_while_or_limit_all_match_no_delim ... ok
[INFO] [stdout] test readers::slice::tests::test_seek_end_negative ... ok
[INFO] [stdout] test readers::slice::tests::test_seek_start_zero ... ok
[INFO] [stdout] test readers::slice::tests::test_read_while_or_limit_limit_zero ... ok
[INFO] [stdout] test readers::slice::tests::test_stream_position ... ok
[INFO] [stdout] test tests::test_bedate ... ok
[INFO] [stdout] test tests::test_beguid ... ok
[INFO] [stdout] test tests::test_belong ... ok
[INFO] [stdout] test tests::test_csv_single_field_rejected ... ok
[INFO] [stdout] test tests::test_indirect_message_only_on_nested_match ... ok
[INFO] [stdout] test tests::test_bestring16 ... ok
[INFO] [stdout] test tests::test_beldate ... ok
[INFO] [stdout] test tests::test_eq_test_on_unreadable_offset_does_not_match ... ok
[INFO] [stdout] test tests::test_beqdate ... ok
[INFO] [stdout] test tests::test_float_with_transform ... ok
[INFO] [stdout] test tests::test_beqldate ... ok
[INFO] [stdout] test tests::test_bug_6 ... ok
[INFO] [stdout] test tests::test_csv_ragged_columns_rejected ... ok
[INFO] [stdout] test tests::test_csv_two_rows_two_cols ... ok
[INFO] [stdout] test tests::test_duplicate_strength_rejected ... ok
[INFO] [stdout] test tests::test_leguid ... ok
[INFO] [stdout] test tests::test_ldate ... ok
[INFO] [stdout] test tests::test_indirect_offset ... ok
[INFO] [stdout] test tests::test_csv_short_consistent_rows ... ok
[INFO] [stdout] test tests::test_date ... ok
[INFO] [stdout] test tests::test_guid ... ok
[INFO] [stdout] test tests::test_magic_stream_kind_reflects_detection ... ok
[INFO] [stdout] test tests::test_leqldate ... ok
[INFO] [stdout] test tests::test_offset_bug_1 ... ok
[INFO] [stdout] test tests::test_offset_bug_10 ... ok
[INFO] [stdout] test tests::test_neq_test_on_unreadable_offset_matches ... ok
[INFO] [stdout] test tests::test_csv_many_rows_still_detected ... ok
[INFO] [stdout] test tests::test_medate ... ok
[INFO] [stdout] test tests::test_load_bulk_failure ... ok
[INFO] [stdout] test tests::test_meldate ... ok
[INFO] [stdout] test tests::test_leldate ... ok
[INFO] [stdout] test tests::test_leqdate ... ok
[INFO] [stdout] test tests::test_message_parts ... ok
[INFO] [stdout] test tests::test_melong ... ok
[INFO] [stdout] test tests::test_offset_bug_4 ... ok
[INFO] [stdout] test tests::test_offset_bug_3 ... ok
[INFO] [stdout] test tests::test_offset_from_end ... ok
[INFO] [stdout] test tests::test_lestring16 ... ok
[INFO] [stdout] test tests::test_offset_bug_7 ... ok
[INFO] [stdout] test tests::test_load_bulk ... ok
[INFO] [stdout] test tests::test_max_recursion ... ok
[INFO] [stdout] test tests::test_offset_bug_11 ... ok
[INFO] [stdout] test tests::test_offset_bug_2 ... ok
[INFO] [stdout] test tests::test_offset_bug_5 ... ok
[INFO] [stdout] test tests::test_offset_bug_9 ... ok
[INFO] [stdout] test tests::test_parse_search ... ok
[INFO] [stdout] test tests::test_pstring ... ok
[INFO] [stdout] test tests::test_strength_on_name_entry_rejected ... ok
[INFO] [stdout] test tests::test_search_binary_default_matches_libmagic_text_chars ... ok
[INFO] [stdout] test tests::test_string_parent_with_scalar_children_on_text_stream ... ok
[INFO] [stdout] test tests::test_string_with_mods ... ok
[INFO] [stdout] test tests::test_scalar_with_transform ... ok
[INFO] [stdout] test tests::test_search_binary_default_accepts_valid_utf8 ... ok
[INFO] [stdout] test tests::test_read_octal ... ok
[INFO] [stdout] test tests::test_scalar_transform ... ok
[INFO] [stdout] test tests::test_string_ops ... ok
[INFO] [stdout] test tests::test_relative_offset ... ok
[INFO] [stdout] test tests::test_strength_hoisted_to_root ... ok
[INFO] [stdout] test tests::test_rtf_droid_skip_still_rejects ... ok
[INFO] [stdout] test tests::test_search_with_mods ... ok
[INFO] [stdout] test tests::test_regex ... ok
[INFO] [stdout] test tests::test_stream_kind_rejects_ascii_with_forbidden_control_bytes ... ok
[INFO] [stdout] test utils::tests::test_valid_times ... ok
[INFO] [stdout] test utils::tests::test_windows_date ... ok
[INFO] [stdout] test tests::test_ubeqdate ... ok
[INFO] [stdout] test tests::test_use_with_message ... ok
[INFO] [stdout] test utils::tests::test_decode_id3 ... ok
[INFO] [stdout] test tests::test_uquad ... ok
[INFO] [stdout] test utils::tests::test_find_json_boundaries ... ok
[INFO] [stdout] test utils::tests::test_valid_dates ... ok
[INFO] [stdout] test utils::tests::test_invalid_dates ... ok
[INFO] [stderr]    Doc-tests pure_magic
[INFO] [stdout] test tests::test_offset_bug_8 ... ok
[INFO] [stdout] 
[INFO] [stdout] test result: ok. 161 passed; 0 failed; 0 ignored; 0 measured; 0 filtered out; finished in 0.14s
[INFO] [stdout] 
[INFO] [stdout] 
[INFO] [stdout] running 15 tests
[INFO] [stdout] test src/lib.rs - IndirectMod (line 1335) ... ignored
[INFO] [stdout] test src/lib.rs - IndirectModFlags (line 1335) ... ignored
[INFO] [stdout] test src/lib.rs - ReMod (line 684) ... ignored
[INFO] [stdout] test src/lib.rs - ReModFlags (line 684) ... ignored
[INFO] [stdout] test src/lib.rs - StringMod (line 871) ... ignored
[INFO] [stdout] test src/lib.rs - StringModFlags (line 871) ... ignored
[INFO] [stdout] test src/readers/cache.rs - readers::cache::LazyCache<File>::open (line 163) - compile ... ok
[INFO] [stdout] test src/readers/slice.rs - readers::slice::BufReader<S>::from_slice (line 153) ... ok
[INFO] [stdout] test src/readers/cache.rs - readers::cache::LazyCache<R>::from_read_seek (line 203) ... ok
[INFO] [stdout] test src/readers.rs - readers::DataReader<'_>::from_vec (line 212) ... ok
[INFO] [stdout] test src/lib.rs - (line 59) ... FAILED
[INFO] [stdout] test src/lib.rs - (line 88) ... FAILED
[INFO] [stdout] test src/lib.rs - (line 33) ... FAILED
[INFO] [stdout] test src/lib.rs - (line 108) ... FAILED
[INFO] [stdout] test src/readers.rs - readers::DataReader<'b>::from_slice (line 192) ... ok
[INFO] [stdout] 
[INFO] [stdout] failures:
[INFO] [stdout] 
[INFO] [stdout] ---- src/lib.rs - (line 59) stdout ----
[INFO] [stdout] Test executable failed (exit status: 1).
[INFO] [stdout] 
[INFO] [stdout] stderr:
[INFO] [stdout] Error: Io(Os { code: 2, kind: NotFound, message: "No such file or directory" })
[INFO] [stdout] Error: "the test returned a termination value with a non-zero status code (1) which indicates a failure"
[INFO] [stdout] 
[INFO] [stdout] 
[INFO] [stdout] ---- src/lib.rs - (line 88) stdout ----
[INFO] [stdout] Test executable failed (exit status: 1).
[INFO] [stdout] 
[INFO] [stdout] stderr:
[INFO] [stdout] Error: Io(Os { code: 2, kind: NotFound, message: "No such file or directory" })
[INFO] [stdout] Error: "the test returned a termination value with a non-zero status code (1) which indicates a failure"
[INFO] [stdout] 
[INFO] [stdout] 
[INFO] [stdout] ---- src/lib.rs - (line 33) stdout ----
[INFO] [stdout] Test executable failed (exit status: 1).
[INFO] [stdout] 
[INFO] [stdout] stderr:
[INFO] [stdout] Error: Io(Os { code: 2, kind: NotFound, message: "No such file or directory" })
[INFO] [stdout] Error: "the test returned a termination value with a non-zero status code (1) which indicates a failure"
[INFO] [stdout] 
[INFO] [stdout] 
[INFO] [stdout] ---- src/lib.rs - (line 108) stdout ----
[INFO] [stdout] Test executable failed (exit status: 1).
[INFO] [stdout] 
[INFO] [stdout] stderr:
[INFO] [stdout] Error: Io(Os { code: 2, kind: NotFound, message: "No such file or directory" })
[INFO] [stdout] Error: "the test returned a termination value with a non-zero status code (1) which indicates a failure"
[INFO] [stdout] 
[INFO] [stdout] 
[INFO] [stdout] 
[INFO] [stdout] failures:
[INFO] [stdout]     src/lib.rs - (line 108)
[INFO] [stdout]     src/lib.rs - (line 33)
[INFO] [stdout]     src/lib.rs - (line 59)
[INFO] [stdout]     src/lib.rs - (line 88)
[INFO] [stdout] 
[INFO] [stdout] test result: FAILED. 5 passed; 4 failed; 6 ignored; 0 measured; 0 filtered out; finished in 0.01s
[INFO] [stdout] 
[INFO] [stdout] all doctests ran in 1.78s; merged doctests compilation took 1.76s
[INFO] [stderr] error: doctest failed, to rerun pass `--doc`
[INFO] running `Command { std: "docker" "inspect" "e947e49d1d7fab625a36e09534b5089432938f772b1db642c7e5b5fc19e95f02", kill_on_drop: false }`
[INFO] running `Command { std: "docker" "rm" "-f" "e947e49d1d7fab625a36e09534b5089432938f772b1db642c7e5b5fc19e95f02", kill_on_drop: false }`
[INFO] [stdout] e947e49d1d7fab625a36e09534b5089432938f772b1db642c7e5b5fc19e95f02
