[INFO] fetching crate pulumi_gestalt_wasm_component_creator 0.0.1...
[INFO] testing pulumi_gestalt_wasm_component_creator-0.0.1 against 1.100.0-beta.1+cargoflags=--release for beta-release-1.100-2
[INFO] extracting crate pulumi_gestalt_wasm_component_creator 0.0.1 into /workspace/builds/worker-0-tc2/source
[INFO] started tweaking crates.io crate pulumi_gestalt_wasm_component_creator 0.0.1
[INFO] removed 0 missing tests
[INFO] finished tweaking crates.io crate pulumi_gestalt_wasm_component_creator 0.0.1
[INFO] tweaked toml for crates.io crate pulumi_gestalt_wasm_component_creator 0.0.1 written to /workspace/builds/worker-0-tc2/source/Cargo.toml
[INFO] validating manifest of crates.io crate pulumi_gestalt_wasm_component_creator 0.0.1 on toolchain 1.100.0-beta.1
[INFO] running `Command { std: CARGO_HOME="/workspace/cargo-home" RUSTUP_HOME="/workspace/rustup-home" "/workspace/cargo-home/bin/cargo" "+1.100.0-beta.1" "metadata" "--manifest-path" "Cargo.toml" "--no-deps", kill_on_drop: false }`
[INFO] crate crates.io crate pulumi_gestalt_wasm_component_creator 0.0.1 already has a lockfile, it will not be regenerated
[INFO] running `Command { std: CARGO_HOME="/workspace/cargo-home" RUSTUP_HOME="/workspace/rustup-home" "/workspace/cargo-home/bin/cargo" "+1.100.0-beta.1" "fetch" "--manifest-path" "Cargo.toml", kill_on_drop: false }`
[INFO] running `Command { std: "docker" "create" "-v" "/var/lib/crater-agent-workspace/builds/worker-0-tc2/source:/opt/rustwide/workdir:ro,Z" "-v" "/var/lib/crater-agent-workspace/builds/worker-0-tc2/target:/opt/rustwide/target:rw,Z" "-v" "/var/lib/crater-agent-workspace/cargo-home:/opt/rustwide/cargo-home:ro,Z" "-v" "/var/lib/crater-agent-workspace/rustup-home:/opt/rustwide/rustup-home:ro,Z" "-m" "1610612736" "--network" "none" "ghcr.io/rust-lang/crates-build-env/linux@sha256:77db811e55d90add9212f6832c23229e3de5f1c1f9905e8cb07319ea15df73ac" "sleep" "infinity", kill_on_drop: false }`
[INFO] [stdout] 64a12144ee27236efa7a30b202611d8957f162039f68f3fa07e91fed3f095a64
[INFO] running `Command { std: "docker" "start" "64a12144ee27236efa7a30b202611d8957f162039f68f3fa07e91fed3f095a64", kill_on_drop: false }`
[INFO] running `Command { std: "docker" "inspect" "64a12144ee27236efa7a30b202611d8957f162039f68f3fa07e91fed3f095a64", kill_on_drop: false }`
[INFO] running `Command { std: "docker" "exec" "-e" "SOURCE_DIR=/opt/rustwide/workdir" "-e" "CARGO_HOME=/opt/rustwide/cargo-home" "-e" "RUSTUP_HOME=/opt/rustwide/rustup-home" "-e" "CARGO_TARGET_DIR=/opt/rustwide/target" "-w" "/opt/rustwide/workdir" "--user" "0:0" "64a12144ee27236efa7a30b202611d8957f162039f68f3fa07e91fed3f095a64" "/opt/rustwide/cargo-home/bin/cargo" "+1.100.0-beta.1" "metadata" "--no-deps" "--format-version=1", kill_on_drop: false }`
[INFO] running `Command { std: "docker" "inspect" "64a12144ee27236efa7a30b202611d8957f162039f68f3fa07e91fed3f095a64", kill_on_drop: false }`
[INFO] running `Command { std: "docker" "exec" "-e" "SOURCE_DIR=/opt/rustwide/workdir" "-e" "CARGO_HOME=/opt/rustwide/cargo-home" "-e" "RUSTUP_HOME=/opt/rustwide/rustup-home" "-e" "CARGO_TARGET_DIR=/opt/rustwide/target" "-e" "CARGO_INCREMENTAL=0" "-e" "RUST_BACKTRACE=full" "-e" "RUSTFLAGS=--cap-lints=warn" "-e" "RUSTDOCFLAGS=--cap-lints=warn" "-w" "/opt/rustwide/workdir" "--user" "0:0" "64a12144ee27236efa7a30b202611d8957f162039f68f3fa07e91fed3f095a64" "/opt/rustwide/cargo-home/bin/cargo" "+1.100.0-beta.1" "build" "--frozen" "--message-format=json" "--release", kill_on_drop: false }`
[INFO] [stderr]    Compiling proc-macro2 v1.0.94
[INFO] [stderr]    Compiling serde v1.0.218
[INFO] [stderr]    Compiling hashbrown v0.15.2
[INFO] [stderr]    Compiling once_cell v1.20.3
[INFO] [stderr]    Compiling cc v1.2.9
[INFO] [stderr]    Compiling bitflags v2.7.0
[INFO] [stderr]    Compiling semver v1.0.24
[INFO] [stderr]    Compiling openssl v0.10.71
[INFO] [stderr]    Compiling memchr v2.7.4
[INFO] [stderr]    Compiling mio v1.0.3
[INFO] [stderr]    Compiling socket2 v0.5.8
[INFO] [stderr]    Compiling log v0.4.26
[INFO] [stderr]    Compiling anyhow v1.0.97
[INFO] [stderr]    Compiling serde_json v1.0.140
[INFO] [stderr]    Compiling leb128 v0.2.5
[INFO] [stderr]    Compiling http-body-util v0.1.2
[INFO] [stderr]    Compiling wasm-encoder v0.202.0
[INFO] [stderr]    Compiling spdx v0.10.8
[INFO] [stderr]    Compiling tracing-core v0.1.33
[INFO] [stderr]    Compiling id-arena v2.2.1
[INFO] [stderr]    Compiling fixedbitset v0.4.2
[INFO] [stderr]    Compiling rustls-pki-types v1.10.1
[INFO] [stderr]    Compiling dirs-sys v0.5.0
[INFO] [stderr]    Compiling encoding_rs v0.8.35
[INFO] [stderr]    Compiling ipnet v2.10.1
[INFO] [stderr]    Compiling quote v1.0.39
[INFO] [stderr]    Compiling itertools v0.14.0
[INFO] [stderr]    Compiling directories v6.0.0
[INFO] [stderr]    Compiling syn v2.0.99
[INFO] [stderr]    Compiling tracing v0.1.41
[INFO] [stderr]    Compiling rustls-pemfile v2.2.0
[INFO] [stderr]    Compiling aho-corasick v1.1.3
[INFO] [stderr]    Compiling openssl-sys v0.9.106
[INFO] [stderr]    Compiling native-tls v0.2.12
[INFO] [stderr]    Compiling regex-automata v0.4.9
[INFO] [stderr]    Compiling indexmap v2.7.0
[INFO] [stderr]    Compiling serde_urlencoded v0.7.1
[INFO] [stderr]    Compiling wasmparser v0.202.0
[INFO] [stderr]    Compiling petgraph v0.6.5
[INFO] [stderr]    Compiling synstructure v0.13.1
[INFO] [stderr]    Compiling zerofrom-derive v0.1.5
[INFO] [stderr]    Compiling yoke-derive v0.7.5
[INFO] [stderr]    Compiling zerovec-derive v0.10.3
[INFO] [stderr]    Compiling displaydoc v0.2.5
[INFO] [stderr]    Compiling tokio-macros v2.5.0
[INFO] [stderr]    Compiling icu_provider_macros v1.5.0
[INFO] [stderr]    Compiling openssl-macros v0.1.1
[INFO] [stderr]    Compiling thiserror-impl v1.0.69
[INFO] [stderr]    Compiling serde_derive v1.0.218
[INFO] [stderr]    Compiling async-trait v0.1.87
[INFO] [stderr]    Compiling regex v1.11.1
[INFO] [stderr]    Compiling tokio v1.44.0
[INFO] [stderr]    Compiling zerofrom v0.1.5
[INFO] [stderr]    Compiling yoke v0.7.5
[INFO] [stderr]    Compiling thiserror v1.0.69
[INFO] [stderr]    Compiling zerovec v0.10.4
[INFO] [stderr]    Compiling tinystr v0.7.6
[INFO] [stderr]    Compiling icu_collections v1.5.0
[INFO] [stderr]    Compiling icu_locid v1.5.0
[INFO] [stderr]    Compiling icu_provider v1.5.0
[INFO] [stderr]    Compiling icu_locid_transform v1.5.0
[INFO] [stderr]    Compiling icu_properties v1.5.1
[INFO] [stderr]    Compiling wasm-metadata v0.202.0
[INFO] [stderr]    Compiling wac-types v0.6.1
[INFO] [stderr]    Compiling tokio-util v0.7.13
[INFO] [stderr]    Compiling tokio-native-tls v0.3.1
[INFO] [stderr]    Compiling tower v0.5.2
[INFO] [stderr]    Compiling h2 v0.4.7
[INFO] [stderr]    Compiling wac-graph v0.6.1
[INFO] [stderr]    Compiling icu_normalizer v1.5.0
[INFO] [stderr]    Compiling idna_adapter v1.2.0
[INFO] [stderr]    Compiling idna v1.0.3
[INFO] [stderr]    Compiling url v2.5.4
[INFO] [stderr]    Compiling hyper v1.5.2
[INFO] [stderr]    Compiling hyper-util v0.1.10
[INFO] [stderr]    Compiling hyper-tls v0.6.0
[INFO] [stderr]    Compiling reqwest v0.12.12
[INFO] [stderr]    Compiling pulumi_gestalt_wasm_component_creator v0.0.1 (/opt/rustwide/workdir)
[INFO] [stderr]     Finished `release` profile [optimized] target(s) in 1m 21s
[INFO] running `Command { std: "docker" "inspect" "64a12144ee27236efa7a30b202611d8957f162039f68f3fa07e91fed3f095a64", kill_on_drop: false }`
[INFO] running `Command { std: "docker" "exec" "-e" "SOURCE_DIR=/opt/rustwide/workdir" "-e" "CARGO_HOME=/opt/rustwide/cargo-home" "-e" "RUSTUP_HOME=/opt/rustwide/rustup-home" "-e" "CARGO_TARGET_DIR=/opt/rustwide/target" "-e" "CARGO_INCREMENTAL=0" "-e" "RUST_BACKTRACE=full" "-e" "RUSTFLAGS=--cap-lints=warn" "-e" "RUSTDOCFLAGS=--cap-lints=warn" "-w" "/opt/rustwide/workdir" "--user" "0:0" "64a12144ee27236efa7a30b202611d8957f162039f68f3fa07e91fed3f095a64" "/opt/rustwide/cargo-home/bin/cargo" "+1.100.0-beta.1" "test" "--frozen" "--no-run" "--message-format=json" "--release", kill_on_drop: false }`
[INFO] [stderr]    Compiling serde v1.0.218
[INFO] [stderr]    Compiling foldhash v0.1.4
[INFO] [stderr]    Compiling wasmparser v0.227.1
[INFO] [stderr]    Compiling wasm-encoder v0.227.1
[INFO] [stderr]    Compiling leb128fmt v0.1.0
[INFO] [stderr]    Compiling unicode-width v0.2.0
[INFO] [stderr]    Compiling miniz_oxide v0.8.5
[INFO] [stderr]    Compiling bumpalo v3.16.0
[INFO] [stderr]    Compiling topological-sort v0.2.2
[INFO] [stderr]    Compiling regex-automata v0.4.9
[INFO] [stderr]    Compiling unicode-xid v0.2.6
[INFO] [stderr]    Compiling hashbrown v0.15.2
[INFO] [stderr]    Compiling flate2 v1.1.0
[INFO] [stderr]    Compiling indexmap v2.7.0
[INFO] [stderr]    Compiling semver v1.0.24
[INFO] [stderr]    Compiling serde_json v1.0.140
[INFO] [stderr]    Compiling serde_urlencoded v0.7.1
[INFO] [stderr]    Compiling regex v1.11.1
[INFO] [stderr]    Compiling h2 v0.4.7
[INFO] [stderr]    Compiling wasmparser v0.202.0
[INFO] [stderr]    Compiling auditable-serde v0.8.0
[INFO] [stderr]    Compiling petgraph v0.6.5
[INFO] [stderr]    Compiling hyper v1.5.2
[INFO] [stderr]    Compiling wasm-metadata v0.202.0
[INFO] [stderr]    Compiling wac-types v0.6.1
[INFO] [stderr]    Compiling hyper-util v0.1.10
[INFO] [stderr]    Compiling wac-graph v0.6.1
[INFO] [stderr]    Compiling hyper-tls v0.6.0
[INFO] [stderr]    Compiling reqwest v0.12.12
[INFO] [stderr]    Compiling wit-parser v0.227.1
[INFO] [stderr]    Compiling pulumi_gestalt_wasm_component_creator v0.0.1 (/opt/rustwide/workdir)
[INFO] [stderr]    Compiling wast v227.0.1
[INFO] [stderr]    Compiling wasm-metadata v0.227.1
[INFO] [stderr]    Compiling wat v1.227.1
[INFO] [stderr]    Compiling wit-component v0.227.1
[INFO] [stderr]     Finished `release` profile [optimized] target(s) in 1m 48s
[INFO] running `Command { std: "docker" "inspect" "64a12144ee27236efa7a30b202611d8957f162039f68f3fa07e91fed3f095a64", kill_on_drop: false }`
[INFO] running `Command { std: "docker" "exec" "-e" "SOURCE_DIR=/opt/rustwide/workdir" "-e" "CARGO_HOME=/opt/rustwide/cargo-home" "-e" "RUSTUP_HOME=/opt/rustwide/rustup-home" "-e" "CARGO_TARGET_DIR=/opt/rustwide/target" "-e" "CARGO_INCREMENTAL=0" "-e" "RUST_BACKTRACE=full" "-e" "RUSTFLAGS=--cap-lints=warn" "-e" "RUSTDOCFLAGS=--cap-lints=warn" "-w" "/opt/rustwide/workdir" "--user" "0:0" "64a12144ee27236efa7a30b202611d8957f162039f68f3fa07e91fed3f095a64" "/opt/rustwide/cargo-home/bin/cargo" "+1.100.0-beta.1" "test" "--frozen" "--release", kill_on_drop: false }`
[INFO] [stderr]     Finished `release` profile [optimized] target(s) in 0.19s
[INFO] [stderr]      Running unittests src/lib.rs (/opt/rustwide/target/release/build/pulumi_gestalt_wasm_component_creator/24d75e57fc108d45/out/pulumi_gestalt_wasm_component_creator-24d75e57fc108d45)
[INFO] [stdout] 
[INFO] [stdout] running 3 tests
[INFO] [stdout] test source::tests::pulumi_gestalt_source::should_download_existing_debug_pulumi_gestalt ... FAILED
[INFO] [stdout] test source::tests::pulumi_gestalt_source::should_fail_on_noexisting_version ... ok
[INFO] [stdout] test source::tests::pulumi_gestalt_source::should_download_existing_pulumi_gestalt ... FAILED
[INFO] [stdout] 
[INFO] [stdout] failures:
[INFO] [stdout] 
[INFO] [stdout] ---- source::tests::pulumi_gestalt_source::should_download_existing_debug_pulumi_gestalt stdout ----
[INFO] [stdout] Error: Cannot download pulumi-gestalt in version 0.0.0-test31 with profile debug. Url: [https://github.com/andrzejressel/pulumi-gestalt/releases/download/v0.0.0-test31/pulumi_gestalt-debug.wasm]
[INFO] [stdout] 
[INFO] [stdout] Caused by:
[INFO] [stdout]     0: error sending request for url (https://github.com/andrzejressel/pulumi-gestalt/releases/download/v0.0.0-test31/pulumi_gestalt-debug.wasm)
[INFO] [stdout]     1: client error (Connect)
[INFO] [stdout]     2: dns error: failed to lookup address information: Temporary failure in name resolution
[INFO] [stdout]     3: failed to lookup address information: Temporary failure in name resolution
[INFO] [stdout] 
[INFO] [stdout] Stack backtrace:
[INFO] [stdout]    0: <anyhow::Error as core::convert::From<reqwest::error::Error>>::from
[INFO] [stdout]    1: <pulumi_gestalt_wasm_component_creator::source::GithubWasmComponentSource as pulumi_gestalt_wasm_component_creator::source::WasmComponentSource>::get::{closure#0}
[INFO] [stdout]    2: pulumi_gestalt_wasm_component_creator::source::tests::pulumi_gestalt_source::should_download_existing_debug_pulumi_gestalt::{closure#0}
[INFO] [stdout]    3: <tokio::runtime::scheduler::current_thread::Context>::enter::<core::task::poll::Poll<core::result::Result<(), anyhow::Error>>, <tokio::runtime::scheduler::current_thread::CoreGuard>::block_on<core::pin::Pin<&mut core::pin::Pin<&mut dyn core::future::future::Future<Output = core::result::Result<(), anyhow::Error>>>>>::{closure#0}::{closure#0}>
[INFO] [stdout]    4: <tokio::runtime::context::scoped::Scoped<tokio::runtime::scheduler::Context>>::set::<<tokio::runtime::scheduler::current_thread::CoreGuard>::enter<<tokio::runtime::scheduler::current_thread::CoreGuard>::block_on<core::pin::Pin<&mut core::pin::Pin<&mut dyn core::future::future::Future<Output = core::result::Result<(), anyhow::Error>>>>>::{closure#0}, core::option::Option<core::result::Result<(), anyhow::Error>>>::{closure#0}, (alloc::boxed::Box<tokio::runtime::scheduler::current_thread::Core>, core::option::Option<core::result::Result<(), anyhow::Error>>)>
[INFO] [stdout]    5: <tokio::runtime::scheduler::current_thread::CurrentThread>::block_on::<core::pin::Pin<&mut dyn core::future::future::Future<Output = core::result::Result<(), anyhow::Error>>>>
[INFO] [stdout]    6: <tokio::runtime::runtime::Runtime>::block_on::<core::pin::Pin<&mut dyn core::future::future::Future<Output = core::result::Result<(), anyhow::Error>>>>
[INFO] [stdout]    7: <pulumi_gestalt_wasm_component_creator::source::tests::pulumi_gestalt_source::should_download_existing_debug_pulumi_gestalt::{closure#0} as core::ops::function::FnOnce<()>>::call_once
[INFO] [stdout]    8: test::__rust_begin_short_backtrace::<core::result::Result<(), alloc::string::String>, fn() -> core::result::Result<(), alloc::string::String>>
[INFO] [stdout]    9: test::run_test::{closure#0}
[INFO] [stdout]   10: std::sys::backtrace::__rust_begin_short_backtrace::<test::run_test::{closure#1}, ()>
[INFO] [stdout]   11: <std::thread::lifecycle::spawn_unchecked<test::run_test::{closure#1}, ()>::{closure#1} as core::ops::function::FnOnce<()>>::call_once::{shim:vtable#0}
[INFO] [stdout]   12: <std::sys::thread::unix::Thread>::new::thread_start
[INFO] [stdout]   13: <unknown>
[INFO] [stdout]   14: clone
[INFO] [stdout] 
[INFO] [stdout] ---- source::tests::pulumi_gestalt_source::should_download_existing_pulumi_gestalt stdout ----
[INFO] [stdout] Error: Cannot download pulumi-gestalt in version 0.0.0-test31 with profile release. Url: [https://github.com/andrzejressel/pulumi-gestalt/releases/download/v0.0.0-test31/pulumi_gestalt-release.wasm]
[INFO] [stdout] 
[INFO] [stdout] Caused by:
[INFO] [stdout]     0: error sending request for url (https://github.com/andrzejressel/pulumi-gestalt/releases/download/v0.0.0-test31/pulumi_gestalt-release.wasm)
[INFO] [stdout]     1: client error (Connect)
[INFO] [stdout]     2: dns error: failed to lookup address information: Temporary failure in name resolution
[INFO] [stdout]     3: failed to lookup address information: Temporary failure in name resolution
[INFO] [stdout] 
[INFO] [stdout] Stack backtrace:
[INFO] [stderr] error: test failed, to rerun pass `--lib`
[INFO] [stdout]    0: <anyhow::Error as core::convert::From<reqwest::error::Error>>::from
[INFO] [stdout]    1: <pulumi_gestalt_wasm_component_creator::source::GithubWasmComponentSource as pulumi_gestalt_wasm_component_creator::source::WasmComponentSource>::get::{closure#0}
[INFO] [stdout]    2: pulumi_gestalt_wasm_component_creator::source::tests::pulumi_gestalt_source::should_download_existing_pulumi_gestalt::{closure#0}
[INFO] [stdout]    3: <tokio::runtime::scheduler::current_thread::Context>::enter::<core::task::poll::Poll<core::result::Result<(), anyhow::Error>>, <tokio::runtime::scheduler::current_thread::CoreGuard>::block_on<core::pin::Pin<&mut core::pin::Pin<&mut dyn core::future::future::Future<Output = core::result::Result<(), anyhow::Error>>>>>::{closure#0}::{closure#0}>
[INFO] [stdout]    4: <tokio::runtime::context::scoped::Scoped<tokio::runtime::scheduler::Context>>::set::<<tokio::runtime::scheduler::current_thread::CoreGuard>::enter<<tokio::runtime::scheduler::current_thread::CoreGuard>::block_on<core::pin::Pin<&mut core::pin::Pin<&mut dyn core::future::future::Future<Output = core::result::Result<(), anyhow::Error>>>>>::{closure#0}, core::option::Option<core::result::Result<(), anyhow::Error>>>::{closure#0}, (alloc::boxed::Box<tokio::runtime::scheduler::current_thread::Core>, core::option::Option<core::result::Result<(), anyhow::Error>>)>
[INFO] [stdout]    5: <tokio::runtime::scheduler::current_thread::CurrentThread>::block_on::<core::pin::Pin<&mut dyn core::future::future::Future<Output = core::result::Result<(), anyhow::Error>>>>
[INFO] [stdout]    6: <tokio::runtime::runtime::Runtime>::block_on::<core::pin::Pin<&mut dyn core::future::future::Future<Output = core::result::Result<(), anyhow::Error>>>>
[INFO] [stdout]    7: <pulumi_gestalt_wasm_component_creator::source::tests::pulumi_gestalt_source::should_download_existing_pulumi_gestalt::{closure#0} as core::ops::function::FnOnce<()>>::call_once
[INFO] [stdout]    8: test::__rust_begin_short_backtrace::<core::result::Result<(), alloc::string::String>, fn() -> core::result::Result<(), alloc::string::String>>
[INFO] [stdout]    9: test::run_test::{closure#0}
[INFO] [stdout]   10: std::sys::backtrace::__rust_begin_short_backtrace::<test::run_test::{closure#1}, ()>
[INFO] [stdout]   11: <std::thread::lifecycle::spawn_unchecked<test::run_test::{closure#1}, ()>::{closure#1} as core::ops::function::FnOnce<()>>::call_once::{shim:vtable#0}
[INFO] [stdout]   12: <std::sys::thread::unix::Thread>::new::thread_start
[INFO] [stdout]   13: <unknown>
[INFO] [stdout]   14: clone
[INFO] [stdout] 
[INFO] [stdout] 
[INFO] [stdout] failures:
[INFO] [stdout]     source::tests::pulumi_gestalt_source::should_download_existing_debug_pulumi_gestalt
[INFO] [stdout]     source::tests::pulumi_gestalt_source::should_download_existing_pulumi_gestalt
[INFO] [stdout] 
[INFO] [stdout] test result: FAILED. 1 passed; 2 failed; 0 ignored; 0 measured; 0 filtered out; finished in 0.03s
[INFO] [stdout] 
[INFO] running `Command { std: "docker" "inspect" "64a12144ee27236efa7a30b202611d8957f162039f68f3fa07e91fed3f095a64", kill_on_drop: false }`
[INFO] running `Command { std: "docker" "rm" "-f" "64a12144ee27236efa7a30b202611d8957f162039f68f3fa07e91fed3f095a64", kill_on_drop: false }`
[INFO] [stdout] 64a12144ee27236efa7a30b202611d8957f162039f68f3fa07e91fed3f095a64
