[INFO] fetching crate pulumi_gestalt_rust 0.0.12...
[INFO] testing pulumi_gestalt_rust-0.0.12 against 1.99.0-beta.8+cargoflags=--release for beta-release-1.100-2
[INFO] extracting crate pulumi_gestalt_rust 0.0.12 into /workspace/builds/worker-6-tc1/source
[INFO] started tweaking crates.io crate pulumi_gestalt_rust 0.0.12
[INFO] finished tweaking crates.io crate pulumi_gestalt_rust 0.0.12
[INFO] tweaked toml for crates.io crate pulumi_gestalt_rust 0.0.12 written to /workspace/builds/worker-6-tc1/source/Cargo.toml
[INFO] validating manifest of crates.io crate pulumi_gestalt_rust 0.0.12 on toolchain 1.99.0-beta.8
[INFO] running `Command { std: CARGO_HOME="/workspace/cargo-home" RUSTUP_HOME="/workspace/rustup-home" "/workspace/cargo-home/bin/cargo" "+1.99.0-beta.8" "metadata" "--manifest-path" "Cargo.toml" "--no-deps", kill_on_drop: false }`
[INFO] crate crates.io crate pulumi_gestalt_rust 0.0.12 already has a lockfile, it will not be regenerated
[INFO] running `Command { std: CARGO_HOME="/workspace/cargo-home" RUSTUP_HOME="/workspace/rustup-home" "/workspace/cargo-home/bin/cargo" "+1.99.0-beta.8" "fetch" "--manifest-path" "Cargo.toml", kill_on_drop: false }`
[INFO] [stderr]     Updating crates.io index
[INFO] [stderr]  Downloading crates ...
[INFO] [stderr]   Downloaded pulumi_gestalt_proto v0.0.12
[INFO] [stderr]   Downloaded zmij v1.0.8
[INFO] [stderr]   Downloaded pulumi_gestalt_schema v0.0.12
[INFO] [stderr]   Downloaded pulumi_gestalt_rust_integration v0.0.12
[INFO] [stderr]   Downloaded pulumi_gestalt_serde_constant_string v0.0.12
[INFO] [stderr]   Downloaded hyper-util v0.1.12
[INFO] [stderr]   Downloaded pulumi_gestalt_model v0.0.12
[INFO] [stderr]   Downloaded pulumi_gestalt_grpc_connection v0.0.12
[INFO] [stderr]   Downloaded pulumi_gestalt_domain v0.0.12
[INFO] [stderr]   Downloaded pulumi_gestalt_core v0.0.12
[INFO] [stderr]   Downloaded rootcause-internals v0.12.1
[INFO] [stderr]   Downloaded pulumi_gestalt_pulumi_constant_string v0.0.12
[INFO] [stderr]   Downloaded h2 v0.4.10
[INFO] [stderr]   Downloaded rootcause v0.12.1
[INFO] running `Command { std: "docker" "create" "-v" "/var/lib/crater-agent-workspace/builds/worker-6-tc1/source:/opt/rustwide/workdir:ro,Z" "-v" "/var/lib/crater-agent-workspace/builds/worker-6-tc1/target:/opt/rustwide/target:rw,Z" "-v" "/var/lib/crater-agent-workspace/cargo-home:/opt/rustwide/cargo-home:ro,Z" "-v" "/var/lib/crater-agent-workspace/rustup-home:/opt/rustwide/rustup-home:ro,Z" "-m" "1610612736" "--network" "none" "ghcr.io/rust-lang/crates-build-env/linux@sha256:77db811e55d90add9212f6832c23229e3de5f1c1f9905e8cb07319ea15df73ac" "sleep" "infinity", kill_on_drop: false }`
[INFO] [stdout] a5322226593e8f7a13a28bbd3dfe541ea8ec5d775e015cfb1413bbd8337941f1
[INFO] running `Command { std: "docker" "start" "a5322226593e8f7a13a28bbd3dfe541ea8ec5d775e015cfb1413bbd8337941f1", kill_on_drop: false }`
[INFO] running `Command { std: "docker" "inspect" "a5322226593e8f7a13a28bbd3dfe541ea8ec5d775e015cfb1413bbd8337941f1", kill_on_drop: false }`
[INFO] running `Command { std: "docker" "exec" "-e" "SOURCE_DIR=/opt/rustwide/workdir" "-e" "CARGO_HOME=/opt/rustwide/cargo-home" "-e" "RUSTUP_HOME=/opt/rustwide/rustup-home" "-e" "CARGO_TARGET_DIR=/opt/rustwide/target" "-w" "/opt/rustwide/workdir" "--user" "0:0" "a5322226593e8f7a13a28bbd3dfe541ea8ec5d775e015cfb1413bbd8337941f1" "/opt/rustwide/cargo-home/bin/cargo" "+1.99.0-beta.8" "metadata" "--no-deps" "--format-version=1", kill_on_drop: false }`
[INFO] running `Command { std: "docker" "inspect" "a5322226593e8f7a13a28bbd3dfe541ea8ec5d775e015cfb1413bbd8337941f1", kill_on_drop: false }`
[INFO] running `Command { std: "docker" "exec" "-e" "SOURCE_DIR=/opt/rustwide/workdir" "-e" "CARGO_HOME=/opt/rustwide/cargo-home" "-e" "RUSTUP_HOME=/opt/rustwide/rustup-home" "-e" "CARGO_TARGET_DIR=/opt/rustwide/target" "-e" "CARGO_INCREMENTAL=0" "-e" "RUST_BACKTRACE=full" "-e" "RUSTFLAGS=--cap-lints=warn" "-e" "RUSTDOCFLAGS=--cap-lints=warn" "-w" "/opt/rustwide/workdir" "--user" "0:0" "a5322226593e8f7a13a28bbd3dfe541ea8ec5d775e015cfb1413bbd8337941f1" "/opt/rustwide/cargo-home/bin/cargo" "+1.99.0-beta.8" "build" "--frozen" "--message-format=json" "--release", kill_on_drop: false }`
[INFO] [stderr]    Compiling proc-macro2 v1.0.106
[INFO] [stderr]    Compiling anyhow v1.0.102
[INFO] [stderr]    Compiling http v1.3.1
[INFO] [stderr]    Compiling rustversion v1.0.20
[INFO] [stderr]    Compiling tracing-core v0.1.33
[INFO] [stderr]    Compiling zmij v1.0.8
[INFO] [stderr]    Compiling triomphe v0.1.15
[INFO] [stderr]    Compiling typenum v1.18.0
[INFO] [stderr]    Compiling socket2 v0.5.9
[INFO] [stderr]    Compiling rustc-hash v2.1.1
[INFO] [stderr]    Compiling rootcause-internals v0.12.1
[INFO] [stderr]    Compiling rootcause v0.12.1
[INFO] [stderr]    Compiling quote v1.0.45
[INFO] [stderr]    Compiling syn v2.0.117
[INFO] [stderr]    Compiling serde_json v1.0.149
[INFO] [stderr]    Compiling getrandom v0.4.2
[INFO] [stderr]    Compiling http-body v1.0.1
[INFO] [stderr]    Compiling hybrid-array v0.4.10
[INFO] [stderr]    Compiling unicode-segmentation v1.13.2
[INFO] [stderr]    Compiling http-body-util v0.1.3
[INFO] [stderr]    Compiling itertools v0.14.0
[INFO] [stderr]    Compiling axum-core v0.5.2
[INFO] [stderr]    Compiling crypto-common v0.2.1
[INFO] [stderr]    Compiling block-buffer v0.12.0
[INFO] [stderr]    Compiling convert_case v0.11.0
[INFO] [stderr]    Compiling uuid v1.23.1
[INFO] [stderr]    Compiling log v0.4.29
[INFO] [stderr]    Compiling digest v0.11.2
[INFO] [stderr]    Compiling sha2 v0.11.0
[INFO] [stderr]    Compiling sha1 v0.11.0
[INFO] [stderr]    Compiling darling_core v0.20.11
[INFO] [stderr]    Compiling prettyplease v0.2.37
[INFO] [stderr]    Compiling futures-macro v0.3.32
[INFO] [stderr]    Compiling tokio-macros v2.7.0
[INFO] [stderr]    Compiling tracing-attributes v0.1.28
[INFO] [stderr]    Compiling serde_derive v1.0.228
[INFO] [stderr]    Compiling async-trait v0.1.89
[INFO] [stderr]    Compiling prost-derive v0.14.3
[INFO] [stderr]    Compiling pin-project-internal v1.1.10
[INFO] [stderr]    Compiling tokio v1.52.3
[INFO] [stderr]    Compiling futures-util v0.3.32
[INFO] [stderr]    Compiling tracing v0.1.41
[INFO] [stderr]    Compiling pin-project v1.1.10
[INFO] [stderr]    Compiling prost v0.14.3
[INFO] [stderr]    Compiling darling_macro v0.20.11
[INFO] [stderr]    Compiling darling v0.20.11
[INFO] [stderr]    Compiling bon-macros v3.9.1
[INFO] [stderr]    Compiling prost-types v0.14.3
[INFO] [stderr]    Compiling serde v1.0.228
[INFO] [stderr]    Compiling pulumi_gestalt_serde_constant_string v0.0.12
[INFO] [stderr]    Compiling serde_yaml v0.9.34+deprecated
[INFO] [stderr]    Compiling futures-executor v0.3.32
[INFO] [stderr]    Compiling futures v0.3.32
[INFO] [stderr]    Compiling pulumi_gestalt_model v0.0.12
[INFO] [stderr]    Compiling pulumi_gestalt_pulumi_constant_string v0.0.12
[INFO] [stderr]    Compiling pulumi_gestalt_schema v0.0.12
[INFO] [stderr]    Compiling bon v3.9.1
[INFO] [stderr]    Compiling pulumi_gestalt_domain v0.0.12
[INFO] [stderr]    Compiling pulumi_gestalt_core v0.0.12
[INFO] [stderr]    Compiling tokio-util v0.7.15
[INFO] [stderr]    Compiling tokio-stream v0.1.18
[INFO] [stderr]    Compiling h2 v0.4.10
[INFO] [stderr]    Compiling tower v0.5.2
[INFO] [stderr]    Compiling axum v0.8.4
[INFO] [stderr]    Compiling hyper v1.6.0
[INFO] [stderr]    Compiling hyper-util v0.1.12
[INFO] [stderr]    Compiling hyper-timeout v0.5.2
[INFO] [stderr]    Compiling tonic v0.14.6
[INFO] [stderr]    Compiling tonic-prost v0.14.6
[INFO] [stderr]    Compiling pulumi_gestalt_proto v0.0.12
[INFO] [stderr]    Compiling pulumi_gestalt_grpc_connection v0.0.12
[INFO] [stderr]    Compiling pulumi_gestalt_rust_integration v0.0.12
[INFO] [stderr]    Compiling pulumi_gestalt_rust v0.0.12 (/opt/rustwide/workdir)
[INFO] [stderr]     Finished `release` profile [optimized] target(s) in 2m 44s
[INFO] running `Command { std: "docker" "inspect" "a5322226593e8f7a13a28bbd3dfe541ea8ec5d775e015cfb1413bbd8337941f1", kill_on_drop: false }`
[INFO] running `Command { std: "docker" "exec" "-e" "SOURCE_DIR=/opt/rustwide/workdir" "-e" "CARGO_HOME=/opt/rustwide/cargo-home" "-e" "RUSTUP_HOME=/opt/rustwide/rustup-home" "-e" "CARGO_TARGET_DIR=/opt/rustwide/target" "-e" "CARGO_INCREMENTAL=0" "-e" "RUST_BACKTRACE=full" "-e" "RUSTFLAGS=--cap-lints=warn" "-e" "RUSTDOCFLAGS=--cap-lints=warn" "-w" "/opt/rustwide/workdir" "--user" "0:0" "a5322226593e8f7a13a28bbd3dfe541ea8ec5d775e015cfb1413bbd8337941f1" "/opt/rustwide/cargo-home/bin/cargo" "+1.99.0-beta.8" "test" "--frozen" "--no-run" "--message-format=json" "--release", kill_on_drop: false }`
[INFO] [stderr]    Compiling tempfile v3.27.0
[INFO] [stderr]    Compiling pulumi_gestalt_rust v0.0.12 (/opt/rustwide/workdir)
[INFO] [stderr]     Finished `release` profile [optimized] target(s) in 7.31s
[INFO] running `Command { std: "docker" "inspect" "a5322226593e8f7a13a28bbd3dfe541ea8ec5d775e015cfb1413bbd8337941f1", kill_on_drop: false }`
[INFO] running `Command { std: "docker" "exec" "-e" "SOURCE_DIR=/opt/rustwide/workdir" "-e" "CARGO_HOME=/opt/rustwide/cargo-home" "-e" "RUSTUP_HOME=/opt/rustwide/rustup-home" "-e" "CARGO_TARGET_DIR=/opt/rustwide/target" "-e" "CARGO_INCREMENTAL=0" "-e" "RUST_BACKTRACE=full" "-e" "RUSTFLAGS=--cap-lints=warn" "-e" "RUSTDOCFLAGS=--cap-lints=warn" "-w" "/opt/rustwide/workdir" "--user" "0:0" "a5322226593e8f7a13a28bbd3dfe541ea8ec5d775e015cfb1413bbd8337941f1" "/opt/rustwide/cargo-home/bin/cargo" "+1.99.0-beta.8" "test" "--frozen" "--release", kill_on_drop: false }`
[INFO] [stderr]     Finished `release` profile [optimized] target(s) in 0.17s
[INFO] [stderr]      Running unittests src/lib.rs (/opt/rustwide/target/release/deps/pulumi_gestalt_rust-bc30a473891d04a6)
[INFO] [stdout] 
[INFO] [stdout] running 50 tests
[INFO] [stdout] test oneof::tests::from_pulumi_value_ambiguous_prefers_left_to_right ... ok
[INFO] [stdout] test oneof::tests::to_pulumi_value_oneof4_uses_active_variant ... ok
[INFO] [stdout] test pulumi_any::tests::pulumi_any_macro_array_and_object ... ok
[INFO] [stdout] test pulumi_any::tests::pulumi_any_macro_array_propagates_secret_from_nested_output ... ok
[INFO] [stdout] test pulumi_any::tests::pulumi_any_macro_nested_and_trailing_commas ... ok
[INFO] [stdout] test oneof::tests::from_pulumi_value_oneof3_success ... ok
[INFO] [stdout] test pulumi_any::tests::pulumi_any_macro_object_sorts_keys ... ok
[INFO] [stdout] test pulumi_any::tests::pulumi_any_macro_scalar ... ok
[INFO] [stdout] test pulumi_any::tests::pulumi_any_macro_uses_custom_to_pulumi_value_impl ... ok
[INFO] [stdout] test pulumi_any::tests::to_pulumi_any_converts_plain_value ... ok
[INFO] [stdout] test stdlib::tests::cwd_matches_std_env_current_dir ... ok
[INFO] [stdout] test stdlib::tests::element_returns_error_for_negative_index ... ok
[INFO] [stdout] test stdlib::tests::element_returns_error_for_out_of_bounds_index ... ok
[INFO] [stdout] test stdlib::tests::element_returns_item_for_valid_index ... ok
[INFO] [stdout] test stdlib::tests::entries_accepts_owned_map ... ok
[INFO] [stdout] test stdlib::tests::entries_are_convertible_to_pulumi_values ... ok
[INFO] [stdout] test stdlib::tests::entries_returns_empty_vec_for_empty_map ... ok
[INFO] [stdout] test stdlib::tests::entries_returns_empty_vec_for_empty_map_borrow ... ok
[INFO] [stdout] test stdlib::tests::entries_returns_key_value_pairs_for_non_empty_map ... ok
[INFO] [stdout] test stdlib::tests::filebase64_encodes_file_contents ... ok
[INFO] [stdout] test oneof::tests::from_pulumi_value_failure_includes_oneof_context ... ok
[INFO] [stdout] test stdlib::tests::filebase64sha256_hashes_known_content ... ok
[INFO] [stdout] test oneof::tests::from_pulumi_value_oneof4_success ... ok
[INFO] [stdout] test pulumi_any::tests::pulumi_any_macro_nested_model_outputs ... ok
[INFO] [stdout] test stdlib::tests::join_joins_values_with_separator ... ok
[INFO] [stdout] test stdlib::tests::length_list_behavior_is_unchanged ... ok
[INFO] [stdout] test stdlib::tests::length_returns_i64_length ... ok
[INFO] [stdout] test stdlib::tests::length_string_counts_ascii_graphemes ... ok
[INFO] [stdout] test stdlib::tests::length_string_counts_combining_marks_as_single_grapheme ... ok
[INFO] [stdout] test stdlib::tests::length_string_counts_mixed_text_by_graphemes ... ok
[INFO] [stdout] test oneof::tests::from_pulumi_value_oneof2_success ... ok
[INFO] [stdout] test stdlib::tests::length_string_counts_zwj_emoji_as_single_grapheme ... ok
[INFO] [stdout] test oneof::tests::to_pulumi_value_oneof2_uses_active_variant ... ok
[INFO] [stdout] test pulumi_any::tests::pulumi_any_macro_object_last_wins_for_duplicate_keys ... ok
[INFO] [stdout] test stdlib::tests::read_file_reads_existing_file ... ok
[INFO] [stdout] test stdlib::tests::read_file_returns_error_for_missing_file ... ok
[INFO] [stdout] test oneof::tests::to_pulumi_value_oneof3_uses_active_variant ... ok
[INFO] [stdout] test stdlib::tests::roundtrip_text_data ... ok
[INFO] [stdout] test stdlib::tests::from_base64_decodes_known_text ... ok
[INFO] [stdout] test stdlib::tests::from_base64_invalid_input_returns_error ... ok
[INFO] [stdout] test stdlib::tests::lookup_returns_default_for_missing_key ... ok
[INFO] [stdout] test stdlib::tests::lookup_returns_value_for_existing_key ... ok
[INFO] [stdout] test stdlib::tests::single_or_none_returns_error_for_multi_item_list ... ok
[INFO] [stdout] test stdlib::tests::to_base64_encodes_known_text ... ok
[INFO] [stdout] test stdlib::tests::single_or_none_returns_none_for_empty_list ... ok
[INFO] [stdout] test stdlib::tests::single_or_none_returns_some_for_single_item_list ... ok
[INFO] [stdout] test stdlib::tests::split_returns_segments ... ok
[INFO] [stdout] test stdlib::tests::to_base64_accepts_multiple_input_types ... ok
[INFO] [stdout] test stdlib::tests::sha1_hashes_known_values ... ok
[INFO] [stderr]    Doc-tests pulumi_gestalt_rust
[INFO] [stdout] test stdlib::tests::from_base64_binary_data_returns_error ... ok
[INFO] [stdout] 
[INFO] [stdout] test result: ok. 50 passed; 0 failed; 0 ignored; 0 measured; 0 filtered out; finished in 0.02s
[INFO] [stdout] 
[INFO] [stdout] 
[INFO] [stdout] running 5 tests
[INFO] [stdout] test src/lib.rs - include_provider (line 57) ... ignored
[INFO] [stdout] test src/lib.rs - run (line 31) - compile ... ok
[INFO] [stdout] test src/macros.rs - macros::pulumi_combine (line 249) - compile ... ok
[INFO] [stdout] test src/macros.rs - macros::pulumi_format (line 7) - compile ... ok
[INFO] [stdout] test src/lib.rs - include_provider (line 48) - compile ... FAILED
[INFO] [stderr] error: doctest failed, to rerun pass `--doc`
[INFO] [stdout] 
[INFO] [stdout] failures:
[INFO] [stdout] 
[INFO] [stdout] ---- src/lib.rs - include_provider (line 48) stdout ----
[INFO] [stdout] error[E0433]: cannot find module or crate `pulumi_gestalt_build` in this scope
[INFO] [stdout]   --> src/lib.rs:51:5
[INFO] [stdout]    |
[INFO] [stdout] 51 |     pulumi_gestalt_build::generate("random", "4.15.0")?;
[INFO] [stdout]    |     ^^^^^^^^^^^^^^^^^^^^ use of unresolved module or unlinked crate `pulumi_gestalt_build`
[INFO] [stdout]    |
[INFO] [stdout] help: there is a crate or module with a similar name
[INFO] [stdout]    |
[INFO] [stdout] 51 -     pulumi_gestalt_build::generate("random", "4.15.0")?;
[INFO] [stdout] 51 +     pulumi_gestalt_rust::generate("random", "4.15.0")?;
[INFO] [stdout]    |
[INFO] [stdout] 
[INFO] [stdout] error: aborting due to 1 previous error
[INFO] [stdout] 
[INFO] [stdout] For more information about this error, try `rustc --explain E0433`.
[INFO] [stdout] Couldn't compile the test.
[INFO] [stdout] 
[INFO] [stdout] failures:
[INFO] [stdout]     src/lib.rs - include_provider (line 48)
[INFO] [stdout] 
[INFO] [stdout] test result: FAILED. 3 passed; 1 failed; 1 ignored; 0 measured; 0 filtered out; finished in 0.40s
[INFO] [stdout] 
[INFO] [stdout] all doctests ran in 0.58s; merged doctests compilation took 0.18s
[INFO] running `Command { std: "docker" "inspect" "a5322226593e8f7a13a28bbd3dfe541ea8ec5d775e015cfb1413bbd8337941f1", kill_on_drop: false }`
[INFO] running `Command { std: "docker" "rm" "-f" "a5322226593e8f7a13a28bbd3dfe541ea8ec5d775e015cfb1413bbd8337941f1", kill_on_drop: false }`
[INFO] [stdout] a5322226593e8f7a13a28bbd3dfe541ea8ec5d775e015cfb1413bbd8337941f1
