[INFO] fetching crate pulsar-lang 0.0.1...
[INFO] testing pulsar-lang-0.0.1 against 1.99.0-beta.8+cargoflags=--release for beta-release-1.100-2
[INFO] extracting crate pulsar-lang 0.0.1 into /workspace/builds/worker-4-tc1/source
[INFO] started tweaking crates.io crate pulsar-lang 0.0.1
[INFO] finished tweaking crates.io crate pulsar-lang 0.0.1
[INFO] tweaked toml for crates.io crate pulsar-lang 0.0.1 written to /workspace/builds/worker-4-tc1/source/Cargo.toml
[INFO] validating manifest of crates.io crate pulsar-lang 0.0.1 on toolchain 1.99.0-beta.8
[INFO] running `Command { std: CARGO_HOME="/workspace/cargo-home" RUSTUP_HOME="/workspace/rustup-home" "/workspace/cargo-home/bin/cargo" "+1.99.0-beta.8" "metadata" "--manifest-path" "Cargo.toml" "--no-deps", kill_on_drop: false }`
[INFO] crate crates.io crate pulsar-lang 0.0.1 already has a lockfile, it will not be regenerated
[INFO] running `Command { std: CARGO_HOME="/workspace/cargo-home" RUSTUP_HOME="/workspace/rustup-home" "/workspace/cargo-home/bin/cargo" "+1.99.0-beta.8" "fetch" "--manifest-path" "Cargo.toml", kill_on_drop: false }`
[INFO] [stderr]     Updating crates.io index
[INFO] [stderr]  Downloading crates ...
[INFO] [stderr]   Downloaded calyx-utils v0.7.1
[INFO] [stderr]   Downloaded pulsar-utils v0.0.1
[INFO] [stderr]   Downloaded pulsar-frontend v0.0.1
[INFO] [stderr]   Downloaded pulsar-backend v0.0.1
[INFO] [stderr]   Downloaded pulsar-ir v0.0.1
[INFO] [stderr]   Downloaded string-interner v0.14.0
[INFO] [stderr]   Downloaded symbol_table v0.3.0
[INFO] [stderr]   Downloaded pest_meta v2.7.10
[INFO] [stderr]   Downloaded pest_consume v1.1.3
[INFO] [stderr]   Downloaded pest_consume_macros v1.1.0
[INFO] [stderr]   Downloaded calyx-frontend v0.7.1
[INFO] [stderr]   Downloaded pest_generator v2.7.10
[INFO] [stderr]   Downloaded calyx-backend v0.7.1
[INFO] [stderr]   Downloaded vast v0.3.3
[INFO] [stderr]   Downloaded calyx-ir v0.7.1
[INFO] [stderr]   Downloaded pest_derive v2.7.10
[INFO] [stderr]   Downloaded proc-macro2 v1.0.84
[INFO] [stderr]   Downloaded ucd-trie v0.1.6
[INFO] [stderr]   Downloaded similar v2.5.0
[INFO] [stderr]   Downloaded pest v2.7.10
[INFO] [stderr]   Downloaded insta v1.39.0
[INFO] [stderr]   Downloaded unicode-segmentation v1.11.0
[INFO] [stderr]   Downloaded calyx-opt v0.7.1
[INFO] running `Command { std: "docker" "create" "-v" "/var/lib/crater-agent-workspace/builds/worker-4-tc1/source:/opt/rustwide/workdir:ro,Z" "-v" "/var/lib/crater-agent-workspace/builds/worker-4-tc1/target:/opt/rustwide/target:rw,Z" "-v" "/var/lib/crater-agent-workspace/cargo-home:/opt/rustwide/cargo-home:ro,Z" "-v" "/var/lib/crater-agent-workspace/rustup-home:/opt/rustwide/rustup-home:ro,Z" "-m" "1610612736" "--network" "none" "ghcr.io/rust-lang/crates-build-env/linux@sha256:77db811e55d90add9212f6832c23229e3de5f1c1f9905e8cb07319ea15df73ac" "sleep" "infinity", kill_on_drop: false }`
[INFO] [stdout] d976a4d83af10c428a84318db2858bbec10b8badca1749fb9cebdde0936171eb
[INFO] running `Command { std: "docker" "start" "d976a4d83af10c428a84318db2858bbec10b8badca1749fb9cebdde0936171eb", kill_on_drop: false }`
[INFO] running `Command { std: "docker" "inspect" "d976a4d83af10c428a84318db2858bbec10b8badca1749fb9cebdde0936171eb", kill_on_drop: false }`
[INFO] running `Command { std: "docker" "exec" "-e" "SOURCE_DIR=/opt/rustwide/workdir" "-e" "CARGO_HOME=/opt/rustwide/cargo-home" "-e" "RUSTUP_HOME=/opt/rustwide/rustup-home" "-e" "CARGO_TARGET_DIR=/opt/rustwide/target" "-w" "/opt/rustwide/workdir" "--user" "0:0" "d976a4d83af10c428a84318db2858bbec10b8badca1749fb9cebdde0936171eb" "/opt/rustwide/cargo-home/bin/cargo" "+1.99.0-beta.8" "metadata" "--no-deps" "--format-version=1", kill_on_drop: false }`
[INFO] running `Command { std: "docker" "inspect" "d976a4d83af10c428a84318db2858bbec10b8badca1749fb9cebdde0936171eb", kill_on_drop: false }`
[INFO] running `Command { std: "docker" "exec" "-e" "SOURCE_DIR=/opt/rustwide/workdir" "-e" "CARGO_HOME=/opt/rustwide/cargo-home" "-e" "RUSTUP_HOME=/opt/rustwide/rustup-home" "-e" "CARGO_TARGET_DIR=/opt/rustwide/target" "-e" "CARGO_INCREMENTAL=0" "-e" "RUST_BACKTRACE=full" "-e" "RUSTFLAGS=--cap-lints=warn" "-e" "RUSTDOCFLAGS=--cap-lints=warn" "-w" "/opt/rustwide/workdir" "--user" "0:0" "d976a4d83af10c428a84318db2858bbec10b8badca1749fb9cebdde0936171eb" "/opt/rustwide/cargo-home/bin/cargo" "+1.99.0-beta.8" "build" "--frozen" "--message-format=json" "--release", kill_on_drop: false }`
[INFO] [stderr]    Compiling proc-macro2 v1.0.84
[INFO] [stderr]    Compiling thiserror v1.0.61
[INFO] [stderr]    Compiling libc v0.2.155
[INFO] [stderr]    Compiling once_cell v1.19.0
[INFO] [stderr]    Compiling ucd-trie v0.1.6
[INFO] [stderr]    Compiling memchr v2.7.2
[INFO] [stderr]    Compiling serde v1.0.203
[INFO] [stderr]    Compiling either v1.12.0
[INFO] [stderr]    Compiling ahash v0.7.8
[INFO] [stderr]    Compiling serde_json v1.0.117
[INFO] [stderr]    Compiling indexmap v2.2.6
[INFO] [stderr]    Compiling ryu v1.0.18
[INFO] [stderr]    Compiling itoa v1.0.11
[INFO] [stderr]    Compiling fixedbitset v0.4.2
[INFO] [stderr]    Compiling log v0.4.21
[INFO] [stderr]    Compiling smallvec v1.13.2
[INFO] [stderr]    Compiling strum v0.25.0
[INFO] [stderr]    Compiling colored v2.1.0
[INFO] [stderr]    Compiling arrayvec v0.5.2
[INFO] [stderr]    Compiling itertools v0.11.0
[INFO] [stderr]    Compiling unicode-segmentation v1.11.0
[INFO] [stderr]    Compiling typed-arena v2.0.2
[INFO] [stderr]    Compiling itertools v0.10.5
[INFO] [stderr]    Compiling pulsar-utils v0.0.1
[INFO] [stderr]    Compiling pretty v0.11.3
[INFO] [stderr]    Compiling pulsar-frontend v0.0.1
[INFO] [stderr]    Compiling quote v1.0.36
[INFO] [stderr]    Compiling getrandom v0.2.15
[INFO] [stderr]    Compiling atty v0.2.14
[INFO] [stderr]    Compiling syn v2.0.66
[INFO] [stderr]    Compiling syn v1.0.109
[INFO] [stderr]    Compiling petgraph v0.6.5
[INFO] [stderr]    Compiling hashbrown v0.12.3
[INFO] [stderr]    Compiling hashbrown v0.11.2
[INFO] [stderr]    Compiling pulsar-ir v0.0.1
[INFO] [stderr]    Compiling symbol_table v0.3.0
[INFO] [stderr]    Compiling vast v0.3.3
[INFO] [stderr]    Compiling thiserror-impl v1.0.61
[INFO] [stderr]    Compiling serde_derive v1.0.203
[INFO] [stderr]    Compiling strum_macros v0.25.3
[INFO] [stderr]    Compiling pest_consume_macros v1.1.0
[INFO] [stderr]    Compiling pest v2.7.10
[INFO] [stderr]    Compiling pest_meta v2.7.10
[INFO] [stderr]    Compiling pest_generator v2.7.10
[INFO] [stderr]    Compiling pest_derive v2.7.10
[INFO] [stderr]    Compiling pest_consume v1.1.3
[INFO] [stderr]    Compiling string-interner v0.14.0
[INFO] [stderr]    Compiling calyx-utils v0.7.1
[INFO] [stderr]    Compiling calyx-frontend v0.7.1
[INFO] [stderr]    Compiling calyx-ir v0.7.1
[INFO] [stderr]    Compiling calyx-opt v0.7.1
[INFO] [stderr]    Compiling calyx-backend v0.7.1
[INFO] [stderr]    Compiling pulsar-backend v0.0.1
[INFO] [stderr]    Compiling pulsar-lang v0.0.1 (/opt/rustwide/workdir)
[INFO] [stderr]     Finished `release` profile [optimized] target(s) in 1m 14s
[INFO] running `Command { std: "docker" "inspect" "d976a4d83af10c428a84318db2858bbec10b8badca1749fb9cebdde0936171eb", kill_on_drop: false }`
[INFO] running `Command { std: "docker" "exec" "-e" "SOURCE_DIR=/opt/rustwide/workdir" "-e" "CARGO_HOME=/opt/rustwide/cargo-home" "-e" "RUSTUP_HOME=/opt/rustwide/rustup-home" "-e" "CARGO_TARGET_DIR=/opt/rustwide/target" "-e" "CARGO_INCREMENTAL=0" "-e" "RUST_BACKTRACE=full" "-e" "RUSTFLAGS=--cap-lints=warn" "-e" "RUSTDOCFLAGS=--cap-lints=warn" "-w" "/opt/rustwide/workdir" "--user" "0:0" "d976a4d83af10c428a84318db2858bbec10b8badca1749fb9cebdde0936171eb" "/opt/rustwide/cargo-home/bin/cargo" "+1.99.0-beta.8" "test" "--frozen" "--no-run" "--message-format=json" "--release", kill_on_drop: false }`
[INFO] [stderr]    Compiling libc v0.2.155
[INFO] [stderr]    Compiling rustix v0.38.34
[INFO] [stderr]    Compiling linux-raw-sys v0.4.14
[INFO] [stderr]    Compiling bitflags v2.5.0
[INFO] [stderr]    Compiling autocfg v1.3.0
[INFO] [stderr]    Compiling libm v0.2.8
[INFO] [stderr]    Compiling fastrand v2.1.0
[INFO] [stderr]    Compiling bit-set v0.5.3
[INFO] [stderr]    Compiling similar v2.5.0
[INFO] [stderr]    Compiling regex-syntax v0.8.3
[INFO] [stderr]    Compiling num-traits v0.2.19
[INFO] [stderr]    Compiling getrandom v0.2.15
[INFO] [stderr]    Compiling atty v0.2.14
[INFO] [stderr]    Compiling wait-timeout v0.2.0
[INFO] [stderr]    Compiling console v0.15.8
[INFO] [stderr]    Compiling ahash v0.7.8
[INFO] [stderr]    Compiling rand_core v0.6.4
[INFO] [stderr]    Compiling hashbrown v0.11.2
[INFO] [stderr]    Compiling hashbrown v0.12.3
[INFO] [stderr]    Compiling rand_chacha v0.3.1
[INFO] [stderr]    Compiling rand_xorshift v0.3.0
[INFO] [stderr]    Compiling insta v1.39.0
[INFO] [stderr]    Compiling rand v0.8.5
[INFO] [stderr]    Compiling symbol_table v0.3.0
[INFO] [stderr]    Compiling string-interner v0.14.0
[INFO] [stderr]    Compiling calyx-utils v0.7.1
[INFO] [stderr]    Compiling calyx-frontend v0.7.1
[INFO] [stderr]    Compiling tempfile v3.10.1
[INFO] [stderr]    Compiling rusty-fork v0.3.0
[INFO] [stderr]    Compiling proptest v1.4.0
[INFO] [stderr]    Compiling calyx-ir v0.7.1
[INFO] [stderr]    Compiling calyx-backend v0.7.1
[INFO] [stderr]    Compiling calyx-opt v0.7.1
[INFO] [stderr]    Compiling pulsar-backend v0.0.1
[INFO] [stderr]    Compiling pulsar-lang v0.0.1 (/opt/rustwide/workdir)
[INFO] [stderr]     Finished `release` profile [optimized] target(s) in 1m 10s
[INFO] running `Command { std: "docker" "inspect" "d976a4d83af10c428a84318db2858bbec10b8badca1749fb9cebdde0936171eb", kill_on_drop: false }`
[INFO] running `Command { std: "docker" "exec" "-e" "SOURCE_DIR=/opt/rustwide/workdir" "-e" "CARGO_HOME=/opt/rustwide/cargo-home" "-e" "RUSTUP_HOME=/opt/rustwide/rustup-home" "-e" "CARGO_TARGET_DIR=/opt/rustwide/target" "-e" "CARGO_INCREMENTAL=0" "-e" "RUST_BACKTRACE=full" "-e" "RUSTFLAGS=--cap-lints=warn" "-e" "RUSTDOCFLAGS=--cap-lints=warn" "-w" "/opt/rustwide/workdir" "--user" "0:0" "d976a4d83af10c428a84318db2858bbec10b8badca1749fb9cebdde0936171eb" "/opt/rustwide/cargo-home/bin/cargo" "+1.99.0-beta.8" "test" "--frozen" "--release", kill_on_drop: false }`
[INFO] [stderr]     Finished `release` profile [optimized] target(s) in 0.14s
[INFO] [stderr]      Running unittests src/lib.rs (/opt/rustwide/target/release/deps/pulsar_lang-9dcacf6913f2c38a)
[INFO] [stderr]      Running unittests src/main.rs (/opt/rustwide/target/release/deps/pulsar-4267455a86cbebf2)
[INFO] [stdout] 
[INFO] [stdout] running 0 tests
[INFO] [stdout] 
[INFO] [stdout] test result: ok. 0 passed; 0 failed; 0 ignored; 0 measured; 0 filtered out; finished in 0.00s
[INFO] [stdout] 
[INFO] [stdout] 
[INFO] [stderr]      Running tests/test_ast_format.rs (/opt/rustwide/target/release/deps/test_ast_format-39dccac946d37f0a)
[INFO] [stdout] running 0 tests
[INFO] [stdout] 
[INFO] [stdout] test result: ok. 0 passed; 0 failed; 0 ignored; 0 measured; 0 filtered out; finished in 0.00s
[INFO] [stdout] 
[INFO] [stdout] 
[INFO] [stdout] running 4 tests
[INFO] [stdout] test tests::test_format_let_binding ... ok
[INFO] [stdout] test tests::test_format_constant_int ... ok
[INFO] [stdout] test tests::test_format_bin_op ... ok
[INFO] [stdout] test tests::test_format_function ... ok
[INFO] [stdout] 
[INFO] [stdout] test result: ok. 4 passed; 0 failed; 0 ignored; 0 measured; 0 filtered out; finished in 0.03s
[INFO] [stdout] 
[INFO] [stderr]      Running tests/test_calyx_verilog.rs (/opt/rustwide/target/release/deps/test_calyx_verilog-04591963590ffdb6)
[INFO] [stdout] 
[INFO] [stdout] running 5 tests
[INFO] [stdout] test tests::map ... FAILED
[INFO] [stdout] test tests::twice ... FAILED
[INFO] [stdout] test tests::map_single ... FAILED
[INFO] [stdout] test tests::square ... FAILED
[INFO] [stderr] error: test failed, to rerun pass `--test test_calyx_verilog`
[INFO] [stderr] 
[INFO] [stderr] Caused by:
[INFO] [stderr]   process didn't exit successfully: `/opt/rustwide/target/release/deps/test_calyx_verilog-04591963590ffdb6` (exit status: 2)
[INFO] [stderr] note: test exited abnormally; to see the full output pass --no-capture to the harness.
[INFO] running `Command { std: "docker" "inspect" "d976a4d83af10c428a84318db2858bbec10b8badca1749fb9cebdde0936171eb", kill_on_drop: false }`
[INFO] running `Command { std: "docker" "rm" "-f" "d976a4d83af10c428a84318db2858bbec10b8badca1749fb9cebdde0936171eb", kill_on_drop: false }`
[INFO] [stdout] d976a4d83af10c428a84318db2858bbec10b8badca1749fb9cebdde0936171eb
