[INFO] fetching crate pulith-install 0.1.0...
[INFO] testing pulith-install-0.1.0 against 1.99.0-beta.8+cargoflags=--release for beta-release-1.100-2
[INFO] extracting crate pulith-install 0.1.0 into /workspace/builds/worker-3-tc1/source
[INFO] started tweaking crates.io crate pulith-install 0.1.0
[INFO] removed 0 missing tests
[INFO] finished tweaking crates.io crate pulith-install 0.1.0
[INFO] tweaked toml for crates.io crate pulith-install 0.1.0 written to /workspace/builds/worker-3-tc1/source/Cargo.toml
[INFO] validating manifest of crates.io crate pulith-install 0.1.0 on toolchain 1.99.0-beta.8
[INFO] running `Command { std: CARGO_HOME="/workspace/cargo-home" RUSTUP_HOME="/workspace/rustup-home" "/workspace/cargo-home/bin/cargo" "+1.99.0-beta.8" "metadata" "--manifest-path" "Cargo.toml" "--no-deps", kill_on_drop: false }`
[INFO] crate crates.io crate pulith-install 0.1.0 already has a lockfile, it will not be regenerated
[INFO] running `Command { std: CARGO_HOME="/workspace/cargo-home" RUSTUP_HOME="/workspace/rustup-home" "/workspace/cargo-home/bin/cargo" "+1.99.0-beta.8" "fetch" "--manifest-path" "Cargo.toml", kill_on_drop: false }`
[INFO] [stderr]     Updating crates.io index
[INFO] [stderr]  Downloading crates ...
[INFO] [stderr]   Downloaded cc v1.2.53
[INFO] [stderr]   Downloaded pulith-serde-backend v0.1.0
[INFO] [stderr]   Downloaded zmij v1.0.17
[INFO] [stderr]   Downloaded junction v1.4.2
[INFO] [stderr]   Downloaded pulith-fs v0.1.0
[INFO] [stderr]   Downloaded deflate64 v0.1.10
[INFO] [stderr]   Downloaded pulith-store v0.1.0
[INFO] [stderr]   Downloaded pulith-resource v0.1.0
[INFO] [stderr]   Downloaded pulith-version v0.1.0
[INFO] [stderr]   Downloaded pulith-verify v0.2.0
[INFO] [stderr]   Downloaded pulith-source v0.1.0
[INFO] [stderr]   Downloaded pulith-shim v0.1.0
[INFO] [stderr]   Downloaded pulith-archive v0.2.0
[INFO] [stderr]   Downloaded pulith-lock v0.1.0
[INFO] [stderr]   Downloaded pulith-state v0.1.0
[INFO] [stderr]   Downloaded libbz2-rs-sys v0.2.2
[INFO] [stderr]   Downloaded pulith-fetch v0.2.0
[INFO] [stderr]   Downloaded tar v0.4.45
[INFO] [stderr]   Downloaded typed-path v0.12.0
[INFO] [stderr]   Downloaded zip v8.5.1
[INFO] [stderr]   Downloaded zlib-rs v0.6.2
[INFO] running `Command { std: "docker" "create" "-v" "/var/lib/crater-agent-workspace/builds/worker-3-tc1/source:/opt/rustwide/workdir:ro,Z" "-v" "/var/lib/crater-agent-workspace/builds/worker-3-tc1/target:/opt/rustwide/target:rw,Z" "-v" "/var/lib/crater-agent-workspace/cargo-home:/opt/rustwide/cargo-home:ro,Z" "-v" "/var/lib/crater-agent-workspace/rustup-home:/opt/rustwide/rustup-home:ro,Z" "-m" "1610612736" "--network" "none" "ghcr.io/rust-lang/crates-build-env/linux@sha256:77db811e55d90add9212f6832c23229e3de5f1c1f9905e8cb07319ea15df73ac" "sleep" "infinity", kill_on_drop: false }`
[INFO] [stdout] 3d6eeb4809c9e3430caf95ee64131970de9c29d0697182fcc0f4b4af1353633b
[INFO] running `Command { std: "docker" "start" "3d6eeb4809c9e3430caf95ee64131970de9c29d0697182fcc0f4b4af1353633b", kill_on_drop: false }`
[INFO] running `Command { std: "docker" "inspect" "3d6eeb4809c9e3430caf95ee64131970de9c29d0697182fcc0f4b4af1353633b", kill_on_drop: false }`
[INFO] running `Command { std: "docker" "exec" "-e" "SOURCE_DIR=/opt/rustwide/workdir" "-e" "CARGO_HOME=/opt/rustwide/cargo-home" "-e" "RUSTUP_HOME=/opt/rustwide/rustup-home" "-e" "CARGO_TARGET_DIR=/opt/rustwide/target" "-w" "/opt/rustwide/workdir" "--user" "0:0" "3d6eeb4809c9e3430caf95ee64131970de9c29d0697182fcc0f4b4af1353633b" "/opt/rustwide/cargo-home/bin/cargo" "+1.99.0-beta.8" "metadata" "--no-deps" "--format-version=1", kill_on_drop: false }`
[INFO] running `Command { std: "docker" "inspect" "3d6eeb4809c9e3430caf95ee64131970de9c29d0697182fcc0f4b4af1353633b", kill_on_drop: false }`
[INFO] running `Command { std: "docker" "exec" "-e" "SOURCE_DIR=/opt/rustwide/workdir" "-e" "CARGO_HOME=/opt/rustwide/cargo-home" "-e" "RUSTUP_HOME=/opt/rustwide/rustup-home" "-e" "CARGO_TARGET_DIR=/opt/rustwide/target" "-e" "CARGO_INCREMENTAL=0" "-e" "RUST_BACKTRACE=full" "-e" "RUSTFLAGS=--cap-lints=warn" "-e" "RUSTDOCFLAGS=--cap-lints=warn" "-w" "/opt/rustwide/workdir" "--user" "0:0" "3d6eeb4809c9e3430caf95ee64131970de9c29d0697182fcc0f4b4af1353633b" "/opt/rustwide/cargo-home/bin/cargo" "+1.99.0-beta.8" "build" "--frozen" "--message-format=json" "--release", kill_on_drop: false }`
[INFO] [stderr]    Compiling proc-macro2 v1.0.105
[INFO] [stderr]    Compiling quote v1.0.43
[INFO] [stderr]    Compiling libc v0.2.184
[INFO] [stderr]    Compiling find-msvc-tools v0.1.8
[INFO] [stderr]    Compiling smallvec v1.15.1
[INFO] [stderr]    Compiling generic-array v0.14.7
[INFO] [stderr]    Compiling bytes v1.11.1
[INFO] [stderr]    Compiling icu_properties_data v2.1.2
[INFO] [stderr]    Compiling getrandom v0.4.1
[INFO] [stderr]    Compiling rustix v1.1.3
[INFO] [stderr]    Compiling slab v0.4.11
[INFO] [stderr]    Compiling zmij v1.0.17
[INFO] [stderr]    Compiling simd-adler32 v0.3.8
[INFO] [stderr]    Compiling native-tls v0.2.14
[INFO] [stderr]    Compiling futures-channel v0.3.32
[INFO] [stderr]    Compiling crypto-common v0.1.7
[INFO] [stderr]    Compiling block-buffer v0.10.4
[INFO] [stderr]    Compiling digest v0.10.7
[INFO] [stderr]    Compiling zeroize v1.8.2
[INFO] [stderr]    Compiling http v1.4.0
[INFO] [stderr]    Compiling sha2 v0.10.9
[INFO] [stderr]    Compiling miniz_oxide v0.8.9
[INFO] [stderr]    Compiling syn v2.0.114
[INFO] [stderr]    Compiling inout v0.1.4
[INFO] [stderr]    Compiling errno v0.3.14
[INFO] [stderr]    Compiling parking_lot_core v0.9.12
[INFO] [stderr]    Compiling signal-hook-registry v1.4.8
[INFO] [stderr]    Compiling jobserver v0.1.34
[INFO] [stderr]    Compiling cc v1.2.53
[INFO] [stderr]    Compiling parking_lot v0.12.5
[INFO] [stderr]    Compiling mio v1.2.0
[INFO] [stderr]    Compiling socket2 v0.6.3
[INFO] [stderr]    Compiling http-body v1.0.1
[INFO] [stderr]    Compiling regex v1.12.3
[INFO] [stderr]    Compiling sync_wrapper v1.0.2
[INFO] [stderr]    Compiling semver v1.0.28
[INFO] [stderr]    Compiling openssl-sys v0.9.112
[INFO] [stderr]    Compiling zstd-sys v2.0.16+zstd.1.5.7
[INFO] [stderr]    Compiling lzma-sys v0.1.20
[INFO] [stderr]    Compiling openssl v0.10.75
[INFO] [stderr]    Compiling zlib-rs v0.6.2
[INFO] [stderr]    Compiling blake3 v1.8.4
[INFO] [stderr]    Compiling serde_json v1.0.149
[INFO] [stderr]    Compiling uuid v1.22.0
[INFO] [stderr]    Compiling http-body-util v0.1.3
[INFO] [stderr]    Compiling cipher v0.4.4
[INFO] [stderr]    Compiling memmap2 v0.9.10
[INFO] [stderr]    Compiling fs2 v0.4.3
[INFO] [stderr]    Compiling hmac v0.12.1
[INFO] [stderr]    Compiling iri-string v0.7.10
[INFO] [stderr]    Compiling bumpalo v3.19.1
[INFO] [stderr]    Compiling constant_time_eq v0.4.2
[INFO] [stderr]    Compiling junction v1.4.2
[INFO] [stderr]    Compiling libbz2-rs-sys v0.2.2
[INFO] [stderr]    Compiling num-conv v0.2.1
[INFO] [stderr]    Compiling indexmap v2.13.0
[INFO] [stderr]    Compiling time v0.3.47
[INFO] [stderr]    Compiling bzip2 v0.6.1
[INFO] [stderr]    Compiling zopfli v0.8.3
[INFO] [stderr]    Compiling synstructure v0.13.2
[INFO] [stderr]    Compiling flate2 v1.1.9
[INFO] [stderr]    Compiling tempfile v3.25.0
[INFO] [stderr]    Compiling pbkdf2 v0.12.2
[INFO] [stderr]    Compiling aes v0.8.4
[INFO] [stderr]    Compiling xattr v1.6.1
[INFO] [stderr]    Compiling lzma-rust2 v0.16.2
[INFO] [stderr]    Compiling zerofrom-derive v0.1.6
[INFO] [stderr]    Compiling yoke-derive v0.8.1
[INFO] [stderr]    Compiling zerovec-derive v0.11.2
[INFO] [stderr]    Compiling displaydoc v0.2.5
[INFO] [stderr]    Compiling thiserror-impl v2.0.18
[INFO] [stderr]    Compiling serde_derive v1.0.228
[INFO] [stderr]    Compiling zerofrom v0.1.6
[INFO] [stderr]    Compiling tokio-macros v2.7.0
[INFO] [stderr]    Compiling futures-macro v0.3.32
[INFO] [stderr]    Compiling openssl-macros v0.1.1
[INFO] [stderr]    Compiling yoke v0.8.1
[INFO] [stderr]    Compiling zerovec v0.11.5
[INFO] [stderr]    Compiling zerotrie v0.2.3
[INFO] [stderr]    Compiling tokio v1.51.0
[INFO] [stderr]    Compiling thiserror v2.0.18
[INFO] [stderr]    Compiling futures-util v0.3.32
[INFO] [stderr]    Compiling tracing-attributes v0.1.31
[INFO] [stderr]    Compiling tinystr v0.8.2
[INFO] [stderr]    Compiling icu_locale_core v2.1.1
[INFO] [stderr]    Compiling potential_utf v0.1.4
[INFO] [stderr]    Compiling icu_provider v2.1.1
[INFO] [stderr]    Compiling icu_collections v2.1.1
[INFO] [stderr]    Compiling icu_properties v2.1.2
[INFO] [stderr]    Compiling serde v1.0.228
[INFO] [stderr]    Compiling icu_normalizer v2.1.1
[INFO] [stderr]    Compiling tracing v0.1.44
[INFO] [stderr]    Compiling pulith-version v0.1.0
[INFO] [stderr]    Compiling pulith-fs v0.1.0
[INFO] [stderr]    Compiling idna_adapter v1.2.1
[INFO] [stderr]    Compiling idna v1.1.0
[INFO] [stderr]    Compiling filetime v0.2.27
[INFO] [stderr]    Compiling sha1 v0.10.6
[INFO] [stderr]    Compiling rustls-pki-types v1.14.0
[INFO] [stderr]    Compiling url v2.5.8
[INFO] [stderr]    Compiling arrayvec v0.7.6
[INFO] [stderr]    Compiling ppmd-rust v1.4.0
[INFO] [stderr]    Compiling typed-path v0.12.0
[INFO] [stderr]    Compiling deflate64 v0.1.10
[INFO] [stderr]    Compiling pulith-resource v0.1.0
[INFO] [stderr]    Compiling chrono v0.4.44
[INFO] [stderr]    Compiling hyper v1.8.1
[INFO] [stderr]    Compiling tokio-native-tls v0.3.1
[INFO] [stderr]    Compiling tower v0.5.3
[INFO] [stderr]    Compiling tokio-util v0.7.18
[INFO] [stderr]    Compiling tower-http v0.6.8
[INFO] [stderr]    Compiling hyper-util v0.1.19
[INFO] [stderr]    Compiling pulith-source v0.1.0
[INFO] [stderr]    Compiling tar v0.4.45
[INFO] [stderr]    Compiling pulith-serde-backend v0.1.0
[INFO] [stderr]    Compiling pulith-verify v0.2.0
[INFO] [stderr]    Compiling xz2 v0.1.7
[INFO] [stderr]    Compiling pulith-lock v0.1.0
[INFO] [stderr]    Compiling hyper-tls v0.6.0
[INFO] [stderr]    Compiling reqwest v0.13.2
[INFO] [stderr]    Compiling pulith-shim v0.1.0
[INFO] [stderr]    Compiling pulith-fetch v0.2.0
[INFO] [stderr]    Compiling zstd-safe v7.2.4
[INFO] [stderr]    Compiling zstd v0.13.3
[INFO] [stderr]    Compiling zip v8.5.1
[INFO] [stderr]    Compiling pulith-archive v0.2.0
[INFO] [stderr]    Compiling pulith-store v0.1.0
[INFO] [stderr]    Compiling pulith-state v0.1.0
[INFO] [stderr]    Compiling pulith-install v0.1.0 (/opt/rustwide/workdir)
[INFO] [stderr]     Finished `release` profile [optimized] target(s) in 4m 07s
[INFO] running `Command { std: "docker" "inspect" "3d6eeb4809c9e3430caf95ee64131970de9c29d0697182fcc0f4b4af1353633b", kill_on_drop: false }`
[INFO] running `Command { std: "docker" "exec" "-e" "SOURCE_DIR=/opt/rustwide/workdir" "-e" "CARGO_HOME=/opt/rustwide/cargo-home" "-e" "RUSTUP_HOME=/opt/rustwide/rustup-home" "-e" "CARGO_TARGET_DIR=/opt/rustwide/target" "-e" "CARGO_INCREMENTAL=0" "-e" "RUST_BACKTRACE=full" "-e" "RUSTFLAGS=--cap-lints=warn" "-e" "RUSTDOCFLAGS=--cap-lints=warn" "-w" "/opt/rustwide/workdir" "--user" "0:0" "3d6eeb4809c9e3430caf95ee64131970de9c29d0697182fcc0f4b4af1353633b" "/opt/rustwide/cargo-home/bin/cargo" "+1.99.0-beta.8" "test" "--frozen" "--no-run" "--message-format=json" "--release", kill_on_drop: false }`
[INFO] [stderr]    Compiling serde v1.0.228
[INFO] [stderr]    Compiling serde_json v1.0.149
[INFO] [stderr]    Compiling zerocopy v0.8.33
[INFO] [stderr]    Compiling zerocopy-derive v0.8.33
[INFO] [stderr]    Compiling alloca v0.4.0
[INFO] [stderr]    Compiling anstyle v1.0.13
[INFO] [stderr]    Compiling clap_lex v0.7.7
[INFO] [stderr]    Compiling itertools v0.13.0
[INFO] [stderr]    Compiling clap_builder v4.5.56
[INFO] [stderr]    Compiling page_size v0.6.0
[INFO] [stderr]    Compiling url v2.5.8
[INFO] [stderr]    Compiling pulith-version v0.1.0
[INFO] [stderr]    Compiling chrono v0.4.44
[INFO] [stderr]    Compiling pulith-serde-backend v0.1.0
[INFO] [stderr]    Compiling pulith-lock v0.1.0
[INFO] [stderr]    Compiling pulith-resource v0.1.0
[INFO] [stderr]    Compiling reqwest v0.13.2
[INFO] [stderr]    Compiling pulith-source v0.1.0
[INFO] [stderr]    Compiling clap v4.5.56
[INFO] [stderr]    Compiling criterion-plot v0.8.2
[INFO] [stderr]    Compiling tinytemplate v1.2.1
[INFO] [stderr]    Compiling half v2.7.1
[INFO] [stderr]    Compiling pulith-fetch v0.2.0
[INFO] [stderr]    Compiling ciborium-ll v0.2.2
[INFO] [stderr]    Compiling ciborium v0.2.2
[INFO] [stderr]    Compiling criterion v0.8.2
[INFO] [stderr]    Compiling pulith-store v0.1.0
[INFO] [stderr]    Compiling pulith-state v0.1.0
[INFO] [stderr]    Compiling pulith-install v0.1.0 (/opt/rustwide/workdir)
[INFO] [stderr]     Finished `release` profile [optimized] target(s) in 2m 07s
[INFO] running `Command { std: "docker" "inspect" "3d6eeb4809c9e3430caf95ee64131970de9c29d0697182fcc0f4b4af1353633b", kill_on_drop: false }`
[INFO] running `Command { std: "docker" "exec" "-e" "SOURCE_DIR=/opt/rustwide/workdir" "-e" "CARGO_HOME=/opt/rustwide/cargo-home" "-e" "RUSTUP_HOME=/opt/rustwide/rustup-home" "-e" "CARGO_TARGET_DIR=/opt/rustwide/target" "-e" "CARGO_INCREMENTAL=0" "-e" "RUST_BACKTRACE=full" "-e" "RUSTFLAGS=--cap-lints=warn" "-e" "RUSTDOCFLAGS=--cap-lints=warn" "-w" "/opt/rustwide/workdir" "--user" "0:0" "3d6eeb4809c9e3430caf95ee64131970de9c29d0697182fcc0f4b4af1353633b" "/opt/rustwide/cargo-home/bin/cargo" "+1.99.0-beta.8" "test" "--frozen" "--release", kill_on_drop: false }`
[INFO] [stderr]     Finished `release` profile [optimized] target(s) in 0.37s
[INFO] [stderr]      Running unittests src/lib.rs (/opt/rustwide/target/release/deps/pulith_install-b8ba76bdb18ae1fe)
[INFO] [stdout] 
[INFO] [stdout] running 31 tests
[INFO] [stdout] test tests::install_input_from_stored_artifact_uses_artifact_file_name ... ok
[INFO] [stdout] test tests::install_plan_reports_activation_unavailable ... ok
[INFO] [stdout] test tests::copy_file_activator_rejects_directory_targets ... ok
[INFO] [stdout] test tests::install_plan_reports_scope_and_offline_requirements ... ok
[INFO] [stdout] test tests::install_spec_new_with_input_absorbs_staged_file ... ok
[INFO] [stdout] test tests::install_spec_new_with_input_absorbs_stored_artifact ... ok
[INFO] [stdout] test tests::install_spec_new_with_input_absorbs_pathbuf_pipe ... ok
[INFO] [stdout] test tests::install_stage_rejects_version_selector_mismatch ... ok
[INFO] [stdout] test tests::copy_file_activator_copies_payload_to_target ... ok
[INFO] [stdout] test tests::lifecycle_receipt_from_install_receipt_maps_context ... ok
[INFO] [stdout] test tests::lifecycle_receipt_from_uninstall_receipt_maps_context ... ok
[INFO] [stdout] test tests::replace_existing_stage_failure_keeps_previous_install_unchanged ... ok
[INFO] [stdout] test tests::extracted_tree_input_installs_tree ... ok
[INFO] [stdout] test tests::extracted_artifact_install_commits_and_updates_state ... ok
[INFO] [stdout] test tests::replace_existing_install_marks_receipt_and_swaps_content ... ok
[INFO] [stdout] test tests::shim_link_activator_targets_relative_executable ... ok
[INFO] [stdout] test tests::activation_records_state ... ok
[INFO] [stdout] test tests::symlink_activator_replaces_existing_directory_target ... ok
[INFO] [stdout] test tests::symlink_activator_replaces_existing_file_target ... ok
[INFO] [stdout] test tests::staged_file_install_places_file ... ok
[INFO] [stdout] test tests::stored_artifact_install_places_named_file ... ok
[INFO] [stdout] test tests::backup_and_restore_round_trip_install_and_state ... ok
[INFO] [stdout] test tests::install_plan_reports_variant_input_mismatch ... ok
[INFO] [stdout] test tests::shim_copy_activator_copies_relative_executable ... ok
[INFO] [stdout] test tests::uninstall_resource_is_idempotent_when_resource_facts_are_missing ... ok
[INFO] [stdout] test tests::upgrade_existing_requires_previous_install ... ok
[INFO] [stdout] test tests::uninstall_resource_removes_install_activation_and_state_by_default ... ok
[INFO] [stdout] test tests::rollback_after_activation_restores_previous_activation_state ... ok
[INFO] [stdout] test tests::uninstall_resource_can_preserve_state_and_activation_targets ... ok
[INFO] [stdout] test tests::upgrade_existing_preserves_active_lifecycle ... ok
[INFO] [stderr]      Running tests/workspace_pipeline.rs (/opt/rustwide/target/release/deps/workspace_pipeline-23dfada323fc6b33)
[INFO] [stdout] test tests::rollback_restores_previous_install ... ok
[INFO] [stdout] 
[INFO] [stdout] test result: ok. 31 passed; 0 failed; 0 ignored; 0 measured; 0 filtered out; finished in 0.05s
[INFO] [stdout] 
[INFO] [stdout] 
[INFO] [stdout] running 22 tests
[INFO] [stdout] test install_plan_activation_unavailable_boundary_is_explicit ... ok
[INFO] [stdout] test install_plan_offline_fallback_boundary_is_explicit ... ok
[INFO] [stdout] test archive_extract_store_install_pipeline ... ok
[INFO] [stdout] test copy_file_activation_pipeline_copies_executable_bytes ... ok
[INFO] [stdout] test activation_contract_replace_updates_target_and_history_cross_platform ... ok
[INFO] [stdout] test activated_replace_rollback_restores_previous_activation_snapshot ... ok
[INFO] [stdout] test interrupted_install_recovery_restores_previous_snapshot ... ok
[INFO] [stdout] test partial_uninstall_repair_boundary_is_explicit ... ok
[INFO] [stdout] test real_url_end_to_end_pipeline_path ... ignored, requires network and PULITH_E2E_ARCHIVE_URL
[INFO] [stdout] test ownership_and_retention_plan_is_explicit_and_stable ... ok
[INFO] [stdout] test repeated_activation_switches_active_install ... ok
[INFO] [stdout] test recovery_contract_backup_restore_recovers_install_and_state_facts ... ok
[INFO] [stdout] test repeated_copy_activation_replaces_existing_file_target ... ok
[INFO] [stdout] test symlink_activation_replaces_existing_directory_target_across_reinstalls ... ok
[INFO] [stdout] test upgrade_install_preserves_existing_active_state ... ok
[INFO] [stdout] test local_source_fetch_store_install_activate_pipeline ... ok
[INFO] [stdout] test local_archive_fetch_extract_store_install_pipeline ... ok
[INFO] [stdout] test installed_resource_can_be_inspected_for_drift_without_mutation ... ok
[INFO] [stdout] test absorption_helpers_reduce_pipeline_glue_and_preserve_metadata ... ok
[INFO] [stdout] test archive_replace_activate_rollback_restores_previous_activation_snapshot ... ok
[INFO] [stdout] test manager_like_reconcile_apply_cycle_repairs_and_prunes_statefully ... ok
[INFO] [stderr] error: test failed, to rerun pass `--test workspace_pipeline`
[INFO] [stdout] test repeated_symlink_activation_replaces_existing_file_target ... FAILED
[INFO] [stdout] 
[INFO] [stdout] failures:
[INFO] [stdout] 
[INFO] [stdout] ---- repeated_symlink_activation_replaces_existing_file_target stdout ----
[INFO] [stdout] 
[INFO] [stdout] thread 'repeated_symlink_activation_replaces_existing_file_target' (3067) panicked at tests/workspace_pipeline.rs:595:45:
[INFO] [stdout] called `Result::unwrap()` on an `Err` value: Os { code: 21, kind: IsADirectory, message: "Is a directory" }
[INFO] [stdout] stack backtrace:
[INFO] [stdout]    0:     0x5a7d79a4b971 - <<std[70759c8f55707aa4]::sys::backtrace::BacktraceLock>::print::DisplayBacktrace as core[df12db4294e9bfd3]::fmt::Display>::fmt
[INFO] [stdout]    1:     0x5a7d79a6279a - core[df12db4294e9bfd3]::fmt::write
[INFO] [stdout]    2:     0x5a7d79a5096c - <alloc[2182bb758b4b3781]::vec::Vec<u8> as core[df12db4294e9bfd3]::io::write::Write>::write_fmt
[INFO] [stdout]    3:     0x5a7d79a23036 - std[70759c8f55707aa4]::panicking::default_hook::{closure#0}
[INFO] [stdout]    4:     0x5a7d79a41429 - std[70759c8f55707aa4]::panicking::default_hook
[INFO] [stdout]    5:     0x5a7d79660390 - test[9d35eded1c95d3be]::test_main_inner::<test[9d35eded1c95d3be]::test_main_static::{closure#0}>::{closure#0}
[INFO] [stdout]    6:     0x5a7d79a41752 - std[70759c8f55707aa4]::panicking::panic_with_hook
[INFO] [stdout]    7:     0x5a7d79a230e2 - std[70759c8f55707aa4]::panicking::panic_handler::{closure#0}
[INFO] [stdout]    8:     0x5a7d79a1b909 - std[70759c8f55707aa4]::sys::backtrace::__rust_end_short_backtrace::<std[70759c8f55707aa4]::panicking::panic_handler::{closure#0}, !>
[INFO] [stdout]    9:     0x5a7d79a2425d - __rustc[8fa7c3cbc660c2b3]::rust_begin_unwind
[INFO] [stdout]   10:     0x5a7d79a62f7c - core[df12db4294e9bfd3]::panicking::panic_fmt
[INFO] [stdout]   11:     0x5a7d79a62d52 - core[df12db4294e9bfd3]::result::unwrap_failed
[INFO] [stdout]   12:     0x5a7d7958ff14 - <workspace_pipeline[485d9aeb62bdd405]::repeated_symlink_activation_replaces_existing_file_target::{closure#0} as core[df12db4294e9bfd3]::ops::function::FnOnce<()>>::call_once
[INFO] [stdout]   13:     0x5a7d7965367b - test[9d35eded1c95d3be]::__rust_begin_short_backtrace::<core[df12db4294e9bfd3]::result::Result<(), alloc[2182bb758b4b3781]::string::String>, fn() -> core[df12db4294e9bfd3]::result::Result<(), alloc[2182bb758b4b3781]::string::String>>
[INFO] [stdout]   14:     0x5a7d79660ce5 - test[9d35eded1c95d3be]::run_test::{closure#0}
[INFO] [stdout]   15:     0x5a7d7965a5a4 - std[70759c8f55707aa4]::sys::backtrace::__rust_begin_short_backtrace::<test[9d35eded1c95d3be]::run_test::{closure#1}, ()>
[INFO] [stdout]   16:     0x5a7d79663e42 - <std[70759c8f55707aa4]::thread::lifecycle::spawn_unchecked<test[9d35eded1c95d3be]::run_test::{closure#1}, ()>::{closure#1} as core[df12db4294e9bfd3]::ops::function::FnOnce<()>>::call_once::{shim:vtable#0}
[INFO] [stdout]   17:     0x5a7d79a4a8c9 - <std[70759c8f55707aa4]::sys::thread::unix::Thread>::new::thread_start
[INFO] [stdout]   18:     0x762527a0bdfa - <unknown>
[INFO] [stdout]   19:     0x762527a9f3d4 - clone
[INFO] [stdout]   20:                0x0 - <unknown>
[INFO] [stdout] 
[INFO] [stdout] 
[INFO] [stdout] failures:
[INFO] [stdout]     repeated_symlink_activation_replaces_existing_file_target
[INFO] [stdout] 
[INFO] [stdout] test result: FAILED. 20 passed; 1 failed; 1 ignored; 0 measured; 0 filtered out; finished in 0.43s
[INFO] [stdout] 
[INFO] running `Command { std: "docker" "inspect" "3d6eeb4809c9e3430caf95ee64131970de9c29d0697182fcc0f4b4af1353633b", kill_on_drop: false }`
[INFO] running `Command { std: "docker" "rm" "-f" "3d6eeb4809c9e3430caf95ee64131970de9c29d0697182fcc0f4b4af1353633b", kill_on_drop: false }`
[INFO] [stdout] 3d6eeb4809c9e3430caf95ee64131970de9c29d0697182fcc0f4b4af1353633b
