[INFO] fetching crate pukbot 0.3.33...
[INFO] testing pukbot-0.3.33 against 1.99.0-beta.8+cargoflags=--release for beta-release-1.100-2
[INFO] extracting crate pukbot 0.3.33 into /workspace/builds/worker-3-tc1/source
[INFO] started tweaking crates.io crate pukbot 0.3.33
[INFO] finished tweaking crates.io crate pukbot 0.3.33
[INFO] tweaked toml for crates.io crate pukbot 0.3.33 written to /workspace/builds/worker-3-tc1/source/Cargo.toml
[INFO] validating manifest of crates.io crate pukbot 0.3.33 on toolchain 1.99.0-beta.8
[INFO] running `Command { std: CARGO_HOME="/workspace/cargo-home" RUSTUP_HOME="/workspace/rustup-home" "/workspace/cargo-home/bin/cargo" "+1.99.0-beta.8" "metadata" "--manifest-path" "Cargo.toml" "--no-deps", kill_on_drop: false }`
[INFO] crate crates.io crate pukbot 0.3.33 already has a lockfile, it will not be regenerated
[INFO] running `Command { std: CARGO_HOME="/workspace/cargo-home" RUSTUP_HOME="/workspace/rustup-home" "/workspace/cargo-home/bin/cargo" "+1.99.0-beta.8" "fetch" "--manifest-path" "Cargo.toml", kill_on_drop: false }`
[INFO] [stderr]     Updating crates.io index
[INFO] [stderr]  Downloading crates ...
[INFO] [stderr]   Downloaded bitflags v2.13.1
[INFO] [stderr]   Downloaded crypto-common v0.2.2
[INFO] [stderr]   Downloaded fastrand v2.5.0
[INFO] [stderr]   Downloaded digest v0.11.3
[INFO] [stderr]   Downloaded libc v0.2.189
[INFO] [stderr]   Downloaded typenum v1.20.1
[INFO] [stderr]   Downloaded zmij v1.0.23
[INFO] [stderr]   Downloaded serde_derive v1.0.229
[INFO] [stderr]   Downloaded quote v1.0.47
[INFO] [stderr]   Downloaded serde v1.0.229
[INFO] [stderr]   Downloaded memchr v2.8.3
[INFO] [stderr]   Downloaded syn v2.0.119
[INFO] [stderr]   Downloaded rustversion v1.0.23
[INFO] [stderr]   Downloaded self-replace v1.5.0
[INFO] [stderr]   Downloaded wasm-bindgen v0.2.127
[INFO] [stderr]   Downloaded wasm-bindgen-macro v0.2.127
[INFO] [stderr]   Downloaded futures-core v0.3.34
[INFO] [stderr]   Downloaded clap_complete v4.6.9
[INFO] [stderr]   Downloaded serde_core v1.0.229
[INFO] [stderr]   Downloaded futures-task v0.3.34
[INFO] [stderr]   Downloaded proc-macro2 v1.0.107
[INFO] [stderr]   Downloaded anyhow v1.0.104
[INFO] [stderr]   Downloaded futures-util v0.3.34
[INFO] [stderr]   Downloaded block-buffer v0.12.1
[INFO] [stderr]   Downloaded hybrid-array v0.4.14
[INFO] [stderr]   Downloaded wasm-bindgen-shared v0.2.127
[INFO] [stderr]   Downloaded clap_mangen v0.3.3
[INFO] [stderr]   Downloaded roff v1.1.1
[INFO] [stderr]   Downloaded clap_derive v4.6.4
[INFO] [stderr]   Downloaded cfb v0.14.0
[INFO] [stderr]   Downloaded wasm-bindgen-macro-support v0.2.127
[INFO] [stderr]   Downloaded serde_json v1.0.151
[INFO] [stderr]   Downloaded uuid v1.25.0
[INFO] [stderr]   Downloaded infer v0.22.0
[INFO] [stderr]   Downloaded clap v4.6.6
[INFO] [stderr]   Downloaded clap_builder v4.6.6
[INFO] [stderr]   Downloaded js-sys v0.3.104
[INFO] [stderr]   Downloaded chrono v0.4.45
[INFO] running `Command { std: "docker" "create" "-v" "/var/lib/crater-agent-workspace/builds/worker-3-tc1/source:/opt/rustwide/workdir:ro,Z" "-v" "/var/lib/crater-agent-workspace/builds/worker-3-tc1/target:/opt/rustwide/target:rw,Z" "-v" "/var/lib/crater-agent-workspace/cargo-home:/opt/rustwide/cargo-home:ro,Z" "-v" "/var/lib/crater-agent-workspace/rustup-home:/opt/rustwide/rustup-home:ro,Z" "-m" "1610612736" "--network" "none" "ghcr.io/rust-lang/crates-build-env/linux@sha256:77db811e55d90add9212f6832c23229e3de5f1c1f9905e8cb07319ea15df73ac" "sleep" "infinity", kill_on_drop: false }`
[INFO] [stdout] edee857a5a826aae80b56ba6a9c385a30201b0087d9c1855d5fc441aafcab8ea
[INFO] running `Command { std: "docker" "start" "edee857a5a826aae80b56ba6a9c385a30201b0087d9c1855d5fc441aafcab8ea", kill_on_drop: false }`
[INFO] running `Command { std: "docker" "inspect" "edee857a5a826aae80b56ba6a9c385a30201b0087d9c1855d5fc441aafcab8ea", kill_on_drop: false }`
[INFO] running `Command { std: "docker" "exec" "-e" "SOURCE_DIR=/opt/rustwide/workdir" "-e" "CARGO_HOME=/opt/rustwide/cargo-home" "-e" "RUSTUP_HOME=/opt/rustwide/rustup-home" "-e" "CARGO_TARGET_DIR=/opt/rustwide/target" "-w" "/opt/rustwide/workdir" "--user" "0:0" "edee857a5a826aae80b56ba6a9c385a30201b0087d9c1855d5fc441aafcab8ea" "/opt/rustwide/cargo-home/bin/cargo" "+1.99.0-beta.8" "metadata" "--no-deps" "--format-version=1", kill_on_drop: false }`
[INFO] running `Command { std: "docker" "inspect" "edee857a5a826aae80b56ba6a9c385a30201b0087d9c1855d5fc441aafcab8ea", kill_on_drop: false }`
[INFO] running `Command { std: "docker" "exec" "-e" "SOURCE_DIR=/opt/rustwide/workdir" "-e" "CARGO_HOME=/opt/rustwide/cargo-home" "-e" "RUSTUP_HOME=/opt/rustwide/rustup-home" "-e" "CARGO_TARGET_DIR=/opt/rustwide/target" "-e" "CARGO_INCREMENTAL=0" "-e" "RUST_BACKTRACE=full" "-e" "RUSTFLAGS=--cap-lints=warn" "-e" "RUSTDOCFLAGS=--cap-lints=warn" "-w" "/opt/rustwide/workdir" "--user" "0:0" "edee857a5a826aae80b56ba6a9c385a30201b0087d9c1855d5fc441aafcab8ea" "/opt/rustwide/cargo-home/bin/cargo" "+1.99.0-beta.8" "build" "--frozen" "--message-format=json" "--release", kill_on_drop: false }`
[INFO] [stderr]    Compiling proc-macro2 v1.0.107
[INFO] [stderr]    Compiling quote v1.0.47
[INFO] [stderr]    Compiling unicode-ident v1.0.24
[INFO] [stderr]    Compiling utf8parse v0.2.2
[INFO] [stderr]    Compiling anstyle v1.0.14
[INFO] [stderr]    Compiling anstyle-query v1.1.5
[INFO] [stderr]    Compiling libc v0.2.189
[INFO] [stderr]    Compiling typenum v1.20.1
[INFO] [stderr]    Compiling is_terminal_polyfill v1.70.2
[INFO] [stderr]    Compiling colorchoice v1.0.5
[INFO] [stderr]    Compiling serde_core v1.0.229
[INFO] [stderr]    Compiling getrandom v0.4.3
[INFO] [stderr]    Compiling cfg-if v1.0.4
[INFO] [stderr]    Compiling rustix v1.1.4
[INFO] [stderr]    Compiling autocfg v1.5.1
[INFO] [stderr]    Compiling heck v0.5.0
[INFO] [stderr]    Compiling clap_lex v1.1.0
[INFO] [stderr]    Compiling anstyle-parse v1.0.0
[INFO] [stderr]    Compiling strsim v0.11.1
[INFO] [stderr]    Compiling zmij v1.0.23
[INFO] [stderr]    Compiling linux-raw-sys v0.12.1
[INFO] [stderr]    Compiling bitflags v2.13.1
[INFO] [stderr]    Compiling once_cell v1.21.4
[INFO] [stderr]    Compiling serde_json v1.0.151
[INFO] [stderr]    Compiling fastrand v2.5.0
[INFO] [stderr]    Compiling anyhow v1.0.104
[INFO] [stderr]    Compiling anstream v1.0.0
[INFO] [stderr]    Compiling const-oid v0.10.2
[INFO] [stderr]    Compiling fnv v1.0.7
[INFO] [stderr]    Compiling web-time v1.1.0
[INFO] [stderr]    Compiling serde v1.0.229
[INFO] [stderr]    Compiling uuid v1.25.0
[INFO] [stderr]    Compiling itoa v1.0.18
[INFO] [stderr]    Compiling num-traits v0.2.19
[INFO] [stderr]    Compiling memchr v2.8.3
[INFO] [stderr]    Compiling cpufeatures v0.3.0
[INFO] [stderr]    Compiling roff v1.1.1
[INFO] [stderr]    Compiling clap_builder v4.6.6
[INFO] [stderr]    Compiling semver v1.0.28
[INFO] [stderr]    Compiling percent-encoding v2.3.2
[INFO] [stderr]    Compiling base64 v0.22.1
[INFO] [stderr]    Compiling hex v0.4.3
[INFO] [stderr]    Compiling cfb v0.14.0
[INFO] [stderr]    Compiling syn v3.0.4
[INFO] [stderr]    Compiling chrono v0.4.45
[INFO] [stderr]    Compiling hybrid-array v0.4.14
[INFO] [stderr]    Compiling infer v0.22.0
[INFO] [stderr]    Compiling crypto-common v0.2.2
[INFO] [stderr]    Compiling block-buffer v0.12.1
[INFO] [stderr]    Compiling digest v0.11.3
[INFO] [stderr]    Compiling sha2 v0.11.0
[INFO] [stderr]    Compiling tempfile v3.27.0
[INFO] [stderr]    Compiling self-replace v1.5.0
[INFO] [stderr]    Compiling clap_derive v4.6.4
[INFO] [stderr]    Compiling serde_derive v1.0.229
[INFO] [stderr]    Compiling clap v4.6.6
[INFO] [stderr]    Compiling clap_complete v4.6.9
[INFO] [stderr]    Compiling clap_mangen v0.3.3
[INFO] [stderr]    Compiling pukbot v0.3.33 (/opt/rustwide/workdir)
[INFO] [stderr]     Finished `release` profile [optimized] target(s) in 1m 25s
[INFO] running `Command { std: "docker" "inspect" "edee857a5a826aae80b56ba6a9c385a30201b0087d9c1855d5fc441aafcab8ea", kill_on_drop: false }`
[INFO] running `Command { std: "docker" "exec" "-e" "SOURCE_DIR=/opt/rustwide/workdir" "-e" "CARGO_HOME=/opt/rustwide/cargo-home" "-e" "RUSTUP_HOME=/opt/rustwide/rustup-home" "-e" "CARGO_TARGET_DIR=/opt/rustwide/target" "-e" "CARGO_INCREMENTAL=0" "-e" "RUST_BACKTRACE=full" "-e" "RUSTFLAGS=--cap-lints=warn" "-e" "RUSTDOCFLAGS=--cap-lints=warn" "-w" "/opt/rustwide/workdir" "--user" "0:0" "edee857a5a826aae80b56ba6a9c385a30201b0087d9c1855d5fc441aafcab8ea" "/opt/rustwide/cargo-home/bin/cargo" "+1.99.0-beta.8" "test" "--frozen" "--no-run" "--message-format=json" "--release", kill_on_drop: false }`
[INFO] [stderr]    Compiling utf8parse v0.2.2
[INFO] [stderr]    Compiling typenum v1.20.1
[INFO] [stderr]    Compiling is_terminal_polyfill v1.70.2
[INFO] [stderr]    Compiling colorchoice v1.0.5
[INFO] [stderr]    Compiling anstyle-query v1.1.5
[INFO] [stderr]    Compiling anstyle v1.0.14
[INFO] [stderr]    Compiling strsim v0.11.1
[INFO] [stderr]    Compiling clap_lex v1.1.0
[INFO] [stderr]    Compiling cfg-if v1.0.4
[INFO] [stderr]    Compiling libc v0.2.189
[INFO] [stderr]    Compiling linux-raw-sys v0.12.1
[INFO] [stderr]    Compiling bitflags v2.13.1
[INFO] [stderr]    Compiling serde_core v1.0.229
[INFO] [stderr]    Compiling const-oid v0.10.2
[INFO] [stderr]    Compiling fnv v1.0.7
[INFO] [stderr]    Compiling web-time v1.1.0
[INFO] [stderr]    Compiling uuid v1.25.0
[INFO] [stderr]    Compiling anstyle-parse v1.0.0
[INFO] [stderr]    Compiling once_cell v1.21.4
[INFO] [stderr]    Compiling fastrand v2.5.0
[INFO] [stderr]    Compiling zmij v1.0.23
[INFO] [stderr]    Compiling num-traits v0.2.19
[INFO] [stderr]    Compiling memchr v2.8.3
[INFO] [stderr]    Compiling cpufeatures v0.3.0
[INFO] [stderr]    Compiling roff v1.1.1
[INFO] [stderr]    Compiling itoa v1.0.18
[INFO] [stderr]    Compiling anstream v1.0.0
[INFO] [stderr]    Compiling anyhow v1.0.104
[INFO] [stderr]    Compiling hex v0.4.3
[INFO] [stderr]    Compiling base64 v0.22.1
[INFO] [stderr]    Compiling semver v1.0.28
[INFO] [stderr]    Compiling clap_builder v4.6.6
[INFO] [stderr]    Compiling rustix v1.1.4
[INFO] [stderr]    Compiling cfb v0.14.0
[INFO] [stderr]    Compiling percent-encoding v2.3.2
[INFO] [stderr]    Compiling chrono v0.4.45
[INFO] [stderr]    Compiling hybrid-array v0.4.14
[INFO] [stderr]    Compiling infer v0.22.0
[INFO] [stderr]    Compiling getrandom v0.4.3
[INFO] [stderr]    Compiling block-buffer v0.12.1
[INFO] [stderr]    Compiling crypto-common v0.2.2
[INFO] [stderr]    Compiling tempfile v3.27.0
[INFO] [stderr]    Compiling self-replace v1.5.0
[INFO] [stderr]    Compiling digest v0.11.3
[INFO] [stderr]    Compiling sha2 v0.11.0
[INFO] [stderr]    Compiling serde v1.0.229
[INFO] [stderr]    Compiling serde_json v1.0.151
[INFO] [stderr]    Compiling clap v4.6.6
[INFO] [stderr]    Compiling clap_mangen v0.3.3
[INFO] [stderr]    Compiling clap_complete v4.6.9
[INFO] [stderr]    Compiling pukbot v0.3.33 (/opt/rustwide/workdir)
[INFO] [stderr]     Finished `release` profile [optimized] target(s) in 1m 20s
[INFO] running `Command { std: "docker" "inspect" "edee857a5a826aae80b56ba6a9c385a30201b0087d9c1855d5fc441aafcab8ea", kill_on_drop: false }`
[INFO] running `Command { std: "docker" "exec" "-e" "SOURCE_DIR=/opt/rustwide/workdir" "-e" "CARGO_HOME=/opt/rustwide/cargo-home" "-e" "RUSTUP_HOME=/opt/rustwide/rustup-home" "-e" "CARGO_TARGET_DIR=/opt/rustwide/target" "-e" "CARGO_INCREMENTAL=0" "-e" "RUST_BACKTRACE=full" "-e" "RUSTFLAGS=--cap-lints=warn" "-e" "RUSTDOCFLAGS=--cap-lints=warn" "-w" "/opt/rustwide/workdir" "--user" "0:0" "edee857a5a826aae80b56ba6a9c385a30201b0087d9c1855d5fc441aafcab8ea" "/opt/rustwide/cargo-home/bin/cargo" "+1.99.0-beta.8" "test" "--frozen" "--release", kill_on_drop: false }`
[INFO] [stderr]     Finished `release` profile [optimized] target(s) in 0.10s
[INFO] [stderr]      Running unittests src/main.rs (/opt/rustwide/target/release/deps/pukbot-1ac07ee761ca9aa3)
[INFO] [stdout] 
[INFO] [stdout] running 107 tests
[INFO] [stdout] test crew::tests::joins_an_existing_trailer_block_without_duplicates ... ok
[INFO] [stdout] test crew::tests::missing_config_is_empty ... ok
[INFO] [stdout] test crew::tests::appends_trailers_as_a_separate_paragraph ... ok
[INFO] [stdout] test crew::tests::built_in_agents_are_valid_sorted_and_unique ... ok
[INFO] [stdout] test crew::tests::owner_wildcards_apply_unless_a_repository_is_listed ... ok
[INFO] [stdout] test crew::tests::saves_canonical_urls_and_round_trips ... ok
[INFO] [stdout] test crew::tests::resolves_the_config_path ... ok
[INFO] [stdout] test crew::tests::rejects_messages_pushed_over_the_limit ... ok
[INFO] [stdout] test doctor::tests::marks_workflow_commands_unavailable_without_actions_write ... ok
[INFO] [stdout] test doctor::tests::requires_only_contents_write_for_fork_sync ... ok
[INFO] [stdout] test error::tests::classifies_missing_actions_permission ... ok
[INFO] [stdout] test crew::tests::refuses_to_forget_assigned_custom_agents ... ok
[INFO] [stdout] test crew::tests::resolves_trailers_by_repository_url_ignoring_case ... ok
[INFO] [stdout] test crew::tests::signs_commits_and_merges ... ok
[INFO] [stdout] test crew::tests::normalizes_repository_spellings ... ok
[INFO] [stdout] test crew::tests::custom_agents_override_built_ins ... ok
[INFO] [stdout] test crew::tests::rejects_invalid_configs ... ok
[INFO] [stdout] test local::tests::builds_pull_request_urls ... ok
[INFO] [stdout] test error::tests::extracts_workflow_url_from_message ... ok
[INFO] [stdout] test local::tests::builds_squash_titles_without_attribution ... ok
[INFO] [stdout] test history_root::tests::normalizes_dates_and_rejects_ambiguous_input ... ok
[INFO] [stdout] test local::tests::encodes_label_path_segments ... ok
[INFO] [stdout] test local::tests::routes_explicit_app_modes_through_the_workflow ... ok
[INFO] [stdout] test doctor::tests::accepts_admin_as_write ... ok
[INFO] [stdout] test local::tests::maps_review_events ... ok
[INFO] [stdout] test media::tests::renders_local_video_as_a_bare_player_url ... ok
[INFO] [stdout] test media::tests::keeps_release_uploads_for_unattachable_types ... ok
[INFO] [stdout] test media::tests::renders_named_local_image_as_an_attachment ... ok
[INFO] [stdout] test media::tests::renders_remote_video_as_link ... ok
[INFO] [stdout] test model::tests::accepts_closed_code_fences ... ok
[INFO] [stdout] test model::tests::accepts_cross_repository_pull_request_heads_without_changing_them ... ok
[INFO] [stdout] test model::tests::carries_commit_file_modes_into_the_payload ... ok
[INFO] [stdout] test model::tests::detects_unclosed_code_fences ... ok
[INFO] [stdout] test model::tests::parses_pull_request_review ... ok
[INFO] [stdout] test model::tests::keeps_rich_markdown_verbatim ... ok
[INFO] [stdout] test model::tests::parses_comment_request ... ok
[INFO] [stdout] test local::tests::keeps_app_commits_on_the_app_workflow ... ok
[INFO] [stdout] test local::tests::routes_stack_mutations_locally ... ok
[INFO] [stdout] test media::tests::rejects_alt_text_on_a_video ... ok
[INFO] [stdout] test model::tests::rejects_commit_path_traversal ... ok
[INFO] [stdout] test model::tests::parses_repository ... ok
[INFO] [stdout] test model::tests::prepares_every_operation ... ok
[INFO] [stdout] test model::tests::preserves_existing_media_paragraph_boundaries ... ok
[INFO] [stdout] test model::tests::rejects_a_body_with_an_unclosed_fence ... ok
[INFO] [stdout] test model::tests::rejects_commit_file_with_content_and_delete ... ok
[INFO] [stdout] test model::tests::rejects_commit_with_no_files ... ok
[INFO] [stdout] test model::tests::rejects_invalid_batch_requests ... ok
[INFO] [stdout] test model::tests::rejects_empty_wiki_publish ... ok
[INFO] [stdout] test model::tests::rejects_incomplete_wiki_source ... ok
[INFO] [stdout] test model::tests::rejects_invalid_deployment_requests ... ok
[INFO] [stdout] test model::tests::rejects_invalid_repository_dispatch_event_type ... ok
[INFO] [stdout] test model::tests::rejects_oversized_repository_dispatch_payload ... ok
[INFO] [stdout] test model::tests::rejects_malformed_pull_request_head_owners_and_refs ... ok
[INFO] [stdout] test model::tests::rejects_oversized_deployment_payload ... ok
[INFO] [stdout] test model::tests::rejects_invalid_refs_tags_and_shas ... ok
[INFO] [stdout] test model::tests::rejects_invalid_release_requests ... ok
[INFO] [stdout] test model::tests::rejects_unsafe_workflow_identifier ... ok
[INFO] [stdout] test model::tests::rejects_unsafe_workflow_ref ... ok
[INFO] [stdout] test model::tests::rejects_too_many_repository_dispatch_properties ... ok
[INFO] [stdout] test model::tests::rejects_too_many_workflow_inputs ... ok
[INFO] [stdout] test model::tests::renders_media_placeholders_as_separate_paragraphs ... ok
[INFO] [stdout] test model::tests::rejects_wiki_delete_path_traversal ... ok
[INFO] [stdout] test model::tests::rejects_zero_workflow_run_id ... ok
[INFO] [stdout] test model::tests::serializes_release_contracts ... ok
[INFO] [stdout] test model::tests::serializes_repository_dispatch_contract ... ok
[INFO] [stdout] test model::tests::serializes_workflow_control_contracts ... ok
[INFO] [stdout] test model::tests::serializes_ref_and_tag_contracts ... ok
[INFO] [stdout] test model::tests::serializes_batch_contracts ... ok
[INFO] [stdout] test model::tests::serializes_deployment_contracts ... ok
[INFO] [stdout] test model::tests::serializes_explicit_app_authorship ... ok
[INFO] [stdout] test model::tests::validates_stack_members ... ok
[INFO] [stdout] test model::tests::validates_stack_merge_target ... ok
[INFO] [stdout] test model::tests::validates_history_rewrite_contract_before_execution ... ok
[INFO] [stdout] test stack::tests::selects_the_top_pull_request ... ok
[INFO] [stdout] test stack::tests::validates_merge_uuid ... ok
[INFO] [stdout] test stack::tests::decodes_failed_merge_response ... ok
[INFO] [stdout] test model::tests::serializes_workflow_dispatch_contract ... ok
[INFO] [stdout] test tests::parses_inline_repository_dispatch_payload ... ok
[INFO] [stdout] test tests::defaults_repository_dispatch_payload_to_empty_object ... ok
[INFO] [stdout] test release_asset::tests::prepares_release_asset ... ok
[INFO] [stdout] test release_asset::tests::rejects_empty_release_asset ... ok
[INFO] [stdout] test stack::tests::normalizes_stack_json ... ok
[INFO] [stdout] test tests::parses_stack_merge_by_stack_number ... ok
[INFO] [stdout] test tests::parses_workflow_inputs_at_first_equals_sign ... ok
[INFO] [stdout] test tests::publishes_every_stack_capability ... ok
[INFO] [stdout] test tests::rejects_duplicate_workflow_inputs ... ok
[INFO] [stdout] test tests::rejects_missing_repository_dispatch_payload_file ... ok
[INFO] [stdout] test tests::rejects_non_object_repository_dispatch_payload ... ok
[INFO] [stdout] test tests::rejects_workflow_input_without_equals_sign ... ok
[INFO] [stdout] test update::tests::reads_exact_checksum ... ok
[INFO] [stdout] test update::tests::selects_platform_assets ... ok
[INFO] [stdout] test workflow::tests::parses_result_url ... ok
[INFO] [stdout] test workflow_run::tests::decodes_workflow_run_contract ... ok
[INFO] [stdout] test workflow_run::tests::extracts_run_id_from_result_url ... ok
[INFO] [stdout] test update::tests::parses_stable_release ... ok
[INFO] [stdout] test workflow_run::tests::prefers_completed_conclusion ... ok
[INFO] [stdout] test workflow_run::tests::rejects_result_url_for_another_repository ... ok
[INFO] [stdout] test completion::tests::generates_every_completion ... ok
[INFO] [stdout] test manual::tests::writes_nested_manual_pages ... ok
[INFO] [stdout] test commit::tests::fails_when_nothing_is_staged ... ok
[INFO] [stdout] test commit::tests::reads_added_and_deleted_staged_files ... ok
[INFO] [stdout] test commit::tests::keeps_executable_and_symlink_modes ... ok
[INFO] [stdout] test history_root::tests::rejects_a_newer_date_without_modifying_the_remote ... ok
[INFO] [stdout] test history_root::tests::preserves_metadata_merge_topology_empty_commits_and_other_refs ... FAILED
[INFO] [stdout] test history_root::tests::rejects_remote_branch_and_backup_races_atomically ... FAILED
[INFO] [stdout] test history_root::tests::server_rejection_does_not_create_a_partial_backup ... FAILED
[INFO] [stdout] test commit::tests::syncs_the_local_branch_without_touching_the_working_tree ... ok
[INFO] [stderr] error: test failed, to rerun pass `--bin pukbot`
[INFO] [stdout] 
[INFO] [stdout] failures:
[INFO] [stdout] 
[INFO] [stdout] ---- history_root::tests::preserves_metadata_merge_topology_empty_commits_and_other_refs stdout ----
[INFO] [stdout] 
[INFO] [stdout] thread 'history_root::tests::preserves_metadata_merge_topology_empty_commits_and_other_refs' (1533) panicked at src/history_root.rs:471:10:
[INFO] [stdout] history should rewrite: history rewriting requires git-filter-repo
[INFO] [stdout] 
[INFO] [stdout] Caused by:
[INFO] [stdout]     Git failed: git: 'filter-repo' is not a git command. See 'git --help'.
[INFO] [stdout] 
[INFO] [stdout] Stack backtrace:
[INFO] [stdout]    0: <unknown>
[INFO] [stdout]    1: <unknown>
[INFO] [stdout]    2: <unknown>
[INFO] [stdout]    3: <unknown>
[INFO] [stdout]    4: <unknown>
[INFO] [stdout]    5: <unknown>
[INFO] [stdout]    6: <unknown>
[INFO] [stdout]    7: <unknown>
[INFO] [stdout]    8: <unknown>
[INFO] [stdout]    9: <unknown>
[INFO] [stdout]   10: <unknown>
[INFO] [stdout]   11: <unknown>
[INFO] [stdout]   12: <unknown>
[INFO] [stdout]   13: clone
[INFO] [stdout] stack backtrace:
[INFO] [stdout]    0:     0x5d0504e8ab26 - <unknown>
[INFO] [stdout]    1:     0x5d0504c69d3a - <unknown>
[INFO] [stdout]    2:     0x5d0504e909fc - <unknown>
[INFO] [stdout]    3:     0x5d0504e63512 - <unknown>
[INFO] [stdout]    4:     0x5d0504e80c71 - <unknown>
[INFO] [stdout]    5:     0x5d0504e80e52 - <unknown>
[INFO] [stdout]    6:     0x5d0504e635c2 - <unknown>
[INFO] [stdout]    7:     0x5d0504e5bc19 - <unknown>
[INFO] [stdout]    8:     0x5d0504e6475d - <unknown>
[INFO] [stdout]    9:     0x5d0504c6a42c - <unknown>
[INFO] [stdout]   10:     0x5d0504c6a202 - <unknown>
[INFO] [stdout]   11:     0x5d0504e117ef - <unknown>
[INFO] [stdout]   12:     0x5d0504e9530b - <unknown>
[INFO] [stdout]   13:     0x5d0504ea3461 - <unknown>
[INFO] [stdout]   14:     0x5d0504e9cb74 - <unknown>
[INFO] [stdout]   15:     0x5d0504ea7282 - <unknown>
[INFO] [stdout]   16:     0x5d0504e898ee - <unknown>
[INFO] [stdout]   17:     0x75cbf9711dfa - <unknown>
[INFO] [stdout]   18:     0x75cbf97a53d4 - clone
[INFO] [stdout]   19:                0x0 - <unknown>
[INFO] [stdout] 
[INFO] [stdout] ---- history_root::tests::rejects_remote_branch_and_backup_races_atomically stdout ----
[INFO] [stdout] 
[INFO] [stdout] thread 'history_root::tests::rejects_remote_branch_and_backup_races_atomically' (1535) panicked at src/history_root.rs:568:13:
[INFO] [stdout] assertion failed: error.to_string().contains("Git failed")
[INFO] [stdout] stack backtrace:
[INFO] [stdout]    0:     0x5d0504e8ab26 - <unknown>
[INFO] [stdout]    1:     0x5d0504c69d3a - <unknown>
[INFO] [stdout]    2:     0x5d0504e909fc - <unknown>
[INFO] [stdout]    3:     0x5d0504e63512 - <unknown>
[INFO] [stdout]    4:     0x5d0504e80c71 - <unknown>
[INFO] [stdout]    5:     0x5d0504e80e52 - <unknown>
[INFO] [stdout]    6:     0x5d0504e635f4 - <unknown>
[INFO] [stdout]    7:     0x5d0504e5bc19 - <unknown>
[INFO] [stdout]    8:     0x5d0504e6475d - <unknown>
[INFO] [stdout]    9:     0x5d0504c6a42c - <unknown>
[INFO] [stdout]   10:     0x5d0504c6a3f2 - <unknown>
[INFO] [stdout]   11:     0x5d0504e10708 - <unknown>
[INFO] [stdout]   12:     0x5d0504e9530b - <unknown>
[INFO] [stdout]   13:     0x5d0504ea3461 - <unknown>
[INFO] [stdout]   14:     0x5d0504e9cb74 - <unknown>
[INFO] [stdout]   15:     0x5d0504ea7282 - <unknown>
[INFO] [stdout]   16:     0x5d0504e898ee - <unknown>
[INFO] [stdout]   17:     0x75cbf9711dfa - <unknown>
[INFO] [stdout]   18:     0x75cbf97a53d4 - clone
[INFO] [stdout]   19:                0x0 - <unknown>
[INFO] [stdout] 
[INFO] [stdout] ---- history_root::tests::server_rejection_does_not_create_a_partial_backup stdout ----
[INFO] [stdout] 
[INFO] [stdout] thread 'history_root::tests::server_rejection_does_not_create_a_partial_backup' (1536) panicked at src/history_root.rs:593:9:
[INFO] [stdout] assertion failed: error.to_string().contains("Git failed")
[INFO] [stdout] stack backtrace:
[INFO] [stdout]    0:     0x5d0504e8ab26 - <unknown>
[INFO] [stdout]    1:     0x5d0504c69d3a - <unknown>
[INFO] [stdout]    2:     0x5d0504e909fc - <unknown>
[INFO] [stdout]    3:     0x5d0504e63512 - <unknown>
[INFO] [stdout]    4:     0x5d0504e80c71 - <unknown>
[INFO] [stdout]    5:     0x5d0504e80e52 - <unknown>
[INFO] [stdout]    6:     0x5d0504e635f4 - <unknown>
[INFO] [stdout]    7:     0x5d0504e5bc19 - <unknown>
[INFO] [stdout]    8:     0x5d0504e6475d - <unknown>
[INFO] [stdout]    9:     0x5d0504c6a42c - <unknown>
[INFO] [stdout]   10:     0x5d0504c6a3f2 - <unknown>
[INFO] [stdout]   11:     0x5d0504e10bed - <unknown>
[INFO] [stdout]   12:     0x5d0504e9530b - <unknown>
[INFO] [stdout]   13:     0x5d0504ea3461 - <unknown>
[INFO] [stdout]   14:     0x5d0504e9cb74 - <unknown>
[INFO] [stdout]   15:     0x5d0504ea7282 - <unknown>
[INFO] [stdout]   16:     0x5d0504e898ee - <unknown>
[INFO] [stdout]   17:     0x75cbf9711dfa - <unknown>
[INFO] [stdout]   18:     0x75cbf97a53d4 - clone
[INFO] [stdout]   19:                0x0 - <unknown>
[INFO] [stdout] 
[INFO] [stdout] 
[INFO] [stdout] failures:
[INFO] [stdout]     history_root::tests::preserves_metadata_merge_topology_empty_commits_and_other_refs
[INFO] [stdout]     history_root::tests::rejects_remote_branch_and_backup_races_atomically
[INFO] [stdout]     history_root::tests::server_rejection_does_not_create_a_partial_backup
[INFO] [stdout] 
[INFO] [stdout] test result: FAILED. 104 passed; 3 failed; 0 ignored; 0 measured; 0 filtered out; finished in 0.53s
[INFO] [stdout] 
[INFO] running `Command { std: "docker" "inspect" "edee857a5a826aae80b56ba6a9c385a30201b0087d9c1855d5fc441aafcab8ea", kill_on_drop: false }`
[INFO] running `Command { std: "docker" "rm" "-f" "edee857a5a826aae80b56ba6a9c385a30201b0087d9c1855d5fc441aafcab8ea", kill_on_drop: false }`
[INFO] [stdout] edee857a5a826aae80b56ba6a9c385a30201b0087d9c1855d5fc441aafcab8ea
