[INFO] fetching crate pud 2.0.0...
[INFO] testing pud-2.0.0 against 1.99.0-beta.8+cargoflags=--release for beta-release-1.100-2
[INFO] extracting crate pud 2.0.0 into /workspace/builds/worker-4-tc1/source
[INFO] removed /workspace/builds/worker-4-tc1/source/rust-toolchain.toml
[INFO] started tweaking crates.io crate pud 2.0.0
[INFO] removed 0 missing tests
[INFO] finished tweaking crates.io crate pud 2.0.0
[INFO] tweaked toml for crates.io crate pud 2.0.0 written to /workspace/builds/worker-4-tc1/source/Cargo.toml
[INFO] validating manifest of crates.io crate pud 2.0.0 on toolchain 1.99.0-beta.8
[INFO] running `Command { std: CARGO_HOME="/workspace/cargo-home" RUSTUP_HOME="/workspace/rustup-home" "/workspace/cargo-home/bin/cargo" "+1.99.0-beta.8" "metadata" "--manifest-path" "Cargo.toml" "--no-deps", kill_on_drop: false }`
[INFO] crate crates.io crate pud 2.0.0 already has a lockfile, it will not be regenerated
[INFO] running `Command { std: CARGO_HOME="/workspace/cargo-home" RUSTUP_HOME="/workspace/rustup-home" "/workspace/cargo-home/bin/cargo" "+1.99.0-beta.8" "fetch" "--manifest-path" "Cargo.toml", kill_on_drop: false }`
[INFO] [stderr]     Updating crates.io index
[INFO] [stderr]  Downloading crates ...
[INFO] [stderr]   Downloaded trybuild v1.0.118
[INFO] [stderr]   Downloaded pud-macros v2.0.0
[INFO] running `Command { std: "docker" "create" "-v" "/var/lib/crater-agent-workspace/builds/worker-4-tc1/source:/opt/rustwide/workdir:ro,Z" "-v" "/var/lib/crater-agent-workspace/builds/worker-4-tc1/target:/opt/rustwide/target:rw,Z" "-v" "/var/lib/crater-agent-workspace/cargo-home:/opt/rustwide/cargo-home:ro,Z" "-v" "/var/lib/crater-agent-workspace/rustup-home:/opt/rustwide/rustup-home:ro,Z" "-m" "1610612736" "--network" "none" "ghcr.io/rust-lang/crates-build-env/linux@sha256:77db811e55d90add9212f6832c23229e3de5f1c1f9905e8cb07319ea15df73ac" "sleep" "infinity", kill_on_drop: false }`
[INFO] [stdout] f8b8a3ad23fed9b885b67a475bdd904ab78df724a91fb8c9a2ef5d9e85229b73
[INFO] running `Command { std: "docker" "start" "f8b8a3ad23fed9b885b67a475bdd904ab78df724a91fb8c9a2ef5d9e85229b73", kill_on_drop: false }`
[INFO] running `Command { std: "docker" "inspect" "f8b8a3ad23fed9b885b67a475bdd904ab78df724a91fb8c9a2ef5d9e85229b73", kill_on_drop: false }`
[INFO] running `Command { std: "docker" "exec" "-e" "SOURCE_DIR=/opt/rustwide/workdir" "-e" "CARGO_HOME=/opt/rustwide/cargo-home" "-e" "RUSTUP_HOME=/opt/rustwide/rustup-home" "-e" "CARGO_TARGET_DIR=/opt/rustwide/target" "-w" "/opt/rustwide/workdir" "--user" "0:0" "f8b8a3ad23fed9b885b67a475bdd904ab78df724a91fb8c9a2ef5d9e85229b73" "/opt/rustwide/cargo-home/bin/cargo" "+1.99.0-beta.8" "metadata" "--no-deps" "--format-version=1", kill_on_drop: false }`
[INFO] running `Command { std: "docker" "inspect" "f8b8a3ad23fed9b885b67a475bdd904ab78df724a91fb8c9a2ef5d9e85229b73", kill_on_drop: false }`
[INFO] running `Command { std: "docker" "exec" "-e" "SOURCE_DIR=/opt/rustwide/workdir" "-e" "CARGO_HOME=/opt/rustwide/cargo-home" "-e" "RUSTUP_HOME=/opt/rustwide/rustup-home" "-e" "CARGO_TARGET_DIR=/opt/rustwide/target" "-e" "CARGO_INCREMENTAL=0" "-e" "RUST_BACKTRACE=full" "-e" "RUSTFLAGS=--cap-lints=warn" "-e" "RUSTDOCFLAGS=--cap-lints=warn" "-w" "/opt/rustwide/workdir" "--user" "0:0" "f8b8a3ad23fed9b885b67a475bdd904ab78df724a91fb8c9a2ef5d9e85229b73" "/opt/rustwide/cargo-home/bin/cargo" "+1.99.0-beta.8" "build" "--frozen" "--message-format=json" "--release", kill_on_drop: false }`
[INFO] [stderr]    Compiling convert_case v0.11.0
[INFO] [stderr]    Compiling syn v3.0.3
[INFO] [stderr]    Compiling pud-macros v2.0.0
[INFO] [stderr]    Compiling pud v2.0.0 (/opt/rustwide/workdir)
[INFO] [stderr]     Finished `release` profile [optimized] target(s) in 4.42s
[INFO] running `Command { std: "docker" "inspect" "f8b8a3ad23fed9b885b67a475bdd904ab78df724a91fb8c9a2ef5d9e85229b73", kill_on_drop: false }`
[INFO] running `Command { std: "docker" "exec" "-e" "SOURCE_DIR=/opt/rustwide/workdir" "-e" "CARGO_HOME=/opt/rustwide/cargo-home" "-e" "RUSTUP_HOME=/opt/rustwide/rustup-home" "-e" "CARGO_TARGET_DIR=/opt/rustwide/target" "-e" "CARGO_INCREMENTAL=0" "-e" "RUST_BACKTRACE=full" "-e" "RUSTFLAGS=--cap-lints=warn" "-e" "RUSTDOCFLAGS=--cap-lints=warn" "-w" "/opt/rustwide/workdir" "--user" "0:0" "f8b8a3ad23fed9b885b67a475bdd904ab78df724a91fb8c9a2ef5d9e85229b73" "/opt/rustwide/cargo-home/bin/cargo" "+1.99.0-beta.8" "test" "--frozen" "--no-run" "--message-format=json" "--release", kill_on_drop: false }`
[INFO] [stderr]    Compiling target-triple v1.0.1
[INFO] [stderr]    Compiling winnow v1.0.4
[INFO] [stderr]    Compiling toml_writer v1.1.2+spec-1.1.0
[INFO] [stderr]    Compiling toml_datetime v1.1.1+spec-1.1.0
[INFO] [stderr]    Compiling serde_spanned v1.1.1
[INFO] [stderr]    Compiling serde v1.0.229
[INFO] [stderr]    Compiling serde_derive v1.0.229
[INFO] [stderr]    Compiling toml_parser v1.1.3+spec-1.1.0
[INFO] [stderr]    Compiling toml v1.1.4+spec-1.1.0
[INFO] [stderr]    Compiling trybuild v1.0.118
[INFO] [stderr]    Compiling pud v2.0.0 (/opt/rustwide/workdir)
[INFO] [stderr]     Finished `release` profile [optimized] target(s) in 15.44s
[INFO] running `Command { std: "docker" "inspect" "f8b8a3ad23fed9b885b67a475bdd904ab78df724a91fb8c9a2ef5d9e85229b73", kill_on_drop: false }`
[INFO] running `Command { std: "docker" "exec" "-e" "SOURCE_DIR=/opt/rustwide/workdir" "-e" "CARGO_HOME=/opt/rustwide/cargo-home" "-e" "RUSTUP_HOME=/opt/rustwide/rustup-home" "-e" "CARGO_TARGET_DIR=/opt/rustwide/target" "-e" "CARGO_INCREMENTAL=0" "-e" "RUST_BACKTRACE=full" "-e" "RUSTFLAGS=--cap-lints=warn" "-e" "RUSTDOCFLAGS=--cap-lints=warn" "-w" "/opt/rustwide/workdir" "--user" "0:0" "f8b8a3ad23fed9b885b67a475bdd904ab78df724a91fb8c9a2ef5d9e85229b73" "/opt/rustwide/cargo-home/bin/cargo" "+1.99.0-beta.8" "test" "--frozen" "--release", kill_on_drop: false }`
[INFO] [stderr]     Finished `release` profile [optimized] target(s) in 0.08s
[INFO] [stderr]      Running unittests src/lib.rs (/opt/rustwide/target/release/deps/pud-fd6f20b58a3bd121)
[INFO] [stdout] 
[INFO] [stdout] running 0 tests
[INFO] [stdout] 
[INFO] [stdout] test result: ok. 0 passed; 0 failed; 0 ignored; 0 measured; 0 filtered out; finished in 0.00s
[INFO] [stdout] 
[INFO] [stderr]      Running tests/trybuild.rs (/opt/rustwide/target/release/deps/trybuild-1471313d206574b2)
[INFO] [stdout] 
[INFO] [stdout] running 2 tests
[INFO] [stderr]    Compiling proc-macro2 v1.0.107
[INFO] [stderr]    Compiling quote v1.0.47
[INFO] [stderr]    Compiling unicode-ident v1.0.24
[INFO] [stderr]    Compiling unicode-segmentation v1.13.3
[INFO] [stderr]    Compiling convert_case v0.11.0
[INFO] [stderr]    Compiling syn v3.0.3
[INFO] [stderr]    Compiling pud-macros v2.0.0
[INFO] [stderr]     Checking pud v2.0.0 (/opt/rustwide/workdir)
[INFO] [stderr]     Checking pud-tests v0.0.0 (/opt/rustwide/target/tests/trybuild/pud)
[INFO] [stderr]     Finished `dev` profile [unoptimized + debuginfo] target(s) in 7.76s
[INFO] [stderr] 
[INFO] [stderr] 
[INFO] [stderr] test tests/ui/fail/phantom_attrs_without_generics.rs ... ok
[INFO] [stdout] test ui_fail ... FAILED
[INFO] [stderr] test tests/ui/fail/skip_ignored_attrs.rs ... ok
[INFO] [stderr] test tests/ui/fail/unknown_group_attrs.rs ... ok
[INFO] [stderr] test tests/ui/fail/unnamed_struct.rs ... ok
[INFO] [stderr] test tests/ui/fail/visibility_self.rs ... mismatch
[INFO] [stderr] 
[INFO] [stderr] EXPECTED:
[INFO] [stderr] ┈┈┈┈┈┈┈┈┈┈┈┈┈┈┈┈┈┈┈┈┈┈┈┈┈┈┈┈┈┈┈┈┈┈┈┈┈┈┈┈┈┈┈┈┈┈┈┈┈┈┈┈┈┈┈┈┈┈┈┈
[INFO] [stderr] error[E0603]: enum `FooPud` is private
[INFO] [stderr]   --> tests/ui/fail/visibility_self.rs:10:10
[INFO] [stderr]    |
[INFO] [stderr] 10 | use def::FooPud;
[INFO] [stderr]    |          ^^^^^^ private enum
[INFO] [stderr]    |
[INFO] [stderr] note: the enum `FooPud` is defined here
[INFO] [stderr]   --> tests/ui/fail/visibility_self.rs:4:2
[INFO] [stderr]    |
[INFO] [stderr] 4  |     #[::pud::pud(vis = pub(self))]
[INFO] [stderr]    |     ^^^^^^^^^^^^^^^^^^^^^^^^^^^^^^
[INFO] [stderr]    = note: this error originates in the attribute macro `::pud::pud` (in Nightly builds, run with -Z macro-backtrace for more info)
[INFO] [stderr] ┈┈┈┈┈┈┈┈┈┈┈┈┈┈┈┈┈┈┈┈┈┈┈┈┈┈┈┈┈┈┈┈┈┈┈┈┈┈┈┈┈┈┈┈┈┈┈┈┈┈┈┈┈┈┈┈┈┈┈┈
[INFO] [stderr] 
[INFO] [stderr] ACTUAL OUTPUT:
[INFO] [stderr] ┈┈┈┈┈┈┈┈┈┈┈┈┈┈┈┈┈┈┈┈┈┈┈┈┈┈┈┈┈┈┈┈┈┈┈┈┈┈┈┈┈┈┈┈┈┈┈┈┈┈┈┈┈┈┈┈┈┈┈┈
[INFO] [stderr] error[E0603]: enum `FooPud` is private
[INFO] [stderr]   --> tests/ui/fail/visibility_self.rs:10:10
[INFO] [stderr]    |
[INFO] [stderr] 10 | use def::FooPud;
[INFO] [stderr]    |          ^^^^^^ private enum
[INFO] [stderr]    |
[INFO] [stderr] note: the enum `FooPud` is defined here
[INFO] [stderr]   --> tests/ui/fail/visibility_self.rs:4:2
[INFO] [stderr]    |
[INFO] [stderr]  4 |     #[::pud::pud(vis = pub(self))]
[INFO] [stderr]    |     ^^^^^^^^^^^^^^^^^^^^^^^^^^^^^^
[INFO] [stderr]    = note: this error originates in the attribute macro `::pud::pud` (in Nightly builds, run with -Z macro-backtrace for more info)
[INFO] [stderr] ┈┈┈┈┈┈┈┈┈┈┈┈┈┈┈┈┈┈┈┈┈┈┈┈┈┈┈┈┈┈┈┈┈┈┈┈┈┈┈┈┈┈┈┈┈┈┈┈┈┈┈┈┈┈┈┈┈┈┈┈
[INFO] [stderr] note: If the actual output is the correct output you can bless it by rerunning
[INFO] [stderr]       your test with the environment variable TRYBUILD=overwrite
[INFO] [stderr] 
[INFO] [stderr] test tests/ui/fail/visibility_super.rs ... mismatch
[INFO] [stderr] 
[INFO] [stderr] EXPECTED:
[INFO] [stderr] ┈┈┈┈┈┈┈┈┈┈┈┈┈┈┈┈┈┈┈┈┈┈┈┈┈┈┈┈┈┈┈┈┈┈┈┈┈┈┈┈┈┈┈┈┈┈┈┈┈┈┈┈┈┈┈┈┈┈┈┈
[INFO] [stderr] error[E0365]: `FooPud` is private, and cannot be re-exported
[INFO] [stderr]   --> tests/ui/fail/visibility_super.rs:10:10
[INFO] [stderr]    |
[INFO] [stderr] 10 |     pub use foo::FooPud; // shouldn't be accessible here
[INFO] [stderr]    |             ^^^^^^^^^^^ re-export of private `FooPud`
[INFO] [stderr]    |
[INFO] [stderr]    = note: consider declaring type or module `FooPud` with `pub`
[INFO] [stderr] 
[INFO] [stderr] error[E0603]: enum `FooPud` is private
[INFO] [stderr]   --> tests/ui/fail/visibility_super.rs:13:15
[INFO] [stderr]    |
[INFO] [stderr] 13 | use def::foo::FooPud; // shouldn't be accessible here
[INFO] [stderr]    |               ^^^^^^ private enum
[INFO] [stderr]    |
[INFO] [stderr] note: the enum `FooPud` is defined here
[INFO] [stderr]   --> tests/ui/fail/visibility_super.rs:5:3
[INFO] [stderr]    |
[INFO] [stderr] 5  |         #[::pud::pud(vis = pub(super))]
[INFO] [stderr]    |         ^^^^^^^^^^^^^^^^^^^^^^^^^^^^^^^
[INFO] [stderr]    = note: this error originates in the attribute macro `::pud::pud` (in Nightly builds, run with -Z macro-backtrace for more info)
[INFO] [stderr] 
[INFO] [stderr] warning: unused import: `foo::FooPud`
[INFO] [stderr]   --> tests/ui/fail/visibility_super.rs:10:10
[INFO] [stderr]    |
[INFO] [stderr] 10 |     pub use foo::FooPud; // shouldn't be accessible here
[INFO] [stderr]    |             ^^^^^^^^^^^
[INFO] [stderr]    |
[INFO] [stderr]    = note: `#[warn(unused_imports)]` on by default
[INFO] [stderr] ┈┈┈┈┈┈┈┈┈┈┈┈┈┈┈┈┈┈┈┈┈┈┈┈┈┈┈┈┈┈┈┈┈┈┈┈┈┈┈┈┈┈┈┈┈┈┈┈┈┈┈┈┈┈┈┈┈┈┈┈
[INFO] [stderr] 
[INFO] [stderr] ACTUAL OUTPUT:
[INFO] [stderr] ┈┈┈┈┈┈┈┈┈┈┈┈┈┈┈┈┈┈┈┈┈┈┈┈┈┈┈┈┈┈┈┈┈┈┈┈┈┈┈┈┈┈┈┈┈┈┈┈┈┈┈┈┈┈┈┈┈┈┈┈
[INFO] [stderr] error[E0365]: `FooPud` is private, and cannot be re-exported
[INFO] [stderr]   --> tests/ui/fail/visibility_super.rs:10:10
[INFO] [stderr]    |
[INFO] [stderr] 10 |     pub use foo::FooPud; // shouldn't be accessible here
[INFO] [stderr]    |             ^^^^^^^^^^^ re-export of private `FooPud`
[INFO] [stderr]    |
[INFO] [stderr]    = note: consider declaring type or module `FooPud` with `pub`
[INFO] [stderr] 
[INFO] [stderr] error[E0603]: enum `FooPud` is private
[INFO] [stderr]   --> tests/ui/fail/visibility_super.rs:13:15
[INFO] [stderr]    |
[INFO] [stderr] 13 | use def::foo::FooPud; // shouldn't be accessible here
[INFO] [stderr]    |               ^^^^^^ private enum
[INFO] [stderr]    |
[INFO] [stderr] note: the enum `FooPud` is defined here
[INFO] [stderr]   --> tests/ui/fail/visibility_super.rs:5:3
[INFO] [stderr]    |
[INFO] [stderr]  5 |         #[::pud::pud(vis = pub(super))]
[INFO] [stderr]    |         ^^^^^^^^^^^^^^^^^^^^^^^^^^^^^^^
[INFO] [stderr]    = note: this error originates in the attribute macro `::pud::pud` (in Nightly builds, run with -Z macro-backtrace for more info)
[INFO] [stderr] 
[INFO] [stderr] warning: unused import: `foo::FooPud`
[INFO] [stderr]   --> tests/ui/fail/visibility_super.rs:10:10
[INFO] [stderr]    |
[INFO] [stderr] 10 |     pub use foo::FooPud; // shouldn't be accessible here
[INFO] [stderr]    |             ^^^^^^^^^^^
[INFO] [stderr]    |
[INFO] [stderr]    = note: `#[warn(unused_imports)]` (part of `#[warn(unused)]`) on by default
[INFO] [stderr] ┈┈┈┈┈┈┈┈┈┈┈┈┈┈┈┈┈┈┈┈┈┈┈┈┈┈┈┈┈┈┈┈┈┈┈┈┈┈┈┈┈┈┈┈┈┈┈┈┈┈┈┈┈┈┈┈┈┈┈┈
[INFO] [stderr] note: If the actual output is the correct output you can bless it by rerunning
[INFO] [stderr]       your test with the environment variable TRYBUILD=overwrite
[INFO] [stderr] 
[INFO] [stderr] 
[INFO] [stderr] 
[INFO] [stderr]    Compiling pud v2.0.0 (/opt/rustwide/workdir)
[INFO] [stderr]    Compiling pud-tests v0.0.0 (/opt/rustwide/target/tests/trybuild/pud)
[INFO] [stderr]     Finished `dev` profile [unoptimized + debuginfo] target(s) in 0.64s
[INFO] [stderr] 
[INFO] [stderr] 
[INFO] [stderr] test tests/ui/pass/all_generics_are_mapped.rs ... ok
[INFO] [stderr] test tests/ui/pass/basic.rs ... ok
[INFO] [stderr] test tests/ui/pass/field_attrs.rs ... ok
[INFO] [stderr] test tests/ui/pass/flatten.rs ... ok
[INFO] [stderr] test tests/ui/pass/full.rs ... ok
[INFO] [stderr] test tests/ui/pass/group.rs ... ok
[INFO] [stderr] test tests/ui/pass/group_attrs.rs ... ok
[INFO] [stderr] test tests/ui/pass/map.rs ... ok
[INFO] [stderr] test tests/ui/pass/phantom_attrs.rs ... ok
[INFO] [stderr] test tests/ui/pass/rename.rs ... ok
[INFO] [stderr] test tests/ui/pass/skip.rs ... ok
[INFO] [stderr] test tests/ui/pass/unnamed_renamed_struct.rs ... ok
[INFO] [stderr] test tests/ui/pass/visibility_crate.rs ... ok
[INFO] [stderr] test tests/ui/pass/visibility_super.rs ... ok
[INFO] [stdout] test ui_pass ... ok
[INFO] [stderr] test tests/ui/pass/whole.rs ... ok
[INFO] [stdout] 
[INFO] [stderr] 
[INFO] [stdout] failures:
[INFO] [stderr] 
[INFO] [stdout] 
[INFO] [stdout] ---- ui_fail stdout ----
[INFO] [stdout] 
[INFO] [stdout] thread 'ui_fail' (452) panicked at /opt/rustwide/cargo-home/registry/src/index.crates.io-1949cf8c6b5b557f/trybuild-1.0.118/src/run.rs:102:13:
[INFO] [stdout] 2 of 6 tests failed
[INFO] [stdout] stack backtrace:
[INFO] [stdout]    0:     0x6060e1dc99f1 - <<std[70759c8f55707aa4]::sys::backtrace::BacktraceLock>::print::DisplayBacktrace as core[df12db4294e9bfd3]::fmt::Display>::fmt
[INFO] [stdout]    1:     0x6060e1de007a - core[df12db4294e9bfd3]::fmt::write
[INFO] [stdout]    2:     0x6060e1dce4bc - <alloc[2182bb758b4b3781]::vec::Vec<u8> as core[df12db4294e9bfd3]::io::write::Write>::write_fmt
[INFO] [stdout]    3:     0x6060e1da2ed6 - std[70759c8f55707aa4]::panicking::default_hook::{closure#0}
[INFO] [stdout]    4:     0x6060e1dc1069 - std[70759c8f55707aa4]::panicking::default_hook
[INFO] [stdout]    5:     0x6060e1d5a340 - test[9d35eded1c95d3be]::test_main_inner::<test[9d35eded1c95d3be]::test_main_static::{closure#0}>::{closure#0}
[INFO] [stdout]    6:     0x6060e1dc1222 - std[70759c8f55707aa4]::panicking::panic_with_hook
[INFO] [stdout]    7:     0x6060e1da2f82 - std[70759c8f55707aa4]::panicking::panic_handler::{closure#0}
[INFO] [stdout]    8:     0x6060e1d9b849 - std[70759c8f55707aa4]::sys::backtrace::__rust_end_short_backtrace::<std[70759c8f55707aa4]::panicking::panic_handler::{closure#0}, !>
[INFO] [stdout]    9:     0x6060e1da3b7d - __rustc[8fa7c3cbc660c2b3]::rust_begin_unwind
[INFO] [stdout]   10:     0x6060e1de07ec - core[df12db4294e9bfd3]::panicking::panic_fmt
[INFO] [stdout]   11:     0x6060e1cad943 - <trybuild[a0c2d9b40415a536]::Runner>::run
[INFO] [stdout]   12:     0x6060e1cb0d20 - <trybuild[a0c2d9b40415a536]::TestCases as core[df12db4294e9bfd3]::ops::drop::Drop>::drop
[INFO] [stdout]   13:     0x6060e1ca7d68 - trybuild[f59fbc4e9a8dde4c]::ui_fail
[INFO] [stdout]   14:     0x6060e1ca80b9 - <trybuild[f59fbc4e9a8dde4c]::ui_fail::{closure#0} as core[df12db4294e9bfd3]::ops::function::FnOnce<()>>::call_once
[INFO] [stdout]   15:     0x6060e1d4d62b - test[9d35eded1c95d3be]::__rust_begin_short_backtrace::<core[df12db4294e9bfd3]::result::Result<(), alloc[2182bb758b4b3781]::string::String>, fn() -> core[df12db4294e9bfd3]::result::Result<(), alloc[2182bb758b4b3781]::string::String>>
[INFO] [stdout]   16:     0x6060e1d5ac95 - test[9d35eded1c95d3be]::run_test::{closure#0}
[INFO] [stdout]   17:     0x6060e1d54554 - std[70759c8f55707aa4]::sys::backtrace::__rust_begin_short_backtrace::<test[9d35eded1c95d3be]::run_test::{closure#1}, ()>
[INFO] [stdout]   18:     0x6060e1d5ddf2 - <std[70759c8f55707aa4]::thread::lifecycle::spawn_unchecked<test[9d35eded1c95d3be]::run_test::{closure#1}, ()>::{closure#1} as core[df12db4294e9bfd3]::ops::function::FnOnce<()>>::call_once::{shim:vtable#0}
[INFO] [stdout]   19:     0x6060e1dc8ca9 - <std[70759c8f55707aa4]::sys::thread::unix::Thread>::new::thread_start
[INFO] [stdout]   20:     0x74d4a7b47dfa - <unknown>
[INFO] [stdout]   21:     0x74d4a7bdb3d4 - clone
[INFO] [stdout]   22:                0x0 - <unknown>
[INFO] [stdout] 
[INFO] [stdout] 
[INFO] [stdout] failures:
[INFO] [stdout]     ui_fail
[INFO] [stdout] 
[INFO] [stdout] test result: FAILED. 1 passed; 1 failed; 0 ignored; 0 measured; 0 filtered out; finished in 15.77s
[INFO] [stdout] 
[INFO] [stderr] error: test failed, to rerun pass `--test trybuild`
[INFO] running `Command { std: "docker" "inspect" "f8b8a3ad23fed9b885b67a475bdd904ab78df724a91fb8c9a2ef5d9e85229b73", kill_on_drop: false }`
[INFO] running `Command { std: "docker" "rm" "-f" "f8b8a3ad23fed9b885b67a475bdd904ab78df724a91fb8c9a2ef5d9e85229b73", kill_on_drop: false }`
[INFO] [stdout] f8b8a3ad23fed9b885b67a475bdd904ab78df724a91fb8c9a2ef5d9e85229b73
