[INFO] fetching crate puck-sigil 0.1.0...
[INFO] testing puck-sigil-0.1.0 against 1.99.0-beta.8+cargoflags=--release for beta-release-1.100-2
[INFO] extracting crate puck-sigil 0.1.0 into /workspace/builds/worker-6-tc1/source
[INFO] started tweaking crates.io crate puck-sigil 0.1.0
[INFO] finished tweaking crates.io crate puck-sigil 0.1.0
[INFO] tweaked toml for crates.io crate puck-sigil 0.1.0 written to /workspace/builds/worker-6-tc1/source/Cargo.toml
[INFO] validating manifest of crates.io crate puck-sigil 0.1.0 on toolchain 1.99.0-beta.8
[INFO] running `Command { std: CARGO_HOME="/workspace/cargo-home" RUSTUP_HOME="/workspace/rustup-home" "/workspace/cargo-home/bin/cargo" "+1.99.0-beta.8" "metadata" "--manifest-path" "Cargo.toml" "--no-deps", kill_on_drop: false }`
[INFO] crate crates.io crate puck-sigil 0.1.0 already has a lockfile, it will not be regenerated
[INFO] running `Command { std: CARGO_HOME="/workspace/cargo-home" RUSTUP_HOME="/workspace/rustup-home" "/workspace/cargo-home/bin/cargo" "+1.99.0-beta.8" "fetch" "--manifest-path" "Cargo.toml", kill_on_drop: false }`
[INFO] [stderr]  Downloading crates ...
[INFO] [stderr]   Downloaded serial_test v3.2.0
[INFO] [stderr]   Downloaded serial_test_derive v3.2.0
[INFO] [stderr]   Downloaded serde_core v1.0.225
[INFO] [stderr]   Downloaded windows-targets v0.53.4
[INFO] [stderr]   Downloaded serde_derive v1.0.225
[INFO] [stderr]   Downloaded serde v1.0.225
[INFO] [stderr]   Downloaded anstream v0.6.20
[INFO] [stderr]   Downloaded windows-sys v0.61.1
[INFO] running `Command { std: "docker" "create" "-v" "/var/lib/crater-agent-workspace/builds/worker-6-tc1/source:/opt/rustwide/workdir:ro,Z" "-v" "/var/lib/crater-agent-workspace/builds/worker-6-tc1/target:/opt/rustwide/target:rw,Z" "-v" "/var/lib/crater-agent-workspace/cargo-home:/opt/rustwide/cargo-home:ro,Z" "-v" "/var/lib/crater-agent-workspace/rustup-home:/opt/rustwide/rustup-home:ro,Z" "-m" "1610612736" "--network" "none" "ghcr.io/rust-lang/crates-build-env/linux@sha256:77db811e55d90add9212f6832c23229e3de5f1c1f9905e8cb07319ea15df73ac" "sleep" "infinity", kill_on_drop: false }`
[INFO] [stdout] c60ccebc176e6a8c5e80eb45061d4e9030db4e912d12176594a31ca7dda60d96
[INFO] running `Command { std: "docker" "start" "c60ccebc176e6a8c5e80eb45061d4e9030db4e912d12176594a31ca7dda60d96", kill_on_drop: false }`
[INFO] running `Command { std: "docker" "inspect" "c60ccebc176e6a8c5e80eb45061d4e9030db4e912d12176594a31ca7dda60d96", kill_on_drop: false }`
[INFO] running `Command { std: "docker" "exec" "-e" "SOURCE_DIR=/opt/rustwide/workdir" "-e" "CARGO_HOME=/opt/rustwide/cargo-home" "-e" "RUSTUP_HOME=/opt/rustwide/rustup-home" "-e" "CARGO_TARGET_DIR=/opt/rustwide/target" "-w" "/opt/rustwide/workdir" "--user" "0:0" "c60ccebc176e6a8c5e80eb45061d4e9030db4e912d12176594a31ca7dda60d96" "/opt/rustwide/cargo-home/bin/cargo" "+1.99.0-beta.8" "metadata" "--no-deps" "--format-version=1", kill_on_drop: false }`
[INFO] running `Command { std: "docker" "inspect" "c60ccebc176e6a8c5e80eb45061d4e9030db4e912d12176594a31ca7dda60d96", kill_on_drop: false }`
[INFO] running `Command { std: "docker" "exec" "-e" "SOURCE_DIR=/opt/rustwide/workdir" "-e" "CARGO_HOME=/opt/rustwide/cargo-home" "-e" "RUSTUP_HOME=/opt/rustwide/rustup-home" "-e" "CARGO_TARGET_DIR=/opt/rustwide/target" "-e" "CARGO_INCREMENTAL=0" "-e" "RUST_BACKTRACE=full" "-e" "RUSTFLAGS=--cap-lints=warn" "-e" "RUSTDOCFLAGS=--cap-lints=warn" "-w" "/opt/rustwide/workdir" "--user" "0:0" "c60ccebc176e6a8c5e80eb45061d4e9030db4e912d12176594a31ca7dda60d96" "/opt/rustwide/cargo-home/bin/cargo" "+1.99.0-beta.8" "build" "--frozen" "--message-format=json" "--release", kill_on_drop: false }`
[INFO] [stderr]    Compiling serde_core v1.0.225
[INFO] [stderr]    Compiling proc-macro2 v1.0.101
[INFO] [stderr]    Compiling memchr v2.7.5
[INFO] [stderr]    Compiling serde v1.0.225
[INFO] [stderr]    Compiling indexmap v2.11.4
[INFO] [stderr]    Compiling jiff v0.2.15
[INFO] [stderr]    Compiling anstream v0.6.20
[INFO] [stderr]    Compiling aho-corasick v1.1.3
[INFO] [stderr]    Compiling quote v1.0.40
[INFO] [stderr]    Compiling syn v2.0.106
[INFO] [stderr]    Compiling regex-automata v0.4.11
[INFO] [stderr]    Compiling toml_datetime v0.7.2
[INFO] [stderr]    Compiling serde_spanned v1.0.2
[INFO] [stderr]    Compiling serde_json v1.0.145
[INFO] [stderr]    Compiling toml v0.9.7
[INFO] [stderr]    Compiling serde_derive v1.0.225
[INFO] [stderr]    Compiling regex v1.11.3
[INFO] [stderr]    Compiling env_filter v0.1.3
[INFO] [stderr]    Compiling env_logger v0.11.8
[INFO] [stderr]    Compiling serde_yaml_ng v0.10.0
[INFO] [stderr]    Compiling puck-sigil v0.1.0 (/opt/rustwide/workdir)
[INFO] [stderr]     Finished `release` profile [optimized] target(s) in 36.33s
[INFO] running `Command { std: "docker" "inspect" "c60ccebc176e6a8c5e80eb45061d4e9030db4e912d12176594a31ca7dda60d96", kill_on_drop: false }`
[INFO] running `Command { std: "docker" "exec" "-e" "SOURCE_DIR=/opt/rustwide/workdir" "-e" "CARGO_HOME=/opt/rustwide/cargo-home" "-e" "RUSTUP_HOME=/opt/rustwide/rustup-home" "-e" "CARGO_TARGET_DIR=/opt/rustwide/target" "-e" "CARGO_INCREMENTAL=0" "-e" "RUST_BACKTRACE=full" "-e" "RUSTFLAGS=--cap-lints=warn" "-e" "RUSTDOCFLAGS=--cap-lints=warn" "-w" "/opt/rustwide/workdir" "--user" "0:0" "c60ccebc176e6a8c5e80eb45061d4e9030db4e912d12176594a31ca7dda60d96" "/opt/rustwide/cargo-home/bin/cargo" "+1.99.0-beta.8" "test" "--frozen" "--no-run" "--message-format=json" "--release", kill_on_drop: false }`
[INFO] [stderr]    Compiling libc v0.2.175
[INFO] [stderr]    Compiling syn v2.0.106
[INFO] [stderr]    Compiling futures-sink v0.3.31
[INFO] [stderr]    Compiling futures-core v0.3.31
[INFO] [stderr]    Compiling aho-corasick v1.1.3
[INFO] [stderr]    Compiling getrandom v0.3.3
[INFO] [stderr]    Compiling rustix v1.1.2
[INFO] [stderr]    Compiling bitflags v2.9.4
[INFO] [stderr]    Compiling linux-raw-sys v0.11.0
[INFO] [stderr]    Compiling sdd v3.0.10
[INFO] [stderr]    Compiling serde_json v1.0.145
[INFO] [stderr]    Compiling futures-channel v0.3.31
[INFO] [stderr]    Compiling futures-util v0.3.31
[INFO] [stderr]    Compiling scc v2.4.0
[INFO] [stderr]    Compiling parking_lot_core v0.9.11
[INFO] [stderr]    Compiling parking_lot v0.12.4
[INFO] [stderr]    Compiling regex-automata v0.4.11
[INFO] [stderr]    Compiling tempfile v3.23.0
[INFO] [stderr]    Compiling serde_derive v1.0.225
[INFO] [stderr]    Compiling serial_test_derive v3.2.0
[INFO] [stderr]    Compiling futures-executor v0.3.31
[INFO] [stderr]    Compiling futures v0.3.31
[INFO] [stderr]    Compiling serial_test v3.2.0
[INFO] [stderr]    Compiling regex v1.11.3
[INFO] [stderr]    Compiling env_filter v0.1.3
[INFO] [stderr]    Compiling env_logger v0.11.8
[INFO] [stderr]    Compiling serde v1.0.225
[INFO] [stderr]    Compiling serde_yaml_ng v0.10.0
[INFO] [stderr]    Compiling puck-sigil v0.1.0 (/opt/rustwide/workdir)
[INFO] [stderr]     Finished `release` profile [optimized] target(s) in 35.29s
[INFO] running `Command { std: "docker" "inspect" "c60ccebc176e6a8c5e80eb45061d4e9030db4e912d12176594a31ca7dda60d96", kill_on_drop: false }`
[INFO] running `Command { std: "docker" "exec" "-e" "SOURCE_DIR=/opt/rustwide/workdir" "-e" "CARGO_HOME=/opt/rustwide/cargo-home" "-e" "RUSTUP_HOME=/opt/rustwide/rustup-home" "-e" "CARGO_TARGET_DIR=/opt/rustwide/target" "-e" "CARGO_INCREMENTAL=0" "-e" "RUST_BACKTRACE=full" "-e" "RUSTFLAGS=--cap-lints=warn" "-e" "RUSTDOCFLAGS=--cap-lints=warn" "-w" "/opt/rustwide/workdir" "--user" "0:0" "c60ccebc176e6a8c5e80eb45061d4e9030db4e912d12176594a31ca7dda60d96" "/opt/rustwide/cargo-home/bin/cargo" "+1.99.0-beta.8" "test" "--frozen" "--release", kill_on_drop: false }`
[INFO] [stderr]     Finished `release` profile [optimized] target(s) in 0.18s
[INFO] [stderr]      Running unittests src/main.rs (/opt/rustwide/target/release/deps/psigil-ba027e54cf499cec)
[INFO] [stdout] 
[INFO] [stdout] running 11 tests
[INFO] [stdout] test libs::args::tests::test_parse_args_from_env ... ok
[INFO] [stdout] test libs::version::tests::test_unsupported_format ... ok
[INFO] [stdout] test libs::version::tests::test_read_toml ... ok
[INFO] [stdout] test libs::version::tests::test_read_json ... ok
[INFO] [stdout] test libs::args::tests::test_parse_args_default ... ok
[INFO] [stdout] test libs::version::tests::test_nested_json ... ok
[INFO] [stdout] test libs::config::tests::test_load_config_file_not_found ... ok
[INFO] [stdout] test libs::git::tests::test_tag_format ... ok
[INFO] [stdout] test libs::config::tests::test_load_config_invalid_json ... FAILED
[INFO] [stdout] test libs::config::tests::test_load_config_success ... FAILED
[INFO] [stdout] test libs::version::tests::test_read_yaml ... ok
[INFO] [stdout] 
[INFO] [stdout] failures:
[INFO] [stdout] 
[INFO] [stdout] ---- libs::config::tests::test_load_config_invalid_json stdout ----
[INFO] [stdout] 
[INFO] [stdout] thread 'libs::config::tests::test_load_config_invalid_json' (1247) panicked at src/libs/config/tests.rs:37:45:
[INFO] [stdout] called `Result::unwrap()` on an `Err` value: Os { code: 30, kind: ReadOnlyFilesystem, message: "Read-only file system" }
[INFO] [stdout] stack backtrace:
[INFO] [stdout]    0:     0x652810739901 - <<std[70759c8f55707aa4]::sys::backtrace::BacktraceLock>::print::DisplayBacktrace as core[df12db4294e9bfd3]::fmt::Display>::fmt
[INFO] [stdout]    1:     0x65281074ff1a - core[df12db4294e9bfd3]::fmt::write
[INFO] [stdout]    2:     0x65281073dffc - <alloc[2182bb758b4b3781]::vec::Vec<u8> as core[df12db4294e9bfd3]::io::write::Write>::write_fmt
[INFO] [stdout]    3:     0x652810713e56 - std[70759c8f55707aa4]::panicking::default_hook::{closure#0}
[INFO] [stdout]    4:     0x652810731029 - std[70759c8f55707aa4]::panicking::default_hook
[INFO] [stdout]    5:     0x6528106847e0 - test[9d35eded1c95d3be]::test_main_inner::<test[9d35eded1c95d3be]::test_main_static::{closure#0}>::{closure#0}
[INFO] [stdout]    6:     0x6528107311e2 - std[70759c8f55707aa4]::panicking::panic_with_hook
[INFO] [stdout]    7:     0x652810713f02 - std[70759c8f55707aa4]::panicking::panic_handler::{closure#0}
[INFO] [stdout]    8:     0x65281070c849 - std[70759c8f55707aa4]::sys::backtrace::__rust_end_short_backtrace::<std[70759c8f55707aa4]::panicking::panic_handler::{closure#0}, !>
[INFO] [stdout]    9:     0x652810714d1d - __rustc[8fa7c3cbc660c2b3]::rust_begin_unwind
[INFO] [stdout]   10:     0x65281075068c - core[df12db4294e9bfd3]::panicking::panic_fmt
[INFO] [stdout]   11:     0x652810750462 - core[df12db4294e9bfd3]::result::unwrap_failed
[INFO] [stdout]   12:     0x652810666995 - <psigil[e738be2369fefeb6]::libs::config::tests::test_load_config_invalid_json::{closure#0} as core[df12db4294e9bfd3]::ops::function::FnOnce<()>>::call_once
[INFO] [stdout]   13:     0x6528106ed863 - serial_test[7923ac9ff7114774]::serial_code_lock::local_serial_core
[INFO] [stdout]   14:     0x6528106750ad - <psigil[e738be2369fefeb6]::libs::config::tests::test_load_config_invalid_json::{closure#0} as core[df12db4294e9bfd3]::ops::function::FnOnce<()>>::call_once
[INFO] [stdout]   15:     0x652810677acb - test[9d35eded1c95d3be]::__rust_begin_short_backtrace::<core[df12db4294e9bfd3]::result::Result<(), alloc[2182bb758b4b3781]::string::String>, fn() -> core[df12db4294e9bfd3]::result::Result<(), alloc[2182bb758b4b3781]::string::String>>
[INFO] [stdout]   16:     0x652810685135 - test[9d35eded1c95d3be]::run_test::{closure#0}
[INFO] [stdout]   17:     0x65281067e9f4 - std[70759c8f55707aa4]::sys::backtrace::__rust_begin_short_backtrace::<test[9d35eded1c95d3be]::run_test::{closure#1}, ()>
[INFO] [stdout]   18:     0x652810688292 - <std[70759c8f55707aa4]::thread::lifecycle::spawn_unchecked<test[9d35eded1c95d3be]::run_test::{closure#1}, ()>::{closure#1} as core[df12db4294e9bfd3]::ops::function::FnOnce<()>>::call_once::{shim:vtable#0}
[INFO] [stdout]   19:     0x652810738c49 - <std[70759c8f55707aa4]::sys::thread::unix::Thread>::new::thread_start
[INFO] [stdout]   20:     0x75fccc6bfdfa - <unknown>
[INFO] [stdout]   21:     0x75fccc7533d4 - clone
[INFO] [stdout]   22:                0x0 - <unknown>
[INFO] [stdout] 
[INFO] [stdout] ---- libs::config::tests::test_load_config_success stdout ----
[INFO] [stdout] 
[INFO] [stdout] thread 'libs::config::tests::test_load_config_success' (1248) panicked at src/libs/config/tests.rs:15:49:
[INFO] [stdout] called `Result::unwrap()` on an `Err` value: Os { code: 30, kind: ReadOnlyFilesystem, message: "Read-only file system" }
[INFO] [stdout] stack backtrace:
[INFO] [stdout]    0:     0x652810739901 - <<std[70759c8f55707aa4]::sys::backtrace::BacktraceLock>::print::DisplayBacktrace as core[df12db4294e9bfd3]::fmt::Display>::fmt
[INFO] [stdout]    1:     0x65281074ff1a - core[df12db4294e9bfd3]::fmt::write
[INFO] [stdout]    2:     0x65281073dffc - <alloc[2182bb758b4b3781]::vec::Vec<u8> as core[df12db4294e9bfd3]::io::write::Write>::write_fmt
[INFO] [stdout]    3:     0x652810713e56 - std[70759c8f55707aa4]::panicking::default_hook::{closure#0}
[INFO] [stdout]    4:     0x652810731029 - std[70759c8f55707aa4]::panicking::default_hook
[INFO] [stdout]    5:     0x6528106847e0 - test[9d35eded1c95d3be]::test_main_inner::<test[9d35eded1c95d3be]::test_main_static::{closure#0}>::{closure#0}
[INFO] [stdout]    6:     0x6528107311e2 - std[70759c8f55707aa4]::panicking::panic_with_hook
[INFO] [stdout]    7:     0x652810713f02 - std[70759c8f55707aa4]::panicking::panic_handler::{closure#0}
[INFO] [stdout]    8:     0x65281070c849 - std[70759c8f55707aa4]::sys::backtrace::__rust_end_short_backtrace::<std[70759c8f55707aa4]::panicking::panic_handler::{closure#0}, !>
[INFO] [stdout]    9:     0x652810714d1d - __rustc[8fa7c3cbc660c2b3]::rust_begin_unwind
[INFO] [stdout]   10:     0x65281075068c - core[df12db4294e9bfd3]::panicking::panic_fmt
[INFO] [stdout]   11:     0x652810750462 - core[df12db4294e9bfd3]::result::unwrap_failed
[INFO] [stdout]   12:     0x65281066680f - <psigil[e738be2369fefeb6]::libs::config::tests::test_load_config_success::{closure#0} as core[df12db4294e9bfd3]::ops::function::FnOnce<()>>::call_once
[INFO] [stdout]   13:     0x6528106ed863 - serial_test[7923ac9ff7114774]::serial_code_lock::local_serial_core
[INFO] [stdout]   14:     0x65281067502d - <psigil[e738be2369fefeb6]::libs::config::tests::test_load_config_success::{closure#0} as core[df12db4294e9bfd3]::ops::function::FnOnce<()>>::call_once
[INFO] [stdout]   15:     0x652810677acb - test[9d35eded1c95d3be]::__rust_begin_short_backtrace::<core[df12db4294e9bfd3]::result::Result<(), alloc[2182bb758b4b3781]::string::String>, fn() -> core[df12db4294e9bfd3]::result::Result<(), alloc[2182bb758b4b3781]::string::String>>
[INFO] [stdout]   16:     0x652810685135 - test[9d35eded1c95d3be]::run_test::{closure#0}
[INFO] [stdout]   17:     0x65281067e9f4 - std[70759c8f55707aa4]::sys::backtrace::__rust_begin_short_backtrace::<test[9d35eded1c95d3be]::run_test::{closure#1}, ()>
[INFO] [stdout]   18:     0x652810688292 - <std[70759c8f55707aa4]::thread::lifecycle::spawn_unchecked<test[9d35eded1c95d3be]::run_test::{closure#1}, ()>::{closure#1} as core[df12db4294e9bfd3]::ops::function::FnOnce<()>>::call_once::{shim:vtable#0}
[INFO] [stdout]   19:     0x652810738c49 - <std[70759c8f55707aa4]::sys::thread::unix::Thread>::new::thread_start
[INFO] [stdout]   20:     0x75fccc6bfdfa - <unknown>
[INFO] [stdout]   21:     0x75fccc7533d4 - clone
[INFO] [stdout]   22:                0x0 - <unknown>
[INFO] [stdout] 
[INFO] [stdout] 
[INFO] [stdout] failures:
[INFO] [stdout]     libs::config::tests::test_load_config_invalid_json
[INFO] [stdout]     libs::config::tests::test_load_config_success
[INFO] [stdout] 
[INFO] [stdout] test result: FAILED. 9 passed; 2 failed; 0 ignored; 0 measured; 0 filtered out; finished in 0.01s
[INFO] [stdout] 
[INFO] [stderr] error: test failed, to rerun pass `--bin psigil`
[INFO] running `Command { std: "docker" "inspect" "c60ccebc176e6a8c5e80eb45061d4e9030db4e912d12176594a31ca7dda60d96", kill_on_drop: false }`
[INFO] running `Command { std: "docker" "rm" "-f" "c60ccebc176e6a8c5e80eb45061d4e9030db4e912d12176594a31ca7dda60d96", kill_on_drop: false }`
[INFO] [stdout] c60ccebc176e6a8c5e80eb45061d4e9030db4e912d12176594a31ca7dda60d96
