[INFO] fetching crate public-ip-address 0.4.0...
[INFO] testing public-ip-address-0.4.0 against 1.99.0-beta.8+cargoflags=--release for beta-release-1.100-2
[INFO] extracting crate public-ip-address 0.4.0 into /workspace/builds/worker-6-tc1/source
[INFO] started tweaking crates.io crate public-ip-address 0.4.0
[INFO] removed 0 missing examples
[INFO] removed 0 missing tests
[INFO] finished tweaking crates.io crate public-ip-address 0.4.0
[INFO] tweaked toml for crates.io crate public-ip-address 0.4.0 written to /workspace/builds/worker-6-tc1/source/Cargo.toml
[INFO] validating manifest of crates.io crate public-ip-address 0.4.0 on toolchain 1.99.0-beta.8
[INFO] running `Command { std: CARGO_HOME="/workspace/cargo-home" RUSTUP_HOME="/workspace/rustup-home" "/workspace/cargo-home/bin/cargo" "+1.99.0-beta.8" "metadata" "--manifest-path" "Cargo.toml" "--no-deps", kill_on_drop: false }`
[INFO] crate crates.io crate public-ip-address 0.4.0 already has a lockfile, it will not be regenerated
[INFO] running `Command { std: CARGO_HOME="/workspace/cargo-home" RUSTUP_HOME="/workspace/rustup-home" "/workspace/cargo-home/bin/cargo" "+1.99.0-beta.8" "fetch" "--manifest-path" "Cargo.toml", kill_on_drop: false }`
[INFO] [stderr]     Updating crates.io index
[INFO] [stderr]  Downloading crates ...
[INFO] [stderr]   Downloaded wiremock v0.6.5
[INFO] [stderr]   Downloaded rusty-hook v0.11.2
[INFO] [stderr]   Downloaded nias v0.5.0
[INFO] [stderr]   Downloaded fsio v0.1.3
[INFO] [stderr]   Downloaded ci_info v0.10.2
[INFO] [stderr]   Downloaded envmnt v0.8.4
[INFO] [stderr]   Downloaded hmac-sha256 v1.1.12
[INFO] [stderr]   Downloaded mid v4.0.0
[INFO] [stderr]   Downloaded cocoon v0.4.3
[INFO] [stderr]   Downloaded crypto-mac v0.11.0
[INFO] [stderr]   Downloaded pbkdf2 v0.9.0
[INFO] running `Command { std: "docker" "create" "-v" "/var/lib/crater-agent-workspace/builds/worker-6-tc1/source:/opt/rustwide/workdir:ro,Z" "-v" "/var/lib/crater-agent-workspace/builds/worker-6-tc1/target:/opt/rustwide/target:rw,Z" "-v" "/var/lib/crater-agent-workspace/cargo-home:/opt/rustwide/cargo-home:ro,Z" "-v" "/var/lib/crater-agent-workspace/rustup-home:/opt/rustwide/rustup-home:ro,Z" "-m" "1610612736" "--network" "none" "ghcr.io/rust-lang/crates-build-env/linux@sha256:77db811e55d90add9212f6832c23229e3de5f1c1f9905e8cb07319ea15df73ac" "sleep" "infinity", kill_on_drop: false }`
[INFO] [stdout] 7fd3ee941b3d9ae4db343116ad144e3ef08a0133b754fde8b966b46e68a153ee
[INFO] running `Command { std: "docker" "start" "7fd3ee941b3d9ae4db343116ad144e3ef08a0133b754fde8b966b46e68a153ee", kill_on_drop: false }`
[INFO] running `Command { std: "docker" "inspect" "7fd3ee941b3d9ae4db343116ad144e3ef08a0133b754fde8b966b46e68a153ee", kill_on_drop: false }`
[INFO] running `Command { std: "docker" "exec" "-e" "SOURCE_DIR=/opt/rustwide/workdir" "-e" "CARGO_HOME=/opt/rustwide/cargo-home" "-e" "RUSTUP_HOME=/opt/rustwide/rustup-home" "-e" "CARGO_TARGET_DIR=/opt/rustwide/target" "-w" "/opt/rustwide/workdir" "--user" "0:0" "7fd3ee941b3d9ae4db343116ad144e3ef08a0133b754fde8b966b46e68a153ee" "/opt/rustwide/cargo-home/bin/cargo" "+1.99.0-beta.8" "metadata" "--no-deps" "--format-version=1", kill_on_drop: false }`
[INFO] running `Command { std: "docker" "inspect" "7fd3ee941b3d9ae4db343116ad144e3ef08a0133b754fde8b966b46e68a153ee", kill_on_drop: false }`
[INFO] running `Command { std: "docker" "exec" "-e" "SOURCE_DIR=/opt/rustwide/workdir" "-e" "CARGO_HOME=/opt/rustwide/cargo-home" "-e" "RUSTUP_HOME=/opt/rustwide/rustup-home" "-e" "CARGO_TARGET_DIR=/opt/rustwide/target" "-e" "CARGO_INCREMENTAL=0" "-e" "RUST_BACKTRACE=full" "-e" "RUSTFLAGS=--cap-lints=warn" "-e" "RUSTDOCFLAGS=--cap-lints=warn" "-w" "/opt/rustwide/workdir" "--user" "0:0" "7fd3ee941b3d9ae4db343116ad144e3ef08a0133b754fde8b966b46e68a153ee" "/opt/rustwide/cargo-home/bin/cargo" "+1.99.0-beta.8" "build" "--frozen" "--message-format=json" "--release", kill_on_drop: false }`
[INFO] [stderr]    Compiling quote v1.0.41
[INFO] [stderr]    Compiling find-msvc-tools v0.1.4
[INFO] [stderr]    Compiling openssl v0.10.74
[INFO] [stderr]    Compiling mio v1.1.0
[INFO] [stderr]    Compiling socket2 v0.6.1
[INFO] [stderr]    Compiling tracing v0.1.41
[INFO] [stderr]    Compiling http-body-util v0.1.3
[INFO] [stderr]    Compiling rustls-pki-types v1.13.0
[INFO] [stderr]    Compiling etcetera v0.11.0
[INFO] [stderr]    Compiling cc v1.2.44
[INFO] [stderr]    Compiling syn v2.0.109
[INFO] [stderr]    Compiling tokio v1.48.0
[INFO] [stderr]    Compiling openssl-sys v0.9.110
[INFO] [stderr]    Compiling native-tls v0.2.14
[INFO] [stderr]    Compiling synstructure v0.13.2
[INFO] [stderr]    Compiling hyper v1.7.0
[INFO] [stderr]    Compiling tower v0.5.2
[INFO] [stderr]    Compiling zerovec-derive v0.11.2
[INFO] [stderr]    Compiling displaydoc v0.2.5
[INFO] [stderr]    Compiling openssl-macros v0.1.1
[INFO] [stderr]    Compiling serde_derive v1.0.228
[INFO] [stderr]    Compiling thiserror-impl v2.0.17
[INFO] [stderr]    Compiling maybe-async v0.2.10
[INFO] [stderr]    Compiling zerofrom-derive v0.1.6
[INFO] [stderr]    Compiling yoke-derive v0.8.1
[INFO] [stderr]    Compiling tower-http v0.6.6
[INFO] [stderr]    Compiling hyper-util v0.1.17
[INFO] [stderr]    Compiling zerofrom v0.1.6
[INFO] [stderr]    Compiling thiserror v2.0.17
[INFO] [stderr]    Compiling yoke v0.8.1
[INFO] [stderr]    Compiling zerovec v0.11.5
[INFO] [stderr]    Compiling zerotrie v0.2.3
[INFO] [stderr]    Compiling tinystr v0.8.2
[INFO] [stderr]    Compiling potential_utf v0.1.4
[INFO] [stderr]    Compiling icu_collections v2.1.1
[INFO] [stderr]    Compiling icu_locale_core v2.1.1
[INFO] [stderr]    Compiling serde v1.0.228
[INFO] [stderr]    Compiling icu_provider v2.1.1
[INFO] [stderr]    Compiling icu_normalizer v2.1.1
[INFO] [stderr]    Compiling icu_properties v2.1.1
[INFO] [stderr]    Compiling serde_urlencoded v0.7.1
[INFO] [stderr]    Compiling idna_adapter v1.2.1
[INFO] [stderr]    Compiling idna v1.1.0
[INFO] [stderr]    Compiling url v2.5.7
[INFO] [stderr]    Compiling tokio-native-tls v0.3.1
[INFO] [stderr]    Compiling hyper-tls v0.6.0
[INFO] [stderr]    Compiling reqwest v0.12.24
[INFO] [stderr]    Compiling public-ip-address v0.4.0 (/opt/rustwide/workdir)
[INFO] [stderr]     Finished `release` profile [optimized] target(s) in 50.13s
[INFO] running `Command { std: "docker" "inspect" "7fd3ee941b3d9ae4db343116ad144e3ef08a0133b754fde8b966b46e68a153ee", kill_on_drop: false }`
[INFO] running `Command { std: "docker" "exec" "-e" "SOURCE_DIR=/opt/rustwide/workdir" "-e" "CARGO_HOME=/opt/rustwide/cargo-home" "-e" "RUSTUP_HOME=/opt/rustwide/rustup-home" "-e" "CARGO_TARGET_DIR=/opt/rustwide/target" "-e" "CARGO_INCREMENTAL=0" "-e" "RUST_BACKTRACE=full" "-e" "RUSTFLAGS=--cap-lints=warn" "-e" "RUSTDOCFLAGS=--cap-lints=warn" "-w" "/opt/rustwide/workdir" "--user" "0:0" "7fd3ee941b3d9ae4db343116ad144e3ef08a0133b754fde8b966b46e68a153ee" "/opt/rustwide/cargo-home/bin/cargo" "+1.99.0-beta.8" "test" "--frozen" "--no-run" "--message-format=json" "--release", kill_on_drop: false }`
[INFO] [stderr]    Compiling log v0.4.28
[INFO] [stderr]    Compiling tokio-macros v2.6.0
[INFO] [stderr]    Compiling futures-macro v0.3.31
[INFO] [stderr]    Compiling indexmap v1.9.3
[INFO] [stderr]    Compiling indexmap v2.12.0
[INFO] [stderr]    Compiling serde v1.0.228
[INFO] [stderr]    Compiling openssl v0.10.74
[INFO] [stderr]    Compiling parking_lot_core v0.9.12
[INFO] [stderr]    Compiling signal-hook-registry v1.4.6
[INFO] [stderr]    Compiling fsio v0.1.3
[INFO] [stderr]    Compiling darling_core v0.20.11
[INFO] [stderr]    Compiling nias v0.5.0
[INFO] [stderr]    Compiling rustix v1.1.2
[INFO] [stderr]    Compiling instability v0.3.9
[INFO] [stderr]    Compiling itertools v0.13.0
[INFO] [stderr]    Compiling strum_macros v0.26.4
[INFO] [stderr]    Compiling rustix v0.38.44
[INFO] [stderr]    Compiling derive_more-impl v2.0.1
[INFO] [stderr]    Compiling mio v1.1.0
[INFO] [stderr]    Compiling parking_lot v0.12.5
[INFO] [stderr]    Compiling signal-hook v0.3.18
[INFO] [stderr]    Compiling envmnt v0.8.4
[INFO] [stderr]    Compiling futures-util v0.3.31
[INFO] [stderr]    Compiling tokio v1.48.0
[INFO] [stderr]    Compiling signal-hook-mio v0.2.5
[INFO] [stderr]    Compiling toml v0.5.11
[INFO] [stderr]    Compiling num_cpus v1.17.0
[INFO] [stderr]    Compiling async-stream-impl v0.3.6
[INFO] [stderr]    Compiling ci_info v0.10.2
[INFO] [stderr]    Compiling sdd v3.0.10
[INFO] [stderr]    Compiling deadpool-runtime v0.1.4
[INFO] [stderr]    Compiling indoc v2.0.7
[INFO] [stderr]    Compiling anstyle-query v1.1.4
[INFO] [stderr]    Compiling anstream v0.6.21
[INFO] [stderr]    Compiling document-features v0.2.12
[INFO] [stderr]    Compiling scc v2.4.0
[INFO] [stderr]    Compiling async-stream v0.3.6
[INFO] [stderr]    Compiling compact_str v0.8.1
[INFO] [stderr]    Compiling crossterm v0.28.1
[INFO] [stderr]    Compiling derive_more v2.0.1
[INFO] [stderr]    Compiling env_filter v0.1.4
[INFO] [stderr]    Compiling lru v0.12.5
[INFO] [stderr]    Compiling getopts v0.2.24
[INFO] [stderr]    Compiling assert-json-diff v2.0.2
[INFO] [stderr]    Compiling rusty-hook v0.11.2
[INFO] [stderr]    Compiling serial_test_derive v3.2.0
[INFO] [stderr]    Compiling strum v0.26.3
[INFO] [stderr]    Compiling cassowary v0.3.0
[INFO] [stderr]    Compiling unicode-truncate v1.1.0
[INFO] [stderr]    Compiling env_logger v0.11.8
[INFO] [stderr]    Compiling crossterm v0.29.0
[INFO] [stderr]    Compiling darling_macro v0.20.11
[INFO] [stderr]    Compiling darling v0.20.11
[INFO] [stderr]    Compiling ratatui v0.29.0
[INFO] [stderr]    Compiling native-tls v0.2.14
[INFO] [stderr]    Compiling futures-executor v0.3.31
[INFO] [stderr]    Compiling futures v0.3.31
[INFO] [stderr]    Compiling serial_test v3.2.0
[INFO] [stderr]    Compiling tokio-util v0.7.17
[INFO] [stderr]    Compiling tokio-native-tls v0.3.1
[INFO] [stderr]    Compiling tower v0.5.2
[INFO] [stderr]    Compiling deadpool v0.12.3
[INFO] [stderr]    Compiling tokio-stream v0.1.17
[INFO] [stderr]    Compiling tokio-test v0.4.4
[INFO] [stderr]    Compiling h2 v0.4.12
[INFO] [stderr]    Compiling tower-http v0.6.6
[INFO] [stderr]    Compiling hyper v1.7.0
[INFO] [stderr]    Compiling hyper-util v0.1.17
[INFO] [stderr]    Compiling hyper-tls v0.6.0
[INFO] [stderr]    Compiling wiremock v0.6.5
[INFO] [stderr]    Compiling reqwest v0.12.24
[INFO] [stderr]    Compiling public-ip-address v0.4.0 (/opt/rustwide/workdir)
[INFO] [stderr]     Finished `release` profile [optimized] target(s) in 1m 38s
[INFO] running `Command { std: "docker" "inspect" "7fd3ee941b3d9ae4db343116ad144e3ef08a0133b754fde8b966b46e68a153ee", kill_on_drop: false }`
[INFO] running `Command { std: "docker" "exec" "-e" "SOURCE_DIR=/opt/rustwide/workdir" "-e" "CARGO_HOME=/opt/rustwide/cargo-home" "-e" "RUSTUP_HOME=/opt/rustwide/rustup-home" "-e" "CARGO_TARGET_DIR=/opt/rustwide/target" "-e" "CARGO_INCREMENTAL=0" "-e" "RUST_BACKTRACE=full" "-e" "RUSTFLAGS=--cap-lints=warn" "-e" "RUSTDOCFLAGS=--cap-lints=warn" "-w" "/opt/rustwide/workdir" "--user" "0:0" "7fd3ee941b3d9ae4db343116ad144e3ef08a0133b754fde8b966b46e68a153ee" "/opt/rustwide/cargo-home/bin/cargo" "+1.99.0-beta.8" "test" "--frozen" "--release", kill_on_drop: false }`
[INFO] [stderr]     Finished `release` profile [optimized] target(s) in 0.23s
[INFO] [stderr]      Running unittests src/lib.rs (/opt/rustwide/target/release/deps/public_ip_address-589c60f6113dad17)
[INFO] [stdout] 
[INFO] [stdout] running 67 tests
[INFO] [stdout] test lookup::abstractapi::tests::test_request_target ... ignored
[INFO] [stdout] test lookup::freeipapi::tests::test_request ... ignored
[INFO] [stdout] test lookup::freeipapi::tests::test_request_target ... ignored
[INFO] [stdout] test lookup::freeipapi::tests::test_parse ... ok
[INFO] [stdout] test lookup::ifconfig::tests::test_request ... ignored
[INFO] [stdout] test lookup::ifconfig::tests::test_request_target ... ignored
[INFO] [stdout] test lookup::ip2location::tests::test_request ... ignored
[INFO] [stdout] test lookup::ip2location::tests::test_request_with_key ... ignored
[INFO] [stdout] test lookup::ip2location::tests::test_request_with_key_for_target ... ignored
[INFO] [stdout] test cache::tests::test_cache_tree ... ok
[INFO] [stdout] test lookup::ifconfig::tests::test_parse ... ok
[INFO] [stdout] test cache::tests::test_cache_file ... ok
[INFO] [stdout] test lookup::abstractapi::tests::test_parse ... ok
[INFO] [stdout] test cache::tests::test_cache_clear ... ok
[INFO] [stdout] test lookup::ipapico::tests::test_request ... ignored
[INFO] [stdout] test lookup::ipapico::tests::test_request_target ... ignored
[INFO] [stdout] test lookup::ipapicom::tests::test_request ... ignored
[INFO] [stdout] test lookup::ipapicom::tests::test_request_target ... ignored
[INFO] [stdout] test lookup::ipapiio::tests::test_request ... ignored
[INFO] [stdout] test lookup::ipapiio::tests::test_request_target ... ignored
[INFO] [stdout] test lookup::ipbase::tests::test_request ... ignored
[INFO] [stdout] test lookup::ipbase::tests::test_request_target ... ignored
[INFO] [stdout] test lookup::ipdata::tests::test_request ... ignored
[INFO] [stdout] test lookup::ipdata::tests::test_request_target ... ignored
[INFO] [stdout] test lookup::ipgeolocation::tests::test_request ... ignored
[INFO] [stdout] test lookup::ipgeolocation::tests::test_request_target ... ignored
[INFO] [stdout] test lookup::ipgeolocation::tests::test_parse ... ok
[INFO] [stdout] test lookup::ipbase::tests::test_parse ... ok
[INFO] [stdout] test lookup::ipify::tests::test_parse ... ok
[INFO] [stdout] test lookup::ipinfo::tests::test_request ... ignored
[INFO] [stdout] test lookup::ipinfo::tests::test_request_target ... ignored
[INFO] [stdout] test lookup::ipapiio::tests::test_parse ... ok
[INFO] [stdout] test lookup::ipleak::tests::test_request ... ignored
[INFO] [stdout] test lookup::ip2location::tests::test_parse ... ok
[INFO] [stdout] test lookup::ipapico::tests::test_parse ... ok
[INFO] [stdout] test lookup::ipapicom::tests::test_parse ... ok
[INFO] [stdout] test lookup::ipinfo::tests::test_parse ... ok
[INFO] [stdout] test lookup::ipleak::tests::test_request_target ... ignored
[INFO] [stdout] test lookup::iplocateio::tests::test_request ... ignored
[INFO] [stdout] test lookup::iplocateio::tests::test_request_target ... ignored
[INFO] [stdout] test lookup::ipquery::tests::test_request ... ignored
[INFO] [stdout] test lookup::ipquery::tests::test_request_target ... ignored
[INFO] [stdout] test lookup::ipwhois::tests::test_request ... ignored
[INFO] [stdout] test lookup::ipwhois::tests::test_request_target ... ignored
[INFO] [stdout] test lookup::mullvad::tests::test_request ... ignored
[INFO] [stdout] test lookup::myip::tests::test_request ... ignored
[INFO] [stdout] test lookup::ipleak::tests::test_parse ... ok
[INFO] [stdout] test lookup::tests::test_conversions ... ok
[INFO] [stdout] test lookup::mullvad::tests::test_parse ... ok
[INFO] [stdout] test lookup::myip::tests::test_parse ... ok
[INFO] [stdout] test lookup::tests::test_conversions_with_key ... ok
[INFO] [stdout] test lookup::getjsonip::tests::test_parse ... ok
[INFO] [stdout] test lookup::iplocateio::tests::test_parse ... ok
[INFO] [stdout] test lookup::ipquery::tests::test_parse ... ok
[INFO] [stdout] test lookup::ipwhois::tests::test_parse ... ok
[INFO] [stdout] test lookup::tests::test_target_not_supported ... ok
[INFO] [stdout] test lookup::ipdata::tests::test_parse ... ok
[INFO] [stdout] test lookup::myipcom::tests::test_parse ... ok
[INFO] [stdout] test lookup::tests::test_make_request ... ok
[INFO] [stdout] test lookup::ipify::tests::test_request ... FAILED
[INFO] [stdout] test lookup::tests::test_handle_response ... ok
[INFO] [stdout] test lookup::getjsonip::tests::test_request ... FAILED
[INFO] [stdout] test lookup::myipcom::tests::test_request ... FAILED
[INFO] [stdout] test lookup::tests::test_handle_response_error ... ok
[INFO] [stdout] test lookup::tests::test_handle_response_too_many ... ok
[INFO] [stdout] test cache::tests::test_expired ... ok
[INFO] [stdout] test lookup::tests::test_target_supported ... ok
[INFO] [stdout] 
[INFO] [stdout] failures:
[INFO] [stdout] 
[INFO] [stderr] error: test failed, to rerun pass `--lib`
[INFO] [stdout] ---- lookup::ipify::tests::test_request stdout ----
[INFO] [stdout] 
[INFO] [stdout] thread 'lookup::ipify::tests::test_request' (2820) panicked at src/lookup/ipify.rs:59:66:
[INFO] [stdout] called `Result::unwrap()` on an `Err` value: ReqwestError(reqwest::Error { kind: Request, url: "https://api64.ipify.org/?format=json", source: hyper_util::client::legacy::Error(Connect, ConnectError("dns error", Custom { kind: Uncategorized, error: "failed to lookup address information: Temporary failure in name resolution" })) })
[INFO] [stdout] stack backtrace:
[INFO] [stdout]    0:     0x6148b22e94e1 - <<std[70759c8f55707aa4]::sys::backtrace::BacktraceLock>::print::DisplayBacktrace as core[df12db4294e9bfd3]::fmt::Display>::fmt
[INFO] [stdout]    1:     0x6148b2301c4a - core[df12db4294e9bfd3]::fmt::write
[INFO] [stdout]    2:     0x6148b22ee53c - <alloc[2182bb758b4b3781]::vec::Vec<u8> as core[df12db4294e9bfd3]::io::write::Write>::write_fmt
[INFO] [stdout]    3:     0x6148b22c31d6 - std[70759c8f55707aa4]::panicking::default_hook::{closure#0}
[INFO] [stdout]    4:     0x6148b22e1009 - std[70759c8f55707aa4]::panicking::default_hook
[INFO] [stdout]    5:     0x6148b210e450 - test[9d35eded1c95d3be]::test_main_inner::<test[9d35eded1c95d3be]::test_main_static::{closure#0}>::{closure#0}
[INFO] [stdout]    6:     0x6148b22e1332 - std[70759c8f55707aa4]::panicking::panic_with_hook
[INFO] [stdout]    7:     0x6148b22c3282 - std[70759c8f55707aa4]::panicking::panic_handler::{closure#0}
[INFO] [stdout]    8:     0x6148b22bbe09 - std[70759c8f55707aa4]::sys::backtrace::__rust_end_short_backtrace::<std[70759c8f55707aa4]::panicking::panic_handler::{closure#0}, !>
[INFO] [stdout]    9:     0x6148b22c406d - __rustc[8fa7c3cbc660c2b3]::rust_begin_unwind
[INFO] [stdout]   10:     0x6148b23023ac - core[df12db4294e9bfd3]::panicking::panic_fmt
[INFO] [stdout]   11:     0x6148b2302182 - core[df12db4294e9bfd3]::result::unwrap_failed
[INFO] [stdout]   12:     0x6148b2075d1b - public_ip_address[af77a1d24e17facf]::lookup::ipify::tests::test_request::{closure#0}
[INFO] [stdout]   13:     0x6148b20b5a13 - <tokio[c98a5bcfa8df1698]::runtime::scheduler::current_thread::Context>::enter::<core[df12db4294e9bfd3]::task::poll::Poll<()>, <tokio[c98a5bcfa8df1698]::runtime::scheduler::current_thread::CoreGuard>::block_on<core[df12db4294e9bfd3]::pin::Pin<&mut core[df12db4294e9bfd3]::pin::Pin<&mut dyn core[df12db4294e9bfd3]::future::future::Future<Output = ()>>>>::{closure#0}::{closure#0}>
[INFO] [stdout]   14:     0x6148b20a8dcc - <tokio[c98a5bcfa8df1698]::runtime::context::scoped::Scoped<tokio[c98a5bcfa8df1698]::runtime::scheduler::Context>>::set::<<tokio[c98a5bcfa8df1698]::runtime::scheduler::current_thread::CoreGuard>::enter<<tokio[c98a5bcfa8df1698]::runtime::scheduler::current_thread::CoreGuard>::block_on<core[df12db4294e9bfd3]::pin::Pin<&mut core[df12db4294e9bfd3]::pin::Pin<&mut dyn core[df12db4294e9bfd3]::future::future::Future<Output = ()>>>>::{closure#0}, core[df12db4294e9bfd3]::option::Option<()>>::{closure#0}, (alloc[2182bb758b4b3781]::boxed::Box<tokio[c98a5bcfa8df1698]::runtime::scheduler::current_thread::Core>, core[df12db4294e9bfd3]::option::Option<()>)>
[INFO] [stdout]   15:     0x6148b20b60f7 - <tokio[c98a5bcfa8df1698]::runtime::scheduler::current_thread::CoreGuard>::block_on::<core[df12db4294e9bfd3]::pin::Pin<&mut core[df12db4294e9bfd3]::pin::Pin<&mut dyn core[df12db4294e9bfd3]::future::future::Future<Output = ()>>>>
[INFO] [stdout]   16:     0x6148b205da47 - tokio[c98a5bcfa8df1698]::runtime::context::runtime::enter_runtime::<<tokio[c98a5bcfa8df1698]::runtime::scheduler::current_thread::CurrentThread>::block_on<core[df12db4294e9bfd3]::pin::Pin<&mut dyn core[df12db4294e9bfd3]::future::future::Future<Output = ()>>>::{closure#0}, ()>
[INFO] [stdout]   17:     0x6148b20599fa - <tokio[c98a5bcfa8df1698]::runtime::runtime::Runtime>::block_on::<core[df12db4294e9bfd3]::pin::Pin<&mut dyn core[df12db4294e9bfd3]::future::future::Future<Output = ()>>>
[INFO] [stdout]   18:     0x6148b207b06b - public_ip_address[af77a1d24e17facf]::lookup::ipify::tests::test_request
[INFO] [stdout]   19:     0x6148b20c8ed9 - <public_ip_address[af77a1d24e17facf]::lookup::ipify::tests::test_request::{closure#0} as core[df12db4294e9bfd3]::ops::function::FnOnce<()>>::call_once
[INFO] [stdout]   20:     0x6148b210173b - test[9d35eded1c95d3be]::__rust_begin_short_backtrace::<core[df12db4294e9bfd3]::result::Result<(), alloc[2182bb758b4b3781]::string::String>, fn() -> core[df12db4294e9bfd3]::result::Result<(), alloc[2182bb758b4b3781]::string::String>>
[INFO] [stdout]   21:     0x6148b210eda5 - test[9d35eded1c95d3be]::run_test::{closure#0}
[INFO] [stdout]   22:     0x6148b2108664 - std[70759c8f55707aa4]::sys::backtrace::__rust_begin_short_backtrace::<test[9d35eded1c95d3be]::run_test::{closure#1}, ()>
[INFO] [stdout]   23:     0x6148b2111f02 - <std[70759c8f55707aa4]::thread::lifecycle::spawn_unchecked<test[9d35eded1c95d3be]::run_test::{closure#1}, ()>::{closure#1} as core[df12db4294e9bfd3]::ops::function::FnOnce<()>>::call_once::{shim:vtable#0}
[INFO] [stdout]   24:     0x6148b22e87b9 - <std[70759c8f55707aa4]::sys::thread::unix::Thread>::new::thread_start
[INFO] [stdout]   25:     0x751aee559dfa - <unknown>
[INFO] [stdout]   26:     0x751aee5ed3d4 - clone
[INFO] [stdout]   27:                0x0 - <unknown>
[INFO] [stdout] 
[INFO] [stdout] ---- lookup::getjsonip::tests::test_request stdout ----
[INFO] [stdout] 
[INFO] [stdout] thread 'lookup::getjsonip::tests::test_request' (2810) panicked at src/lookup/getjsonip.rs:59:66:
[INFO] [stdout] called `Result::unwrap()` on an `Err` value: ReqwestError(reqwest::Error { kind: Request, url: "https://ipv4.jsonip.com/", source: hyper_util::client::legacy::Error(Connect, ConnectError("dns error", Custom { kind: Uncategorized, error: "failed to lookup address information: Temporary failure in name resolution" })) })
[INFO] [stdout] stack backtrace:
[INFO] [stdout]    0:     0x6148b22e94e1 - <<std[70759c8f55707aa4]::sys::backtrace::BacktraceLock>::print::DisplayBacktrace as core[df12db4294e9bfd3]::fmt::Display>::fmt
[INFO] [stdout]    1:     0x6148b2301c4a - core[df12db4294e9bfd3]::fmt::write
[INFO] [stdout]    2:     0x6148b22ee53c - <alloc[2182bb758b4b3781]::vec::Vec<u8> as core[df12db4294e9bfd3]::io::write::Write>::write_fmt
[INFO] [stdout]    3:     0x6148b22c31d6 - std[70759c8f55707aa4]::panicking::default_hook::{closure#0}
[INFO] [stdout]    4:     0x6148b22e1009 - std[70759c8f55707aa4]::panicking::default_hook
[INFO] [stdout]    5:     0x6148b210e450 - test[9d35eded1c95d3be]::test_main_inner::<test[9d35eded1c95d3be]::test_main_static::{closure#0}>::{closure#0}
[INFO] [stdout]    6:     0x6148b22e1332 - std[70759c8f55707aa4]::panicking::panic_with_hook
[INFO] [stdout]    7:     0x6148b22c3282 - std[70759c8f55707aa4]::panicking::panic_handler::{closure#0}
[INFO] [stdout]    8:     0x6148b22bbe09 - std[70759c8f55707aa4]::sys::backtrace::__rust_end_short_backtrace::<std[70759c8f55707aa4]::panicking::panic_handler::{closure#0}, !>
[INFO] [stdout]    9:     0x6148b22c406d - __rustc[8fa7c3cbc660c2b3]::rust_begin_unwind
[INFO] [stdout]   10:     0x6148b23023ac - core[df12db4294e9bfd3]::panicking::panic_fmt
[INFO] [stdout]   11:     0x6148b2302182 - core[df12db4294e9bfd3]::result::unwrap_failed
[INFO] [stdout]   12:     0x6148b20c5710 - public_ip_address[af77a1d24e17facf]::lookup::getjsonip::tests::test_request::{closure#0}
[INFO] [stdout]   13:     0x6148b20b5a13 - <tokio[c98a5bcfa8df1698]::runtime::scheduler::current_thread::Context>::enter::<core[df12db4294e9bfd3]::task::poll::Poll<()>, <tokio[c98a5bcfa8df1698]::runtime::scheduler::current_thread::CoreGuard>::block_on<core[df12db4294e9bfd3]::pin::Pin<&mut core[df12db4294e9bfd3]::pin::Pin<&mut dyn core[df12db4294e9bfd3]::future::future::Future<Output = ()>>>>::{closure#0}::{closure#0}>
[INFO] [stdout]   14:     0x6148b20a8dcc - <tokio[c98a5bcfa8df1698]::runtime::context::scoped::Scoped<tokio[c98a5bcfa8df1698]::runtime::scheduler::Context>>::set::<<tokio[c98a5bcfa8df1698]::runtime::scheduler::current_thread::CoreGuard>::enter<<tokio[c98a5bcfa8df1698]::runtime::scheduler::current_thread::CoreGuard>::block_on<core[df12db4294e9bfd3]::pin::Pin<&mut core[df12db4294e9bfd3]::pin::Pin<&mut dyn core[df12db4294e9bfd3]::future::future::Future<Output = ()>>>>::{closure#0}, core[df12db4294e9bfd3]::option::Option<()>>::{closure#0}, (alloc[2182bb758b4b3781]::boxed::Box<tokio[c98a5bcfa8df1698]::runtime::scheduler::current_thread::Core>, core[df12db4294e9bfd3]::option::Option<()>)>
[INFO] [stdout]   15:     0x6148b20b60f7 - <tokio[c98a5bcfa8df1698]::runtime::scheduler::current_thread::CoreGuard>::block_on::<core[df12db4294e9bfd3]::pin::Pin<&mut core[df12db4294e9bfd3]::pin::Pin<&mut dyn core[df12db4294e9bfd3]::future::future::Future<Output = ()>>>>
[INFO] [stdout]   16:     0x6148b205da47 - tokio[c98a5bcfa8df1698]::runtime::context::runtime::enter_runtime::<<tokio[c98a5bcfa8df1698]::runtime::scheduler::current_thread::CurrentThread>::block_on<core[df12db4294e9bfd3]::pin::Pin<&mut dyn core[df12db4294e9bfd3]::future::future::Future<Output = ()>>>::{closure#0}, ()>
[INFO] [stdout]   17:     0x6148b20599fa - <tokio[c98a5bcfa8df1698]::runtime::runtime::Runtime>::block_on::<core[df12db4294e9bfd3]::pin::Pin<&mut dyn core[df12db4294e9bfd3]::future::future::Future<Output = ()>>>
[INFO] [stdout]   18:     0x6148b20ca2de - <public_ip_address[af77a1d24e17facf]::lookup::getjsonip::tests::test_request::{closure#0} as core[df12db4294e9bfd3]::ops::function::FnOnce<()>>::call_once
[INFO] [stdout]   19:     0x6148b210173b - test[9d35eded1c95d3be]::__rust_begin_short_backtrace::<core[df12db4294e9bfd3]::result::Result<(), alloc[2182bb758b4b3781]::string::String>, fn() -> core[df12db4294e9bfd3]::result::Result<(), alloc[2182bb758b4b3781]::string::String>>
[INFO] [stdout]   20:     0x6148b210eda5 - test[9d35eded1c95d3be]::run_test::{closure#0}
[INFO] [stdout]   21:     0x6148b2108664 - std[70759c8f55707aa4]::sys::backtrace::__rust_begin_short_backtrace::<test[9d35eded1c95d3be]::run_test::{closure#1}, ()>
[INFO] [stdout]   22:     0x6148b2111f02 - <std[70759c8f55707aa4]::thread::lifecycle::spawn_unchecked<test[9d35eded1c95d3be]::run_test::{closure#1}, ()>::{closure#1} as core[df12db4294e9bfd3]::ops::function::FnOnce<()>>::call_once::{shim:vtable#0}
[INFO] [stdout]   23:     0x6148b22e87b9 - <std[70759c8f55707aa4]::sys::thread::unix::Thread>::new::thread_start
[INFO] [stdout]   24:     0x751aee559dfa - <unknown>
[INFO] [stdout]   25:     0x751aee5ed3d4 - clone
[INFO] [stdout]   26:                0x0 - <unknown>
[INFO] [stdout] 
[INFO] [stdout] ---- lookup::myipcom::tests::test_request stdout ----
[INFO] [stdout] 
[INFO] [stdout] thread 'lookup::myipcom::tests::test_request' (2829) panicked at src/lookup/myipcom.rs:67:66:
[INFO] [stdout] called `Result::unwrap()` on an `Err` value: ReqwestError(reqwest::Error { kind: Request, url: "https://api.myip.com/", source: hyper_util::client::legacy::Error(Connect, ConnectError("dns error", Custom { kind: Uncategorized, error: "failed to lookup address information: Temporary failure in name resolution" })) })
[INFO] [stdout] stack backtrace:
[INFO] [stdout]    0:     0x6148b22e94e1 - <<std[70759c8f55707aa4]::sys::backtrace::BacktraceLock>::print::DisplayBacktrace as core[df12db4294e9bfd3]::fmt::Display>::fmt
[INFO] [stdout]    1:     0x6148b2301c4a - core[df12db4294e9bfd3]::fmt::write
[INFO] [stdout]    2:     0x6148b22ee53c - <alloc[2182bb758b4b3781]::vec::Vec<u8> as core[df12db4294e9bfd3]::io::write::Write>::write_fmt
[INFO] [stdout]    3:     0x6148b22c31d6 - std[70759c8f55707aa4]::panicking::default_hook::{closure#0}
[INFO] [stdout]    4:     0x6148b22e1009 - std[70759c8f55707aa4]::panicking::default_hook
[INFO] [stdout]    5:     0x6148b210e450 - test[9d35eded1c95d3be]::test_main_inner::<test[9d35eded1c95d3be]::test_main_static::{closure#0}>::{closure#0}
[INFO] [stdout]    6:     0x6148b22e1332 - std[70759c8f55707aa4]::panicking::panic_with_hook
[INFO] [stdout]    7:     0x6148b22c3282 - std[70759c8f55707aa4]::panicking::panic_handler::{closure#0}
[INFO] [stdout]    8:     0x6148b22bbe09 - std[70759c8f55707aa4]::sys::backtrace::__rust_end_short_backtrace::<std[70759c8f55707aa4]::panicking::panic_handler::{closure#0}, !>
[INFO] [stdout]    9:     0x6148b22c406d - __rustc[8fa7c3cbc660c2b3]::rust_begin_unwind
[INFO] [stdout]   10:     0x6148b23023ac - core[df12db4294e9bfd3]::panicking::panic_fmt
[INFO] [stdout]   11:     0x6148b2302182 - core[df12db4294e9bfd3]::result::unwrap_failed
[INFO] [stdout]   12:     0x6148b20d1076 - public_ip_address[af77a1d24e17facf]::lookup::myipcom::tests::test_request::{closure#0}
[INFO] [stdout]   13:     0x6148b20b5a13 - <tokio[c98a5bcfa8df1698]::runtime::scheduler::current_thread::Context>::enter::<core[df12db4294e9bfd3]::task::poll::Poll<()>, <tokio[c98a5bcfa8df1698]::runtime::scheduler::current_thread::CoreGuard>::block_on<core[df12db4294e9bfd3]::pin::Pin<&mut core[df12db4294e9bfd3]::pin::Pin<&mut dyn core[df12db4294e9bfd3]::future::future::Future<Output = ()>>>>::{closure#0}::{closure#0}>
[INFO] [stdout]   14:     0x6148b20a8dcc - <tokio[c98a5bcfa8df1698]::runtime::context::scoped::Scoped<tokio[c98a5bcfa8df1698]::runtime::scheduler::Context>>::set::<<tokio[c98a5bcfa8df1698]::runtime::scheduler::current_thread::CoreGuard>::enter<<tokio[c98a5bcfa8df1698]::runtime::scheduler::current_thread::CoreGuard>::block_on<core[df12db4294e9bfd3]::pin::Pin<&mut core[df12db4294e9bfd3]::pin::Pin<&mut dyn core[df12db4294e9bfd3]::future::future::Future<Output = ()>>>>::{closure#0}, core[df12db4294e9bfd3]::option::Option<()>>::{closure#0}, (alloc[2182bb758b4b3781]::boxed::Box<tokio[c98a5bcfa8df1698]::runtime::scheduler::current_thread::Core>, core[df12db4294e9bfd3]::option::Option<()>)>
[INFO] [stdout]   15:     0x6148b20b60f7 - <tokio[c98a5bcfa8df1698]::runtime::scheduler::current_thread::CoreGuard>::block_on::<core[df12db4294e9bfd3]::pin::Pin<&mut core[df12db4294e9bfd3]::pin::Pin<&mut dyn core[df12db4294e9bfd3]::future::future::Future<Output = ()>>>>
[INFO] [stdout]   16:     0x6148b205da47 - tokio[c98a5bcfa8df1698]::runtime::context::runtime::enter_runtime::<<tokio[c98a5bcfa8df1698]::runtime::scheduler::current_thread::CurrentThread>::block_on<core[df12db4294e9bfd3]::pin::Pin<&mut dyn core[df12db4294e9bfd3]::future::future::Future<Output = ()>>>::{closure#0}, ()>
[INFO] [stdout]   17:     0x6148b20599fa - <tokio[c98a5bcfa8df1698]::runtime::runtime::Runtime>::block_on::<core[df12db4294e9bfd3]::pin::Pin<&mut dyn core[df12db4294e9bfd3]::future::future::Future<Output = ()>>>
[INFO] [stdout]   18:     0x6148b20d25bb - public_ip_address[af77a1d24e17facf]::lookup::myipcom::tests::test_request
[INFO] [stdout]   19:     0x6148b20c9d49 - <public_ip_address[af77a1d24e17facf]::lookup::myipcom::tests::test_request::{closure#0} as core[df12db4294e9bfd3]::ops::function::FnOnce<()>>::call_once
[INFO] [stdout]   20:     0x6148b210173b - test[9d35eded1c95d3be]::__rust_begin_short_backtrace::<core[df12db4294e9bfd3]::result::Result<(), alloc[2182bb758b4b3781]::string::String>, fn() -> core[df12db4294e9bfd3]::result::Result<(), alloc[2182bb758b4b3781]::string::String>>
[INFO] [stdout]   21:     0x6148b210eda5 - test[9d35eded1c95d3be]::run_test::{closure#0}
[INFO] [stdout]   22:     0x6148b2108664 - std[70759c8f55707aa4]::sys::backtrace::__rust_begin_short_backtrace::<test[9d35eded1c95d3be]::run_test::{closure#1}, ()>
[INFO] [stdout]   23:     0x6148b2111f02 - <std[70759c8f55707aa4]::thread::lifecycle::spawn_unchecked<test[9d35eded1c95d3be]::run_test::{closure#1}, ()>::{closure#1} as core[df12db4294e9bfd3]::ops::function::FnOnce<()>>::call_once::{shim:vtable#0}
[INFO] [stdout]   24:     0x6148b22e87b9 - <std[70759c8f55707aa4]::sys::thread::unix::Thread>::new::thread_start
[INFO] [stdout]   25:     0x751aee559dfa - <unknown>
[INFO] [stdout]   26:     0x751aee5ed3d4 - clone
[INFO] [stdout]   27:                0x0 - <unknown>
[INFO] [stdout] 
[INFO] [stdout] 
[INFO] [stdout] failures:
[INFO] [stdout]     lookup::getjsonip::tests::test_request
[INFO] [stdout]     lookup::ipify::tests::test_request
[INFO] [stdout]     lookup::myipcom::tests::test_request
[INFO] [stdout] 
[INFO] [stdout] test result: FAILED. 32 passed; 3 failed; 32 ignored; 0 measured; 0 filtered out; finished in 1.24s
[INFO] [stdout] 
[INFO] running `Command { std: "docker" "inspect" "7fd3ee941b3d9ae4db343116ad144e3ef08a0133b754fde8b966b46e68a153ee", kill_on_drop: false }`
[INFO] running `Command { std: "docker" "rm" "-f" "7fd3ee941b3d9ae4db343116ad144e3ef08a0133b754fde8b966b46e68a153ee", kill_on_drop: false }`
[INFO] [stdout] 7fd3ee941b3d9ae4db343116ad144e3ef08a0133b754fde8b966b46e68a153ee
