[INFO] fetching crate ptb-reader 0.9.1...
[INFO] testing ptb-reader-0.9.1 against 1.99.0-beta.8+cargoflags=--release for beta-release-1.100-2
[INFO] extracting crate ptb-reader 0.9.1 into /workspace/builds/worker-0-tc1/source
[INFO] started tweaking crates.io crate ptb-reader 0.9.1
[INFO] finished tweaking crates.io crate ptb-reader 0.9.1
[INFO] tweaked toml for crates.io crate ptb-reader 0.9.1 written to /workspace/builds/worker-0-tc1/source/Cargo.toml
[INFO] validating manifest of crates.io crate ptb-reader 0.9.1 on toolchain 1.99.0-beta.8
[INFO] running `Command { std: CARGO_HOME="/workspace/cargo-home" RUSTUP_HOME="/workspace/rustup-home" "/workspace/cargo-home/bin/cargo" "+1.99.0-beta.8" "metadata" "--manifest-path" "Cargo.toml" "--no-deps", kill_on_drop: false }`
[INFO] running `Command { std: CARGO_HOME="/workspace/cargo-home" RUSTUP_HOME="/workspace/rustup-home" "/workspace/cargo-home/bin/cargo" "+1.99.0-beta.8" "generate-lockfile" "--manifest-path" "Cargo.toml", kill_on_drop: false }`
[INFO] [stderr]     Updating crates.io index
[INFO] [stderr]      Locking 3 packages to highest compatible versions
[INFO] [stderr]       Adding glob v0.2.11 (available: v0.3.4)
[INFO] [stderr]       Adding pest v0.4.1 (available: v2.9.4)
[INFO] [stderr]       Adding simple-error v0.1.12 (available: v0.3.3)
[INFO] running `Command { std: CARGO_HOME="/workspace/cargo-home" RUSTUP_HOME="/workspace/rustup-home" "/workspace/cargo-home/bin/cargo" "+1.99.0-beta.8" "fetch" "--manifest-path" "Cargo.toml", kill_on_drop: false }`
[INFO] [stderr] warning: Cargo.toml: `package.edition` is unspecified, defaulting to `2015` while the latest is `2024`
[INFO] [stderr] warning: `ptb-reader` (manifest) generated 1 warning
[INFO] [stderr]  Downloading crates ...
[INFO] [stderr]   Downloaded simple-error v0.1.12
[INFO] [stderr]   Downloaded pest v0.4.1
[INFO] running `Command { std: "docker" "create" "-v" "/var/lib/crater-agent-workspace/builds/worker-0-tc1/source:/opt/rustwide/workdir:ro,Z" "-v" "/var/lib/crater-agent-workspace/builds/worker-0-tc1/target:/opt/rustwide/target:rw,Z" "-v" "/var/lib/crater-agent-workspace/cargo-home:/opt/rustwide/cargo-home:ro,Z" "-v" "/var/lib/crater-agent-workspace/rustup-home:/opt/rustwide/rustup-home:ro,Z" "-m" "1610612736" "--network" "none" "ghcr.io/rust-lang/crates-build-env/linux@sha256:77db811e55d90add9212f6832c23229e3de5f1c1f9905e8cb07319ea15df73ac" "sleep" "infinity", kill_on_drop: false }`
[INFO] [stdout] a4e55d2d38b1965d5b82c607948aeaca8ff96cb0cbb54c5e07391fa696bcf1b5
[INFO] running `Command { std: "docker" "start" "a4e55d2d38b1965d5b82c607948aeaca8ff96cb0cbb54c5e07391fa696bcf1b5", kill_on_drop: false }`
[INFO] running `Command { std: "docker" "inspect" "a4e55d2d38b1965d5b82c607948aeaca8ff96cb0cbb54c5e07391fa696bcf1b5", kill_on_drop: false }`
[INFO] running `Command { std: "docker" "exec" "-e" "SOURCE_DIR=/opt/rustwide/workdir" "-e" "CARGO_HOME=/opt/rustwide/cargo-home" "-e" "RUSTUP_HOME=/opt/rustwide/rustup-home" "-e" "CARGO_TARGET_DIR=/opt/rustwide/target" "-w" "/opt/rustwide/workdir" "--user" "0:0" "a4e55d2d38b1965d5b82c607948aeaca8ff96cb0cbb54c5e07391fa696bcf1b5" "/opt/rustwide/cargo-home/bin/cargo" "+1.99.0-beta.8" "metadata" "--no-deps" "--format-version=1", kill_on_drop: false }`
[INFO] running `Command { std: "docker" "inspect" "a4e55d2d38b1965d5b82c607948aeaca8ff96cb0cbb54c5e07391fa696bcf1b5", kill_on_drop: false }`
[INFO] running `Command { std: "docker" "exec" "-e" "SOURCE_DIR=/opt/rustwide/workdir" "-e" "CARGO_HOME=/opt/rustwide/cargo-home" "-e" "RUSTUP_HOME=/opt/rustwide/rustup-home" "-e" "CARGO_TARGET_DIR=/opt/rustwide/target" "-e" "CARGO_INCREMENTAL=0" "-e" "RUST_BACKTRACE=full" "-e" "RUSTFLAGS=--cap-lints=warn" "-e" "RUSTDOCFLAGS=--cap-lints=warn" "-w" "/opt/rustwide/workdir" "--user" "0:0" "a4e55d2d38b1965d5b82c607948aeaca8ff96cb0cbb54c5e07391fa696bcf1b5" "/opt/rustwide/cargo-home/bin/cargo" "+1.99.0-beta.8" "build" "--frozen" "--message-format=json" "--release", kill_on_drop: false }`
[INFO] [stderr] warning: Cargo.toml: `package.edition` is unspecified, defaulting to `2015` while the latest is `2024`
[INFO] [stderr] warning: `ptb-reader` (manifest) generated 1 warning
[INFO] [stderr]    Compiling pest v0.4.1
[INFO] [stderr]    Compiling glob v0.2.11
[INFO] [stderr]    Compiling simple-error v0.1.12
[INFO] [stderr]    Compiling ptb-reader v0.9.1 (/opt/rustwide/workdir)
[INFO] [stdout] warning: trait objects without an explicit `dyn` are deprecated
[INFO] [stdout]    --> src/lib.rs:314:114
[INFO] [stdout]     |
[INFO] [stdout] 314 | pub fn parse_spmrl_ptb_file(f: &str, singlebracketed: bool, remove_after_dash: bool) -> Result<Vec<PTBTree>, Box<std::error::Error>> {
[INFO] [stdout]     |                                                                                                                  ^^^^^^^^^^^^^^^^^
[INFO] [stdout]     |
[INFO] [stdout]     = warning: this is accepted in the current edition (Rust 2015) but is a hard error in Rust 2021!
[INFO] [stdout]     = note: for more information, see <https://doc.rust-lang.org/edition-guide/rust-2021/warnings-promoted-to-error.html>
[INFO] [stdout]     = note: `#[warn(bare_trait_objects)]` (part of `#[warn(rust_2021_compatibility)]`) on by default
[INFO] [stdout] help: if this is a dyn-compatible trait, use `dyn`
[INFO] [stdout]     |
[INFO] [stdout] 314 | pub fn parse_spmrl_ptb_file(f: &str, singlebracketed: bool, remove_after_dash: bool) -> Result<Vec<PTBTree>, Box<dyn std::error::Error>> {
[INFO] [stdout]     |                                                                                                                  +++
[INFO] [stdout] 
[INFO] [stdout] 
[INFO] [stdout] warning: this method call resolves to `<&[T; N] as IntoIterator>::into_iter` (due to backwards compatibility), but will resolve to `<[T; N] as IntoIterator>::into_iter` in Rust 2021
[INFO] [stdout]    --> src/lib.rs:172:84
[INFO] [stdout]     |
[INFO] [stdout] 172 |                 for pref in ["*-", "*T*-", "*ICH*-", "*PPA*-", "*RNR*-", "*EXP*-"].into_iter() {
[INFO] [stdout]     |                                                                                    ^^^^^^^^^
[INFO] [stdout]     |
[INFO] [stdout]     = warning: this changes meaning in Rust 2021
[INFO] [stdout]     = note: for more information, see <https://doc.rust-lang.org/edition-guide/rust-2021/IntoIterator-for-arrays.html>
[INFO] [stdout]     = note: `#[warn(array_into_iter)]` (part of `#[warn(rust_2021_compatibility)]`) on by default
[INFO] [stdout] help: use `.iter()` instead of `.into_iter()` to avoid ambiguity
[INFO] [stdout]     |
[INFO] [stdout] 172 -                 for pref in ["*-", "*T*-", "*ICH*-", "*PPA*-", "*RNR*-", "*EXP*-"].into_iter() {
[INFO] [stdout] 172 +                 for pref in ["*-", "*T*-", "*ICH*-", "*PPA*-", "*RNR*-", "*EXP*-"].iter() {
[INFO] [stdout]     |
[INFO] [stdout] help: or remove `.into_iter()` to iterate by value
[INFO] [stdout]     |
[INFO] [stdout] 172 -                 for pref in ["*-", "*T*-", "*ICH*-", "*PPA*-", "*RNR*-", "*EXP*-"].into_iter() {
[INFO] [stdout] 172 +                 for pref in ["*-", "*T*-", "*ICH*-", "*PPA*-", "*RNR*-", "*EXP*-"] {
[INFO] [stdout]     |
[INFO] [stdout] 
[INFO] [stdout] 
[INFO] [stderr]     Finished `release` profile [optimized] target(s) in 2.07s
[INFO] running `Command { std: "docker" "inspect" "a4e55d2d38b1965d5b82c607948aeaca8ff96cb0cbb54c5e07391fa696bcf1b5", kill_on_drop: false }`
[INFO] running `Command { std: "docker" "exec" "-e" "SOURCE_DIR=/opt/rustwide/workdir" "-e" "CARGO_HOME=/opt/rustwide/cargo-home" "-e" "RUSTUP_HOME=/opt/rustwide/rustup-home" "-e" "CARGO_TARGET_DIR=/opt/rustwide/target" "-e" "CARGO_INCREMENTAL=0" "-e" "RUST_BACKTRACE=full" "-e" "RUSTFLAGS=--cap-lints=warn" "-e" "RUSTDOCFLAGS=--cap-lints=warn" "-w" "/opt/rustwide/workdir" "--user" "0:0" "a4e55d2d38b1965d5b82c607948aeaca8ff96cb0cbb54c5e07391fa696bcf1b5" "/opt/rustwide/cargo-home/bin/cargo" "+1.99.0-beta.8" "test" "--frozen" "--no-run" "--message-format=json" "--release", kill_on_drop: false }`
[INFO] [stderr] warning: Cargo.toml: `package.edition` is unspecified, defaulting to `2015` while the latest is `2024`
[INFO] [stderr] warning: `ptb-reader` (manifest) generated 1 warning
[INFO] [stderr]    Compiling ptb-reader v0.9.1 (/opt/rustwide/workdir)
[INFO] [stdout] warning: trait objects without an explicit `dyn` are deprecated
[INFO] [stdout]    --> src/lib.rs:314:114
[INFO] [stdout]     |
[INFO] [stdout] 314 | pub fn parse_spmrl_ptb_file(f: &str, singlebracketed: bool, remove_after_dash: bool) -> Result<Vec<PTBTree>, Box<std::error::Error>> {
[INFO] [stdout]     |                                                                                                                  ^^^^^^^^^^^^^^^^^
[INFO] [stdout]     |
[INFO] [stdout]     = warning: this is accepted in the current edition (Rust 2015) but is a hard error in Rust 2021!
[INFO] [stdout]     = note: for more information, see <https://doc.rust-lang.org/edition-guide/rust-2021/warnings-promoted-to-error.html>
[INFO] [stdout]     = note: `#[warn(bare_trait_objects)]` (part of `#[warn(rust_2021_compatibility)]`) on by default
[INFO] [stdout] help: if this is a dyn-compatible trait, use `dyn`
[INFO] [stdout]     |
[INFO] [stdout] 314 | pub fn parse_spmrl_ptb_file(f: &str, singlebracketed: bool, remove_after_dash: bool) -> Result<Vec<PTBTree>, Box<dyn std::error::Error>> {
[INFO] [stdout]     |                                                                                                                  +++
[INFO] [stdout] 
[INFO] [stdout] 
[INFO] [stdout] warning: this method call resolves to `<&[T; N] as IntoIterator>::into_iter` (due to backwards compatibility), but will resolve to `<[T; N] as IntoIterator>::into_iter` in Rust 2021
[INFO] [stdout]    --> src/lib.rs:172:84
[INFO] [stdout]     |
[INFO] [stdout] 172 |                 for pref in ["*-", "*T*-", "*ICH*-", "*PPA*-", "*RNR*-", "*EXP*-"].into_iter() {
[INFO] [stdout]     |                                                                                    ^^^^^^^^^
[INFO] [stdout]     |
[INFO] [stdout]     = warning: this changes meaning in Rust 2021
[INFO] [stdout]     = note: for more information, see <https://doc.rust-lang.org/edition-guide/rust-2021/IntoIterator-for-arrays.html>
[INFO] [stdout]     = note: `#[warn(array_into_iter)]` (part of `#[warn(rust_2021_compatibility)]`) on by default
[INFO] [stdout] help: use `.iter()` instead of `.into_iter()` to avoid ambiguity
[INFO] [stdout]     |
[INFO] [stdout] 172 -                 for pref in ["*-", "*T*-", "*ICH*-", "*PPA*-", "*RNR*-", "*EXP*-"].into_iter() {
[INFO] [stdout] 172 +                 for pref in ["*-", "*T*-", "*ICH*-", "*PPA*-", "*RNR*-", "*EXP*-"].iter() {
[INFO] [stdout]     |
[INFO] [stdout] help: or remove `.into_iter()` to iterate by value
[INFO] [stdout]     |
[INFO] [stdout] 172 -                 for pref in ["*-", "*T*-", "*ICH*-", "*PPA*-", "*RNR*-", "*EXP*-"].into_iter() {
[INFO] [stdout] 172 +                 for pref in ["*-", "*T*-", "*ICH*-", "*PPA*-", "*RNR*-", "*EXP*-"] {
[INFO] [stdout]     |
[INFO] [stdout] 
[INFO] [stdout] 
[INFO] [stdout] warning: trait objects without an explicit `dyn` are deprecated
[INFO] [stdout]    --> src/lib.rs:314:114
[INFO] [stdout]     |
[INFO] [stdout] 314 | pub fn parse_spmrl_ptb_file(f: &str, singlebracketed: bool, remove_after_dash: bool) -> Result<Vec<PTBTree>, Box<std::error::Error>> {
[INFO] [stdout]     |                                                                                                                  ^^^^^^^^^^^^^^^^^
[INFO] [stdout]     |
[INFO] [stdout]     = warning: this is accepted in the current edition (Rust 2015) but is a hard error in Rust 2021!
[INFO] [stdout]     = note: for more information, see <https://doc.rust-lang.org/edition-guide/rust-2021/warnings-promoted-to-error.html>
[INFO] [stdout]     = note: `#[warn(bare_trait_objects)]` (part of `#[warn(rust_2021_compatibility)]`) on by default
[INFO] [stdout] help: if this is a dyn-compatible trait, use `dyn`
[INFO] [stdout]     |
[INFO] [stdout] 314 | pub fn parse_spmrl_ptb_file(f: &str, singlebracketed: bool, remove_after_dash: bool) -> Result<Vec<PTBTree>, Box<dyn std::error::Error>> {
[INFO] [stdout]     |                                                                                                                  +++
[INFO] [stdout] 
[INFO] [stdout] 
[INFO] [stdout] warning: this method call resolves to `<&[T; N] as IntoIterator>::into_iter` (due to backwards compatibility), but will resolve to `<[T; N] as IntoIterator>::into_iter` in Rust 2021
[INFO] [stdout]    --> src/lib.rs:172:84
[INFO] [stdout]     |
[INFO] [stdout] 172 |                 for pref in ["*-", "*T*-", "*ICH*-", "*PPA*-", "*RNR*-", "*EXP*-"].into_iter() {
[INFO] [stdout]     |                                                                                    ^^^^^^^^^
[INFO] [stdout]     |
[INFO] [stdout]     = warning: this changes meaning in Rust 2021
[INFO] [stdout]     = note: for more information, see <https://doc.rust-lang.org/edition-guide/rust-2021/IntoIterator-for-arrays.html>
[INFO] [stdout]     = note: `#[warn(array_into_iter)]` (part of `#[warn(rust_2021_compatibility)]`) on by default
[INFO] [stdout] help: use `.iter()` instead of `.into_iter()` to avoid ambiguity
[INFO] [stdout]     |
[INFO] [stdout] 172 -                 for pref in ["*-", "*T*-", "*ICH*-", "*PPA*-", "*RNR*-", "*EXP*-"].into_iter() {
[INFO] [stdout] 172 +                 for pref in ["*-", "*T*-", "*ICH*-", "*PPA*-", "*RNR*-", "*EXP*-"].iter() {
[INFO] [stdout]     |
[INFO] [stdout] help: or remove `.into_iter()` to iterate by value
[INFO] [stdout]     |
[INFO] [stdout] 172 -                 for pref in ["*-", "*T*-", "*ICH*-", "*PPA*-", "*RNR*-", "*EXP*-"].into_iter() {
[INFO] [stdout] 172 +                 for pref in ["*-", "*T*-", "*ICH*-", "*PPA*-", "*RNR*-", "*EXP*-"] {
[INFO] [stdout]     |
[INFO] [stdout] 
[INFO] [stdout] 
[INFO] [stderr]     Finished `release` profile [optimized] target(s) in 2.41s
[INFO] running `Command { std: "docker" "inspect" "a4e55d2d38b1965d5b82c607948aeaca8ff96cb0cbb54c5e07391fa696bcf1b5", kill_on_drop: false }`
[INFO] running `Command { std: "docker" "exec" "-e" "SOURCE_DIR=/opt/rustwide/workdir" "-e" "CARGO_HOME=/opt/rustwide/cargo-home" "-e" "RUSTUP_HOME=/opt/rustwide/rustup-home" "-e" "CARGO_TARGET_DIR=/opt/rustwide/target" "-e" "CARGO_INCREMENTAL=0" "-e" "RUST_BACKTRACE=full" "-e" "RUSTFLAGS=--cap-lints=warn" "-e" "RUSTDOCFLAGS=--cap-lints=warn" "-w" "/opt/rustwide/workdir" "--user" "0:0" "a4e55d2d38b1965d5b82c607948aeaca8ff96cb0cbb54c5e07391fa696bcf1b5" "/opt/rustwide/cargo-home/bin/cargo" "+1.99.0-beta.8" "test" "--frozen" "--release", kill_on_drop: false }`
[INFO] [stderr] warning: Cargo.toml: `package.edition` is unspecified, defaulting to `2015` while the latest is `2024`
[INFO] [stderr] warning: `ptb-reader` (manifest) generated 1 warning
[INFO] [stderr] warning: trait objects without an explicit `dyn` are deprecated
[INFO] [stderr]    --> src/lib.rs:314:114
[INFO] [stderr]     |
[INFO] [stderr] 314 | pub fn parse_spmrl_ptb_file(f: &str, singlebracketed: bool, remove_after_dash: bool) -> Result<Vec<PTBTree>, Box<std::error::Error>> {
[INFO] [stderr]     |                                                                                                                  ^^^^^^^^^^^^^^^^^
[INFO] [stderr]     |
[INFO] [stderr]     = warning: this is accepted in the current edition (Rust 2015) but is a hard error in Rust 2021!
[INFO] [stderr]     = note: for more information, see <https://doc.rust-lang.org/edition-guide/rust-2021/warnings-promoted-to-error.html>
[INFO] [stderr]     = note: `#[warn(bare_trait_objects)]` (part of `#[warn(rust_2021_compatibility)]`) on by default
[INFO] [stderr] help: if this is a dyn-compatible trait, use `dyn`
[INFO] [stderr]     |
[INFO] [stderr] 314 | pub fn parse_spmrl_ptb_file(f: &str, singlebracketed: bool, remove_after_dash: bool) -> Result<Vec<PTBTree>, Box<dyn std::error::Error>> {
[INFO] [stderr]     |                                                                                                                  +++
[INFO] [stderr] 
[INFO] [stderr] warning: this method call resolves to `<&[T; N] as IntoIterator>::into_iter` (due to backwards compatibility), but will resolve to `<[T; N] as IntoIterator>::into_iter` in Rust 2021
[INFO] [stderr]    --> src/lib.rs:172:84
[INFO] [stderr]     |
[INFO] [stderr] 172 |                 for pref in ["*-", "*T*-", "*ICH*-", "*PPA*-", "*RNR*-", "*EXP*-"].into_iter() {
[INFO] [stderr]     |                                                                                    ^^^^^^^^^
[INFO] [stderr]     |
[INFO] [stderr]     = warning: this changes meaning in Rust 2021
[INFO] [stderr]     = note: for more information, see <https://doc.rust-lang.org/edition-guide/rust-2021/IntoIterator-for-arrays.html>
[INFO] [stderr]     = note: `#[warn(array_into_iter)]` (part of `#[warn(rust_2021_compatibility)]`) on by default
[INFO] [stderr] help: use `.iter()` instead of `.into_iter()` to avoid ambiguity
[INFO] [stderr]     |
[INFO] [stderr] 172 -                 for pref in ["*-", "*T*-", "*ICH*-", "*PPA*-", "*RNR*-", "*EXP*-"].into_iter() {
[INFO] [stderr] 172 +                 for pref in ["*-", "*T*-", "*ICH*-", "*PPA*-", "*RNR*-", "*EXP*-"].iter() {
[INFO] [stderr]     |
[INFO] [stderr] help: or remove `.into_iter()` to iterate by value
[INFO] [stderr]     |
[INFO] [stderr] 172 -                 for pref in ["*-", "*T*-", "*ICH*-", "*PPA*-", "*RNR*-", "*EXP*-"].into_iter() {
[INFO] [stderr] 172 +                 for pref in ["*-", "*T*-", "*ICH*-", "*PPA*-", "*RNR*-", "*EXP*-"] {
[INFO] [stderr]     |
[INFO] [stderr] 
[INFO] [stderr] warning: `ptb-reader` (lib) generated 2 warnings (run `cargo fix --lib -p ptb-reader` to apply 2 suggestions)
[INFO] [stderr] warning: `ptb-reader` (lib test) generated 2 warnings (2 duplicates)
[INFO] [stderr]     Finished `release` profile [optimized] target(s) in 0.03s
[INFO] [stderr]      Running unittests src/lib.rs (/opt/rustwide/target/release/deps/ptb_reader-a368db2d070ad652)
[INFO] [stdout] 
[INFO] [stdout] running 10 tests
[INFO] [stdout] test tests::extract_trainset_yield ... ignored
[INFO] [stdout] test tests::test_ptbtree_display ... ok
[INFO] [stdout] test tests::front_of_ptb_tree ... ok
[INFO] [stdout] test tests::test_parser ... ok
[INFO] [stdout] test tests::words_in_testset ... ignored
[INFO] [stdout] test tests::pos_front_of_ptb_tree ... ok
[INFO] [stdout] test tests::test_predicate_annotations_removal ... ok
[INFO] [stdout] test tests::parse_spmrl_ptb ... ok
[INFO] [stdout] test tests::readme_example ... ok
[INFO] [stdout] test tests::parse_actual_ptb_sample ... FAILED
[INFO] [stdout] 
[INFO] [stdout] failures:
[INFO] [stdout] 
[INFO] [stdout] ---- tests::parse_actual_ptb_sample stdout ----
[INFO] [stdout] 
[INFO] [stdout] thread 'tests::parse_actual_ptb_sample' (182) panicked at src/lib.rs:362:49:
[INFO] [stdout] called `Option::unwrap()` on a `None` value
[INFO] [stdout] stack backtrace:
[INFO] [stdout]    0:     0x636d68ee0fd1 - <<std[70759c8f55707aa4]::sys::backtrace::BacktraceLock>::print::DisplayBacktrace as core[df12db4294e9bfd3]::fmt::Display>::fmt
[INFO] [stdout]    1:     0x636d68ef567a - core[df12db4294e9bfd3]::fmt::write
[INFO] [stdout]    2:     0x636d68ee580c - <alloc[2182bb758b4b3781]::vec::Vec<u8> as core[df12db4294e9bfd3]::io::write::Write>::write_fmt
[INFO] [stdout]    3:     0x636d68ebd036 - std[70759c8f55707aa4]::panicking::default_hook::{closure#0}
[INFO] [stdout]    4:     0x636d68ed9529 - std[70759c8f55707aa4]::panicking::default_hook
[INFO] [stdout]    5:     0x636d68e6f0a0 - test[9d35eded1c95d3be]::test_main_inner::<test[9d35eded1c95d3be]::test_main_static::{closure#0}>::{closure#0}
[INFO] [stdout]    6:     0x636d68ed96e2 - std[70759c8f55707aa4]::panicking::panic_with_hook
[INFO] [stdout]    7:     0x636d68ebd114 - std[70759c8f55707aa4]::panicking::panic_handler::{closure#0}
[INFO] [stdout]    8:     0x636d68eb5d99 - std[70759c8f55707aa4]::sys::backtrace::__rust_end_short_backtrace::<std[70759c8f55707aa4]::panicking::panic_handler::{closure#0}, !>
[INFO] [stdout]    9:     0x636d68ebdcdd - __rustc[8fa7c3cbc660c2b3]::rust_begin_unwind
[INFO] [stdout]   10:     0x636d68ef5dac - core[df12db4294e9bfd3]::panicking::panic_fmt
[INFO] [stdout]   11:     0x636d68ef5d72 - core[df12db4294e9bfd3]::panicking::panic
[INFO] [stdout]   12:     0x636d68ef5b29 - core[df12db4294e9bfd3]::option::unwrap_failed
[INFO] [stdout]   13:     0x636d68e55ccb - ptb_reader[222a29417704c204]::parse_ptb_sample_dir
[INFO] [stdout]   14:     0x636d68e5f356 - ptb_reader[222a29417704c204]::tests::parse_actual_ptb_sample
[INFO] [stdout]   15:     0x636d68e59769 - <ptb_reader[222a29417704c204]::tests::parse_actual_ptb_sample::{closure#0} as core[df12db4294e9bfd3]::ops::function::FnOnce<()>>::call_once
[INFO] [stdout]   16:     0x636d68e6238b - test[9d35eded1c95d3be]::__rust_begin_short_backtrace::<core[df12db4294e9bfd3]::result::Result<(), alloc[2182bb758b4b3781]::string::String>, fn() -> core[df12db4294e9bfd3]::result::Result<(), alloc[2182bb758b4b3781]::string::String>>
[INFO] [stdout]   17:     0x636d68e6f9f5 - test[9d35eded1c95d3be]::run_test::{closure#0}
[INFO] [stdout]   18:     0x636d68e692b4 - std[70759c8f55707aa4]::sys::backtrace::__rust_begin_short_backtrace::<test[9d35eded1c95d3be]::run_test::{closure#1}, ()>
[INFO] [stdout]   19:     0x636d68e72b52 - <std[70759c8f55707aa4]::thread::lifecycle::spawn_unchecked<test[9d35eded1c95d3be]::run_test::{closure#1}, ()>::{closure#1} as core[df12db4294e9bfd3]::ops::function::FnOnce<()>>::call_once::{shim:vtable#0}
[INFO] [stdout]   20:     0x636d68ee08a9 - <std[70759c8f55707aa4]::sys::thread::unix::Thread>::new::thread_start
[INFO] [stdout]   21:     0x78bff1a5fdfa - <unknown>
[INFO] [stdout]   22:     0x78bff1af33d4 - clone
[INFO] [stdout]   23:                0x0 - <unknown>
[INFO] [stdout] 
[INFO] [stdout] 
[INFO] [stdout] failures:
[INFO] [stdout]     tests::parse_actual_ptb_sample
[INFO] [stdout] 
[INFO] [stdout] test result: FAILED. 7 passed; 1 failed; 2 ignored; 0 measured; 0 filtered out; finished in 0.04s
[INFO] [stdout] 
[INFO] [stderr] error: test failed, to rerun pass `--lib`
[INFO] running `Command { std: "docker" "inspect" "a4e55d2d38b1965d5b82c607948aeaca8ff96cb0cbb54c5e07391fa696bcf1b5", kill_on_drop: false }`
[INFO] running `Command { std: "docker" "rm" "-f" "a4e55d2d38b1965d5b82c607948aeaca8ff96cb0cbb54c5e07391fa696bcf1b5", kill_on_drop: false }`
[INFO] [stdout] a4e55d2d38b1965d5b82c607948aeaca8ff96cb0cbb54c5e07391fa696bcf1b5
