[INFO] fetching crate ptags 0.3.5...
[INFO] testing ptags-0.3.5 against 1.99.0-beta.8+cargoflags=--release for beta-release-1.100-2
[INFO] extracting crate ptags 0.3.5 into /workspace/builds/worker-6-tc1/source
[INFO] removed /workspace/builds/worker-6-tc1/source/.cargo/config
[INFO] started tweaking crates.io crate ptags 0.3.5
[INFO] finished tweaking crates.io crate ptags 0.3.5
[INFO] tweaked toml for crates.io crate ptags 0.3.5 written to /workspace/builds/worker-6-tc1/source/Cargo.toml
[INFO] validating manifest of crates.io crate ptags 0.3.5 on toolchain 1.99.0-beta.8
[INFO] running `Command { std: CARGO_HOME="/workspace/cargo-home" RUSTUP_HOME="/workspace/rustup-home" "/workspace/cargo-home/bin/cargo" "+1.99.0-beta.8" "metadata" "--manifest-path" "Cargo.toml" "--no-deps", kill_on_drop: false }`
[INFO] crate crates.io crate ptags 0.3.5 already has a lockfile, it will not be regenerated
[INFO] running `Command { std: CARGO_HOME="/workspace/cargo-home" RUSTUP_HOME="/workspace/rustup-home" "/workspace/cargo-home/bin/cargo" "+1.99.0-beta.8" "fetch" "--manifest-path" "Cargo.toml", kill_on_drop: false }`
[INFO] [stderr]     Updating crates.io index
[INFO] [stderr]  Downloading crates ...
[INFO] [stderr]   Downloaded winnow v0.5.17
[INFO] [stderr]   Downloaded toml_datetime v0.6.5
[INFO] [stderr]   Downloaded itoa v1.0.9
[INFO] [stderr]   Downloaded fastrand v2.0.1
[INFO] [stderr]   Downloaded skeptic v0.13.7
[INFO] [stderr]   Downloaded toml v0.8.4
[INFO] [stderr]   Downloaded thiserror-impl v1.0.50
[INFO] [stderr]   Downloaded serde_spanned v0.6.4
[INFO] [stderr]   Downloaded errno v0.3.5
[INFO] [stderr]   Downloaded structopt-toml v0.5.1
[INFO] [stderr]   Downloaded winapi-util v0.1.6
[INFO] [stderr]   Downloaded structopt-toml-derive v0.5.1
[INFO] [stderr]   Downloaded cargo-platform v0.1.4
[INFO] [stderr]   Downloaded structopt-derive v0.4.18
[INFO] [stderr]   Downloaded memchr v2.6.4
[INFO] [stderr]   Downloaded walkdir v2.4.0
[INFO] [stderr]   Downloaded bytecount v0.6.7
[INFO] [stderr]   Downloaded thiserror v1.0.50
[INFO] [stderr]   Downloaded proc-macro2 v1.0.69
[INFO] [stderr]   Downloaded deranged v0.3.9
[INFO] [stderr]   Downloaded glob v0.3.1
[INFO] [stderr]   Downloaded error-chain v0.12.4
[INFO] [stderr]   Downloaded semver v1.0.20
[INFO] [stderr]   Downloaded camino v1.1.6
[INFO] [stderr]   Downloaded toml_edit v0.20.4
[INFO] [stderr]   Downloaded unicase v2.7.0
[INFO] [stderr]   Downloaded bencher v0.1.5
[INFO] [stderr]   Downloaded cargo_metadata v0.14.2
[INFO] [stderr]   Downloaded anyhow v1.0.75
[INFO] [stderr]   Downloaded indexmap v2.0.2
[INFO] [stderr]   Downloaded tempfile v3.8.0
[INFO] [stderr]   Downloaded bitflags v2.4.1
[INFO] [stderr]   Downloaded ryu v1.0.15
[INFO] [stderr]   Downloaded serde_derive v1.0.189
[INFO] [stderr]   Downloaded structopt v0.3.26
[INFO] [stderr]   Downloaded serde v1.0.189
[INFO] [stderr]   Downloaded unicode-segmentation v1.10.1
[INFO] [stderr]   Downloaded pulldown-cmark v0.9.3
[INFO] [stderr]   Downloaded time v0.3.30
[INFO] [stderr]   Downloaded hashbrown v0.14.2
[INFO] [stderr]   Downloaded serde_json v1.0.107
[INFO] [stderr]   Downloaded syn v2.0.38
[INFO] [stderr]   Downloaded rustix v0.38.20
[INFO] [stderr]   Downloaded libc v0.2.149
[INFO] [stderr]   Downloaded linux-raw-sys v0.4.10
[INFO] running `Command { std: "docker" "create" "-v" "/var/lib/crater-agent-workspace/builds/worker-6-tc1/source:/opt/rustwide/workdir:ro,Z" "-v" "/var/lib/crater-agent-workspace/builds/worker-6-tc1/target:/opt/rustwide/target:rw,Z" "-v" "/var/lib/crater-agent-workspace/cargo-home:/opt/rustwide/cargo-home:ro,Z" "-v" "/var/lib/crater-agent-workspace/rustup-home:/opt/rustwide/rustup-home:ro,Z" "-m" "1610612736" "--network" "none" "ghcr.io/rust-lang/crates-build-env/linux@sha256:77db811e55d90add9212f6832c23229e3de5f1c1f9905e8cb07319ea15df73ac" "sleep" "infinity", kill_on_drop: false }`
[INFO] [stdout] f2f4c8078fad6f7c49abd360923691d1b57bc04e9135bc31a2d9f1b134cbafc9
[INFO] running `Command { std: "docker" "start" "f2f4c8078fad6f7c49abd360923691d1b57bc04e9135bc31a2d9f1b134cbafc9", kill_on_drop: false }`
[INFO] running `Command { std: "docker" "inspect" "f2f4c8078fad6f7c49abd360923691d1b57bc04e9135bc31a2d9f1b134cbafc9", kill_on_drop: false }`
[INFO] running `Command { std: "docker" "exec" "-e" "SOURCE_DIR=/opt/rustwide/workdir" "-e" "CARGO_HOME=/opt/rustwide/cargo-home" "-e" "RUSTUP_HOME=/opt/rustwide/rustup-home" "-e" "CARGO_TARGET_DIR=/opt/rustwide/target" "-w" "/opt/rustwide/workdir" "--user" "0:0" "f2f4c8078fad6f7c49abd360923691d1b57bc04e9135bc31a2d9f1b134cbafc9" "/opt/rustwide/cargo-home/bin/cargo" "+1.99.0-beta.8" "metadata" "--no-deps" "--format-version=1", kill_on_drop: false }`
[INFO] running `Command { std: "docker" "inspect" "f2f4c8078fad6f7c49abd360923691d1b57bc04e9135bc31a2d9f1b134cbafc9", kill_on_drop: false }`
[INFO] running `Command { std: "docker" "exec" "-e" "SOURCE_DIR=/opt/rustwide/workdir" "-e" "CARGO_HOME=/opt/rustwide/cargo-home" "-e" "RUSTUP_HOME=/opt/rustwide/rustup-home" "-e" "CARGO_TARGET_DIR=/opt/rustwide/target" "-e" "CARGO_INCREMENTAL=0" "-e" "RUST_BACKTRACE=full" "-e" "RUSTFLAGS=--cap-lints=warn" "-e" "RUSTDOCFLAGS=--cap-lints=warn" "-w" "/opt/rustwide/workdir" "--user" "0:0" "f2f4c8078fad6f7c49abd360923691d1b57bc04e9135bc31a2d9f1b134cbafc9" "/opt/rustwide/cargo-home/bin/cargo" "+1.99.0-beta.8" "build" "--frozen" "--message-format=json" "--release", kill_on_drop: false }`
[INFO] [stderr]    Compiling proc-macro2 v1.0.69
[INFO] [stderr]    Compiling unicode-ident v1.0.12
[INFO] [stderr]    Compiling version_check v0.9.4
[INFO] [stderr]    Compiling serde v1.0.189
[INFO] [stderr]    Compiling rustix v0.38.20
[INFO] [stderr]    Compiling libc v0.2.149
[INFO] [stderr]    Compiling serde_json v1.0.107
[INFO] [stderr]    Compiling syn v1.0.109
[INFO] [stderr]    Compiling camino v1.1.6
[INFO] [stderr]    Compiling semver v1.0.20
[INFO] [stderr]    Compiling linux-raw-sys v0.4.10
[INFO] [stderr]    Compiling ryu v1.0.15
[INFO] [stderr]    Compiling bitflags v2.4.1
[INFO] [stderr]    Compiling pulldown-cmark v0.9.3
[INFO] [stderr]    Compiling itoa v1.0.9
[INFO] [stderr]    Compiling fastrand v2.0.1
[INFO] [stderr]    Compiling memchr v2.6.4
[INFO] [stderr]    Compiling same-file v1.0.6
[INFO] [stderr]    Compiling cfg-if v1.0.0
[INFO] [stderr]    Compiling glob v0.3.1
[INFO] [stderr]    Compiling bytecount v0.6.7
[INFO] [stderr]    Compiling unicode-segmentation v1.10.1
[INFO] [stderr]    Compiling walkdir v2.4.0
[INFO] [stderr]    Compiling unicode-width v0.1.11
[INFO] [stderr]    Compiling unicase v2.7.0
[INFO] [stderr]    Compiling error-chain v0.12.4
[INFO] [stderr]    Compiling proc-macro-error-attr v1.0.4
[INFO] [stderr]    Compiling proc-macro-error v1.0.4
[INFO] [stderr]    Compiling heck v0.3.3
[INFO] [stderr]    Compiling textwrap v0.11.0
[INFO] [stderr]    Compiling ansi_term v0.12.1
[INFO] [stderr]    Compiling hashbrown v0.14.2
[INFO] [stderr]    Compiling equivalent v1.0.1
[INFO] [stderr]    Compiling bitflags v1.3.2
[INFO] [stderr]    Compiling anyhow v1.0.75
[INFO] [stderr]    Compiling vec_map v0.8.2
[INFO] [stderr]    Compiling strsim v0.8.0
[INFO] [stderr]    Compiling option-ext v0.2.0
[INFO] [stderr]    Compiling heck v0.4.1
[INFO] [stderr]    Compiling winnow v0.5.17
[INFO] [stderr]    Compiling lazy_static v1.4.0
[INFO] [stderr]    Compiling powerfmt v0.2.0
[INFO] [stderr]    Compiling thiserror v1.0.50
[INFO] [stderr]    Compiling time-core v0.1.2
[INFO] [stderr]    Compiling deranged v0.3.9
[INFO] [stderr]    Compiling quote v1.0.33
[INFO] [stderr]    Compiling syn v2.0.38
[INFO] [stderr]    Compiling indexmap v2.0.2
[INFO] [stderr]    Compiling time v0.3.30
[INFO] [stderr]    Compiling atty v0.2.14
[INFO] [stderr]    Compiling dirs-sys v0.4.1
[INFO] [stderr]    Compiling nix v0.27.1
[INFO] [stderr]    Compiling clap v2.34.0
[INFO] [stderr]    Compiling dirs v5.0.1
[INFO] [stderr]    Compiling tempfile v3.8.0
[INFO] [stderr]    Compiling serde_derive v1.0.189
[INFO] [stderr]    Compiling thiserror-impl v1.0.50
[INFO] [stderr]    Compiling structopt-derive v0.4.18
[INFO] [stderr]    Compiling structopt-toml-derive v0.5.1
[INFO] [stderr]    Compiling structopt v0.3.26
[INFO] [stderr]    Compiling cargo-platform v0.1.4
[INFO] [stderr]    Compiling cargo_metadata v0.14.2
[INFO] [stderr]    Compiling toml_datetime v0.6.5
[INFO] [stderr]    Compiling serde_spanned v0.6.4
[INFO] [stderr]    Compiling toml v0.5.11
[INFO] [stderr]    Compiling toml_edit v0.20.4
[INFO] [stderr]    Compiling skeptic v0.13.7
[INFO] [stderr]    Compiling structopt-toml v0.5.1
[INFO] [stderr]    Compiling toml v0.8.4
[INFO] [stderr]    Compiling ptags v0.3.5 (/opt/rustwide/workdir)
[INFO] [stdout] warning: unexpected `cfg` condition name: `tarpaulin`
[INFO] [stdout]    --> src/bin.rs:280:12
[INFO] [stdout]     |
[INFO] [stdout] 280 | #[cfg_attr(tarpaulin, skip)]
[INFO] [stdout]     |            ^^^^^^^^^
[INFO] [stdout]     |
[INFO] [stdout]     = help: expected names are: `docsrs`, `feature`, and `test` and 34 more
[INFO] [stdout]     = help: consider using a Cargo feature instead
[INFO] [stdout]     = help: or consider adding in `Cargo.toml` the `check-cfg` lint config for the lint:
[INFO] [stdout]              [lints.rust]
[INFO] [stdout]              unexpected_cfgs = { level = "warn", check-cfg = ['cfg(tarpaulin)'] }
[INFO] [stdout]     = help: or consider adding `println!("cargo::rustc-check-cfg=cfg(tarpaulin)");` to the top of the `build.rs`
[INFO] [stdout]     = note: see <https://doc.rust-lang.org/nightly/rustc/check-cfg/cargo-specifics.html> for more information about checking conditional configuration
[INFO] [stdout]     = note: `#[warn(unexpected_cfgs)]` on by default
[INFO] [stdout] 
[INFO] [stdout] 
[INFO] [stderr]     Finished `release` profile [optimized] target(s) in 39.89s
[INFO] running `Command { std: "docker" "inspect" "f2f4c8078fad6f7c49abd360923691d1b57bc04e9135bc31a2d9f1b134cbafc9", kill_on_drop: false }`
[INFO] running `Command { std: "docker" "exec" "-e" "SOURCE_DIR=/opt/rustwide/workdir" "-e" "CARGO_HOME=/opt/rustwide/cargo-home" "-e" "RUSTUP_HOME=/opt/rustwide/rustup-home" "-e" "CARGO_TARGET_DIR=/opt/rustwide/target" "-e" "CARGO_INCREMENTAL=0" "-e" "RUST_BACKTRACE=full" "-e" "RUSTFLAGS=--cap-lints=warn" "-e" "RUSTDOCFLAGS=--cap-lints=warn" "-w" "/opt/rustwide/workdir" "--user" "0:0" "f2f4c8078fad6f7c49abd360923691d1b57bc04e9135bc31a2d9f1b134cbafc9" "/opt/rustwide/cargo-home/bin/cargo" "+1.99.0-beta.8" "test" "--frozen" "--no-run" "--message-format=json" "--release", kill_on_drop: false }`
[INFO] [stderr]    Compiling bencher v0.1.5
[INFO] [stdout] warning: unexpected `cfg` condition name: `tarpaulin`
[INFO] [stdout]    --> src/bin.rs:280:12
[INFO] [stdout]     |
[INFO] [stdout] 280 | #[cfg_attr(tarpaulin, skip)]
[INFO] [stdout]     |            ^^^^^^^^^
[INFO] [stdout]     |
[INFO] [stdout]     = help: expected names are: `docsrs`, `feature`, and `test` and 34 more
[INFO] [stdout]     = help: consider using a Cargo feature instead
[INFO] [stdout]     = help: or consider adding in `Cargo.toml` the `check-cfg` lint config for the lint:
[INFO] [stdout]              [lints.rust]
[INFO] [stdout]              unexpected_cfgs = { level = "warn", check-cfg = ['cfg(tarpaulin)'] }
[INFO] [stdout]     = help: or consider adding `println!("cargo::rustc-check-cfg=cfg(tarpaulin)");` to the top of the `build.rs`
[INFO] [stdout]     = note: see <https://doc.rust-lang.org/nightly/rustc/check-cfg/cargo-specifics.html> for more information about checking conditional configuration
[INFO] [stdout]     = note: `#[warn(unexpected_cfgs)]` on by default
[INFO] [stdout] 
[INFO] [stdout] 
[INFO] [stderr]    Compiling ptags v0.3.5 (/opt/rustwide/workdir)
[INFO] [stdout] warning: unexpected `cfg` condition name: `tarpaulin`
[INFO] [stdout]    --> src/bin.rs:280:12
[INFO] [stdout]     |
[INFO] [stdout] 280 | #[cfg_attr(tarpaulin, skip)]
[INFO] [stdout]     |            ^^^^^^^^^
[INFO] [stdout]     |
[INFO] [stdout]     = help: expected names are: `docsrs`, `feature`, and `test` and 34 more
[INFO] [stdout]     = help: consider using a Cargo feature instead
[INFO] [stdout]     = help: or consider adding in `Cargo.toml` the `check-cfg` lint config for the lint:
[INFO] [stdout]              [lints.rust]
[INFO] [stdout]              unexpected_cfgs = { level = "warn", check-cfg = ['cfg(tarpaulin)'] }
[INFO] [stdout]     = help: or consider adding `println!("cargo::rustc-check-cfg=cfg(tarpaulin)");` to the top of the `build.rs`
[INFO] [stdout]     = note: see <https://doc.rust-lang.org/nightly/rustc/check-cfg/cargo-specifics.html> for more information about checking conditional configuration
[INFO] [stdout]     = note: `#[warn(unexpected_cfgs)]` on by default
[INFO] [stdout] 
[INFO] [stdout] 
[INFO] [stderr]     Finished `release` profile [optimized] target(s) in 5.13s
[INFO] running `Command { std: "docker" "inspect" "f2f4c8078fad6f7c49abd360923691d1b57bc04e9135bc31a2d9f1b134cbafc9", kill_on_drop: false }`
[INFO] running `Command { std: "docker" "exec" "-e" "SOURCE_DIR=/opt/rustwide/workdir" "-e" "CARGO_HOME=/opt/rustwide/cargo-home" "-e" "RUSTUP_HOME=/opt/rustwide/rustup-home" "-e" "CARGO_TARGET_DIR=/opt/rustwide/target" "-e" "CARGO_INCREMENTAL=0" "-e" "RUST_BACKTRACE=full" "-e" "RUSTFLAGS=--cap-lints=warn" "-e" "RUSTDOCFLAGS=--cap-lints=warn" "-w" "/opt/rustwide/workdir" "--user" "0:0" "f2f4c8078fad6f7c49abd360923691d1b57bc04e9135bc31a2d9f1b134cbafc9" "/opt/rustwide/cargo-home/bin/cargo" "+1.99.0-beta.8" "test" "--frozen" "--release", kill_on_drop: false }`
[INFO] [stderr] warning: unexpected `cfg` condition name: `tarpaulin`
[INFO] [stderr]    --> src/bin.rs:280:12
[INFO] [stderr]     |
[INFO] [stderr] 280 | #[cfg_attr(tarpaulin, skip)]
[INFO] [stderr]     |            ^^^^^^^^^
[INFO] [stderr]     |
[INFO] [stderr]     = help: expected names are: `docsrs`, `feature`, and `test` and 34 more
[INFO] [stderr]     = help: consider using a Cargo feature instead
[INFO] [stderr]     = help: or consider adding in `Cargo.toml` the `check-cfg` lint config for the lint:
[INFO] [stderr]              [lints.rust]
[INFO] [stderr]              unexpected_cfgs = { level = "warn", check-cfg = ['cfg(tarpaulin)'] }
[INFO] [stderr]     = help: or consider adding `println!("cargo::rustc-check-cfg=cfg(tarpaulin)");` to the top of the `build.rs`
[INFO] [stderr]     = note: see <https://doc.rust-lang.org/nightly/rustc/check-cfg/cargo-specifics.html> for more information about checking conditional configuration
[INFO] [stderr]     = note: `#[warn(unexpected_cfgs)]` on by default
[INFO] [stderr] 
[INFO] [stderr] warning: `ptags` (lib) generated 1 warning
[INFO] [stderr] warning: `ptags` (lib test) generated 1 warning (1 duplicate)
[INFO] [stderr]     Finished `release` profile [optimized] target(s) in 0.13s
[INFO] [stderr]      Running unittests src/lib.rs (/opt/rustwide/target/release/deps/ptagslib-47edfad11c2a2299)
[INFO] [stdout] 
[INFO] [stdout] running 19 tests
[INFO] [stdout] test bin::tests::test_run_config ... ok
[INFO] [stdout] test bin::tests::test_run_completion ... FAILED
[INFO] [stdout] test cmd_git::tests::test_get_files_include_ignored ... FAILED
[INFO] [stdout] test cmd_git::tests::test_get_files_include_untracked ... FAILED
[INFO] [stdout] test cmd_ctags::tests::test_get_tags_header ... FAILED
[INFO] [stdout] test cmd_git::tests::test_git_fail ... ok
[INFO] [stdout] test bin::tests::test_run_opt ... FAILED
[INFO] [stdout] test cmd_ctags::tests::test_ctags_fail ... FAILED
[INFO] [stdout] test cmd_git::tests::test_get_files_include_submodule ... FAILED
[INFO] [stdout] test cmd_ctags::tests::test_call ... FAILED
[INFO] [stdout] test cmd_git::tests::test_get_files_exclude_lfs ... FAILED
[INFO] [stdout] test cmd_ctags::tests::test_call_with_opt ... FAILED
[INFO] [stdout] test cmd_git::tests::test_get_files ... FAILED
[INFO] [stdout] test cmd_git::tests::test_get_files_exclude_lfs_cd ... FAILED
[INFO] [stdout] test cmd_git::tests::test_command_fail ... ok
[INFO] [stdout] test bin::tests::test_run_fail ... ok
[INFO] [stdout] test cmd_ctags::tests::test_command_fail ... FAILED
[INFO] [stdout] test cmd_ctags::tests::test_call_exclude ... FAILED
[INFO] [stdout] test bin::tests::test_run ... FAILED
[INFO] [stdout] 
[INFO] [stdout] failures:
[INFO] [stdout] 
[INFO] [stdout] ---- bin::tests::test_run_completion stdout ----
[INFO] [stdout] 
[INFO] [stdout] thread 'bin::tests::test_run_completion' (1695) panicked at /opt/rustwide/cargo-home/registry/src/index.crates.io-1949cf8c6b5b557f/clap-2.34.0/src/app/parser.rs:134:25:
[INFO] [stdout] couldn't create completion file: description() is deprecated; use Display
[INFO] [stdout] stack backtrace:
[INFO] [stdout]    0:     0x5a25d838d521 - <<std[70759c8f55707aa4]::sys::backtrace::BacktraceLock>::print::DisplayBacktrace as core[df12db4294e9bfd3]::fmt::Display>::fmt
[INFO] [stdout]    1:     0x5a25d83a3a8a - core[df12db4294e9bfd3]::fmt::write
[INFO] [stdout]    2:     0x5a25d8392a5c - <alloc[2182bb758b4b3781]::vec::Vec<u8> as core[df12db4294e9bfd3]::io::write::Write>::write_fmt
[INFO] [stdout]    3:     0x5a25d8368b56 - std[70759c8f55707aa4]::panicking::default_hook::{closure#0}
[INFO] [stdout]    4:     0x5a25d83857c9 - std[70759c8f55707aa4]::panicking::default_hook
[INFO] [stdout]    5:     0x5a25d82baba0 - test[9d35eded1c95d3be]::test_main_inner::<test[9d35eded1c95d3be]::test_main_static::{closure#0}>::{closure#0}
[INFO] [stdout]    6:     0x5a25d8385982 - std[70759c8f55707aa4]::panicking::panic_with_hook
[INFO] [stdout]    7:     0x5a25d8368c02 - std[70759c8f55707aa4]::panicking::panic_handler::{closure#0}
[INFO] [stdout]    8:     0x5a25d8361699 - std[70759c8f55707aa4]::sys::backtrace::__rust_end_short_backtrace::<std[70759c8f55707aa4]::panicking::panic_handler::{closure#0}, !>
[INFO] [stdout]    9:     0x5a25d836987d - __rustc[8fa7c3cbc660c2b3]::rust_begin_unwind
[INFO] [stdout]   10:     0x5a25d83a41bc - core[df12db4294e9bfd3]::panicking::panic_fmt
[INFO] [stdout]   11:     0x5a25d8303941 - <clap[b228dd5e208a4d00]::app::parser::Parser>::gen_completions
[INFO] [stdout]   12:     0x5a25d829dc30 - <clap[b228dd5e208a4d00]::app::App>::gen_completions::<&str, &str>
[INFO] [stdout]   13:     0x5a25d828e1cc - ptagslib[a6c15cba368093cb]::bin::run_opt
[INFO] [stdout]   14:     0x5a25d829fd9f - ptagslib[a6c15cba368093cb]::bin::tests::test_run_completion
[INFO] [stdout]   15:     0x5a25d82ada49 - <ptagslib[a6c15cba368093cb]::bin::tests::test_run_completion::{closure#0} as core[df12db4294e9bfd3]::ops::function::FnOnce<()>>::call_once
[INFO] [stdout]   16:     0x5a25d82ade8b - test[9d35eded1c95d3be]::__rust_begin_short_backtrace::<core[df12db4294e9bfd3]::result::Result<(), alloc[2182bb758b4b3781]::string::String>, fn() -> core[df12db4294e9bfd3]::result::Result<(), alloc[2182bb758b4b3781]::string::String>>
[INFO] [stdout]   17:     0x5a25d82bb4f5 - test[9d35eded1c95d3be]::run_test::{closure#0}
[INFO] [stdout]   18:     0x5a25d82b4db4 - std[70759c8f55707aa4]::sys::backtrace::__rust_begin_short_backtrace::<test[9d35eded1c95d3be]::run_test::{closure#1}, ()>
[INFO] [stdout]   19:     0x5a25d82be652 - <std[70759c8f55707aa4]::thread::lifecycle::spawn_unchecked<test[9d35eded1c95d3be]::run_test::{closure#1}, ()>::{closure#1} as core[df12db4294e9bfd3]::ops::function::FnOnce<()>>::call_once::{shim:vtable#0}
[INFO] [stdout]   20:     0x5a25d838ca89 - <std[70759c8f55707aa4]::sys::thread::unix::Thread>::new::thread_start
[INFO] [stdout]   21:     0x7d4d499e6dfa - <unknown>
[INFO] [stdout]   22:     0x7d4d49a7a3d4 - clone
[INFO] [stdout]   23:                0x0 - <unknown>
[INFO] [stdout] 
[INFO] [stdout] ---- cmd_git::tests::test_get_files_include_ignored stdout ----
[INFO] [stdout] 
[INFO] [stdout] thread 'cmd_git::tests::test_get_files_include_ignored' (1715) panicked at src/cmd_git.rs:246:71:
[INFO] [stdout] called `Result::unwrap()` on an `Err` value: Os { code: 30, kind: ReadOnlyFilesystem, message: "Read-only file system" }
[INFO] [stdout] stack backtrace:
[INFO] [stdout]    0:     0x5a25d838d521 - <<std[70759c8f55707aa4]::sys::backtrace::BacktraceLock>::print::DisplayBacktrace as core[df12db4294e9bfd3]::fmt::Display>::fmt
[INFO] [stdout]    1:     0x5a25d83a3a8a - core[df12db4294e9bfd3]::fmt::write
[INFO] [stdout]    2:     0x5a25d8392a5c - <alloc[2182bb758b4b3781]::vec::Vec<u8> as core[df12db4294e9bfd3]::io::write::Write>::write_fmt
[INFO] [stdout]    3:     0x5a25d8368b56 - std[70759c8f55707aa4]::panicking::default_hook::{closure#0}
[INFO] [stdout]    4:     0x5a25d83857c9 - std[70759c8f55707aa4]::panicking::default_hook
[INFO] [stdout]    5:     0x5a25d82baba0 - test[9d35eded1c95d3be]::test_main_inner::<test[9d35eded1c95d3be]::test_main_static::{closure#0}>::{closure#0}
[INFO] [stdout]    6:     0x5a25d8385982 - std[70759c8f55707aa4]::panicking::panic_with_hook
[INFO] [stdout]    7:     0x5a25d8368c02 - std[70759c8f55707aa4]::panicking::panic_handler::{closure#0}
[INFO] [stdout]    8:     0x5a25d8361699 - std[70759c8f55707aa4]::sys::backtrace::__rust_end_short_backtrace::<std[70759c8f55707aa4]::panicking::panic_handler::{closure#0}, !>
[INFO] [stdout]    9:     0x5a25d836987d - __rustc[8fa7c3cbc660c2b3]::rust_begin_unwind
[INFO] [stdout]   10:     0x5a25d83a41bc - core[df12db4294e9bfd3]::panicking::panic_fmt
[INFO] [stdout]   11:     0x5a25d83a3f92 - core[df12db4294e9bfd3]::result::unwrap_failed
[INFO] [stdout]   12:     0x5a25d8296b2e - ptagslib[a6c15cba368093cb]::cmd_git::tests::test_get_files_include_ignored
[INFO] [stdout]   13:     0x5a25d82adb29 - <ptagslib[a6c15cba368093cb]::cmd_git::tests::test_get_files_include_ignored::{closure#0} as core[df12db4294e9bfd3]::ops::function::FnOnce<()>>::call_once
[INFO] [stdout]   14:     0x5a25d82ade8b - test[9d35eded1c95d3be]::__rust_begin_short_backtrace::<core[df12db4294e9bfd3]::result::Result<(), alloc[2182bb758b4b3781]::string::String>, fn() -> core[df12db4294e9bfd3]::result::Result<(), alloc[2182bb758b4b3781]::string::String>>
[INFO] [stdout]   15:     0x5a25d82bb4f5 - test[9d35eded1c95d3be]::run_test::{closure#0}
[INFO] [stdout]   16:     0x5a25d82b4db4 - std[70759c8f55707aa4]::sys::backtrace::__rust_begin_short_backtrace::<test[9d35eded1c95d3be]::run_test::{closure#1}, ()>
[INFO] [stdout]   17:     0x5a25d82be652 - <std[70759c8f55707aa4]::thread::lifecycle::spawn_unchecked<test[9d35eded1c95d3be]::run_test::{closure#1}, ()>::{closure#1} as core[df12db4294e9bfd3]::ops::function::FnOnce<()>>::call_once::{shim:vtable#0}
[INFO] [stdout]   18:     0x5a25d838ca89 - <std[70759c8f55707aa4]::sys::thread::unix::Thread>::new::thread_start
[INFO] [stdout]   19:     0x7d4d499e6dfa - <unknown>
[INFO] [stdout]   20:     0x7d4d49a7a3d4 - clone
[INFO] [stdout]   21:                0x0 - <unknown>
[INFO] [stdout] 
[INFO] [stdout] ---- cmd_git::tests::test_get_files_include_untracked stdout ----
[INFO] [stdout] 
[INFO] [stdout] thread 'cmd_git::tests::test_get_files_include_untracked' (1717) panicked at src/cmd_git.rs:283:64:
[INFO] [stdout] called `Result::unwrap()` on an `Err` value: Os { code: 30, kind: ReadOnlyFilesystem, message: "Read-only file system" }
[INFO] [stdout] stack backtrace:
[INFO] [stdout]    0:     0x5a25d838d521 - <<std[70759c8f55707aa4]::sys::backtrace::BacktraceLock>::print::DisplayBacktrace as core[df12db4294e9bfd3]::fmt::Display>::fmt
[INFO] [stdout]    1:     0x5a25d83a3a8a - core[df12db4294e9bfd3]::fmt::write
[INFO] [stdout]    2:     0x5a25d8392a5c - <alloc[2182bb758b4b3781]::vec::Vec<u8> as core[df12db4294e9bfd3]::io::write::Write>::write_fmt
[INFO] [stdout]    3:     0x5a25d8368b56 - std[70759c8f55707aa4]::panicking::default_hook::{closure#0}
[INFO] [stdout]    4:     0x5a25d83857c9 - std[70759c8f55707aa4]::panicking::default_hook
[INFO] [stdout]    5:     0x5a25d82baba0 - test[9d35eded1c95d3be]::test_main_inner::<test[9d35eded1c95d3be]::test_main_static::{closure#0}>::{closure#0}
[INFO] [stdout]    6:     0x5a25d8385982 - std[70759c8f55707aa4]::panicking::panic_with_hook
[INFO] [stdout]    7:     0x5a25d8368c02 - std[70759c8f55707aa4]::panicking::panic_handler::{closure#0}
[INFO] [stdout]    8:     0x5a25d8361699 - std[70759c8f55707aa4]::sys::backtrace::__rust_end_short_backtrace::<std[70759c8f55707aa4]::panicking::panic_handler::{closure#0}, !>
[INFO] [stdout]    9:     0x5a25d836987d - __rustc[8fa7c3cbc660c2b3]::rust_begin_unwind
[INFO] [stdout]   10:     0x5a25d83a41bc - core[df12db4294e9bfd3]::panicking::panic_fmt
[INFO] [stdout]   11:     0x5a25d83a3f92 - core[df12db4294e9bfd3]::result::unwrap_failed
[INFO] [stdout]   12:     0x5a25d82973e1 - ptagslib[a6c15cba368093cb]::cmd_git::tests::test_get_files_include_untracked
[INFO] [stdout]   13:     0x5a25d82adb69 - <ptagslib[a6c15cba368093cb]::cmd_git::tests::test_get_files_include_untracked::{closure#0} as core[df12db4294e9bfd3]::ops::function::FnOnce<()>>::call_once
[INFO] [stdout]   14:     0x5a25d82ade8b - test[9d35eded1c95d3be]::__rust_begin_short_backtrace::<core[df12db4294e9bfd3]::result::Result<(), alloc[2182bb758b4b3781]::string::String>, fn() -> core[df12db4294e9bfd3]::result::Result<(), alloc[2182bb758b4b3781]::string::String>>
[INFO] [stdout]   15:     0x5a25d82bb4f5 - test[9d35eded1c95d3be]::run_test::{closure#0}
[INFO] [stdout]   16:     0x5a25d82b4db4 - std[70759c8f55707aa4]::sys::backtrace::__rust_begin_short_backtrace::<test[9d35eded1c95d3be]::run_test::{closure#1}, ()>
[INFO] [stdout]   17:     0x5a25d82be652 - <std[70759c8f55707aa4]::thread::lifecycle::spawn_unchecked<test[9d35eded1c95d3be]::run_test::{closure#1}, ()>::{closure#1} as core[df12db4294e9bfd3]::ops::function::FnOnce<()>>::call_once::{shim:vtable#0}
[INFO] [stdout]   18:     0x5a25d838ca89 - <std[70759c8f55707aa4]::sys::thread::unix::Thread>::new::thread_start
[INFO] [stdout]   19:     0x7d4d499e6dfa - <unknown>
[INFO] [stdout]   20:     0x7d4d49a7a3d4 - clone
[INFO] [stdout]   21:                0x0 - <unknown>
[INFO] [stdout] 
[INFO] [stdout] ---- cmd_ctags::tests::test_get_tags_header stdout ----
[INFO] [stdout] 
[INFO] [stdout] thread 'cmd_ctags::tests::test_get_tags_header' (1708) panicked at src/cmd_ctags.rs:277:54:
[INFO] [stdout] called `Result::unwrap()` on an `Err` value: No such file or directory (os error 2)
[INFO] [stdout] stack backtrace:
[INFO] [stdout]    0:     0x5a25d838d521 - <<std[70759c8f55707aa4]::sys::backtrace::BacktraceLock>::print::DisplayBacktrace as core[df12db4294e9bfd3]::fmt::Display>::fmt
[INFO] [stdout]    1:     0x5a25d83a3a8a - core[df12db4294e9bfd3]::fmt::write
[INFO] [stdout]    2:     0x5a25d8392a5c - <alloc[2182bb758b4b3781]::vec::Vec<u8> as core[df12db4294e9bfd3]::io::write::Write>::write_fmt
[INFO] [stdout]    3:     0x5a25d8368b56 - std[70759c8f55707aa4]::panicking::default_hook::{closure#0}
[INFO] [stdout]    4:     0x5a25d83857c9 - std[70759c8f55707aa4]::panicking::default_hook
[INFO] [stdout]    5:     0x5a25d82baba0 - test[9d35eded1c95d3be]::test_main_inner::<test[9d35eded1c95d3be]::test_main_static::{closure#0}>::{closure#0}
[INFO] [stdout]    6:     0x5a25d8385982 - std[70759c8f55707aa4]::panicking::panic_with_hook
[INFO] [stdout]    7:     0x5a25d8368c02 - std[70759c8f55707aa4]::panicking::panic_handler::{closure#0}
[INFO] [stdout]    8:     0x5a25d8361699 - std[70759c8f55707aa4]::sys::backtrace::__rust_end_short_backtrace::<std[70759c8f55707aa4]::panicking::panic_handler::{closure#0}, !>
[INFO] [stdout]    9:     0x5a25d836987d - __rustc[8fa7c3cbc660c2b3]::rust_begin_unwind
[INFO] [stdout]   10:     0x5a25d83a41bc - core[df12db4294e9bfd3]::panicking::panic_fmt
[INFO] [stdout]   11:     0x5a25d83a3f92 - core[df12db4294e9bfd3]::result::unwrap_failed
[INFO] [stdout]   12:     0x5a25d829a20f - ptagslib[a6c15cba368093cb]::cmd_ctags::tests::test_get_tags_header
[INFO] [stdout]   13:     0x5a25d82adc09 - <ptagslib[a6c15cba368093cb]::cmd_ctags::tests::test_get_tags_header::{closure#0} as core[df12db4294e9bfd3]::ops::function::FnOnce<()>>::call_once
[INFO] [stdout]   14:     0x5a25d82ade8b - test[9d35eded1c95d3be]::__rust_begin_short_backtrace::<core[df12db4294e9bfd3]::result::Result<(), alloc[2182bb758b4b3781]::string::String>, fn() -> core[df12db4294e9bfd3]::result::Result<(), alloc[2182bb758b4b3781]::string::String>>
[INFO] [stdout]   15:     0x5a25d82bb4f5 - test[9d35eded1c95d3be]::run_test::{closure#0}
[INFO] [stdout]   16:     0x5a25d82b4db4 - std[70759c8f55707aa4]::sys::backtrace::__rust_begin_short_backtrace::<test[9d35eded1c95d3be]::run_test::{closure#1}, ()>
[INFO] [stdout]   17:     0x5a25d82be652 - <std[70759c8f55707aa4]::thread::lifecycle::spawn_unchecked<test[9d35eded1c95d3be]::run_test::{closure#1}, ()>::{closure#1} as core[df12db4294e9bfd3]::ops::function::FnOnce<()>>::call_once::{shim:vtable#0}
[INFO] [stdout]   18:     0x5a25d838ca89 - <std[70759c8f55707aa4]::sys::thread::unix::Thread>::new::thread_start
[INFO] [stdout]   19:     0x7d4d499e6dfa - <unknown>
[INFO] [stdout]   20:     0x7d4d49a7a3d4 - clone
[INFO] [stdout]   21:                0x0 - <unknown>
[INFO] [stdout] 
[INFO] [stdout] ---- bin::tests::test_run_opt stdout ----
[INFO] [stdout] Call : cd .; git ls-files --cached --exclude-standard
[INFO] [stdout] 
[INFO] [stdout] thread 'bin::tests::test_run_opt' (1698) panicked at src/bin.rs:329:9:
[INFO] [stdout] assertion failed: ret.is_ok()
[INFO] [stdout] stack backtrace:
[INFO] [stdout]    0:     0x5a25d838d521 - <<std[70759c8f55707aa4]::sys::backtrace::BacktraceLock>::print::DisplayBacktrace as core[df12db4294e9bfd3]::fmt::Display>::fmt
[INFO] [stdout]    1:     0x5a25d83a3a8a - core[df12db4294e9bfd3]::fmt::write
[INFO] [stdout]    2:     0x5a25d8392a5c - <alloc[2182bb758b4b3781]::vec::Vec<u8> as core[df12db4294e9bfd3]::io::write::Write>::write_fmt
[INFO] [stdout]    3:     0x5a25d8368b56 - std[70759c8f55707aa4]::panicking::default_hook::{closure#0}
[INFO] [stdout]    4:     0x5a25d83857c9 - std[70759c8f55707aa4]::panicking::default_hook
[INFO] [stdout]    5:     0x5a25d82baba0 - test[9d35eded1c95d3be]::test_main_inner::<test[9d35eded1c95d3be]::test_main_static::{closure#0}>::{closure#0}
[INFO] [stdout]    6:     0x5a25d8385982 - std[70759c8f55707aa4]::panicking::panic_with_hook
[INFO] [stdout]    7:     0x5a25d8368c34 - std[70759c8f55707aa4]::panicking::panic_handler::{closure#0}
[INFO] [stdout]    8:     0x5a25d8361699 - std[70759c8f55707aa4]::sys::backtrace::__rust_end_short_backtrace::<std[70759c8f55707aa4]::panicking::panic_handler::{closure#0}, !>
[INFO] [stdout]    9:     0x5a25d836987d - __rustc[8fa7c3cbc660c2b3]::rust_begin_unwind
[INFO] [stdout]   10:     0x5a25d83a41bc - core[df12db4294e9bfd3]::panicking::panic_fmt
[INFO] [stdout]   11:     0x5a25d83a4182 - core[df12db4294e9bfd3]::panicking::panic
[INFO] [stdout]   12:     0x5a25d829f9b3 - ptagslib[a6c15cba368093cb]::bin::tests::test_run_opt
[INFO] [stdout]   13:     0x5a25d82ad9e9 - <ptagslib[a6c15cba368093cb]::bin::tests::test_run_opt::{closure#0} as core[df12db4294e9bfd3]::ops::function::FnOnce<()>>::call_once
[INFO] [stdout]   14:     0x5a25d82ade8b - test[9d35eded1c95d3be]::__rust_begin_short_backtrace::<core[df12db4294e9bfd3]::result::Result<(), alloc[2182bb758b4b3781]::string::String>, fn() -> core[df12db4294e9bfd3]::result::Result<(), alloc[2182bb758b4b3781]::string::String>>
[INFO] [stdout]   15:     0x5a25d82bb4f5 - test[9d35eded1c95d3be]::run_test::{closure#0}
[INFO] [stdout]   16:     0x5a25d82b4db4 - std[70759c8f55707aa4]::sys::backtrace::__rust_begin_short_backtrace::<test[9d35eded1c95d3be]::run_test::{closure#1}, ()>
[INFO] [stdout]   17:     0x5a25d82be652 - <std[70759c8f55707aa4]::thread::lifecycle::spawn_unchecked<test[9d35eded1c95d3be]::run_test::{closure#1}, ()>::{closure#1} as core[df12db4294e9bfd3]::ops::function::FnOnce<()>>::call_once::{shim:vtable#0}
[INFO] [stdout]   18:     0x5a25d838ca89 - <std[70759c8f55707aa4]::sys::thread::unix::Thread>::new::thread_start
[INFO] [stdout]   19:     0x7d4d499e6dfa - <unknown>
[INFO] [stdout]   20:     0x7d4d49a7a3d4 - clone
[INFO] [stdout]   21:                0x0 - <unknown>
[INFO] [stdout] 
[INFO] [stdout] ---- cmd_ctags::tests::test_ctags_fail stdout ----
[INFO] [stdout] 
[INFO] [stdout] thread 'cmd_ctags::tests::test_ctags_fail' (1707) panicked at src/cmd_ctags.rs:265:37:
[INFO] [stdout] called `Result::unwrap()` on an `Err` value: failed to execute git command (cd .; git ls-files --cached --exclude-standard)
[INFO] [stdout] fatal: not a git repository (or any parent up to mount point /opt/rustwide)
[INFO] [stdout] Stopping at filesystem boundary (GIT_DISCOVERY_ACROSS_FILESYSTEM not set).
[INFO] [stdout] 
[INFO] [stdout] stack backtrace:
[INFO] [stdout]    0:     0x5a25d838d521 - <<std[70759c8f55707aa4]::sys::backtrace::BacktraceLock>::print::DisplayBacktrace as core[df12db4294e9bfd3]::fmt::Display>::fmt
[INFO] [stdout]    1:     0x5a25d83a3a8a - core[df12db4294e9bfd3]::fmt::write
[INFO] [stdout]    2:     0x5a25d8392a5c - <alloc[2182bb758b4b3781]::vec::Vec<u8> as core[df12db4294e9bfd3]::io::write::Write>::write_fmt
[INFO] [stdout]    3:     0x5a25d8368b56 - std[70759c8f55707aa4]::panicking::default_hook::{closure#0}
[INFO] [stdout]    4:     0x5a25d83857c9 - std[70759c8f55707aa4]::panicking::default_hook
[INFO] [stdout]    5:     0x5a25d82baba0 - test[9d35eded1c95d3be]::test_main_inner::<test[9d35eded1c95d3be]::test_main_static::{closure#0}>::{closure#0}
[INFO] [stdout]    6:     0x5a25d8385982 - std[70759c8f55707aa4]::panicking::panic_with_hook
[INFO] [stdout]    7:     0x5a25d8368c02 - std[70759c8f55707aa4]::panicking::panic_handler::{closure#0}
[INFO] [stdout]    8:     0x5a25d8361699 - std[70759c8f55707aa4]::sys::backtrace::__rust_end_short_backtrace::<std[70759c8f55707aa4]::panicking::panic_handler::{closure#0}, !>
[INFO] [stdout]    9:     0x5a25d836987d - __rustc[8fa7c3cbc660c2b3]::rust_begin_unwind
[INFO] [stdout]   10:     0x5a25d83a41bc - core[df12db4294e9bfd3]::panicking::panic_fmt
[INFO] [stdout]   11:     0x5a25d83a3f92 - core[df12db4294e9bfd3]::result::unwrap_failed
[INFO] [stdout]   12:     0x5a25d82990ef - ptagslib[a6c15cba368093cb]::cmd_ctags::tests::test_ctags_fail
[INFO] [stdout]   13:     0x5a25d82adb89 - <ptagslib[a6c15cba368093cb]::cmd_ctags::tests::test_ctags_fail::{closure#0} as core[df12db4294e9bfd3]::ops::function::FnOnce<()>>::call_once
[INFO] [stdout]   14:     0x5a25d82ade8b - test[9d35eded1c95d3be]::__rust_begin_short_backtrace::<core[df12db4294e9bfd3]::result::Result<(), alloc[2182bb758b4b3781]::string::String>, fn() -> core[df12db4294e9bfd3]::result::Result<(), alloc[2182bb758b4b3781]::string::String>>
[INFO] [stdout]   15:     0x5a25d82bb4f5 - test[9d35eded1c95d3be]::run_test::{closure#0}
[INFO] [stdout]   16:     0x5a25d82b4db4 - std[70759c8f55707aa4]::sys::backtrace::__rust_begin_short_backtrace::<test[9d35eded1c95d3be]::run_test::{closure#1}, ()>
[INFO] [stdout]   17:     0x5a25d82be652 - <std[70759c8f55707aa4]::thread::lifecycle::spawn_unchecked<test[9d35eded1c95d3be]::run_test::{closure#1}, ()>::{closure#1} as core[df12db4294e9bfd3]::ops::function::FnOnce<()>>::call_once::{shim:vtable#0}
[INFO] [stdout]   18:     0x5a25d838ca89 - <std[70759c8f55707aa4]::sys::thread::unix::Thread>::new::thread_start
[INFO] [stdout]   19:     0x7d4d499e6dfa - <unknown>
[INFO] [stdout]   20:     0x7d4d49a7a3d4 - clone
[INFO] [stdout]   21:                0x0 - <unknown>
[INFO] [stdout] 
[INFO] [stdout] ---- cmd_git::tests::test_get_files_include_submodule stdout ----
[INFO] [stdout] 
[INFO] [stdout] thread 'cmd_git::tests::test_get_files_include_submodule' (1716) panicked at src/cmd_git.rs:269:45:
[INFO] [stdout] called `Result::unwrap()` on an `Err` value: failed to execute git command (cd .; git ls-files --cached --exclude-standard --recurse-submodules)
[INFO] [stdout] fatal: not a git repository (or any parent up to mount point /opt/rustwide)
[INFO] [stdout] Stopping at filesystem boundary (GIT_DISCOVERY_ACROSS_FILESYSTEM not set).
[INFO] [stdout] 
[INFO] [stdout] stack backtrace:
[INFO] [stdout]    0:     0x5a25d838d521 - <<std[70759c8f55707aa4]::sys::backtrace::BacktraceLock>::print::DisplayBacktrace as core[df12db4294e9bfd3]::fmt::Display>::fmt
[INFO] [stdout]    1:     0x5a25d83a3a8a - core[df12db4294e9bfd3]::fmt::write
[INFO] [stdout]    2:     0x5a25d8392a5c - <alloc[2182bb758b4b3781]::vec::Vec<u8> as core[df12db4294e9bfd3]::io::write::Write>::write_fmt
[INFO] [stdout]    3:     0x5a25d8368b56 - std[70759c8f55707aa4]::panicking::default_hook::{closure#0}
[INFO] [stdout]    4:     0x5a25d83857c9 - std[70759c8f55707aa4]::panicking::default_hook
[INFO] [stdout]    5:     0x5a25d82baba0 - test[9d35eded1c95d3be]::test_main_inner::<test[9d35eded1c95d3be]::test_main_static::{closure#0}>::{closure#0}
[INFO] [stdout]    6:     0x5a25d8385982 - std[70759c8f55707aa4]::panicking::panic_with_hook
[INFO] [stdout]    7:     0x5a25d8368c02 - std[70759c8f55707aa4]::panicking::panic_handler::{closure#0}
[INFO] [stdout]    8:     0x5a25d8361699 - std[70759c8f55707aa4]::sys::backtrace::__rust_end_short_backtrace::<std[70759c8f55707aa4]::panicking::panic_handler::{closure#0}, !>
[INFO] [stdout]    9:     0x5a25d836987d - __rustc[8fa7c3cbc660c2b3]::rust_begin_unwind
[INFO] [stdout]   10:     0x5a25d83a41bc - core[df12db4294e9bfd3]::panicking::panic_fmt
[INFO] [stdout]   11:     0x5a25d83a3f92 - core[df12db4294e9bfd3]::result::unwrap_failed
[INFO] [stdout]   12:     0x5a25d8296fb9 - ptagslib[a6c15cba368093cb]::cmd_git::tests::test_get_files_include_submodule
[INFO] [stdout]   13:     0x5a25d82adb49 - <ptagslib[a6c15cba368093cb]::cmd_git::tests::test_get_files_include_submodule::{closure#0} as core[df12db4294e9bfd3]::ops::function::FnOnce<()>>::call_once
[INFO] [stdout]   14:     0x5a25d82ade8b - test[9d35eded1c95d3be]::__rust_begin_short_backtrace::<core[df12db4294e9bfd3]::result::Result<(), alloc[2182bb758b4b3781]::string::String>, fn() -> core[df12db4294e9bfd3]::result::Result<(), alloc[2182bb758b4b3781]::string::String>>
[INFO] [stdout]   15:     0x5a25d82bb4f5 - test[9d35eded1c95d3be]::run_test::{closure#0}
[INFO] [stdout]   16:     0x5a25d82b4db4 - std[70759c8f55707aa4]::sys::backtrace::__rust_begin_short_backtrace::<test[9d35eded1c95d3be]::run_test::{closure#1}, ()>
[INFO] [stdout]   17:     0x5a25d82be652 - <std[70759c8f55707aa4]::thread::lifecycle::spawn_unchecked<test[9d35eded1c95d3be]::run_test::{closure#1}, ()>::{closure#1} as core[df12db4294e9bfd3]::ops::function::FnOnce<()>>::call_once::{shim:vtable#0}
[INFO] [stdout]   18:     0x5a25d838ca89 - <std[70759c8f55707aa4]::sys::thread::unix::Thread>::new::thread_start
[INFO] [stdout]   19:     0x7d4d499e6dfa - <unknown>
[INFO] [stdout]   20:     0x7d4d49a7a3d4 - clone
[INFO] [stdout]   21:                0x0 - <unknown>
[INFO] [stdout] 
[INFO] [stdout] ---- cmd_ctags::tests::test_call stdout ----
[INFO] [stdout] 
[INFO] [stdout] thread 'cmd_ctags::tests::test_call' (1699) panicked at src/cmd_ctags.rs:200:37:
[INFO] [stdout] called `Result::unwrap()` on an `Err` value: failed to execute git command (cd .; git ls-files --cached --exclude-standard)
[INFO] [stdout] fatal: not a git repository (or any parent up to mount point /opt/rustwide)
[INFO] [stdout] Stopping at filesystem boundary (GIT_DISCOVERY_ACROSS_FILESYSTEM not set).
[INFO] [stdout] 
[INFO] [stdout] stack backtrace:
[INFO] [stdout]    0:     0x5a25d838d521 - <<std[70759c8f55707aa4]::sys::backtrace::BacktraceLock>::print::DisplayBacktrace as core[df12db4294e9bfd3]::fmt::Display>::fmt
[INFO] [stdout]    1:     0x5a25d83a3a8a - core[df12db4294e9bfd3]::fmt::write
[INFO] [stdout]    2:     0x5a25d8392a5c - <alloc[2182bb758b4b3781]::vec::Vec<u8> as core[df12db4294e9bfd3]::io::write::Write>::write_fmt
[INFO] [stdout]    3:     0x5a25d8368b56 - std[70759c8f55707aa4]::panicking::default_hook::{closure#0}
[INFO] [stdout]    4:     0x5a25d83857c9 - std[70759c8f55707aa4]::panicking::default_hook
[INFO] [stderr] error: test failed, to rerun pass `--lib`
[INFO] [stdout]    5:     0x5a25d82baba0 - test[9d35eded1c95d3be]::test_main_inner::<test[9d35eded1c95d3be]::test_main_static::{closure#0}>::{closure#0}
[INFO] [stdout]    6:     0x5a25d8385982 - std[70759c8f55707aa4]::panicking::panic_with_hook
[INFO] [stdout]    7:     0x5a25d8368c02 - std[70759c8f55707aa4]::panicking::panic_handler::{closure#0}
[INFO] [stdout]    8:     0x5a25d8361699 - std[70759c8f55707aa4]::sys::backtrace::__rust_end_short_backtrace::<std[70759c8f55707aa4]::panicking::panic_handler::{closure#0}, !>
[INFO] [stdout]    9:     0x5a25d836987d - __rustc[8fa7c3cbc660c2b3]::rust_begin_unwind
[INFO] [stdout]   10:     0x5a25d83a41bc - core[df12db4294e9bfd3]::panicking::panic_fmt
[INFO] [stdout]   11:     0x5a25d83a3f92 - core[df12db4294e9bfd3]::result::unwrap_failed
[INFO] [stdout]   12:     0x5a25d829a655 - ptagslib[a6c15cba368093cb]::cmd_ctags::tests::test_call
[INFO] [stdout]   13:     0x5a25d82adc29 - <ptagslib[a6c15cba368093cb]::cmd_ctags::tests::test_call::{closure#0} as core[df12db4294e9bfd3]::ops::function::FnOnce<()>>::call_once
[INFO] [stdout]   14:     0x5a25d82ade8b - test[9d35eded1c95d3be]::__rust_begin_short_backtrace::<core[df12db4294e9bfd3]::result::Result<(), alloc[2182bb758b4b3781]::string::String>, fn() -> core[df12db4294e9bfd3]::result::Result<(), alloc[2182bb758b4b3781]::string::String>>
[INFO] [stdout]   15:     0x5a25d82bb4f5 - test[9d35eded1c95d3be]::run_test::{closure#0}
[INFO] [stdout]   16:     0x5a25d82b4db4 - std[70759c8f55707aa4]::sys::backtrace::__rust_begin_short_backtrace::<test[9d35eded1c95d3be]::run_test::{closure#1}, ()>
[INFO] [stdout]   17:     0x5a25d82be652 - <std[70759c8f55707aa4]::thread::lifecycle::spawn_unchecked<test[9d35eded1c95d3be]::run_test::{closure#1}, ()>::{closure#1} as core[df12db4294e9bfd3]::ops::function::FnOnce<()>>::call_once::{shim:vtable#0}
[INFO] [stdout]   18:     0x5a25d838ca89 - <std[70759c8f55707aa4]::sys::thread::unix::Thread>::new::thread_start
[INFO] [stdout]   19:     0x7d4d499e6dfa - <unknown>
[INFO] [stdout]   20:     0x7d4d49a7a3d4 - clone
[INFO] [stdout]   21:                0x0 - <unknown>
[INFO] [stdout] 
[INFO] [stdout] ---- cmd_git::tests::test_get_files_exclude_lfs stdout ----
[INFO] [stdout] 
[INFO] [stdout] thread 'cmd_git::tests::test_get_files_exclude_lfs' (1713) panicked at src/cmd_git.rs:222:45:
[INFO] [stdout] called `Result::unwrap()` on an `Err` value: failed to execute git command (cd .; git ls-files --cached --exclude-standard)
[INFO] [stdout] fatal: not a git repository (or any parent up to mount point /opt/rustwide)
[INFO] [stdout] Stopping at filesystem boundary (GIT_DISCOVERY_ACROSS_FILESYSTEM not set).
[INFO] [stdout] 
[INFO] [stdout] stack backtrace:
[INFO] [stdout]    0:     0x5a25d838d521 - <<std[70759c8f55707aa4]::sys::backtrace::BacktraceLock>::print::DisplayBacktrace as core[df12db4294e9bfd3]::fmt::Display>::fmt
[INFO] [stdout]    1:     0x5a25d83a3a8a - core[df12db4294e9bfd3]::fmt::write
[INFO] [stdout]    2:     0x5a25d8392a5c - <alloc[2182bb758b4b3781]::vec::Vec<u8> as core[df12db4294e9bfd3]::io::write::Write>::write_fmt
[INFO] [stdout]    3:     0x5a25d8368b56 - std[70759c8f55707aa4]::panicking::default_hook::{closure#0}
[INFO] [stdout]    4:     0x5a25d83857c9 - std[70759c8f55707aa4]::panicking::default_hook
[INFO] [stdout]    5:     0x5a25d82baba0 - test[9d35eded1c95d3be]::test_main_inner::<test[9d35eded1c95d3be]::test_main_static::{closure#0}>::{closure#0}
[INFO] [stdout]    6:     0x5a25d8385982 - std[70759c8f55707aa4]::panicking::panic_with_hook
[INFO] [stdout]    7:     0x5a25d8368c02 - std[70759c8f55707aa4]::panicking::panic_handler::{closure#0}
[INFO] [stdout]    8:     0x5a25d8361699 - std[70759c8f55707aa4]::sys::backtrace::__rust_end_short_backtrace::<std[70759c8f55707aa4]::panicking::panic_handler::{closure#0}, !>
[INFO] [stdout]    9:     0x5a25d836987d - __rustc[8fa7c3cbc660c2b3]::rust_begin_unwind
[INFO] [stdout]   10:     0x5a25d83a41bc - core[df12db4294e9bfd3]::panicking::panic_fmt
[INFO] [stdout]   11:     0x5a25d83a3f92 - core[df12db4294e9bfd3]::result::unwrap_failed
[INFO] [stdout]   12:     0x5a25d82962ec - ptagslib[a6c15cba368093cb]::cmd_git::tests::test_get_files_exclude_lfs
[INFO] [stdout]   13:     0x5a25d82adae9 - <ptagslib[a6c15cba368093cb]::cmd_git::tests::test_get_files_exclude_lfs::{closure#0} as core[df12db4294e9bfd3]::ops::function::FnOnce<()>>::call_once
[INFO] [stdout]   14:     0x5a25d82ade8b - test[9d35eded1c95d3be]::__rust_begin_short_backtrace::<core[df12db4294e9bfd3]::result::Result<(), alloc[2182bb758b4b3781]::string::String>, fn() -> core[df12db4294e9bfd3]::result::Result<(), alloc[2182bb758b4b3781]::string::String>>
[INFO] [stdout]   15:     0x5a25d82bb4f5 - test[9d35eded1c95d3be]::run_test::{closure#0}
[INFO] [stdout]   16:     0x5a25d82b4db4 - std[70759c8f55707aa4]::sys::backtrace::__rust_begin_short_backtrace::<test[9d35eded1c95d3be]::run_test::{closure#1}, ()>
[INFO] [stdout]   17:     0x5a25d82be652 - <std[70759c8f55707aa4]::thread::lifecycle::spawn_unchecked<test[9d35eded1c95d3be]::run_test::{closure#1}, ()>::{closure#1} as core[df12db4294e9bfd3]::ops::function::FnOnce<()>>::call_once::{shim:vtable#0}
[INFO] [stdout]   18:     0x5a25d838ca89 - <std[70759c8f55707aa4]::sys::thread::unix::Thread>::new::thread_start
[INFO] [stdout]   19:     0x7d4d499e6dfa - <unknown>
[INFO] [stdout]   20:     0x7d4d49a7a3d4 - clone
[INFO] [stdout]   21:                0x0 - <unknown>
[INFO] [stdout] 
[INFO] [stdout] ---- cmd_ctags::tests::test_call_with_opt stdout ----
[INFO] [stdout] 
[INFO] [stdout] thread 'cmd_ctags::tests::test_call_with_opt' (1701) panicked at src/cmd_ctags.rs:213:37:
[INFO] [stdout] called `Result::unwrap()` on an `Err` value: failed to execute git command (cd .; git ls-files --cached --exclude-standard)
[INFO] [stdout] fatal: not a git repository (or any parent up to mount point /opt/rustwide)
[INFO] [stdout] Stopping at filesystem boundary (GIT_DISCOVERY_ACROSS_FILESYSTEM not set).
[INFO] [stdout] 
[INFO] [stdout] stack backtrace:
[INFO] [stdout]    0:     0x5a25d838d521 - <<std[70759c8f55707aa4]::sys::backtrace::BacktraceLock>::print::DisplayBacktrace as core[df12db4294e9bfd3]::fmt::Display>::fmt
[INFO] [stdout]    1:     0x5a25d83a3a8a - core[df12db4294e9bfd3]::fmt::write
[INFO] [stdout]    2:     0x5a25d8392a5c - <alloc[2182bb758b4b3781]::vec::Vec<u8> as core[df12db4294e9bfd3]::io::write::Write>::write_fmt
[INFO] [stdout]    3:     0x5a25d8368b56 - std[70759c8f55707aa4]::panicking::default_hook::{closure#0}
[INFO] [stdout]    4:     0x5a25d83857c9 - std[70759c8f55707aa4]::panicking::default_hook
[INFO] [stdout]    5:     0x5a25d82baba0 - test[9d35eded1c95d3be]::test_main_inner::<test[9d35eded1c95d3be]::test_main_static::{closure#0}>::{closure#0}
[INFO] [stdout]    6:     0x5a25d8385982 - std[70759c8f55707aa4]::panicking::panic_with_hook
[INFO] [stdout]    7:     0x5a25d8368c02 - std[70759c8f55707aa4]::panicking::panic_handler::{closure#0}
[INFO] [stdout]    8:     0x5a25d8361699 - std[70759c8f55707aa4]::sys::backtrace::__rust_end_short_backtrace::<std[70759c8f55707aa4]::panicking::panic_handler::{closure#0}, !>
[INFO] [stdout]    9:     0x5a25d836987d - __rustc[8fa7c3cbc660c2b3]::rust_begin_unwind
[INFO] [stdout]   10:     0x5a25d83a41bc - core[df12db4294e9bfd3]::panicking::panic_fmt
[INFO] [stdout]   11:     0x5a25d83a3f92 - core[df12db4294e9bfd3]::result::unwrap_failed
[INFO] [stdout]   12:     0x5a25d8299ef5 - ptagslib[a6c15cba368093cb]::cmd_ctags::tests::test_call_with_opt
[INFO] [stdout]   13:     0x5a25d82adbe9 - <ptagslib[a6c15cba368093cb]::cmd_ctags::tests::test_call_with_opt::{closure#0} as core[df12db4294e9bfd3]::ops::function::FnOnce<()>>::call_once
[INFO] [stdout]   14:     0x5a25d82ade8b - test[9d35eded1c95d3be]::__rust_begin_short_backtrace::<core[df12db4294e9bfd3]::result::Result<(), alloc[2182bb758b4b3781]::string::String>, fn() -> core[df12db4294e9bfd3]::result::Result<(), alloc[2182bb758b4b3781]::string::String>>
[INFO] [stdout]   15:     0x5a25d82bb4f5 - test[9d35eded1c95d3be]::run_test::{closure#0}
[INFO] [stdout]   16:     0x5a25d82b4db4 - std[70759c8f55707aa4]::sys::backtrace::__rust_begin_short_backtrace::<test[9d35eded1c95d3be]::run_test::{closure#1}, ()>
[INFO] [stdout]   17:     0x5a25d82be652 - <std[70759c8f55707aa4]::thread::lifecycle::spawn_unchecked<test[9d35eded1c95d3be]::run_test::{closure#1}, ()>::{closure#1} as core[df12db4294e9bfd3]::ops::function::FnOnce<()>>::call_once::{shim:vtable#0}
[INFO] [stdout]   18:     0x5a25d838ca89 - <std[70759c8f55707aa4]::sys::thread::unix::Thread>::new::thread_start
[INFO] [stdout]   19:     0x7d4d499e6dfa - <unknown>
[INFO] [stdout]   20:     0x7d4d49a7a3d4 - clone
[INFO] [stdout]   21:                0x0 - <unknown>
[INFO] [stdout] 
[INFO] [stdout] ---- cmd_git::tests::test_get_files stdout ----
[INFO] [stdout] 
[INFO] [stdout] thread 'cmd_git::tests::test_get_files' (1711) panicked at src/cmd_git.rs:214:45:
[INFO] [stdout] called `Result::unwrap()` on an `Err` value: failed to execute git command (cd .; git ls-files --cached --exclude-standard)
[INFO] [stdout] fatal: not a git repository (or any parent up to mount point /opt/rustwide)
[INFO] [stdout] Stopping at filesystem boundary (GIT_DISCOVERY_ACROSS_FILESYSTEM not set).
[INFO] [stdout] 
[INFO] [stdout] stack backtrace:
[INFO] [stdout]    0:     0x5a25d838d521 - <<std[70759c8f55707aa4]::sys::backtrace::BacktraceLock>::print::DisplayBacktrace as core[df12db4294e9bfd3]::fmt::Display>::fmt
[INFO] [stdout]    1:     0x5a25d83a3a8a - core[df12db4294e9bfd3]::fmt::write
[INFO] [stdout]    2:     0x5a25d8392a5c - <alloc[2182bb758b4b3781]::vec::Vec<u8> as core[df12db4294e9bfd3]::io::write::Write>::write_fmt
[INFO] [stdout]    3:     0x5a25d8368b56 - std[70759c8f55707aa4]::panicking::default_hook::{closure#0}
[INFO] [stdout]    4:     0x5a25d83857c9 - std[70759c8f55707aa4]::panicking::default_hook
[INFO] [stdout]    5:     0x5a25d82baba0 - test[9d35eded1c95d3be]::test_main_inner::<test[9d35eded1c95d3be]::test_main_static::{closure#0}>::{closure#0}
[INFO] [stdout]    6:     0x5a25d8385982 - std[70759c8f55707aa4]::panicking::panic_with_hook
[INFO] [stdout]    7:     0x5a25d8368c02 - std[70759c8f55707aa4]::panicking::panic_handler::{closure#0}
[INFO] [stdout]    8:     0x5a25d8361699 - std[70759c8f55707aa4]::sys::backtrace::__rust_end_short_backtrace::<std[70759c8f55707aa4]::panicking::panic_handler::{closure#0}, !>
[INFO] [stdout]    9:     0x5a25d836987d - __rustc[8fa7c3cbc660c2b3]::rust_begin_unwind
[INFO] [stdout]   10:     0x5a25d83a41bc - core[df12db4294e9bfd3]::panicking::panic_fmt
[INFO] [stdout]   11:     0x5a25d83a3f92 - core[df12db4294e9bfd3]::result::unwrap_failed
[INFO] [stdout]   12:     0x5a25d8295cd9 - ptagslib[a6c15cba368093cb]::cmd_git::tests::test_get_files
[INFO] [stdout]   13:     0x5a25d82adaa9 - <ptagslib[a6c15cba368093cb]::cmd_git::tests::test_get_files::{closure#0} as core[df12db4294e9bfd3]::ops::function::FnOnce<()>>::call_once
[INFO] [stdout]   14:     0x5a25d82ade8b - test[9d35eded1c95d3be]::__rust_begin_short_backtrace::<core[df12db4294e9bfd3]::result::Result<(), alloc[2182bb758b4b3781]::string::String>, fn() -> core[df12db4294e9bfd3]::result::Result<(), alloc[2182bb758b4b3781]::string::String>>
[INFO] [stdout]   15:     0x5a25d82bb4f5 - test[9d35eded1c95d3be]::run_test::{closure#0}
[INFO] [stdout]   16:     0x5a25d82b4db4 - std[70759c8f55707aa4]::sys::backtrace::__rust_begin_short_backtrace::<test[9d35eded1c95d3be]::run_test::{closure#1}, ()>
[INFO] [stdout]   17:     0x5a25d82be652 - <std[70759c8f55707aa4]::thread::lifecycle::spawn_unchecked<test[9d35eded1c95d3be]::run_test::{closure#1}, ()>::{closure#1} as core[df12db4294e9bfd3]::ops::function::FnOnce<()>>::call_once::{shim:vtable#0}
[INFO] [stdout]   18:     0x5a25d838ca89 - <std[70759c8f55707aa4]::sys::thread::unix::Thread>::new::thread_start
[INFO] [stdout]   19:     0x7d4d499e6dfa - <unknown>
[INFO] [stdout]   20:     0x7d4d49a7a3d4 - clone
[INFO] [stdout]   21:                0x0 - <unknown>
[INFO] [stdout] 
[INFO] [stdout] ---- cmd_git::tests::test_get_files_exclude_lfs_cd stdout ----
[INFO] [stdout] 
[INFO] [stdout] thread 'cmd_git::tests::test_get_files_exclude_lfs_cd' (1714) panicked at src/cmd_git.rs:236:45:
[INFO] [stdout] called `Result::unwrap()` on an `Err` value: failed to execute git command (cd src; git ls-files --cached --exclude-standard)
[INFO] [stdout] fatal: not a git repository (or any parent up to mount point /opt/rustwide)
[INFO] [stdout] Stopping at filesystem boundary (GIT_DISCOVERY_ACROSS_FILESYSTEM not set).
[INFO] [stdout] 
[INFO] [stdout] stack backtrace:
[INFO] [stdout]    0:     0x5a25d838d521 - <<std[70759c8f55707aa4]::sys::backtrace::BacktraceLock>::print::DisplayBacktrace as core[df12db4294e9bfd3]::fmt::Display>::fmt
[INFO] [stdout]    1:     0x5a25d83a3a8a - core[df12db4294e9bfd3]::fmt::write
[INFO] [stdout]    2:     0x5a25d8392a5c - <alloc[2182bb758b4b3781]::vec::Vec<u8> as core[df12db4294e9bfd3]::io::write::Write>::write_fmt
[INFO] [stdout]    3:     0x5a25d8368b56 - std[70759c8f55707aa4]::panicking::default_hook::{closure#0}
[INFO] [stdout]    4:     0x5a25d83857c9 - std[70759c8f55707aa4]::panicking::default_hook
[INFO] [stdout]    5:     0x5a25d82baba0 - test[9d35eded1c95d3be]::test_main_inner::<test[9d35eded1c95d3be]::test_main_static::{closure#0}>::{closure#0}
[INFO] [stdout]    6:     0x5a25d8385982 - std[70759c8f55707aa4]::panicking::panic_with_hook
[INFO] [stdout]    7:     0x5a25d8368c02 - std[70759c8f55707aa4]::panicking::panic_handler::{closure#0}
[INFO] [stdout]    8:     0x5a25d8361699 - std[70759c8f55707aa4]::sys::backtrace::__rust_end_short_backtrace::<std[70759c8f55707aa4]::panicking::panic_handler::{closure#0}, !>
[INFO] [stdout]    9:     0x5a25d836987d - __rustc[8fa7c3cbc660c2b3]::rust_begin_unwind
[INFO] [stdout]   10:     0x5a25d83a41bc - core[df12db4294e9bfd3]::panicking::panic_fmt
[INFO] [stdout]   11:     0x5a25d83a3f92 - core[df12db4294e9bfd3]::result::unwrap_failed
[INFO] [stdout]   12:     0x5a25d82966ea - ptagslib[a6c15cba368093cb]::cmd_git::tests::test_get_files_exclude_lfs_cd
[INFO] [stdout]   13:     0x5a25d82adb09 - <ptagslib[a6c15cba368093cb]::cmd_git::tests::test_get_files_exclude_lfs_cd::{closure#0} as core[df12db4294e9bfd3]::ops::function::FnOnce<()>>::call_once
[INFO] [stdout]   14:     0x5a25d82ade8b - test[9d35eded1c95d3be]::__rust_begin_short_backtrace::<core[df12db4294e9bfd3]::result::Result<(), alloc[2182bb758b4b3781]::string::String>, fn() -> core[df12db4294e9bfd3]::result::Result<(), alloc[2182bb758b4b3781]::string::String>>
[INFO] [stdout]   15:     0x5a25d82bb4f5 - test[9d35eded1c95d3be]::run_test::{closure#0}
[INFO] [stdout]   16:     0x5a25d82b4db4 - std[70759c8f55707aa4]::sys::backtrace::__rust_begin_short_backtrace::<test[9d35eded1c95d3be]::run_test::{closure#1}, ()>
[INFO] [stdout]   17:     0x5a25d82be652 - <std[70759c8f55707aa4]::thread::lifecycle::spawn_unchecked<test[9d35eded1c95d3be]::run_test::{closure#1}, ()>::{closure#1} as core[df12db4294e9bfd3]::ops::function::FnOnce<()>>::call_once::{shim:vtable#0}
[INFO] [stdout]   18:     0x5a25d838ca89 - <std[70759c8f55707aa4]::sys::thread::unix::Thread>::new::thread_start
[INFO] [stdout]   19:     0x7d4d499e6dfa - <unknown>
[INFO] [stdout]   20:     0x7d4d49a7a3d4 - clone
[INFO] [stdout]   21:                0x0 - <unknown>
[INFO] [stdout] 
[INFO] [stdout] ---- cmd_ctags::tests::test_command_fail stdout ----
[INFO] [stdout] 
[INFO] [stdout] thread 'cmd_ctags::tests::test_command_fail' (1705) panicked at src/cmd_ctags.rs:253:37:
[INFO] [stdout] called `Result::unwrap()` on an `Err` value: failed to execute git command (cd .; git ls-files --cached --exclude-standard)
[INFO] [stdout] fatal: not a git repository (or any parent up to mount point /opt/rustwide)
[INFO] [stdout] Stopping at filesystem boundary (GIT_DISCOVERY_ACROSS_FILESYSTEM not set).
[INFO] [stdout] 
[INFO] [stdout] stack backtrace:
[INFO] [stdout]    0:     0x5a25d838d521 - <<std[70759c8f55707aa4]::sys::backtrace::BacktraceLock>::print::DisplayBacktrace as core[df12db4294e9bfd3]::fmt::Display>::fmt
[INFO] [stdout]    1:     0x5a25d83a3a8a - core[df12db4294e9bfd3]::fmt::write
[INFO] [stdout]    2:     0x5a25d8392a5c - <alloc[2182bb758b4b3781]::vec::Vec<u8> as core[df12db4294e9bfd3]::io::write::Write>::write_fmt
[INFO] [stdout]    3:     0x5a25d8368b56 - std[70759c8f55707aa4]::panicking::default_hook::{closure#0}
[INFO] [stdout]    4:     0x5a25d83857c9 - std[70759c8f55707aa4]::panicking::default_hook
[INFO] [stdout]    5:     0x5a25d82baba0 - test[9d35eded1c95d3be]::test_main_inner::<test[9d35eded1c95d3be]::test_main_static::{closure#0}>::{closure#0}
[INFO] [stdout]    6:     0x5a25d8385982 - std[70759c8f55707aa4]::panicking::panic_with_hook
[INFO] [stdout]    7:     0x5a25d8368c02 - std[70759c8f55707aa4]::panicking::panic_handler::{closure#0}
[INFO] [stdout]    8:     0x5a25d8361699 - std[70759c8f55707aa4]::sys::backtrace::__rust_end_short_backtrace::<std[70759c8f55707aa4]::panicking::panic_handler::{closure#0}, !>
[INFO] [stdout]    9:     0x5a25d836987d - __rustc[8fa7c3cbc660c2b3]::rust_begin_unwind
[INFO] [stdout]   10:     0x5a25d83a41bc - core[df12db4294e9bfd3]::panicking::panic_fmt
[INFO] [stdout]   11:     0x5a25d83a3f92 - core[df12db4294e9bfd3]::result::unwrap_failed
[INFO] [stdout]   12:     0x5a25d8299aca - ptagslib[a6c15cba368093cb]::cmd_ctags::tests::test_command_fail
[INFO] [stdout]   13:     0x5a25d82adbc9 - <ptagslib[a6c15cba368093cb]::cmd_ctags::tests::test_command_fail::{closure#0} as core[df12db4294e9bfd3]::ops::function::FnOnce<()>>::call_once
[INFO] [stdout]   14:     0x5a25d82ade8b - test[9d35eded1c95d3be]::__rust_begin_short_backtrace::<core[df12db4294e9bfd3]::result::Result<(), alloc[2182bb758b4b3781]::string::String>, fn() -> core[df12db4294e9bfd3]::result::Result<(), alloc[2182bb758b4b3781]::string::String>>
[INFO] [stdout]   15:     0x5a25d82bb4f5 - test[9d35eded1c95d3be]::run_test::{closure#0}
[INFO] [stdout]   16:     0x5a25d82b4db4 - std[70759c8f55707aa4]::sys::backtrace::__rust_begin_short_backtrace::<test[9d35eded1c95d3be]::run_test::{closure#1}, ()>
[INFO] [stdout]   17:     0x5a25d82be652 - <std[70759c8f55707aa4]::thread::lifecycle::spawn_unchecked<test[9d35eded1c95d3be]::run_test::{closure#1}, ()>::{closure#1} as core[df12db4294e9bfd3]::ops::function::FnOnce<()>>::call_once::{shim:vtable#0}
[INFO] [stdout]   18:     0x5a25d838ca89 - <std[70759c8f55707aa4]::sys::thread::unix::Thread>::new::thread_start
[INFO] [stdout]   19:     0x7d4d499e6dfa - <unknown>
[INFO] [stdout]   20:     0x7d4d49a7a3d4 - clone
[INFO] [stdout]   21:                0x0 - <unknown>
[INFO] [stdout] 
[INFO] [stdout] ---- cmd_ctags::tests::test_call_exclude stdout ----
[INFO] [stdout] Call : cd .; git ls-files --cached --exclude-standard
[INFO] [stdout] 
[INFO] [stdout] thread 'cmd_ctags::tests::test_call_exclude' (1700) panicked at src/cmd_ctags.rs:233:37:
[INFO] [stdout] called `Result::unwrap()` on an `Err` value: failed to execute git command (cd .; git ls-files --cached --exclude-standard)
[INFO] [stdout] fatal: not a git repository (or any parent up to mount point /opt/rustwide)
[INFO] [stdout] Stopping at filesystem boundary (GIT_DISCOVERY_ACROSS_FILESYSTEM not set).
[INFO] [stdout] 
[INFO] [stdout] stack backtrace:
[INFO] [stdout]    0:     0x5a25d838d521 - <<std[70759c8f55707aa4]::sys::backtrace::BacktraceLock>::print::DisplayBacktrace as core[df12db4294e9bfd3]::fmt::Display>::fmt
[INFO] [stdout]    1:     0x5a25d83a3a8a - core[df12db4294e9bfd3]::fmt::write
[INFO] [stdout]    2:     0x5a25d8392a5c - <alloc[2182bb758b4b3781]::vec::Vec<u8> as core[df12db4294e9bfd3]::io::write::Write>::write_fmt
[INFO] [stdout]    3:     0x5a25d8368b56 - std[70759c8f55707aa4]::panicking::default_hook::{closure#0}
[INFO] [stdout]    4:     0x5a25d83857c9 - std[70759c8f55707aa4]::panicking::default_hook
[INFO] [stdout]    5:     0x5a25d82baba0 - test[9d35eded1c95d3be]::test_main_inner::<test[9d35eded1c95d3be]::test_main_static::{closure#0}>::{closure#0}
[INFO] [stdout]    6:     0x5a25d8385982 - std[70759c8f55707aa4]::panicking::panic_with_hook
[INFO] [stdout]    7:     0x5a25d8368c02 - std[70759c8f55707aa4]::panicking::panic_handler::{closure#0}
[INFO] [stdout]    8:     0x5a25d8361699 - std[70759c8f55707aa4]::sys::backtrace::__rust_end_short_backtrace::<std[70759c8f55707aa4]::panicking::panic_handler::{closure#0}, !>
[INFO] [stdout]    9:     0x5a25d836987d - __rustc[8fa7c3cbc660c2b3]::rust_begin_unwind
[INFO] [stdout]   10:     0x5a25d83a41bc - core[df12db4294e9bfd3]::panicking::panic_fmt
[INFO] [stdout]   11:     0x5a25d83a3f92 - core[df12db4294e9bfd3]::result::unwrap_failed
[INFO] [stdout]   12:     0x5a25d8299672 - ptagslib[a6c15cba368093cb]::cmd_ctags::tests::test_call_exclude
[INFO] [stdout]   13:     0x5a25d82adba9 - <ptagslib[a6c15cba368093cb]::cmd_ctags::tests::test_call_exclude::{closure#0} as core[df12db4294e9bfd3]::ops::function::FnOnce<()>>::call_once
[INFO] [stdout]   14:     0x5a25d82ade8b - test[9d35eded1c95d3be]::__rust_begin_short_backtrace::<core[df12db4294e9bfd3]::result::Result<(), alloc[2182bb758b4b3781]::string::String>, fn() -> core[df12db4294e9bfd3]::result::Result<(), alloc[2182bb758b4b3781]::string::String>>
[INFO] [stdout]   15:     0x5a25d82bb4f5 - test[9d35eded1c95d3be]::run_test::{closure#0}
[INFO] [stdout]   16:     0x5a25d82b4db4 - std[70759c8f55707aa4]::sys::backtrace::__rust_begin_short_backtrace::<test[9d35eded1c95d3be]::run_test::{closure#1}, ()>
[INFO] [stdout]   17:     0x5a25d82be652 - <std[70759c8f55707aa4]::thread::lifecycle::spawn_unchecked<test[9d35eded1c95d3be]::run_test::{closure#1}, ()>::{closure#1} as core[df12db4294e9bfd3]::ops::function::FnOnce<()>>::call_once::{shim:vtable#0}
[INFO] [stdout]   18:     0x5a25d838ca89 - <std[70759c8f55707aa4]::sys::thread::unix::Thread>::new::thread_start
[INFO] [stdout]   19:     0x7d4d499e6dfa - <unknown>
[INFO] [stdout]   20:     0x7d4d49a7a3d4 - clone
[INFO] [stdout]   21:                0x0 - <unknown>
[INFO] [stdout] 
[INFO] [stdout] ---- bin::tests::test_run stdout ----
[INFO] [stdout] 
[INFO] [stdout] thread 'bin::tests::test_run' (1694) panicked at src/bin.rs:321:9:
[INFO] [stdout] assertion failed: ret.is_ok()
[INFO] [stdout] stack backtrace:
[INFO] [stdout]    0:     0x5a25d838d521 - <<std[70759c8f55707aa4]::sys::backtrace::BacktraceLock>::print::DisplayBacktrace as core[df12db4294e9bfd3]::fmt::Display>::fmt
[INFO] [stdout]    1:     0x5a25d83a3a8a - core[df12db4294e9bfd3]::fmt::write
[INFO] [stdout]    2:     0x5a25d8392a5c - <alloc[2182bb758b4b3781]::vec::Vec<u8> as core[df12db4294e9bfd3]::io::write::Write>::write_fmt
[INFO] [stdout]    3:     0x5a25d8368b56 - std[70759c8f55707aa4]::panicking::default_hook::{closure#0}
[INFO] [stdout]    4:     0x5a25d83857c9 - std[70759c8f55707aa4]::panicking::default_hook
[INFO] [stdout]    5:     0x5a25d82baba0 - test[9d35eded1c95d3be]::test_main_inner::<test[9d35eded1c95d3be]::test_main_static::{closure#0}>::{closure#0}
[INFO] [stdout]    6:     0x5a25d8385982 - std[70759c8f55707aa4]::panicking::panic_with_hook
[INFO] [stdout]    7:     0x5a25d8368c34 - std[70759c8f55707aa4]::panicking::panic_handler::{closure#0}
[INFO] [stdout]    8:     0x5a25d8361699 - std[70759c8f55707aa4]::sys::backtrace::__rust_end_short_backtrace::<std[70759c8f55707aa4]::panicking::panic_handler::{closure#0}, !>
[INFO] [stdout]    9:     0x5a25d836987d - __rustc[8fa7c3cbc660c2b3]::rust_begin_unwind
[INFO] [stdout]   10:     0x5a25d83a41bc - core[df12db4294e9bfd3]::panicking::panic_fmt
[INFO] [stdout]   11:     0x5a25d83a4182 - core[df12db4294e9bfd3]::panicking::panic
[INFO] [stdout]   12:     0x5a25d82a0543 - ptagslib[a6c15cba368093cb]::bin::tests::test_run
[INFO] [stdout]   13:     0x5a25d82ada69 - <ptagslib[a6c15cba368093cb]::bin::tests::test_run::{closure#0} as core[df12db4294e9bfd3]::ops::function::FnOnce<()>>::call_once
[INFO] [stdout]   14:     0x5a25d82ade8b - test[9d35eded1c95d3be]::__rust_begin_short_backtrace::<core[df12db4294e9bfd3]::result::Result<(), alloc[2182bb758b4b3781]::string::String>, fn() -> core[df12db4294e9bfd3]::result::Result<(), alloc[2182bb758b4b3781]::string::String>>
[INFO] [stdout]   15:     0x5a25d82bb4f5 - test[9d35eded1c95d3be]::run_test::{closure#0}
[INFO] [stdout]   16:     0x5a25d82b4db4 - std[70759c8f55707aa4]::sys::backtrace::__rust_begin_short_backtrace::<test[9d35eded1c95d3be]::run_test::{closure#1}, ()>
[INFO] [stdout]   17:     0x5a25d82be652 - <std[70759c8f55707aa4]::thread::lifecycle::spawn_unchecked<test[9d35eded1c95d3be]::run_test::{closure#1}, ()>::{closure#1} as core[df12db4294e9bfd3]::ops::function::FnOnce<()>>::call_once::{shim:vtable#0}
[INFO] [stdout]   18:     0x5a25d838ca89 - <std[70759c8f55707aa4]::sys::thread::unix::Thread>::new::thread_start
[INFO] [stdout]   19:     0x7d4d499e6dfa - <unknown>
[INFO] [stdout]   20:     0x7d4d49a7a3d4 - clone
[INFO] [stdout]   21:                0x0 - <unknown>
[INFO] [stdout] 
[INFO] [stdout] 
[INFO] [stdout] failures:
[INFO] [stdout]     bin::tests::test_run
[INFO] [stdout]     bin::tests::test_run_completion
[INFO] [stdout]     bin::tests::test_run_opt
[INFO] [stdout]     cmd_ctags::tests::test_call
[INFO] [stdout]     cmd_ctags::tests::test_call_exclude
[INFO] [stdout]     cmd_ctags::tests::test_call_with_opt
[INFO] [stdout]     cmd_ctags::tests::test_command_fail
[INFO] [stdout]     cmd_ctags::tests::test_ctags_fail
[INFO] [stdout]     cmd_ctags::tests::test_get_tags_header
[INFO] [stdout]     cmd_git::tests::test_get_files
[INFO] [stdout]     cmd_git::tests::test_get_files_exclude_lfs
[INFO] [stdout]     cmd_git::tests::test_get_files_exclude_lfs_cd
[INFO] [stdout]     cmd_git::tests::test_get_files_include_ignored
[INFO] [stdout]     cmd_git::tests::test_get_files_include_submodule
[INFO] [stdout]     cmd_git::tests::test_get_files_include_untracked
[INFO] [stdout] 
[INFO] [stdout] test result: FAILED. 4 passed; 15 failed; 0 ignored; 0 measured; 0 filtered out; finished in 0.11s
[INFO] [stdout] 
[INFO] running `Command { std: "docker" "inspect" "f2f4c8078fad6f7c49abd360923691d1b57bc04e9135bc31a2d9f1b134cbafc9", kill_on_drop: false }`
[INFO] running `Command { std: "docker" "rm" "-f" "f2f4c8078fad6f7c49abd360923691d1b57bc04e9135bc31a2d9f1b134cbafc9", kill_on_drop: false }`
[INFO] [stdout] f2f4c8078fad6f7c49abd360923691d1b57bc04e9135bc31a2d9f1b134cbafc9
