[INFO] fetching crate pspsdk-macros 0.0.1...
[INFO] testing pspsdk-macros-0.0.1 against 1.100.0-beta.1+cargoflags=--release for beta-release-1.100-2
[INFO] extracting crate pspsdk-macros 0.0.1 into /workspace/builds/worker-6-tc2/source
[INFO] started tweaking crates.io crate pspsdk-macros 0.0.1
[INFO] finished tweaking crates.io crate pspsdk-macros 0.0.1
[INFO] tweaked toml for crates.io crate pspsdk-macros 0.0.1 written to /workspace/builds/worker-6-tc2/source/Cargo.toml
[INFO] validating manifest of crates.io crate pspsdk-macros 0.0.1 on toolchain 1.100.0-beta.1
[INFO] running `Command { std: CARGO_HOME="/workspace/cargo-home" RUSTUP_HOME="/workspace/rustup-home" "/workspace/cargo-home/bin/cargo" "+1.100.0-beta.1" "metadata" "--manifest-path" "Cargo.toml" "--no-deps", kill_on_drop: false }`
[INFO] crate crates.io crate pspsdk-macros 0.0.1 already has a lockfile, it will not be regenerated
[INFO] running `Command { std: CARGO_HOME="/workspace/cargo-home" RUSTUP_HOME="/workspace/rustup-home" "/workspace/cargo-home/bin/cargo" "+1.100.0-beta.1" "fetch" "--manifest-path" "Cargo.toml", kill_on_drop: false }`
[INFO] running `Command { std: "docker" "create" "-v" "/var/lib/crater-agent-workspace/builds/worker-6-tc2/source:/opt/rustwide/workdir:ro,Z" "-v" "/var/lib/crater-agent-workspace/builds/worker-6-tc2/target:/opt/rustwide/target:rw,Z" "-v" "/var/lib/crater-agent-workspace/cargo-home:/opt/rustwide/cargo-home:ro,Z" "-v" "/var/lib/crater-agent-workspace/rustup-home:/opt/rustwide/rustup-home:ro,Z" "-m" "1610612736" "--network" "none" "ghcr.io/rust-lang/crates-build-env/linux@sha256:77db811e55d90add9212f6832c23229e3de5f1c1f9905e8cb07319ea15df73ac" "sleep" "infinity", kill_on_drop: false }`
[INFO] [stdout] 191905a0327a53f63db600675a9bf62b6d25d49c8a22cad6fc664d3b35e7f583
[INFO] running `Command { std: "docker" "start" "191905a0327a53f63db600675a9bf62b6d25d49c8a22cad6fc664d3b35e7f583", kill_on_drop: false }`
[INFO] running `Command { std: "docker" "inspect" "191905a0327a53f63db600675a9bf62b6d25d49c8a22cad6fc664d3b35e7f583", kill_on_drop: false }`
[INFO] running `Command { std: "docker" "exec" "-e" "SOURCE_DIR=/opt/rustwide/workdir" "-e" "CARGO_HOME=/opt/rustwide/cargo-home" "-e" "RUSTUP_HOME=/opt/rustwide/rustup-home" "-e" "CARGO_TARGET_DIR=/opt/rustwide/target" "-w" "/opt/rustwide/workdir" "--user" "0:0" "191905a0327a53f63db600675a9bf62b6d25d49c8a22cad6fc664d3b35e7f583" "/opt/rustwide/cargo-home/bin/cargo" "+1.100.0-beta.1" "metadata" "--no-deps" "--format-version=1", kill_on_drop: false }`
[INFO] running `Command { std: "docker" "inspect" "191905a0327a53f63db600675a9bf62b6d25d49c8a22cad6fc664d3b35e7f583", kill_on_drop: false }`
[INFO] running `Command { std: "docker" "exec" "-e" "SOURCE_DIR=/opt/rustwide/workdir" "-e" "CARGO_HOME=/opt/rustwide/cargo-home" "-e" "RUSTUP_HOME=/opt/rustwide/rustup-home" "-e" "CARGO_TARGET_DIR=/opt/rustwide/target" "-e" "CARGO_INCREMENTAL=0" "-e" "RUST_BACKTRACE=full" "-e" "RUSTFLAGS=--cap-lints=warn" "-e" "RUSTDOCFLAGS=--cap-lints=warn" "-w" "/opt/rustwide/workdir" "--user" "0:0" "191905a0327a53f63db600675a9bf62b6d25d49c8a22cad6fc664d3b35e7f583" "/opt/rustwide/cargo-home/bin/cargo" "+1.100.0-beta.1" "build" "--frozen" "--message-format=json" "--release", kill_on_drop: false }`
[INFO] [stderr]    Compiling hybrid-array v0.4.13
[INFO] [stderr]    Compiling quote v1.0.47
[INFO] [stderr]    Compiling cpufeatures v0.3.0
[INFO] [stderr]    Compiling syn v3.0.3
[INFO] [stderr]    Compiling block-buffer v0.12.1
[INFO] [stderr]    Compiling crypto-common v0.2.2
[INFO] [stderr]    Compiling digest v0.11.3
[INFO] [stderr]    Compiling sha1 v0.11.0
[INFO] [stderr]    Compiling pspsdk-macros v0.0.1 (/opt/rustwide/workdir)
[INFO] [stderr]     Finished `release` profile [optimized] target(s) in 17.13s
[INFO] running `Command { std: "docker" "inspect" "191905a0327a53f63db600675a9bf62b6d25d49c8a22cad6fc664d3b35e7f583", kill_on_drop: false }`
[INFO] running `Command { std: "docker" "exec" "-e" "SOURCE_DIR=/opt/rustwide/workdir" "-e" "CARGO_HOME=/opt/rustwide/cargo-home" "-e" "RUSTUP_HOME=/opt/rustwide/rustup-home" "-e" "CARGO_TARGET_DIR=/opt/rustwide/target" "-e" "CARGO_INCREMENTAL=0" "-e" "RUST_BACKTRACE=full" "-e" "RUSTFLAGS=--cap-lints=warn" "-e" "RUSTDOCFLAGS=--cap-lints=warn" "-w" "/opt/rustwide/workdir" "--user" "0:0" "191905a0327a53f63db600675a9bf62b6d25d49c8a22cad6fc664d3b35e7f583" "/opt/rustwide/cargo-home/bin/cargo" "+1.100.0-beta.1" "test" "--frozen" "--no-run" "--message-format=json" "--release", kill_on_drop: false }`
[INFO] [stderr]    Compiling pspsdk-macros v0.0.1 (/opt/rustwide/workdir)
[INFO] [stderr]     Finished `release` profile [optimized] target(s) in 1.58s
[INFO] running `Command { std: "docker" "inspect" "191905a0327a53f63db600675a9bf62b6d25d49c8a22cad6fc664d3b35e7f583", kill_on_drop: false }`
[INFO] running `Command { std: "docker" "exec" "-e" "SOURCE_DIR=/opt/rustwide/workdir" "-e" "CARGO_HOME=/opt/rustwide/cargo-home" "-e" "RUSTUP_HOME=/opt/rustwide/rustup-home" "-e" "CARGO_TARGET_DIR=/opt/rustwide/target" "-e" "CARGO_INCREMENTAL=0" "-e" "RUST_BACKTRACE=full" "-e" "RUSTFLAGS=--cap-lints=warn" "-e" "RUSTDOCFLAGS=--cap-lints=warn" "-w" "/opt/rustwide/workdir" "--user" "0:0" "191905a0327a53f63db600675a9bf62b6d25d49c8a22cad6fc664d3b35e7f583" "/opt/rustwide/cargo-home/bin/cargo" "+1.100.0-beta.1" "test" "--frozen" "--release", kill_on_drop: false }`
[INFO] [stderr]     Finished `release` profile [optimized] target(s) in 0.03s
[INFO] [stderr]      Running unittests src/lib.rs (/opt/rustwide/target/release/build/pspsdk-macros/27abc0c1fbeb1bbf/out/pspsdk_macros-27abc0c1fbeb1bbf)
[INFO] [stdout] 
[INFO] [stderr]    Doc-tests pspsdk_macros
[INFO] [stdout] running 0 tests
[INFO] [stdout] 
[INFO] [stdout] test result: ok. 0 passed; 0 failed; 0 ignored; 0 measured; 0 filtered out; finished in 0.00s
[INFO] [stdout] 
[INFO] [stdout] 
[INFO] [stdout] running 5 tests
[INFO] [stdout] test src/lib.rs - psp_stub (line 67) - compile ... FAILED
[INFO] [stdout] test src/lib.rs - exports (line 220) ... FAILED
[INFO] [stdout] test src/lib.rs - export (line 97) ... FAILED
[INFO] [stdout] test src/lib.rs - psp_stub (line 43) - compile ... FAILED
[INFO] [stdout] test src/lib.rs - psp_stub (line 57) - compile ... FAILED
[INFO] [stdout] 
[INFO] [stdout] failures:
[INFO] [stdout] 
[INFO] [stdout] ---- src/lib.rs - psp_stub (line 67) stdout ----
[INFO] [stdout] error[E0433]: cannot find module or crate `pspsdk` in this scope
[INFO] [stdout]   --> src/lib.rs:68:3
[INFO] [stdout]    |
[INFO] [stdout] 68 | #[pspsdk::psp_stub(libname = "LibraryName", flags = LibFlags::AutoExport.union(LibFlags::WeakImport), version = (1, 0))]
[INFO] [stdout]    |   ^^^^^^ use of unresolved module or unlinked crate `pspsdk`
[INFO] [stdout] 
[INFO] [stdout] error: aborting due to 1 previous error
[INFO] [stdout] 
[INFO] [stdout] For more information about this error, try `rustc --explain E0433`.
[INFO] [stdout] Couldn't compile the test.
[INFO] [stdout] ---- src/lib.rs - exports (line 220) stdout ----
[INFO] [stdout] error[E0433]: cannot find module or crate `pspsdk` in this scope
[INFO] [stdout]    --> src/lib.rs:241:1
[INFO] [stdout]     |
[INFO] [stdout] 241 | pspsdk::exports! {
[INFO] [stdout]     | ^^^^^^ use of unresolved module or unlinked crate `pspsdk`
[INFO] [stdout] 
[INFO] [stdout] error[E0433]: cannot find module or crate `pspsdk` in this scope
[INFO] [stdout]    --> src/lib.rs:221:1
[INFO] [stdout]     |
[INFO] [stdout] 221 | pspsdk::module_info!("example_module", 1, 1);
[INFO] [stdout]     | ^^^^^^ use of unresolved module or unlinked crate `pspsdk`
[INFO] [stdout] 
[INFO] [stdout] error: aborting due to 2 previous errors
[INFO] [stdout] 
[INFO] [stdout] For more information about this error, try `rustc --explain E0433`.
[INFO] [stdout] Couldn't compile the test.
[INFO] [stdout] ---- src/lib.rs - export (line 97) stdout ----
[INFO] [stdout] error[E0433]: cannot find module or crate `pspsdk` in this scope
[INFO] [stdout]    --> src/lib.rs:111:1
[INFO] [stdout]     |
[INFO] [stdout] 111 | pspsdk::export!("libname", 1, 0, 0, [
[INFO] [stdout]     | ^^^^^^ use of unresolved module or unlinked crate `pspsdk`
[INFO] [stdout] 
[INFO] [stdout] error: aborting due to 1 previous error
[INFO] [stdout] 
[INFO] [stdout] For more information about this error, try `rustc --explain E0433`.
[INFO] [stdout] Couldn't compile the test.
[INFO] [stdout] ---- src/lib.rs - psp_stub (line 43) stdout ----
[INFO] [stdout] error[E0433]: cannot find module or crate `pspsdk` in this scope
[INFO] [stdout]   --> src/lib.rs:44:3
[INFO] [stdout]    |
[INFO] [stdout] 44 | #[pspsdk::psp_stub(libname = "LibraryName", flags = 0x0001, version = (1, 0))]
[INFO] [stdout]    |   ^^^^^^ use of unresolved module or unlinked crate `pspsdk`
[INFO] [stdout] 
[INFO] [stdout] error: cannot find attribute `nid` in this scope
[INFO] [stdout]   --> src/lib.rs:50:7
[INFO] [stdout]    |
[INFO] [stdout] 50 |     #[nid(0xDEADCAFE)]
[INFO] [stdout]    |       ^^^
[INFO] [stdout] 
[INFO] [stdout] error: aborting due to 2 previous errors
[INFO] [stdout] 
[INFO] [stdout] For more information about this error, try `rustc --explain E0433`.
[INFO] [stdout] Couldn't compile the test.
[INFO] [stdout] ---- src/lib.rs - psp_stub (line 57) stdout ----
[INFO] [stdout] error[E0433]: cannot find module or crate `pspsdk` in this scope
[INFO] [stdout]   --> src/lib.rs:58:3
[INFO] [stdout]    |
[INFO] [stdout] 58 | #[pspsdk::psp_stub(libname = "LibraryName", flags = 0x0001)]
[INFO] [stdout]    |   ^^^^^^ use of unresolved module or unlinked crate `pspsdk`
[INFO] [stdout] 
[INFO] [stdout] error: cannot find attribute `eabi` in this scope
[INFO] [stdout]   --> src/lib.rs:60:7
[INFO] [stdout]    |
[INFO] [stdout] 60 |     #[eabi(i6)]
[INFO] [stdout]    |       ^^^^
[INFO] [stdout] 
[INFO] [stdout] error: aborting due to 2 previous errors
[INFO] [stdout] 
[INFO] [stdout] For more information about this error, try `rustc --explain E0433`.
[INFO] [stdout] Couldn't compile the test.
[INFO] [stdout] 
[INFO] [stdout] failures:
[INFO] [stdout]     src/lib.rs - export (line 97)
[INFO] [stdout]     src/lib.rs - exports (line 220)
[INFO] [stdout]     src/lib.rs - psp_stub (line 43)
[INFO] [stdout]     src/lib.rs - psp_stub (line 57)
[INFO] [stdout]     src/lib.rs - psp_stub (line 67)
[INFO] [stdout] 
[INFO] [stdout] test result: FAILED. 0 passed; 5 failed; 0 ignored; 0 measured; 0 filtered out; finished in 0.18s
[INFO] [stdout] 
[INFO] [stdout] all doctests ran in 0.31s; merged doctests compilation took 0.12s
[INFO] [stderr] error: doctest failed, to rerun pass `--doc`
[INFO] running `Command { std: "docker" "inspect" "191905a0327a53f63db600675a9bf62b6d25d49c8a22cad6fc664d3b35e7f583", kill_on_drop: false }`
[INFO] running `Command { std: "docker" "rm" "-f" "191905a0327a53f63db600675a9bf62b6d25d49c8a22cad6fc664d3b35e7f583", kill_on_drop: false }`
[INFO] [stdout] 191905a0327a53f63db600675a9bf62b6d25d49c8a22cad6fc664d3b35e7f583
