[INFO] fetching crate psarc2 0.1.1...
[INFO] testing psarc2-0.1.1 against 1.99.0-beta.8+cargoflags=--release for beta-release-1.100-2
[INFO] extracting crate psarc2 0.1.1 into /workspace/builds/worker-3-tc1/source
[INFO] started tweaking crates.io crate psarc2 0.1.1
[INFO] removed 0 missing examples
[INFO] finished tweaking crates.io crate psarc2 0.1.1
[INFO] tweaked toml for crates.io crate psarc2 0.1.1 written to /workspace/builds/worker-3-tc1/source/Cargo.toml
[INFO] validating manifest of crates.io crate psarc2 0.1.1 on toolchain 1.99.0-beta.8
[INFO] running `Command { std: CARGO_HOME="/workspace/cargo-home" RUSTUP_HOME="/workspace/rustup-home" "/workspace/cargo-home/bin/cargo" "+1.99.0-beta.8" "metadata" "--manifest-path" "Cargo.toml" "--no-deps", kill_on_drop: false }`
[INFO] crate crates.io crate psarc2 0.1.1 already has a lockfile, it will not be regenerated
[INFO] running `Command { std: CARGO_HOME="/workspace/cargo-home" RUSTUP_HOME="/workspace/rustup-home" "/workspace/cargo-home/bin/cargo" "+1.99.0-beta.8" "fetch" "--manifest-path" "Cargo.toml", kill_on_drop: false }`
[INFO] [stderr]     Updating crates.io index
[INFO] [stderr]  Downloading crates ...
[INFO] [stderr]   Downloaded cfb-mode v0.9.1
[INFO] [stderr]   Downloaded zlib-rs v0.6.6
[INFO] [stderr]   Downloaded anyhow v1.0.103
[INFO] [stderr]   Downloaded aes v0.9.1
[INFO] running `Command { std: "docker" "create" "-v" "/var/lib/crater-agent-workspace/builds/worker-3-tc1/source:/opt/rustwide/workdir:ro,Z" "-v" "/var/lib/crater-agent-workspace/builds/worker-3-tc1/target:/opt/rustwide/target:rw,Z" "-v" "/var/lib/crater-agent-workspace/cargo-home:/opt/rustwide/cargo-home:ro,Z" "-v" "/var/lib/crater-agent-workspace/rustup-home:/opt/rustwide/rustup-home:ro,Z" "-m" "1610612736" "--network" "none" "ghcr.io/rust-lang/crates-build-env/linux@sha256:77db811e55d90add9212f6832c23229e3de5f1c1f9905e8cb07319ea15df73ac" "sleep" "infinity", kill_on_drop: false }`
[INFO] [stdout] 3c41d63b10ff34acb327851ce1da54a5689b265c6c204efa74a28550454ec6af
[INFO] running `Command { std: "docker" "start" "3c41d63b10ff34acb327851ce1da54a5689b265c6c204efa74a28550454ec6af", kill_on_drop: false }`
[INFO] running `Command { std: "docker" "inspect" "3c41d63b10ff34acb327851ce1da54a5689b265c6c204efa74a28550454ec6af", kill_on_drop: false }`
[INFO] running `Command { std: "docker" "exec" "-e" "SOURCE_DIR=/opt/rustwide/workdir" "-e" "CARGO_HOME=/opt/rustwide/cargo-home" "-e" "RUSTUP_HOME=/opt/rustwide/rustup-home" "-e" "CARGO_TARGET_DIR=/opt/rustwide/target" "-w" "/opt/rustwide/workdir" "--user" "0:0" "3c41d63b10ff34acb327851ce1da54a5689b265c6c204efa74a28550454ec6af" "/opt/rustwide/cargo-home/bin/cargo" "+1.99.0-beta.8" "metadata" "--no-deps" "--format-version=1", kill_on_drop: false }`
[INFO] running `Command { std: "docker" "inspect" "3c41d63b10ff34acb327851ce1da54a5689b265c6c204efa74a28550454ec6af", kill_on_drop: false }`
[INFO] running `Command { std: "docker" "exec" "-e" "SOURCE_DIR=/opt/rustwide/workdir" "-e" "CARGO_HOME=/opt/rustwide/cargo-home" "-e" "RUSTUP_HOME=/opt/rustwide/rustup-home" "-e" "CARGO_TARGET_DIR=/opt/rustwide/target" "-e" "CARGO_INCREMENTAL=0" "-e" "RUST_BACKTRACE=full" "-e" "RUSTFLAGS=--cap-lints=warn" "-e" "RUSTDOCFLAGS=--cap-lints=warn" "-w" "/opt/rustwide/workdir" "--user" "0:0" "3c41d63b10ff34acb327851ce1da54a5689b265c6c204efa74a28550454ec6af" "/opt/rustwide/cargo-home/bin/cargo" "+1.99.0-beta.8" "build" "--frozen" "--message-format=json" "--release", kill_on_drop: false }`
[INFO] [stderr]    Compiling hybrid-array v0.4.13
[INFO] [stderr]    Compiling quote v1.0.46
[INFO] [stderr]    Compiling zlib-rs v0.6.6
[INFO] [stderr]    Compiling syn v2.0.118
[INFO] [stderr]    Compiling inout v0.2.2
[INFO] [stderr]    Compiling crypto-common v0.2.2
[INFO] [stderr]    Compiling cipher v0.5.2
[INFO] [stderr]    Compiling aes v0.9.1
[INFO] [stderr]    Compiling cfb-mode v0.9.1
[INFO] [stderr]    Compiling thiserror-impl v2.0.18
[INFO] [stderr]    Compiling flate2 v1.1.9
[INFO] [stderr]    Compiling thiserror v2.0.18
[INFO] [stderr]    Compiling psarc2 v0.1.1 (/opt/rustwide/workdir)
[INFO] [stderr]     Finished `release` profile [optimized] target(s) in 7.13s
[INFO] running `Command { std: "docker" "inspect" "3c41d63b10ff34acb327851ce1da54a5689b265c6c204efa74a28550454ec6af", kill_on_drop: false }`
[INFO] running `Command { std: "docker" "exec" "-e" "SOURCE_DIR=/opt/rustwide/workdir" "-e" "CARGO_HOME=/opt/rustwide/cargo-home" "-e" "RUSTUP_HOME=/opt/rustwide/rustup-home" "-e" "CARGO_TARGET_DIR=/opt/rustwide/target" "-e" "CARGO_INCREMENTAL=0" "-e" "RUST_BACKTRACE=full" "-e" "RUSTFLAGS=--cap-lints=warn" "-e" "RUSTDOCFLAGS=--cap-lints=warn" "-w" "/opt/rustwide/workdir" "--user" "0:0" "3c41d63b10ff34acb327851ce1da54a5689b265c6c204efa74a28550454ec6af" "/opt/rustwide/cargo-home/bin/cargo" "+1.99.0-beta.8" "test" "--frozen" "--no-run" "--message-format=json" "--release", kill_on_drop: false }`
[INFO] [stderr]    Compiling syn v2.0.118
[INFO] [stderr]    Compiling anyhow v1.0.103
[INFO] [stderr]    Compiling thiserror-impl v2.0.18
[INFO] [stderr]    Compiling clap_derive v4.6.1
[INFO] [stderr]    Compiling thiserror v2.0.18
[INFO] [stderr]    Compiling psarc2 v0.1.1 (/opt/rustwide/workdir)
[INFO] [stderr]    Compiling clap v4.6.1
[INFO] [stderr]     Finished `release` profile [optimized] target(s) in 8.24s
[INFO] running `Command { std: "docker" "inspect" "3c41d63b10ff34acb327851ce1da54a5689b265c6c204efa74a28550454ec6af", kill_on_drop: false }`
[INFO] running `Command { std: "docker" "exec" "-e" "SOURCE_DIR=/opt/rustwide/workdir" "-e" "CARGO_HOME=/opt/rustwide/cargo-home" "-e" "RUSTUP_HOME=/opt/rustwide/rustup-home" "-e" "CARGO_TARGET_DIR=/opt/rustwide/target" "-e" "CARGO_INCREMENTAL=0" "-e" "RUST_BACKTRACE=full" "-e" "RUSTFLAGS=--cap-lints=warn" "-e" "RUSTDOCFLAGS=--cap-lints=warn" "-w" "/opt/rustwide/workdir" "--user" "0:0" "3c41d63b10ff34acb327851ce1da54a5689b265c6c204efa74a28550454ec6af" "/opt/rustwide/cargo-home/bin/cargo" "+1.99.0-beta.8" "test" "--frozen" "--release", kill_on_drop: false }`
[INFO] [stderr]     Finished `release` profile [optimized] target(s) in 0.05s
[INFO] [stderr]      Running unittests src/lib.rs (/opt/rustwide/target/release/deps/psarc2-2de78f96c64a05ea)
[INFO] [stdout] 
[INFO] [stdout] running 1 test
[INFO] [stdout] test read::tests::u64_bytes ... ok
[INFO] [stderr]    Doc-tests psarc2
[INFO] [stdout] 
[INFO] [stdout] test result: ok. 1 passed; 0 failed; 0 ignored; 0 measured; 0 filtered out; finished in 0.00s
[INFO] [stdout] 
[INFO] [stdout] 
[INFO] [stdout] running 1 test
[INFO] [stdout] test src/read.rs - read::PlaystationArchive<R>::new (line 88) ... FAILED
[INFO] [stdout] 
[INFO] [stdout] failures:
[INFO] [stdout] 
[INFO] [stdout] ---- src/read.rs - read::PlaystationArchive<R>::new (line 88) stdout ----
[INFO] [stdout] error[E0433]: cannot find type `File` in this scope
[INFO] [stdout]   --> src/read.rs:90:12
[INFO] [stdout]    |
[INFO] [stdout] 90 | let file = File::open("file.psarc")?;
[INFO] [stdout]    |            ^^^^ use of undeclared type `File`
[INFO] [stdout]    |
[INFO] [stdout] help: consider importing this struct
[INFO] [stdout]    |
[INFO] [stdout] 88 + use std::fs::File;
[INFO] [stdout]    |
[INFO] [stdout] 
[INFO] [stdout] error[E0433]: cannot find type `PlaystationArchive` in this scope
[INFO] [stdout]   --> src/read.rs:93:15
[INFO] [stdout]    |
[INFO] [stdout] 93 | let archive = PlaystationArchive::new(file)?;
[INFO] [stdout]    |               ^^^^^^^^^^^^^^^^^^ use of undeclared type `PlaystationArchive`
[INFO] [stdout] 
[INFO] [stdout] error: aborting due to 2 previous errors
[INFO] [stdout] 
[INFO] [stdout] For more information about this error, try `rustc --explain E0433`.
[INFO] [stdout] Couldn't compile the test.
[INFO] [stdout] 
[INFO] [stdout] failures:
[INFO] [stdout]     src/read.rs - read::PlaystationArchive<R>::new (line 88)
[INFO] [stdout] 
[INFO] [stdout] test result: FAILED. 0 passed; 1 failed; 0 ignored; 0 measured; 0 filtered out; finished in 0.12s
[INFO] [stdout] 
[INFO] [stderr] error: doctest failed, to rerun pass `--doc`
[INFO] [stdout] all doctests ran in 0.22s; merged doctests compilation took 0.10s
[INFO] running `Command { std: "docker" "inspect" "3c41d63b10ff34acb327851ce1da54a5689b265c6c204efa74a28550454ec6af", kill_on_drop: false }`
[INFO] running `Command { std: "docker" "rm" "-f" "3c41d63b10ff34acb327851ce1da54a5689b265c6c204efa74a28550454ec6af", kill_on_drop: false }`
[INFO] [stdout] 3c41d63b10ff34acb327851ce1da54a5689b265c6c204efa74a28550454ec6af
