[INFO] fetching crate psa 0.1.1...
[INFO] testing psa-0.1.1 against 1.100.0-beta.1+cargoflags=--release for beta-release-1.100-2
[INFO] extracting crate psa 0.1.1 into /workspace/builds/worker-7-tc2/source
[INFO] started tweaking crates.io crate psa 0.1.1
[INFO] finished tweaking crates.io crate psa 0.1.1
[INFO] tweaked toml for crates.io crate psa 0.1.1 written to /workspace/builds/worker-7-tc2/source/Cargo.toml
[INFO] validating manifest of crates.io crate psa 0.1.1 on toolchain 1.100.0-beta.1
[INFO] running `Command { std: CARGO_HOME="/workspace/cargo-home" RUSTUP_HOME="/workspace/rustup-home" "/workspace/cargo-home/bin/cargo" "+1.100.0-beta.1" "metadata" "--manifest-path" "Cargo.toml" "--no-deps", kill_on_drop: false }`
[INFO] running `Command { std: CARGO_HOME="/workspace/cargo-home" RUSTUP_HOME="/workspace/rustup-home" "/workspace/cargo-home/bin/cargo" "+1.100.0-beta.1" "generate-lockfile" "--manifest-path" "Cargo.toml", kill_on_drop: false }`
[INFO] [stderr]     Updating crates.io index
[INFO] [stderr]      Locking 23 packages to highest compatible versions
[INFO] [stderr]       Adding erased-serde v0.3.31 (available: v0.4.10)
[INFO] [stderr]       Adding maplit v0.1.6 (available: v1.0.2)
[INFO] running `Command { std: CARGO_HOME="/workspace/cargo-home" RUSTUP_HOME="/workspace/rustup-home" "/workspace/cargo-home/bin/cargo" "+1.100.0-beta.1" "fetch" "--manifest-path" "Cargo.toml", kill_on_drop: false }`
[INFO] [stderr] warning: `package.homepage` is redundant with `package.repository`
[INFO] [stderr]   --> Cargo.toml:35:12
[INFO] [stderr]    |
[INFO] [stderr] 35 | homepage = "https://github.com/phodal/coco"
[INFO] [stderr]    |            ^^^^^^^^^^^^^^^^^^^^^^^^^^^^^^^^
[INFO] [stderr] ...
[INFO] [stderr] 39 | repository = "https://github.com/phodal/coco"
[INFO] [stderr]    |              --------------------------------
[INFO] [stderr]    |
[INFO] [stderr]    = note: `cargo::redundant_homepage` is set to `warn` by default
[INFO] [stderr] help: consider removing `package.homepage`
[INFO] [stderr] warning: `psa` (manifest) generated 1 warning
[INFO] running `Command { std: "docker" "create" "-v" "/var/lib/crater-agent-workspace/builds/worker-7-tc2/source:/opt/rustwide/workdir:ro,Z" "-v" "/var/lib/crater-agent-workspace/builds/worker-7-tc2/target:/opt/rustwide/target:rw,Z" "-v" "/var/lib/crater-agent-workspace/cargo-home:/opt/rustwide/cargo-home:ro,Z" "-v" "/var/lib/crater-agent-workspace/rustup-home:/opt/rustwide/rustup-home:ro,Z" "-m" "1610612736" "--network" "none" "ghcr.io/rust-lang/crates-build-env/linux@sha256:77db811e55d90add9212f6832c23229e3de5f1c1f9905e8cb07319ea15df73ac" "sleep" "infinity", kill_on_drop: false }`
[INFO] [stdout] ad109036f481f708b6870765bb9ea43405b32323b946923613e816062c688082
[INFO] running `Command { std: "docker" "start" "ad109036f481f708b6870765bb9ea43405b32323b946923613e816062c688082", kill_on_drop: false }`
[INFO] running `Command { std: "docker" "inspect" "ad109036f481f708b6870765bb9ea43405b32323b946923613e816062c688082", kill_on_drop: false }`
[INFO] running `Command { std: "docker" "exec" "-e" "SOURCE_DIR=/opt/rustwide/workdir" "-e" "CARGO_HOME=/opt/rustwide/cargo-home" "-e" "RUSTUP_HOME=/opt/rustwide/rustup-home" "-e" "CARGO_TARGET_DIR=/opt/rustwide/target" "-w" "/opt/rustwide/workdir" "--user" "0:0" "ad109036f481f708b6870765bb9ea43405b32323b946923613e816062c688082" "/opt/rustwide/cargo-home/bin/cargo" "+1.100.0-beta.1" "metadata" "--no-deps" "--format-version=1", kill_on_drop: false }`
[INFO] running `Command { std: "docker" "inspect" "ad109036f481f708b6870765bb9ea43405b32323b946923613e816062c688082", kill_on_drop: false }`
[INFO] running `Command { std: "docker" "exec" "-e" "SOURCE_DIR=/opt/rustwide/workdir" "-e" "CARGO_HOME=/opt/rustwide/cargo-home" "-e" "RUSTUP_HOME=/opt/rustwide/rustup-home" "-e" "CARGO_TARGET_DIR=/opt/rustwide/target" "-e" "CARGO_INCREMENTAL=0" "-e" "RUST_BACKTRACE=full" "-e" "RUSTFLAGS=--cap-lints=warn" "-e" "RUSTDOCFLAGS=--cap-lints=warn" "-w" "/opt/rustwide/workdir" "--user" "0:0" "ad109036f481f708b6870765bb9ea43405b32323b946923613e816062c688082" "/opt/rustwide/cargo-home/bin/cargo" "+1.100.0-beta.1" "build" "--frozen" "--message-format=json" "--release", kill_on_drop: false }`
[INFO] [stderr] warning: `package.homepage` is redundant with `package.repository`
[INFO] [stderr]   --> Cargo.toml:35:12
[INFO] [stderr]    |
[INFO] [stderr] 35 | homepage = "https://github.com/phodal/coco"
[INFO] [stderr]    |            ^^^^^^^^^^^^^^^^^^^^^^^^^^^^^^^^
[INFO] [stderr] ...
[INFO] [stderr] 39 | repository = "https://github.com/phodal/coco"
[INFO] [stderr]    |              --------------------------------
[INFO] [stderr]    |
[INFO] [stderr]    = note: `cargo::redundant_homepage` is set to `warn` by default
[INFO] [stderr] help: consider removing `package.homepage`
[INFO] [stderr] warning: `psa` (manifest) generated 1 warning
[INFO] [stderr]    Compiling maplit v0.1.6
[INFO] [stderr]    Compiling erased-serde v0.3.31
[INFO] [stderr]    Compiling psa v0.1.1 (/opt/rustwide/workdir)
[INFO] [stderr] warning: unused dependency `erased-serde`
[INFO] [stderr]  --> Cargo.toml:1:15
[INFO] [stderr]   |
[INFO] [stderr] 1 | [dependencies.erased-serde]
[INFO] [stderr]   |               ^^^^^^^^^^^^^
[INFO] [stderr]   |
[INFO] [stderr]   = note: `cargo::unused_dependencies` is set to `warn` by default
[INFO] [stderr] help: consider removing the dependency on `erased-serde`
[INFO] [stderr] warning: unused dependency `lazy_static`
[INFO] [stderr]  --> Cargo.toml:4:15
[INFO] [stderr]   |
[INFO] [stderr] 4 | [dependencies.lazy_static]
[INFO] [stderr]   |               ^^^^^^^^^^^^
[INFO] [stderr]   |
[INFO] [stderr] help: consider removing the dependency on `lazy_static`
[INFO] [stderr] warning: unused dependency `maplit`
[INFO] [stderr]  --> Cargo.toml:7:15
[INFO] [stderr]   |
[INFO] [stderr] 7 | [dependencies.maplit]
[INFO] [stderr]   |               ^^^^^^^
[INFO] [stderr]   |
[INFO] [stderr] help: consider removing the dependency on `maplit`
[INFO] [stderr] warning: unused dependency `regex`
[INFO] [stderr]   --> Cargo.toml:10:15
[INFO] [stderr]    |
[INFO] [stderr] 10 | [dependencies.regex]
[INFO] [stderr]    |               ^^^^^^
[INFO] [stderr]    |
[INFO] [stderr] help: consider removing the dependency on `regex`
[INFO] [stderr] warning: unused dependency `serde_json`
[INFO] [stderr]   --> Cargo.toml:20:15
[INFO] [stderr]    |
[INFO] [stderr] 20 | [dependencies.serde_json]
[INFO] [stderr]    |               ^^^^^^^^^^^
[INFO] [stderr]    |
[INFO] [stderr] help: consider removing the dependency on `serde_json`
[INFO] [stderr] warning: `psa` (manifest) generated 5 warnings
[INFO] [stderr]     Finished `release` profile [optimized] target(s) in 1.51s
[INFO] running `Command { std: "docker" "inspect" "ad109036f481f708b6870765bb9ea43405b32323b946923613e816062c688082", kill_on_drop: false }`
[INFO] running `Command { std: "docker" "exec" "-e" "SOURCE_DIR=/opt/rustwide/workdir" "-e" "CARGO_HOME=/opt/rustwide/cargo-home" "-e" "RUSTUP_HOME=/opt/rustwide/rustup-home" "-e" "CARGO_TARGET_DIR=/opt/rustwide/target" "-e" "CARGO_INCREMENTAL=0" "-e" "RUST_BACKTRACE=full" "-e" "RUSTFLAGS=--cap-lints=warn" "-e" "RUSTDOCFLAGS=--cap-lints=warn" "-w" "/opt/rustwide/workdir" "--user" "0:0" "ad109036f481f708b6870765bb9ea43405b32323b946923613e816062c688082" "/opt/rustwide/cargo-home/bin/cargo" "+1.100.0-beta.1" "test" "--frozen" "--no-run" "--message-format=json" "--release", kill_on_drop: false }`
[INFO] [stderr] warning: `package.homepage` is redundant with `package.repository`
[INFO] [stderr]   --> Cargo.toml:35:12
[INFO] [stderr]    |
[INFO] [stderr] 35 | homepage = "https://github.com/phodal/coco"
[INFO] [stderr]    |            ^^^^^^^^^^^^^^^^^^^^^^^^^^^^^^^^
[INFO] [stderr] ...
[INFO] [stderr] 39 | repository = "https://github.com/phodal/coco"
[INFO] [stderr]    |              --------------------------------
[INFO] [stderr]    |
[INFO] [stderr]    = note: `cargo::redundant_homepage` is set to `warn` by default
[INFO] [stderr] help: consider removing `package.homepage`
[INFO] [stderr] warning: `psa` (manifest) generated 1 warning
[INFO] [stderr]    Compiling psa v0.1.1 (/opt/rustwide/workdir)
[INFO] [stderr] warning: unused dependency `erased-serde`
[INFO] [stderr]  --> Cargo.toml:1:15
[INFO] [stderr]   |
[INFO] [stderr] 1 | [dependencies.erased-serde]
[INFO] [stderr]   |               ^^^^^^^^^^^^^
[INFO] [stderr]   |
[INFO] [stderr]   = note: `cargo::unused_dependencies` is set to `warn` by default
[INFO] [stderr] help: consider removing the dependency on `erased-serde`
[INFO] [stderr] warning: unused dependency `lazy_static`
[INFO] [stderr]  --> Cargo.toml:4:15
[INFO] [stderr]   |
[INFO] [stderr] 4 | [dependencies.lazy_static]
[INFO] [stderr]   |               ^^^^^^^^^^^^
[INFO] [stderr]   |
[INFO] [stderr] help: consider removing the dependency on `lazy_static`
[INFO] [stderr] warning: unused dependency `maplit`
[INFO] [stderr]  --> Cargo.toml:7:15
[INFO] [stderr]   |
[INFO] [stderr] 7 | [dependencies.maplit]
[INFO] [stderr]   |               ^^^^^^^
[INFO] [stderr]   |
[INFO] [stderr] help: consider removing the dependency on `maplit`
[INFO] [stderr] warning: unused dependency `regex`
[INFO] [stderr]   --> Cargo.toml:10:15
[INFO] [stderr]    |
[INFO] [stderr] 10 | [dependencies.regex]
[INFO] [stderr]    |               ^^^^^^
[INFO] [stderr]    |
[INFO] [stderr] help: consider removing the dependency on `regex`
[INFO] [stderr] warning: unused dependency `serde_json`
[INFO] [stderr]   --> Cargo.toml:20:15
[INFO] [stderr]    |
[INFO] [stderr] 20 | [dependencies.serde_json]
[INFO] [stderr]    |               ^^^^^^^^^^^
[INFO] [stderr]    |
[INFO] [stderr] help: consider removing the dependency on `serde_json`
[INFO] [stderr] warning: `psa` (manifest) generated 5 warnings
[INFO] [stderr]     Finished `release` profile [optimized] target(s) in 0.95s
[INFO] running `Command { std: "docker" "inspect" "ad109036f481f708b6870765bb9ea43405b32323b946923613e816062c688082", kill_on_drop: false }`
[INFO] running `Command { std: "docker" "exec" "-e" "SOURCE_DIR=/opt/rustwide/workdir" "-e" "CARGO_HOME=/opt/rustwide/cargo-home" "-e" "RUSTUP_HOME=/opt/rustwide/rustup-home" "-e" "CARGO_TARGET_DIR=/opt/rustwide/target" "-e" "CARGO_INCREMENTAL=0" "-e" "RUST_BACKTRACE=full" "-e" "RUSTFLAGS=--cap-lints=warn" "-e" "RUSTDOCFLAGS=--cap-lints=warn" "-w" "/opt/rustwide/workdir" "--user" "0:0" "ad109036f481f708b6870765bb9ea43405b32323b946923613e816062c688082" "/opt/rustwide/cargo-home/bin/cargo" "+1.100.0-beta.1" "test" "--frozen" "--release", kill_on_drop: false }`
[INFO] [stderr] warning: `package.homepage` is redundant with `package.repository`
[INFO] [stderr]   --> Cargo.toml:35:12
[INFO] [stderr]    |
[INFO] [stderr] 35 | homepage = "https://github.com/phodal/coco"
[INFO] [stderr]    |            ^^^^^^^^^^^^^^^^^^^^^^^^^^^^^^^^
[INFO] [stderr] ...
[INFO] [stderr] 39 | repository = "https://github.com/phodal/coco"
[INFO] [stderr]    |              --------------------------------
[INFO] [stderr]    |
[INFO] [stderr]    = note: `cargo::redundant_homepage` is set to `warn` by default
[INFO] [stderr] help: consider removing `package.homepage`
[INFO] [stderr] warning: `psa` (manifest) generated 1 warning
[INFO] [stderr] warning: unused dependency `erased-serde`
[INFO] [stderr]  --> Cargo.toml:1:15
[INFO] [stderr]   |
[INFO] [stderr] 1 | [dependencies.erased-serde]
[INFO] [stderr]   |               ^^^^^^^^^^^^^
[INFO] [stderr]   |
[INFO] [stderr]   = note: `cargo::unused_dependencies` is set to `warn` by default
[INFO] [stderr] help: consider removing the dependency on `erased-serde`
[INFO] [stderr] warning: unused dependency `lazy_static`
[INFO] [stderr]  --> Cargo.toml:4:15
[INFO] [stderr]   |
[INFO] [stderr] 4 | [dependencies.lazy_static]
[INFO] [stderr]   |               ^^^^^^^^^^^^
[INFO] [stderr]   |
[INFO] [stderr] help: consider removing the dependency on `lazy_static`
[INFO] [stderr] warning: unused dependency `maplit`
[INFO] [stderr]  --> Cargo.toml:7:15
[INFO] [stderr]   |
[INFO] [stderr] 7 | [dependencies.maplit]
[INFO] [stderr]   |               ^^^^^^^
[INFO] [stderr]   |
[INFO] [stderr] help: consider removing the dependency on `maplit`
[INFO] [stderr] warning: unused dependency `regex`
[INFO] [stderr]   --> Cargo.toml:10:15
[INFO] [stderr]    |
[INFO] [stderr] 10 | [dependencies.regex]
[INFO] [stderr]    |               ^^^^^^
[INFO] [stderr]    |
[INFO] [stderr] help: consider removing the dependency on `regex`
[INFO] [stderr] warning: unused dependency `serde_json`
[INFO] [stderr]   --> Cargo.toml:20:15
[INFO] [stderr]    |
[INFO] [stderr] 20 | [dependencies.serde_json]
[INFO] [stderr]    |               ^^^^^^^^^^^
[INFO] [stderr]    |
[INFO] [stderr] help: consider removing the dependency on `serde_json`
[INFO] [stderr] warning: `psa` (manifest) generated 5 warnings
[INFO] [stderr]     Finished `release` profile [optimized] target(s) in 0.05s
[INFO] [stderr]      Running unittests src/lib.rs (/opt/rustwide/target/release/build/psa/c43290b21a08f6f8/out/psa-c43290b21a08f6f8)
[INFO] [stdout] 
[INFO] [stdout] running 14 tests
[INFO] [stdout] test psa_facet::tests::should_create_facet ... ok
[INFO] [stdout] test pas_content_root::tests::should_add_various_roots ... ok
[INFO] [stdout] test jvm::psa_jvm::tests::should_detect_sub_module_content_root ... FAILED
[INFO] [stdout] test project_structure_analyzer::tests::should_return_none_when_build_file_not_exists ... FAILED
[INFO] [stdout] test jvm::psa_jvm::tests::should_analysis_maven_project_sub_modules ... FAILED
[INFO] [stdout] test psa_project::tests::should_add_modules ... ok
[INFO] [stdout] test psa_module::tests::should_add_library ... ok
[INFO] [stdout] test jvm::psa_jvm::tests::should_detect_project_module_content_root ... FAILED
[INFO] [stdout] test psa_project::tests::should_create_project ... ok
[INFO] [stdout] test psa_library::tests::should_create_library ... ok
[INFO] [stdout] test psa_module::tests::should_add_facet ... ok
[INFO] [stdout] test psa_module::tests::should_add_sub_module ... ok
[INFO] [stdout] test psa_module::tests::should_create_module ... ok
[INFO] [stdout] test project_structure_analyzer::tests::should_analysis_project ... FAILED
[INFO] [stdout] 
[INFO] [stdout] failures:
[INFO] [stdout] 
[INFO] [stdout] ---- jvm::psa_jvm::tests::should_detect_sub_module_content_root stdout ----
[INFO] [stdout] 
[INFO] [stdout] thread 'jvm::psa_jvm::tests::should_detect_sub_module_content_root' (180) panicked at src/files.rs:12:13:
[INFO] [stdout] IO error for operation on /opt/rustwide/_fixtures/projects/java/multi_mod_maven_project: No such file or directory (os error 2)
[INFO] [stdout] stack backtrace:
[INFO] [stdout]    0:     0x61499e1f7c21 - <<std[617be2ca0a6fd877]::sys::backtrace::BacktraceLock>::print::DisplayBacktrace as core[a373ad73a504971]::fmt::Display>::fmt
[INFO] [stdout]    1:     0x61499e20c01a - core[a373ad73a504971]::fmt::write
[INFO] [stdout]    2:     0x61499e1fc12c - <alloc[2e1b2a31b91974c5]::vec::Vec<u8> as core[a373ad73a504971]::io::write::Write>::write_fmt
[INFO] [stdout]    3:     0x61499e1d3626 - std[617be2ca0a6fd877]::panicking::default_hook::{closure#0}
[INFO] [stdout]    4:     0x61499e1eff29 - std[617be2ca0a6fd877]::panicking::default_hook
[INFO] [stdout]    5:     0x61499e186e90 - test[aada8e7e76ba119b]::test_main_inner::{closure#0}
[INFO] [stdout]    6:     0x61499e1f00e2 - std[617be2ca0a6fd877]::panicking::panic_with_hook
[INFO] [stdout]    7:     0x61499e1d36d2 - std[617be2ca0a6fd877]::panicking::panic_handler::{closure#0}
[INFO] [stdout]    8:     0x61499e1cc349 - std[617be2ca0a6fd877]::sys::backtrace::__rust_end_short_backtrace::<std[617be2ca0a6fd877]::panicking::panic_handler::{closure#0}, !>
[INFO] [stdout]    9:     0x61499e1d42dd - __rustc[ea4f61d10b84890b]::rust_begin_unwind
[INFO] [stdout]   10:     0x61499e20c74c - core[a373ad73a504971]::panicking::panic_fmt
[INFO] [stdout]   11:     0x61499e174332 - psa[72bf400e91d977ff]::files::list_file_names::<&str>
[INFO] [stdout]   12:     0x61499e178d69 - <psa[72bf400e91d977ff]::jvm::psa_jvm::JvmProjectStructureAnalyzer as psa[72bf400e91d977ff]::ProjectStructureAnalyzer>::analysis
[INFO] [stdout]   13:     0x61499e170b9a - psa[72bf400e91d977ff]::jvm::psa_jvm::tests::do_analysis
[INFO] [stdout]   14:     0x61499e172024 - <psa[72bf400e91d977ff]::jvm::psa_jvm::tests::should_detect_sub_module_content_root::{closure#0} as core[a373ad73a504971]::ops::function::FnOnce<()>>::call_once
[INFO] [stdout]   15:     0x61499e17a2db - test[aada8e7e76ba119b]::__rust_begin_short_backtrace::<core[a373ad73a504971]::result::Result<(), alloc[2e1b2a31b91974c5]::string::String>, fn() -> core[a373ad73a504971]::result::Result<(), alloc[2e1b2a31b91974c5]::string::String>>
[INFO] [stdout]   16:     0x61499e1874b5 - test[aada8e7e76ba119b]::run_test::{closure#0}
[INFO] [stdout]   17:     0x61499e180da4 - std[617be2ca0a6fd877]::sys::backtrace::__rust_begin_short_backtrace::<test[aada8e7e76ba119b]::run_test::{closure#1}, ()>
[INFO] [stdout]   18:     0x61499e18a542 - <std[617be2ca0a6fd877]::thread::lifecycle::spawn_unchecked<test[aada8e7e76ba119b]::run_test::{closure#1}, ()>::{closure#1} as core[a373ad73a504971]::ops::function::FnOnce<()>>::call_once::{shim:vtable#0}
[INFO] [stdout]   19:     0x61499e1f747f - <std[617be2ca0a6fd877]::sys::thread::unix::Thread>::new::thread_start
[INFO] [stdout]   20:     0x76ba574b0dfa - <unknown>
[INFO] [stdout]   21:     0x76ba575443d4 - clone
[INFO] [stdout]   22:                0x0 - <unknown>
[INFO] [stdout] 
[INFO] [stdout] ---- project_structure_analyzer::tests::should_return_none_when_build_file_not_exists stdout ----
[INFO] [stdout] 
[INFO] [stdout] thread 'project_structure_analyzer::tests::should_return_none_when_build_file_not_exists' (183) panicked at src/files.rs:12:13:
[INFO] [stdout] IO error for operation on /opt/rustwide/_fixtures/projects/java: No such file or directory (os error 2)
[INFO] [stdout] stack backtrace:
[INFO] [stdout]    0:     0x61499e1f7c21 - <<std[617be2ca0a6fd877]::sys::backtrace::BacktraceLock>::print::DisplayBacktrace as core[a373ad73a504971]::fmt::Display>::fmt
[INFO] [stdout]    1:     0x61499e20c01a - core[a373ad73a504971]::fmt::write
[INFO] [stdout]    2:     0x61499e1fc12c - <alloc[2e1b2a31b91974c5]::vec::Vec<u8> as core[a373ad73a504971]::io::write::Write>::write_fmt
[INFO] [stdout]    3:     0x61499e1d3626 - std[617be2ca0a6fd877]::panicking::default_hook::{closure#0}
[INFO] [stdout]    4:     0x61499e1eff29 - std[617be2ca0a6fd877]::panicking::default_hook
[INFO] [stdout]    5:     0x61499e186e90 - test[aada8e7e76ba119b]::test_main_inner::{closure#0}
[INFO] [stdout]    6:     0x61499e1f00e2 - std[617be2ca0a6fd877]::panicking::panic_with_hook
[INFO] [stdout]    7:     0x61499e1d36d2 - std[617be2ca0a6fd877]::panicking::panic_handler::{closure#0}
[INFO] [stdout]    8:     0x61499e1cc349 - std[617be2ca0a6fd877]::sys::backtrace::__rust_end_short_backtrace::<std[617be2ca0a6fd877]::panicking::panic_handler::{closure#0}, !>
[INFO] [stdout]    9:     0x61499e1d42dd - __rustc[ea4f61d10b84890b]::rust_begin_unwind
[INFO] [stdout]   10:     0x61499e20c74c - core[a373ad73a504971]::panicking::panic_fmt
[INFO] [stdout]   11:     0x61499e174332 - psa[72bf400e91d977ff]::files::list_file_names::<&str>
[INFO] [stdout]   12:     0x61499e178b66 - <psa[72bf400e91d977ff]::jvm::psa_jvm::JvmProjectStructureAnalyzer as psa[72bf400e91d977ff]::ProjectStructureAnalyzer>::is_related
[INFO] [stdout]   13:     0x61499e171d43 - <psa[72bf400e91d977ff]::project_structure_analyzer::tests::should_return_none_when_build_file_not_exists::{closure#0} as core[a373ad73a504971]::ops::function::FnOnce<()>>::call_once
[INFO] [stdout]   14:     0x61499e17a2db - test[aada8e7e76ba119b]::__rust_begin_short_backtrace::<core[a373ad73a504971]::result::Result<(), alloc[2e1b2a31b91974c5]::string::String>, fn() -> core[a373ad73a504971]::result::Result<(), alloc[2e1b2a31b91974c5]::string::String>>
[INFO] [stdout]   15:     0x61499e1874b5 - test[aada8e7e76ba119b]::run_test::{closure#0}
[INFO] [stdout]   16:     0x61499e180da4 - std[617be2ca0a6fd877]::sys::backtrace::__rust_begin_short_backtrace::<test[aada8e7e76ba119b]::run_test::{closure#1}, ()>
[INFO] [stdout]   17:     0x61499e18a542 - <std[617be2ca0a6fd877]::thread::lifecycle::spawn_unchecked<test[aada8e7e76ba119b]::run_test::{closure#1}, ()>::{closure#1} as core[a373ad73a504971]::ops::function::FnOnce<()>>::call_once::{shim:vtable#0}
[INFO] [stdout]   18:     0x61499e1f747f - <std[617be2ca0a6fd877]::sys::thread::unix::Thread>::new::thread_start
[INFO] [stdout]   19:     0x76ba574b0dfa - <unknown>
[INFO] [stdout]   20:     0x76ba575443d4 - clone
[INFO] [stdout]   21:                0x0 - <unknown>
[INFO] [stdout] 
[INFO] [stdout] ---- jvm::psa_jvm::tests::should_analysis_maven_project_sub_modules stdout ----
[INFO] [stdout] 
[INFO] [stdout] thread 'jvm::psa_jvm::tests::should_analysis_maven_project_sub_modules' (178) panicked at src/files.rs:12:13:
[INFO] [stdout] IO error for operation on /opt/rustwide/_fixtures/projects/java/multi_mod_maven_project: No such file or directory (os error 2)
[INFO] [stdout] stack backtrace:
[INFO] [stdout]    0:     0x61499e1f7c21 - <<std[617be2ca0a6fd877]::sys::backtrace::BacktraceLock>::print::DisplayBacktrace as core[a373ad73a504971]::fmt::Display>::fmt
[INFO] [stdout]    1:     0x61499e20c01a - core[a373ad73a504971]::fmt::write
[INFO] [stdout]    2:     0x61499e1fc12c - <alloc[2e1b2a31b91974c5]::vec::Vec<u8> as core[a373ad73a504971]::io::write::Write>::write_fmt
[INFO] [stdout]    3:     0x61499e1d3626 - std[617be2ca0a6fd877]::panicking::default_hook::{closure#0}
[INFO] [stdout]    4:     0x61499e1eff29 - std[617be2ca0a6fd877]::panicking::default_hook
[INFO] [stdout]    5:     0x61499e186e90 - test[aada8e7e76ba119b]::test_main_inner::{closure#0}
[INFO] [stdout]    6:     0x61499e1f00e2 - std[617be2ca0a6fd877]::panicking::panic_with_hook
[INFO] [stdout]    7:     0x61499e1d36d2 - std[617be2ca0a6fd877]::panicking::panic_handler::{closure#0}
[INFO] [stdout]    8:     0x61499e1cc349 - std[617be2ca0a6fd877]::sys::backtrace::__rust_end_short_backtrace::<std[617be2ca0a6fd877]::panicking::panic_handler::{closure#0}, !>
[INFO] [stdout]    9:     0x61499e1d42dd - __rustc[ea4f61d10b84890b]::rust_begin_unwind
[INFO] [stdout]   10:     0x61499e20c74c - core[a373ad73a504971]::panicking::panic_fmt
[INFO] [stdout]   11:     0x61499e174332 - psa[72bf400e91d977ff]::files::list_file_names::<&str>
[INFO] [stdout]   12:     0x61499e178d69 - <psa[72bf400e91d977ff]::jvm::psa_jvm::JvmProjectStructureAnalyzer as psa[72bf400e91d977ff]::ProjectStructureAnalyzer>::analysis
[INFO] [stdout]   13:     0x61499e170b9a - psa[72bf400e91d977ff]::jvm::psa_jvm::tests::do_analysis
[INFO] [stdout]   14:     0x61499e172846 - <psa[72bf400e91d977ff]::jvm::psa_jvm::tests::should_analysis_maven_project_sub_modules::{closure#0} as core[a373ad73a504971]::ops::function::FnOnce<()>>::call_once
[INFO] [stdout]   15:     0x61499e17a2db - test[aada8e7e76ba119b]::__rust_begin_short_backtrace::<core[a373ad73a504971]::result::Result<(), alloc[2e1b2a31b91974c5]::string::String>, fn() -> core[a373ad73a504971]::result::Result<(), alloc[2e1b2a31b91974c5]::string::String>>
[INFO] [stdout]   16:     0x61499e1874b5 - test[aada8e7e76ba119b]::run_test::{closure#0}
[INFO] [stdout]   17:     0x61499e180da4 - std[617be2ca0a6fd877]::sys::backtrace::__rust_begin_short_backtrace::<test[aada8e7e76ba119b]::run_test::{closure#1}, ()>
[INFO] [stdout]   18:     0x61499e18a542 - <std[617be2ca0a6fd877]::thread::lifecycle::spawn_unchecked<test[aada8e7e76ba119b]::run_test::{closure#1}, ()>::{closure#1} as core[a373ad73a504971]::ops::function::FnOnce<()>>::call_once::{shim:vtable#0}
[INFO] [stdout]   19:     0x61499e1f747f - <std[617be2ca0a6fd877]::sys::thread::unix::Thread>::new::thread_start
[INFO] [stdout]   20:     0x76ba574b0dfa - <unknown>
[INFO] [stdout]   21:     0x76ba575443d4 - clone
[INFO] [stdout]   22:                0x0 - <unknown>
[INFO] [stdout] 
[INFO] [stdout] ---- jvm::psa_jvm::tests::should_detect_project_module_content_root stdout ----
[INFO] [stdout] 
[INFO] [stdout] thread 'jvm::psa_jvm::tests::should_detect_project_module_content_root' (179) panicked at src/files.rs:12:13:
[INFO] [stdout] IO error for operation on /opt/rustwide/_fixtures/projects/java/multi_mod_maven_project: No such file or directory (os error 2)
[INFO] [stdout] stack backtrace:
[INFO] [stdout]    0:     0x61499e1f7c21 - <<std[617be2ca0a6fd877]::sys::backtrace::BacktraceLock>::print::DisplayBacktrace as core[a373ad73a504971]::fmt::Display>::fmt
[INFO] [stdout]    1:     0x61499e20c01a - core[a373ad73a504971]::fmt::write
[INFO] [stdout]    2:     0x61499e1fc12c - <alloc[2e1b2a31b91974c5]::vec::Vec<u8> as core[a373ad73a504971]::io::write::Write>::write_fmt
[INFO] [stdout]    3:     0x61499e1d3626 - std[617be2ca0a6fd877]::panicking::default_hook::{closure#0}
[INFO] [stdout]    4:     0x61499e1eff29 - std[617be2ca0a6fd877]::panicking::default_hook
[INFO] [stdout]    5:     0x61499e186e90 - test[aada8e7e76ba119b]::test_main_inner::{closure#0}
[INFO] [stdout]    6:     0x61499e1f00e2 - std[617be2ca0a6fd877]::panicking::panic_with_hook
[INFO] [stdout]    7:     0x61499e1d36d2 - std[617be2ca0a6fd877]::panicking::panic_handler::{closure#0}
[INFO] [stdout]    8:     0x61499e1cc349 - std[617be2ca0a6fd877]::sys::backtrace::__rust_end_short_backtrace::<std[617be2ca0a6fd877]::panicking::panic_handler::{closure#0}, !>
[INFO] [stdout]    9:     0x61499e1d42dd - __rustc[ea4f61d10b84890b]::rust_begin_unwind
[INFO] [stdout]   10:     0x61499e20c74c - core[a373ad73a504971]::panicking::panic_fmt
[INFO] [stdout]   11:     0x61499e174332 - psa[72bf400e91d977ff]::files::list_file_names::<&str>
[INFO] [stdout]   12:     0x61499e178d69 - <psa[72bf400e91d977ff]::jvm::psa_jvm::JvmProjectStructureAnalyzer as psa[72bf400e91d977ff]::ProjectStructureAnalyzer>::analysis
[INFO] [stdout]   13:     0x61499e170b9a - psa[72bf400e91d977ff]::jvm::psa_jvm::tests::do_analysis
[INFO] [stdout]   14:     0x61499e172be4 - <psa[72bf400e91d977ff]::jvm::psa_jvm::tests::should_detect_project_module_content_root::{closure#0} as core[a373ad73a504971]::ops::function::FnOnce<()>>::call_once
[INFO] [stdout]   15:     0x61499e17a2db - test[aada8e7e76ba119b]::__rust_begin_short_backtrace::<core[a373ad73a504971]::result::Result<(), alloc[2e1b2a31b91974c5]::string::String>, fn() -> core[a373ad73a504971]::result::Result<(), alloc[2e1b2a31b91974c5]::string::String>>
[INFO] [stdout]   16:     0x61499e1874b5 - test[aada8e7e76ba119b]::run_test::{closure#0}
[INFO] [stdout]   17:     0x61499e180da4 - std[617be2ca0a6fd877]::sys::backtrace::__rust_begin_short_backtrace::<test[aada8e7e76ba119b]::run_test::{closure#1}, ()>
[INFO] [stdout]   18:     0x61499e18a542 - <std[617be2ca0a6fd877]::thread::lifecycle::spawn_unchecked<test[aada8e7e76ba119b]::run_test::{closure#1}, ()>::{closure#1} as core[a373ad73a504971]::ops::function::FnOnce<()>>::call_once::{shim:vtable#0}
[INFO] [stdout]   19:     0x61499e1f747f - <std[617be2ca0a6fd877]::sys::thread::unix::Thread>::new::thread_start
[INFO] [stdout]   20:     0x76ba574b0dfa - <unknown>
[INFO] [stdout]   21:     0x76ba575443d4 - clone
[INFO] [stdout]   22:                0x0 - <unknown>
[INFO] [stdout] 
[INFO] [stdout] ---- project_structure_analyzer::tests::should_analysis_project stdout ----
[INFO] [stdout] 
[INFO] [stdout] thread 'project_structure_analyzer::tests::should_analysis_project' (182) panicked at src/files.rs:12:13:
[INFO] [stdout] IO error for operation on /opt/rustwide/_fixtures/projects/java/simple: No such file or directory (os error 2)
[INFO] [stdout] stack backtrace:
[INFO] [stdout]    0:     0x61499e1f7c21 - <<std[617be2ca0a6fd877]::sys::backtrace::BacktraceLock>::print::DisplayBacktrace as core[a373ad73a504971]::fmt::Display>::fmt
[INFO] [stdout]    1:     0x61499e20c01a - core[a373ad73a504971]::fmt::write
[INFO] [stdout]    2:     0x61499e1fc12c - <alloc[2e1b2a31b91974c5]::vec::Vec<u8> as core[a373ad73a504971]::io::write::Write>::write_fmt
[INFO] [stdout]    3:     0x61499e1d3626 - std[617be2ca0a6fd877]::panicking::default_hook::{closure#0}
[INFO] [stdout]    4:     0x61499e1eff29 - std[617be2ca0a6fd877]::panicking::default_hook
[INFO] [stdout]    5:     0x61499e186e90 - test[aada8e7e76ba119b]::test_main_inner::{closure#0}
[INFO] [stdout]    6:     0x61499e1f00e2 - std[617be2ca0a6fd877]::panicking::panic_with_hook
[INFO] [stdout]    7:     0x61499e1d36d2 - std[617be2ca0a6fd877]::panicking::panic_handler::{closure#0}
[INFO] [stdout]    8:     0x61499e1cc349 - std[617be2ca0a6fd877]::sys::backtrace::__rust_end_short_backtrace::<std[617be2ca0a6fd877]::panicking::panic_handler::{closure#0}, !>
[INFO] [stdout]    9:     0x61499e1d42dd - __rustc[ea4f61d10b84890b]::rust_begin_unwind
[INFO] [stdout]   10:     0x61499e20c74c - core[a373ad73a504971]::panicking::panic_fmt
[INFO] [stdout]   11:     0x61499e174332 - psa[72bf400e91d977ff]::files::list_file_names::<&str>
[INFO] [stdout]   12:     0x61499e178b66 - <psa[72bf400e91d977ff]::jvm::psa_jvm::JvmProjectStructureAnalyzer as psa[72bf400e91d977ff]::ProjectStructureAnalyzer>::is_related
[INFO] [stdout]   13:     0x61499e171773 - <psa[72bf400e91d977ff]::project_structure_analyzer::tests::should_analysis_project::{closure#0} as core[a373ad73a504971]::ops::function::FnOnce<()>>::call_once
[INFO] [stdout]   14:     0x61499e17a2db - test[aada8e7e76ba119b]::__rust_begin_short_backtrace::<core[a373ad73a504971]::result::Result<(), alloc[2e1b2a31b91974c5]::string::String>, fn() -> core[a373ad73a504971]::result::Result<(), alloc[2e1b2a31b91974c5]::string::String>>
[INFO] [stdout]   15:     0x61499e1874b5 - test[aada8e7e76ba119b]::run_test::{closure#0}
[INFO] [stdout]   16:     0x61499e180da4 - std[617be2ca0a6fd877]::sys::backtrace::__rust_begin_short_backtrace::<test[aada8e7e76ba119b]::run_test::{closure#1}, ()>
[INFO] [stdout]   17:     0x61499e18a542 - <std[617be2ca0a6fd877]::thread::lifecycle::spawn_unchecked<test[aada8e7e76ba119b]::run_test::{closure#1}, ()>::{closure#1} as core[a373ad73a504971]::ops::function::FnOnce<()>>::call_once::{shim:vtable#0}
[INFO] [stdout]   18:     0x61499e1f747f - <std[617be2ca0a6fd877]::sys::thread::unix::Thread>::new::thread_start
[INFO] [stdout]   19:     0x76ba574b0dfa - <unknown>
[INFO] [stdout]   20:     0x76ba575443d4 - clone
[INFO] [stdout]   21:                0x0 - <unknown>
[INFO] [stdout] 
[INFO] [stdout] 
[INFO] [stdout] failures:
[INFO] [stdout]     jvm::psa_jvm::tests::should_analysis_maven_project_sub_modules
[INFO] [stdout]     jvm::psa_jvm::tests::should_detect_project_module_content_root
[INFO] [stdout]     jvm::psa_jvm::tests::should_detect_sub_module_content_root
[INFO] [stdout]     project_structure_analyzer::tests::should_analysis_project
[INFO] [stdout]     project_structure_analyzer::tests::should_return_none_when_build_file_not_exists
[INFO] [stdout] 
[INFO] [stdout] test result: FAILED. 9 passed; 5 failed; 0 ignored; 0 measured; 0 filtered out; finished in 0.04s
[INFO] [stdout] 
[INFO] [stderr] error: test failed, to rerun pass `--lib`
[INFO] running `Command { std: "docker" "inspect" "ad109036f481f708b6870765bb9ea43405b32323b946923613e816062c688082", kill_on_drop: false }`
[INFO] running `Command { std: "docker" "rm" "-f" "ad109036f481f708b6870765bb9ea43405b32323b946923613e816062c688082", kill_on_drop: false }`
[INFO] [stdout] ad109036f481f708b6870765bb9ea43405b32323b946923613e816062c688082
