[INFO] fetching crate ps-organizer 1.5.1...
[INFO] testing ps-organizer-1.5.1 against 1.100.0-beta.1+cargoflags=--release for beta-release-1.100-2
[INFO] extracting crate ps-organizer 1.5.1 into /workspace/builds/worker-4-tc2/source
[INFO] started tweaking crates.io crate ps-organizer 1.5.1
[INFO] removed 0 missing tests
[INFO] finished tweaking crates.io crate ps-organizer 1.5.1
[INFO] tweaked toml for crates.io crate ps-organizer 1.5.1 written to /workspace/builds/worker-4-tc2/source/Cargo.toml
[INFO] validating manifest of crates.io crate ps-organizer 1.5.1 on toolchain 1.100.0-beta.1
[INFO] running `Command { std: CARGO_HOME="/workspace/cargo-home" RUSTUP_HOME="/workspace/rustup-home" "/workspace/cargo-home/bin/cargo" "+1.100.0-beta.1" "metadata" "--manifest-path" "Cargo.toml" "--no-deps", kill_on_drop: false }`
[INFO] crate crates.io crate ps-organizer 1.5.1 already has a lockfile, it will not be regenerated
[INFO] running `Command { std: CARGO_HOME="/workspace/cargo-home" RUSTUP_HOME="/workspace/rustup-home" "/workspace/cargo-home/bin/cargo" "+1.100.0-beta.1" "fetch" "--manifest-path" "Cargo.toml", kill_on_drop: false }`
[INFO] running `Command { std: "docker" "create" "-v" "/var/lib/crater-agent-workspace/builds/worker-4-tc2/source:/opt/rustwide/workdir:ro,Z" "-v" "/var/lib/crater-agent-workspace/builds/worker-4-tc2/target:/opt/rustwide/target:rw,Z" "-v" "/var/lib/crater-agent-workspace/cargo-home:/opt/rustwide/cargo-home:ro,Z" "-v" "/var/lib/crater-agent-workspace/rustup-home:/opt/rustwide/rustup-home:ro,Z" "-m" "1610612736" "--network" "none" "ghcr.io/rust-lang/crates-build-env/linux@sha256:77db811e55d90add9212f6832c23229e3de5f1c1f9905e8cb07319ea15df73ac" "sleep" "infinity", kill_on_drop: false }`
[INFO] [stdout] d6a75309f9bd956e5614eda0f1ba682162296c6890091e377b57fb707105a1e1
[INFO] running `Command { std: "docker" "start" "d6a75309f9bd956e5614eda0f1ba682162296c6890091e377b57fb707105a1e1", kill_on_drop: false }`
[INFO] running `Command { std: "docker" "inspect" "d6a75309f9bd956e5614eda0f1ba682162296c6890091e377b57fb707105a1e1", kill_on_drop: false }`
[INFO] running `Command { std: "docker" "exec" "-e" "SOURCE_DIR=/opt/rustwide/workdir" "-e" "CARGO_HOME=/opt/rustwide/cargo-home" "-e" "RUSTUP_HOME=/opt/rustwide/rustup-home" "-e" "CARGO_TARGET_DIR=/opt/rustwide/target" "-w" "/opt/rustwide/workdir" "--user" "0:0" "d6a75309f9bd956e5614eda0f1ba682162296c6890091e377b57fb707105a1e1" "/opt/rustwide/cargo-home/bin/cargo" "+1.100.0-beta.1" "metadata" "--no-deps" "--format-version=1", kill_on_drop: false }`
[INFO] running `Command { std: "docker" "inspect" "d6a75309f9bd956e5614eda0f1ba682162296c6890091e377b57fb707105a1e1", kill_on_drop: false }`
[INFO] running `Command { std: "docker" "exec" "-e" "SOURCE_DIR=/opt/rustwide/workdir" "-e" "CARGO_HOME=/opt/rustwide/cargo-home" "-e" "RUSTUP_HOME=/opt/rustwide/rustup-home" "-e" "CARGO_TARGET_DIR=/opt/rustwide/target" "-e" "CARGO_INCREMENTAL=0" "-e" "RUST_BACKTRACE=full" "-e" "RUSTFLAGS=--cap-lints=warn" "-e" "RUSTDOCFLAGS=--cap-lints=warn" "-w" "/opt/rustwide/workdir" "--user" "0:0" "d6a75309f9bd956e5614eda0f1ba682162296c6890091e377b57fb707105a1e1" "/opt/rustwide/cargo-home/bin/cargo" "+1.100.0-beta.1" "build" "--frozen" "--message-format=json" "--release", kill_on_drop: false }`
[INFO] [stderr]    Compiling proc-macro2 v1.0.105
[INFO] [stderr]    Compiling quote v1.0.43
[INFO] [stderr]    Compiling clap_builder v4.5.54
[INFO] [stderr]    Compiling syn v2.0.114
[INFO] [stderr]    Compiling clap_derive v4.5.49
[INFO] [stderr]    Compiling clap v4.5.54
[INFO] [stderr]    Compiling ps-organizer v1.5.1 (/opt/rustwide/workdir)
[INFO] [stderr]     Finished `release` profile [optimized] target(s) in 13.59s
[INFO] running `Command { std: "docker" "inspect" "d6a75309f9bd956e5614eda0f1ba682162296c6890091e377b57fb707105a1e1", kill_on_drop: false }`
[INFO] running `Command { std: "docker" "exec" "-e" "SOURCE_DIR=/opt/rustwide/workdir" "-e" "CARGO_HOME=/opt/rustwide/cargo-home" "-e" "RUSTUP_HOME=/opt/rustwide/rustup-home" "-e" "CARGO_TARGET_DIR=/opt/rustwide/target" "-e" "CARGO_INCREMENTAL=0" "-e" "RUST_BACKTRACE=full" "-e" "RUSTFLAGS=--cap-lints=warn" "-e" "RUSTDOCFLAGS=--cap-lints=warn" "-w" "/opt/rustwide/workdir" "--user" "0:0" "d6a75309f9bd956e5614eda0f1ba682162296c6890091e377b57fb707105a1e1" "/opt/rustwide/cargo-home/bin/cargo" "+1.100.0-beta.1" "test" "--frozen" "--no-run" "--message-format=json" "--release", kill_on_drop: false }`
[INFO] [stderr]    Compiling libc v0.2.180
[INFO] [stderr]    Compiling once_cell v1.21.3
[INFO] [stderr]    Compiling rustix v1.1.3
[INFO] [stderr]    Compiling getrandom v0.3.4
[INFO] [stderr]    Compiling tempfile v3.24.0
[INFO] [stderr]    Compiling ps-organizer v1.5.1 (/opt/rustwide/workdir)
[INFO] [stderr]     Finished `release` profile [optimized] target(s) in 5.69s
[INFO] running `Command { std: "docker" "inspect" "d6a75309f9bd956e5614eda0f1ba682162296c6890091e377b57fb707105a1e1", kill_on_drop: false }`
[INFO] running `Command { std: "docker" "exec" "-e" "SOURCE_DIR=/opt/rustwide/workdir" "-e" "CARGO_HOME=/opt/rustwide/cargo-home" "-e" "RUSTUP_HOME=/opt/rustwide/rustup-home" "-e" "CARGO_TARGET_DIR=/opt/rustwide/target" "-e" "CARGO_INCREMENTAL=0" "-e" "RUST_BACKTRACE=full" "-e" "RUSTFLAGS=--cap-lints=warn" "-e" "RUSTDOCFLAGS=--cap-lints=warn" "-w" "/opt/rustwide/workdir" "--user" "0:0" "d6a75309f9bd956e5614eda0f1ba682162296c6890091e377b57fb707105a1e1" "/opt/rustwide/cargo-home/bin/cargo" "+1.100.0-beta.1" "test" "--frozen" "--release", kill_on_drop: false }`
[INFO] [stderr]     Finished `release` profile [optimized] target(s) in 0.06s
[INFO] [stderr]      Running unittests src/lib.rs (/opt/rustwide/target/release/build/ps-organizer/aa33e235fde028dd/out/ps_organizer-aa33e235fde028dd)
[INFO] [stdout] 
[INFO] [stdout] running 27 tests
[INFO] [stdout] test planner::tests::plan_moves_no_move_when_already_correct ... ok
[INFO] [stdout] test scanner::tests::extract_simple_c ... ok
[INFO] [stdout] test planner::tests::plan_moves_etc_for_non_matching ... ok
[INFO] [stdout] test planner::tests::plan_moves_splits_when_over_threshold ... ok
[INFO] [stdout] test planner::tests::resolve_conflict_adds_suffix ... ok
[INFO] [stdout] test grouper::tests::next_unit_basic ... ok
[INFO] [stdout] test planner::tests::plan_moves_handles_conflict ... ok
[INFO] [stdout] test grouper::tests::compute_structure_nested_when_dense ... ok
[INFO] [stdout] test grouper::tests::same_level_folders_have_same_length ... ok
[INFO] [stdout] test planner::tests::resolve_conflict_no_extension ... ok
[INFO] [stdout] test grouper::tests::compute_structure_mixed_density_with_padding ... ok
[INFO] [stdout] test grouper::tests::find_largest_unit_basic ... ok
[INFO] [stdout] test scanner::tests::extract_simple_py ... ok
[INFO] [stdout] test scanner::tests::handle_leading_zeros ... ok
[INFO] [stdout] test scanner::tests::handle_zero ... ok
[INFO] [stdout] test scanner::tests::reject_capital_extension ... ok
[INFO] [stdout] test scanner::tests::reject_mixed_chars ... ok
[INFO] [stdout] test scanner::tests::reject_no_number ... ok
[INFO] [stdout] test scanner::tests::reject_with_prefix ... ok
[INFO] [stdout] test scanner::tests::extract_simple_cpp ... ok
[INFO] [stdout] test grouper::tests::compute_structure_flat_when_under_threshold ... ok
[INFO] [stdout] test scanner::tests::reject_wrong_extension ... ok
[INFO] [stdout] test grouper::tests::compute_structure_threshold_333 ... ok
[INFO] [stdout] test grouper::tests::digit_count_basic ... ok
[INFO] [stdout] test grouper::tests::folders_use_start_number ... ok
[INFO] [stdout] test grouper::tests::format_folder_name_basic ... ok
[INFO] [stdout] test scanner::tests::reject_with_suffix ... ok
[INFO] [stdout] 
[INFO] [stdout] test result: ok. 27 passed; 0 failed; 0 ignored; 0 measured; 0 filtered out; finished in 0.02s
[INFO] [stdout] 
[INFO] [stderr]      Running unittests src/main.rs (/opt/rustwide/target/release/build/ps-organizer/19e8bea56dce6cdc/out/ps_organizer-19e8bea56dce6cdc)
[INFO] [stdout] 
[INFO] [stdout] running 0 tests
[INFO] [stdout] 
[INFO] [stdout] test result: ok. 0 passed; 0 failed; 0 ignored; 0 measured; 0 filtered out; finished in 0.00s
[INFO] [stdout] 
[INFO] [stderr]      Running tests/integration.rs (/opt/rustwide/target/release/build/ps-organizer/0e6a76382dca19b1/out/integration-0e6a76382dca19b1)
[INFO] [stdout] 
[INFO] [stdout] running 7 tests
[INFO] [stdout] test integration_organize_flat_files ... ok
[INFO] [stdout] test integration_already_organized ... ok
[INFO] [stdout] test integration_conflict_resolution ... FAILED
[INFO] [stdout] test integration_etc_folder_for_non_matching ... ok
[INFO] [stdout] test integration_cleanup_empty_dirs ... ok
[INFO] [stdout] test integration_organize_needs_grouping ... ok
[INFO] [stdout] test integration_nested_structure ... ok
[INFO] [stdout] 
[INFO] [stdout] failures:
[INFO] [stdout] 
[INFO] [stdout] ---- integration_conflict_resolution stdout ----
[INFO] [stdout] === 파일 이동 중 (2 개) ===
[INFO] [stdout] 
[INFO] [stdout] 
[INFO] [stdout] 완료: 2 개 파일 이동됨
[INFO] [stdout] 
[INFO] [stdout] thread 'integration_conflict_resolution' (574) panicked at tests/integration.rs:109:5:
[INFO] [stdout] assertion `left == right` failed
[INFO] [stdout]   left: 1
[INFO] [stdout]  right: 2
[INFO] [stdout] stack backtrace:
[INFO] [stdout]    0:     0x624e0028abf1 - <<std[617be2ca0a6fd877]::sys::backtrace::BacktraceLock>::print::DisplayBacktrace as core[a373ad73a504971]::fmt::Display>::fmt
[INFO] [stdout]    1:     0x624e0029f55a - core[a373ad73a504971]::fmt::write
[INFO] [stdout]    2:     0x624e0028f5fc - <alloc[2e1b2a31b91974c5]::vec::Vec<u8> as core[a373ad73a504971]::io::write::Write>::write_fmt
[INFO] [stdout]    3:     0x624e00264b56 - std[617be2ca0a6fd877]::panicking::default_hook::{closure#0}
[INFO] [stdout]    4:     0x624e00282579 - std[617be2ca0a6fd877]::panicking::default_hook
[INFO] [stdout]    5:     0x624e0021b2d0 - test[aada8e7e76ba119b]::test_main_inner::{closure#0}
[INFO] [stdout]    6:     0x624e00282732 - std[617be2ca0a6fd877]::panicking::panic_with_hook
[INFO] [stdout]    7:     0x624e00264c02 - std[617be2ca0a6fd877]::panicking::panic_handler::{closure#0}
[INFO] [stdout]    8:     0x624e0025d169 - std[617be2ca0a6fd877]::sys::backtrace::__rust_end_short_backtrace::<std[617be2ca0a6fd877]::panicking::panic_handler::{closure#0}, !>
[INFO] [stdout]    9:     0x624e00265a0d - __rustc[ea4f61d10b84890b]::rust_begin_unwind
[INFO] [stdout]   10:     0x624e0029fc8c - core[a373ad73a504971]::panicking::panic_fmt
[INFO] [stdout]   11:     0x624e0029fba3 - core[a373ad73a504971]::panicking::assert_failed_inner
[INFO] [stdout]   12:     0x624e0029c358 - core[a373ad73a504971]::panicking::assert_failed::<usize, usize>
[INFO] [stdout]   13:     0x624e001fc455 - <integration[b8941f105c71b040]::integration_conflict_resolution::{closure#0} as core[a373ad73a504971]::ops::function::FnOnce<()>>::call_once
[INFO] [stdout]   14:     0x624e0020e71b - test[aada8e7e76ba119b]::__rust_begin_short_backtrace::<core[a373ad73a504971]::result::Result<(), alloc[2e1b2a31b91974c5]::string::String>, fn() -> core[a373ad73a504971]::result::Result<(), alloc[2e1b2a31b91974c5]::string::String>>
[INFO] [stdout]   15:     0x624e0021b8f5 - test[aada8e7e76ba119b]::run_test::{closure#0}
[INFO] [stdout]   16:     0x624e002151e4 - std[617be2ca0a6fd877]::sys::backtrace::__rust_begin_short_backtrace::<test[aada8e7e76ba119b]::run_test::{closure#1}, ()>
[INFO] [stdout]   17:     0x624e0021e982 - <std[617be2ca0a6fd877]::thread::lifecycle::spawn_unchecked<test[aada8e7e76ba119b]::run_test::{closure#1}, ()>::{closure#1} as core[a373ad73a504971]::ops::function::FnOnce<()>>::call_once::{shim:vtable#0}
[INFO] [stdout]   18:     0x624e0028a44f - <std[617be2ca0a6fd877]::sys::thread::unix::Thread>::new::thread_start
[INFO] [stdout]   19:     0x7d9536b23dfa - <unknown>
[INFO] [stdout]   20:     0x7d9536bb73d4 - clone
[INFO] [stdout]   21:                0x0 - <unknown>
[INFO] [stdout] 
[INFO] [stdout] 
[INFO] [stdout] failures:
[INFO] [stdout]     integration_conflict_resolution
[INFO] [stdout] 
[INFO] [stdout] test result: FAILED. 6 passed; 1 failed; 0 ignored; 0 measured; 0 filtered out; finished in 0.03s
[INFO] [stdout] 
[INFO] [stderr] error: test failed, to rerun pass `--test integration`
[INFO] running `Command { std: "docker" "inspect" "d6a75309f9bd956e5614eda0f1ba682162296c6890091e377b57fb707105a1e1", kill_on_drop: false }`
[INFO] running `Command { std: "docker" "rm" "-f" "d6a75309f9bd956e5614eda0f1ba682162296c6890091e377b57fb707105a1e1", kill_on_drop: false }`
[INFO] [stdout] d6a75309f9bd956e5614eda0f1ba682162296c6890091e377b57fb707105a1e1
