[INFO] fetching crate ps-accesskit-xplat 0.1.1...
[INFO] testing ps-accesskit-xplat-0.1.1 against 1.99.0-beta.8+cargoflags=--release for beta-release-1.100-2
[INFO] extracting crate ps-accesskit-xplat 0.1.1 into /workspace/builds/worker-7-tc1/source
[INFO] started tweaking crates.io crate ps-accesskit-xplat 0.1.1
[INFO] finished tweaking crates.io crate ps-accesskit-xplat 0.1.1
[INFO] tweaked toml for crates.io crate ps-accesskit-xplat 0.1.1 written to /workspace/builds/worker-7-tc1/source/Cargo.toml
[INFO] validating manifest of crates.io crate ps-accesskit-xplat 0.1.1 on toolchain 1.99.0-beta.8
[INFO] running `Command { std: CARGO_HOME="/workspace/cargo-home" RUSTUP_HOME="/workspace/rustup-home" "/workspace/cargo-home/bin/cargo" "+1.99.0-beta.8" "metadata" "--manifest-path" "Cargo.toml" "--no-deps", kill_on_drop: false }`
[INFO] crate crates.io crate ps-accesskit-xplat 0.1.1 already has a lockfile, it will not be regenerated
[INFO] running `Command { std: CARGO_HOME="/workspace/cargo-home" RUSTUP_HOME="/workspace/rustup-home" "/workspace/cargo-home/bin/cargo" "+1.99.0-beta.8" "fetch" "--manifest-path" "Cargo.toml", kill_on_drop: false }`
[INFO] [stderr]     Updating crates.io index
[INFO] [stderr]  Downloading crates ...
[INFO] [stderr]   Downloaded accesskit_consumer v0.35.0
[INFO] [stderr]   Downloaded keyboard-types v0.8.3
[INFO] [stderr]   Downloaded winit-core v0.31.0-beta.2
[INFO] [stderr]   Downloaded zvariant_utils v3.4.0
[INFO] [stderr]   Downloaded zbus_xml v5.1.1
[INFO] [stderr]   Downloaded zvariant_derive v5.12.0
[INFO] [stderr]   Downloaded zbus_names v4.3.2
[INFO] [stderr]   Downloaded accesskit_atspi_common v0.18.1
[INFO] [stderr]   Downloaded accesskit_macos v0.26.2
[INFO] [stderr]   Downloaded accesskit_unix v0.21.1
[INFO] [stderr]   Downloaded zbus_macros v5.16.0
[INFO] [stderr]   Downloaded accesskit_windows v0.32.1
[INFO] [stderr]   Downloaded accesskit_consumer v0.36.0
[INFO] [stderr]   Downloaded borsh v1.7.0
[INFO] [stderr]   Downloaded zvariant v5.12.0
[INFO] [stderr]   Downloaded accesskit_android v0.7.4
[INFO] [stderr]   Downloaded zbus v5.16.0
[INFO] [stderr]   Downloaded accesskit_consumer v0.37.0
[INFO] running `Command { std: "docker" "create" "-v" "/var/lib/crater-agent-workspace/builds/worker-7-tc1/source:/opt/rustwide/workdir:ro,Z" "-v" "/var/lib/crater-agent-workspace/builds/worker-7-tc1/target:/opt/rustwide/target:rw,Z" "-v" "/var/lib/crater-agent-workspace/cargo-home:/opt/rustwide/cargo-home:ro,Z" "-v" "/var/lib/crater-agent-workspace/rustup-home:/opt/rustwide/rustup-home:ro,Z" "-m" "1610612736" "--network" "none" "ghcr.io/rust-lang/crates-build-env/linux@sha256:77db811e55d90add9212f6832c23229e3de5f1c1f9905e8cb07319ea15df73ac" "sleep" "infinity", kill_on_drop: false }`
[INFO] [stdout] aad04513fb783eef4a50377c8c049ac83071e4a28c92bbedd9056cc4d01cd8f3
[INFO] running `Command { std: "docker" "start" "aad04513fb783eef4a50377c8c049ac83071e4a28c92bbedd9056cc4d01cd8f3", kill_on_drop: false }`
[INFO] running `Command { std: "docker" "inspect" "aad04513fb783eef4a50377c8c049ac83071e4a28c92bbedd9056cc4d01cd8f3", kill_on_drop: false }`
[INFO] running `Command { std: "docker" "exec" "-e" "SOURCE_DIR=/opt/rustwide/workdir" "-e" "CARGO_HOME=/opt/rustwide/cargo-home" "-e" "RUSTUP_HOME=/opt/rustwide/rustup-home" "-e" "CARGO_TARGET_DIR=/opt/rustwide/target" "-w" "/opt/rustwide/workdir" "--user" "0:0" "aad04513fb783eef4a50377c8c049ac83071e4a28c92bbedd9056cc4d01cd8f3" "/opt/rustwide/cargo-home/bin/cargo" "+1.99.0-beta.8" "metadata" "--no-deps" "--format-version=1", kill_on_drop: false }`
[INFO] running `Command { std: "docker" "inspect" "aad04513fb783eef4a50377c8c049ac83071e4a28c92bbedd9056cc4d01cd8f3", kill_on_drop: false }`
[INFO] running `Command { std: "docker" "exec" "-e" "SOURCE_DIR=/opt/rustwide/workdir" "-e" "CARGO_HOME=/opt/rustwide/cargo-home" "-e" "RUSTUP_HOME=/opt/rustwide/rustup-home" "-e" "CARGO_TARGET_DIR=/opt/rustwide/target" "-e" "CARGO_INCREMENTAL=0" "-e" "RUST_BACKTRACE=full" "-e" "RUSTFLAGS=--cap-lints=warn" "-e" "RUSTDOCFLAGS=--cap-lints=warn" "-w" "/opt/rustwide/workdir" "--user" "0:0" "aad04513fb783eef4a50377c8c049ac83071e4a28c92bbedd9056cc4d01cd8f3" "/opt/rustwide/cargo-home/bin/cargo" "+1.99.0-beta.8" "build" "--frozen" "--message-format=json" "--release", kill_on_drop: false }`
[INFO] [stderr]    Compiling syn v2.0.118
[INFO] [stderr]    Compiling crossbeam-utils v0.8.21
[INFO] [stderr]    Compiling quote v1.0.46
[INFO] [stderr]    Compiling futures-io v0.3.32
[INFO] [stderr]    Compiling rustix v1.1.4
[INFO] [stderr]    Compiling linux-raw-sys v0.12.1
[INFO] [stderr]    Compiling winnow v1.0.3
[INFO] [stderr]    Compiling bitflags v2.13.0
[INFO] [stderr]    Compiling memchr v2.8.2
[INFO] [stderr]    Compiling uuid v1.23.4
[INFO] [stderr]    Compiling ordered-stream v0.2.0
[INFO] [stderr]    Compiling phf_shared v0.13.1
[INFO] [stderr]    Compiling fastrand v2.4.1
[INFO] [stderr]    Compiling siphasher v1.0.3
[INFO] [stderr]    Compiling hashbrown v0.16.1
[INFO] [stderr]    Compiling futures-lite v2.6.1
[INFO] [stderr]    Compiling piper v0.2.5
[INFO] [stderr]    Compiling phf_generator v0.13.1
[INFO] [stderr]    Compiling accesskit v0.24.1
[INFO] [stderr]    Compiling concurrent-queue v2.5.0
[INFO] [stderr]    Compiling event-listener v5.4.1
[INFO] [stderr]    Compiling event-listener-strategy v0.5.4
[INFO] [stderr]    Compiling async-executor v1.14.0
[INFO] [stderr]    Compiling accesskit_consumer v0.36.0
[INFO] [stderr]    Compiling async-channel v2.5.0
[INFO] [stderr]    Compiling async-lock v3.4.2
[INFO] [stderr]    Compiling async-broadcast v0.7.2
[INFO] [stderr]    Compiling blocking v1.6.2
[INFO] [stderr]    Compiling serde_derive v1.0.228
[INFO] [stderr]    Compiling enumflags2_derive v0.7.12
[INFO] [stderr]    Compiling tracing-attributes v0.1.31
[INFO] [stderr]    Compiling serde_repr v0.1.20
[INFO] [stderr]    Compiling async-recursion v1.1.1
[INFO] [stderr]    Compiling async-trait v0.1.89
[INFO] [stderr]    Compiling phf_macros v0.13.1
[INFO] [stderr]    Compiling futures-macro v0.3.32
[INFO] [stderr]    Compiling phf v0.13.1
[INFO] [stderr]    Compiling futures-util v0.3.32
[INFO] [stderr]    Compiling tracing v0.1.44
[INFO] [stderr]    Compiling polling v3.11.0
[INFO] [stderr]    Compiling async-io v2.6.0
[INFO] [stderr]    Compiling serde v1.0.228
[INFO] [stderr]    Compiling async-signal v0.2.14
[INFO] [stderr]    Compiling async-process v2.5.0
[INFO] [stderr]    Compiling zvariant_utils v3.4.0
[INFO] [stderr]    Compiling enumflags2 v0.7.12
[INFO] [stderr]    Compiling quick-xml v0.39.4
[INFO] [stderr]    Compiling zvariant_derive v5.12.0
[INFO] [stderr]    Compiling zvariant v5.12.0
[INFO] [stderr]    Compiling zbus_names v4.3.2
[INFO] [stderr]    Compiling zbus_xml v5.1.1
[INFO] [stderr]    Compiling zbus_macros v5.16.0
[INFO] [stderr]    Compiling zbus-lockstep v0.5.2
[INFO] [stderr]    Compiling zbus-lockstep-macros v0.5.2
[INFO] [stderr]    Compiling zbus v5.16.0
[INFO] [stderr]    Compiling atspi-common v0.13.0
[INFO] [stderr]    Compiling atspi-proxies v0.13.0
[INFO] [stderr]    Compiling accesskit_atspi_common v0.18.1
[INFO] [stderr]    Compiling atspi v0.29.0
[INFO] [stderr]    Compiling accesskit_unix v0.21.1
[INFO] [stderr]    Compiling ps-accesskit-xplat v0.1.1 (/opt/rustwide/workdir)
[INFO] [stderr]     Finished `release` profile [optimized] target(s) in 1m 47s
[INFO] running `Command { std: "docker" "inspect" "aad04513fb783eef4a50377c8c049ac83071e4a28c92bbedd9056cc4d01cd8f3", kill_on_drop: false }`
[INFO] running `Command { std: "docker" "exec" "-e" "SOURCE_DIR=/opt/rustwide/workdir" "-e" "CARGO_HOME=/opt/rustwide/cargo-home" "-e" "RUSTUP_HOME=/opt/rustwide/rustup-home" "-e" "CARGO_TARGET_DIR=/opt/rustwide/target" "-e" "CARGO_INCREMENTAL=0" "-e" "RUST_BACKTRACE=full" "-e" "RUSTFLAGS=--cap-lints=warn" "-e" "RUSTDOCFLAGS=--cap-lints=warn" "-w" "/opt/rustwide/workdir" "--user" "0:0" "aad04513fb783eef4a50377c8c049ac83071e4a28c92bbedd9056cc4d01cd8f3" "/opt/rustwide/cargo-home/bin/cargo" "+1.99.0-beta.8" "test" "--frozen" "--no-run" "--message-format=json" "--release", kill_on_drop: false }`
[INFO] [stderr]    Compiling keyboard-types v0.8.3
[INFO] [stderr]    Compiling cursor-icon v1.2.0
[INFO] [stderr]    Compiling dpi v0.1.2
[INFO] [stderr]    Compiling smol_str v0.3.6
[INFO] [stderr]    Compiling winit-core v0.31.0-beta.2
[INFO] [stderr]    Compiling ps-accesskit-xplat v0.1.1 (/opt/rustwide/workdir)
[INFO] [stderr]     Finished `release` profile [optimized] target(s) in 2.74s
[INFO] running `Command { std: "docker" "inspect" "aad04513fb783eef4a50377c8c049ac83071e4a28c92bbedd9056cc4d01cd8f3", kill_on_drop: false }`
[INFO] running `Command { std: "docker" "exec" "-e" "SOURCE_DIR=/opt/rustwide/workdir" "-e" "CARGO_HOME=/opt/rustwide/cargo-home" "-e" "RUSTUP_HOME=/opt/rustwide/rustup-home" "-e" "CARGO_TARGET_DIR=/opt/rustwide/target" "-e" "CARGO_INCREMENTAL=0" "-e" "RUST_BACKTRACE=full" "-e" "RUSTFLAGS=--cap-lints=warn" "-e" "RUSTDOCFLAGS=--cap-lints=warn" "-w" "/opt/rustwide/workdir" "--user" "0:0" "aad04513fb783eef4a50377c8c049ac83071e4a28c92bbedd9056cc4d01cd8f3" "/opt/rustwide/cargo-home/bin/cargo" "+1.99.0-beta.8" "test" "--frozen" "--release", kill_on_drop: false }`
[INFO] [stderr]     Finished `release` profile [optimized] target(s) in 0.14s
[INFO] [stderr]      Running unittests src/lib.rs (/opt/rustwide/target/release/deps/ps_accesskit_xplat-6a50ddea1138ee5b)
[INFO] [stdout] 
[INFO] [stdout] running 0 tests
[INFO] [stdout] 
[INFO] [stdout] test result: ok. 0 passed; 0 failed; 0 ignored; 0 measured; 0 filtered out; finished in 0.00s
[INFO] [stdout] 
[INFO] [stderr]    Doc-tests ps_accesskit_xplat
[INFO] [stdout] 
[INFO] [stdout] running 1 test
[INFO] [stdout] test src/lib.rs - (line 17) ... FAILED
[INFO] [stdout] 
[INFO] [stdout] failures:
[INFO] [stdout] 
[INFO] [stdout] ---- src/lib.rs - (line 17) stdout ----
[INFO] [stdout] error[E0432]: unresolved import `accesskit_xplat`
[INFO] [stdout]   --> src/lib.rs:19:5
[INFO] [stdout]    |
[INFO] [stdout] 19 | use accesskit_xplat::{Adapter, EventHandler, WindowEvent as AccessKitEvent};
[INFO] [stdout]    |     ^^^^^^^^^^^^^^^ use of unresolved module or unlinked crate `accesskit_xplat`
[INFO] [stdout]    |
[INFO] [stdout] help: there is a crate or module with a similar name
[INFO] [stdout]    |
[INFO] [stdout] 19 | use ps_accesskit_xplat::{Adapter, EventHandler, WindowEvent as AccessKitEvent};
[INFO] [stdout]    |     +++
[INFO] [stdout] 
[INFO] [stdout] error: aborting due to 1 previous error
[INFO] [stdout] 
[INFO] [stdout] For more information about this error, try `rustc --explain E0432`.
[INFO] [stdout] Couldn't compile the test.
[INFO] [stdout] 
[INFO] [stdout] failures:
[INFO] [stdout]     src/lib.rs - (line 17)
[INFO] [stdout] 
[INFO] [stdout] test result: FAILED. 0 passed; 1 failed; 0 ignored; 0 measured; 0 filtered out; finished in 0.07s
[INFO] [stdout] 
[INFO] [stdout] all doctests ran in 0.19s; merged doctests compilation took 0.11s
[INFO] [stderr] error: doctest failed, to rerun pass `--doc`
[INFO] running `Command { std: "docker" "inspect" "aad04513fb783eef4a50377c8c049ac83071e4a28c92bbedd9056cc4d01cd8f3", kill_on_drop: false }`
[INFO] running `Command { std: "docker" "rm" "-f" "aad04513fb783eef4a50377c8c049ac83071e4a28c92bbedd9056cc4d01cd8f3", kill_on_drop: false }`
[INFO] [stdout] aad04513fb783eef4a50377c8c049ac83071e4a28c92bbedd9056cc4d01cd8f3
