[INFO] fetching crate prustio 1.0.3...
[INFO] testing prustio-1.0.3 against 1.99.0-beta.8+cargoflags=--release for beta-release-1.100-2
[INFO] extracting crate prustio 1.0.3 into /workspace/builds/worker-1-tc1/source
[INFO] started tweaking crates.io crate prustio 1.0.3
[INFO] removed 0 missing tests
[INFO] finished tweaking crates.io crate prustio 1.0.3
[INFO] tweaked toml for crates.io crate prustio 1.0.3 written to /workspace/builds/worker-1-tc1/source/Cargo.toml
[INFO] validating manifest of crates.io crate prustio 1.0.3 on toolchain 1.99.0-beta.8
[INFO] running `Command { std: CARGO_HOME="/workspace/cargo-home" RUSTUP_HOME="/workspace/rustup-home" "/workspace/cargo-home/bin/cargo" "+1.99.0-beta.8" "metadata" "--manifest-path" "Cargo.toml" "--no-deps", kill_on_drop: false }`
[INFO] crate crates.io crate prustio 1.0.3 already has a lockfile, it will not be regenerated
[INFO] running `Command { std: CARGO_HOME="/workspace/cargo-home" RUSTUP_HOME="/workspace/rustup-home" "/workspace/cargo-home/bin/cargo" "+1.99.0-beta.8" "fetch" "--manifest-path" "Cargo.toml", kill_on_drop: false }`
[INFO] [stderr]     Updating crates.io index
[INFO] [stderr]  Downloading crates ...
[INFO] [stderr]   Downloaded toml_writer v1.0.7+spec-1.1.0
[INFO] [stderr]   Downloaded result v1.0.0
[INFO] [stderr]   Downloaded assert_cmd v2.2.1
[INFO] [stderr]   Downloaded serde_ini v0.2.0
[INFO] [stderr]   Downloaded toml v1.0.7+spec-1.1.0
[INFO] running `Command { std: "docker" "create" "-v" "/var/lib/crater-agent-workspace/builds/worker-1-tc1/source:/opt/rustwide/workdir:ro,Z" "-v" "/var/lib/crater-agent-workspace/builds/worker-1-tc1/target:/opt/rustwide/target:rw,Z" "-v" "/var/lib/crater-agent-workspace/cargo-home:/opt/rustwide/cargo-home:ro,Z" "-v" "/var/lib/crater-agent-workspace/rustup-home:/opt/rustwide/rustup-home:ro,Z" "-m" "1610612736" "--network" "none" "ghcr.io/rust-lang/crates-build-env/linux@sha256:77db811e55d90add9212f6832c23229e3de5f1c1f9905e8cb07319ea15df73ac" "sleep" "infinity", kill_on_drop: false }`
[INFO] [stdout] 13776052b0c6372cfda62d65a3c33356b8d19a5bbf1518b1533e5ea4311836d3
[INFO] running `Command { std: "docker" "start" "13776052b0c6372cfda62d65a3c33356b8d19a5bbf1518b1533e5ea4311836d3", kill_on_drop: false }`
[INFO] running `Command { std: "docker" "inspect" "13776052b0c6372cfda62d65a3c33356b8d19a5bbf1518b1533e5ea4311836d3", kill_on_drop: false }`
[INFO] running `Command { std: "docker" "exec" "-e" "SOURCE_DIR=/opt/rustwide/workdir" "-e" "CARGO_HOME=/opt/rustwide/cargo-home" "-e" "RUSTUP_HOME=/opt/rustwide/rustup-home" "-e" "CARGO_TARGET_DIR=/opt/rustwide/target" "-w" "/opt/rustwide/workdir" "--user" "0:0" "13776052b0c6372cfda62d65a3c33356b8d19a5bbf1518b1533e5ea4311836d3" "/opt/rustwide/cargo-home/bin/cargo" "+1.99.0-beta.8" "metadata" "--no-deps" "--format-version=1", kill_on_drop: false }`
[INFO] running `Command { std: "docker" "inspect" "13776052b0c6372cfda62d65a3c33356b8d19a5bbf1518b1533e5ea4311836d3", kill_on_drop: false }`
[INFO] running `Command { std: "docker" "exec" "-e" "SOURCE_DIR=/opt/rustwide/workdir" "-e" "CARGO_HOME=/opt/rustwide/cargo-home" "-e" "RUSTUP_HOME=/opt/rustwide/rustup-home" "-e" "CARGO_TARGET_DIR=/opt/rustwide/target" "-e" "CARGO_INCREMENTAL=0" "-e" "RUST_BACKTRACE=full" "-e" "RUSTFLAGS=--cap-lints=warn" "-e" "RUSTDOCFLAGS=--cap-lints=warn" "-w" "/opt/rustwide/workdir" "--user" "0:0" "13776052b0c6372cfda62d65a3c33356b8d19a5bbf1518b1533e5ea4311836d3" "/opt/rustwide/cargo-home/bin/cargo" "+1.99.0-beta.8" "build" "--frozen" "--message-format=json" "--release", kill_on_drop: false }`
[INFO] [stderr]    Compiling libc v0.2.182
[INFO] [stderr]    Compiling winnow v1.0.0
[INFO] [stderr]    Compiling serde_spanned v1.0.4
[INFO] [stderr]    Compiling quote v1.0.45
[INFO] [stderr]    Compiling anstream v1.0.0
[INFO] [stderr]    Compiling toml_writer v1.0.7+spec-1.1.0
[INFO] [stderr]    Compiling clap_lex v1.0.0
[INFO] [stderr]    Compiling regex-automata v0.4.14
[INFO] [stderr]    Compiling toml_datetime v0.7.5+spec-1.1.0
[INFO] [stderr]    Compiling toml_datetime v1.0.1+spec-1.1.0
[INFO] [stderr]    Compiling winnow v0.7.14
[INFO] [stderr]    Compiling void v1.0.2
[INFO] [stderr]    Compiling result v1.0.0
[INFO] [stderr]    Compiling serde_json v1.0.149
[INFO] [stderr]    Compiling colored v3.1.1
[INFO] [stderr]    Compiling syn v2.0.117
[INFO] [stderr]    Compiling toml_parser v1.0.10+spec-1.1.0
[INFO] [stderr]    Compiling clap_builder v4.6.0
[INFO] [stderr]    Compiling toml v1.0.7+spec-1.1.0
[INFO] [stderr]    Compiling parking_lot_core v0.9.12
[INFO] [stderr]    Compiling dirs-sys v0.5.0
[INFO] [stderr]    Compiling dirs v6.0.0
[INFO] [stderr]    Compiling parking_lot v0.12.5
[INFO] [stderr]    Compiling crossterm v0.29.0
[INFO] [stderr]    Compiling comfy-table v7.2.2
[INFO] [stderr]    Compiling toml_edit v0.23.10+spec-1.0.0
[INFO] [stderr]    Compiling serde_derive v1.0.228
[INFO] [stderr]    Compiling clap_derive v4.6.1
[INFO] [stderr]    Compiling regex v1.12.3
[INFO] [stderr]    Compiling clap v4.6.1
[INFO] [stderr]    Compiling serde v1.0.228
[INFO] [stderr]    Compiling serde_ini v0.2.0
[INFO] [stderr]    Compiling prustio v1.0.3 (/opt/rustwide/workdir)
[INFO] [stderr]     Finished `release` profile [optimized] target(s) in 43.33s
[INFO] running `Command { std: "docker" "inspect" "13776052b0c6372cfda62d65a3c33356b8d19a5bbf1518b1533e5ea4311836d3", kill_on_drop: false }`
[INFO] running `Command { std: "docker" "exec" "-e" "SOURCE_DIR=/opt/rustwide/workdir" "-e" "CARGO_HOME=/opt/rustwide/cargo-home" "-e" "RUSTUP_HOME=/opt/rustwide/rustup-home" "-e" "CARGO_TARGET_DIR=/opt/rustwide/target" "-e" "CARGO_INCREMENTAL=0" "-e" "RUST_BACKTRACE=full" "-e" "RUSTFLAGS=--cap-lints=warn" "-e" "RUSTDOCFLAGS=--cap-lints=warn" "-w" "/opt/rustwide/workdir" "--user" "0:0" "13776052b0c6372cfda62d65a3c33356b8d19a5bbf1518b1533e5ea4311836d3" "/opt/rustwide/cargo-home/bin/cargo" "+1.99.0-beta.8" "test" "--frozen" "--no-run" "--message-format=json" "--release", kill_on_drop: false }`
[INFO] [stderr]    Compiling regex-automata v0.4.14
[INFO] [stderr]    Compiling predicates-core v1.0.10
[INFO] [stderr]    Compiling float-cmp v0.10.0
[INFO] [stderr]    Compiling crossterm v0.29.0
[INFO] [stderr]    Compiling termtree v0.5.1
[INFO] [stderr]    Compiling assert_cmd v2.2.1
[INFO] [stderr]    Compiling normalize-line-endings v0.3.0
[INFO] [stderr]    Compiling difflib v0.4.0
[INFO] [stderr]    Compiling getrandom v0.4.2
[INFO] [stderr]    Compiling wait-timeout v0.2.1
[INFO] [stderr]    Compiling predicates-tree v1.0.13
[INFO] [stderr]    Compiling tempfile v3.27.0
[INFO] [stderr]    Compiling comfy-table v7.2.2
[INFO] [stderr]    Compiling regex v1.12.3
[INFO] [stderr]    Compiling bstr v1.12.1
[INFO] [stderr]    Compiling predicates v3.1.4
[INFO] [stderr]    Compiling prustio v1.0.3 (/opt/rustwide/workdir)
[INFO] [stderr]     Finished `release` profile [optimized] target(s) in 32.08s
[INFO] running `Command { std: "docker" "inspect" "13776052b0c6372cfda62d65a3c33356b8d19a5bbf1518b1533e5ea4311836d3", kill_on_drop: false }`
[INFO] running `Command { std: "docker" "exec" "-e" "SOURCE_DIR=/opt/rustwide/workdir" "-e" "CARGO_HOME=/opt/rustwide/cargo-home" "-e" "RUSTUP_HOME=/opt/rustwide/rustup-home" "-e" "CARGO_TARGET_DIR=/opt/rustwide/target" "-e" "CARGO_INCREMENTAL=0" "-e" "RUST_BACKTRACE=full" "-e" "RUSTFLAGS=--cap-lints=warn" "-e" "RUSTDOCFLAGS=--cap-lints=warn" "-w" "/opt/rustwide/workdir" "--user" "0:0" "13776052b0c6372cfda62d65a3c33356b8d19a5bbf1518b1533e5ea4311836d3" "/opt/rustwide/cargo-home/bin/cargo" "+1.99.0-beta.8" "test" "--frozen" "--release", kill_on_drop: false }`
[INFO] [stderr]     Finished `release` profile [optimized] target(s) in 0.12s
[INFO] [stderr]      Running unittests src/main.rs (/opt/rustwide/target/release/deps/prustio-2088b68ca49e5d71)
[INFO] [stdout] 
[INFO] [stdout] running 44 tests
[INFO] [stdout] test model::build::tests::test_write_build_configuration_success ... ok
[INFO] [stdout] test model::board::tests::test_get_unspecified_board ... ok
[INFO] [stdout] test model::board::tests::test_get_filtered_board_ids ... ok
[INFO] [stdout] test model::build::tests::test_get_build_content_empty_libs ... ok
[INFO] [stdout] test model::board::tests::test_board_new_custom ... ok
[INFO] [stdout] test model::cargo_toml::tests::test_bin_config_defaults ... ok
[INFO] [stdout] test model::cargo_toml::tests::test_cargo_toml_generation_pure_mode ... ok
[INFO] [stdout] test model::cargo_toml::tests::test_cargo_toml_with_user_dependencies ... ok
[INFO] [stdout] test model::cargo_toml::tests::test_profile_config_defaults ... ok
[INFO] [stdout] test model::platformio_lock::tests::test_get_pio_lock_path ... ok
[INFO] [stdout] test model::cargo_toml::tests::test_cargo_toml_generation_hybrid_mode ... ok
[INFO] [stdout] test model::build::tests::test_get_build_content_with_libs ... ok
[INFO] [stdout] test model::platformio_lock::tests::test_get_platform_packages ... ok
[INFO] [stdout] test model::platformio_lock::tests::test_parse_pio_list_output ... ok
[INFO] [stdout] test model::platformio_lock::tests::test_get_lib_deps ... ok
[INFO] [stdout] test model::prustio_config::tests::test_parse_configuration_with_env ... ok
[INFO] [stdout] test model::toolchain_toml::tests::test_toolchain_config_creation ... ok
[INFO] [stdout] test utils::tests::test_check_if_is_pio_dir ... ok
[INFO] [stdout] test model::platformio_lock::tests::test_parse_pio_list_output_framework ... ok
[INFO] [stdout] test model::cargo_config_toml::tests::test_cargo_config_initialization_no_linker ... ok
[INFO] [stdout] test model::prustio_config::tests::test_parse_configuration_without_env ... ok
[INFO] [stdout] test model::platformio_lock::tests::test_save_and_load_lockfile ... ok
[INFO] [stdout] test model::cargo_toml::tests::test_create_cargo_toml_config_success ... ok
[INFO] [stdout] test model::platformio_lock::tests::test_load_nonexistent_lockfile ... ok
[INFO] [stdout] test model::build::tests::test_write_build_configuration_failure ... ok
[INFO] [stdout] test model::cargo_toml::tests::test_create_cargo_toml_config_failure ... ok
[INFO] [stdout] test model::cargo_config_toml::tests::test_cargo_config_update_with_linker ... ok
[INFO] [stdout] test model::device::tests::test_pio_device_deserialization ... ok
[INFO] [stdout] test model::platformio_ini::tests::test_pio_env_config_new ... ok
[INFO] [stdout] test utils::tests::test_ensure_dir_exists ... ok
[INFO] [stdout] test utils::tests::test_get_compiled_libs_names ... ok
[INFO] [stdout] test model::prustio_config::tests::test_set_active_env_success_and_fail ... ok
[INFO] [stdout] test utils::tests::test_get_venv_executable ... ok
[INFO] [stdout] test model::platformio_lock::tests::test_lockfile_new ... ok
[INFO] [stdout] test utils::tests::test_check_venv_executable_existence ... ok
[INFO] [stdout] test utils::tests::test_clear_dir ... ok
[INFO] [stdout] test utils::tests::test_get_project_app_dir ... ok
[INFO] [stdout] test wrapper::platformio::tests::test_copy_lib_to_dir_missing_src ... ok
[INFO] [stdout] test wrapper::platformio::tests::test_copy_lib_to_dir_success ... ok
[INFO] [stdout] test model::prustio_config::tests::test_parse_configuration_with_rust_dependencies ... ok
[INFO] [stdout] test wrapper::platformio::tests::test_get_dir_entries_failure ... ok
[INFO] [stdout] test wrapper::platformio::tests::test_copy_lib_to_dir_missing_dest ... ok
[INFO] [stdout] test wrapper::platformio::tests::test_search_libs_in_pio_build ... ok
[INFO] [stdout] test utils::tests::test_check_if_is_project_dir ... ok
[INFO] [stdout] 
[INFO] [stdout] test result: ok. 44 passed; 0 failed; 0 ignored; 0 measured; 0 filtered out; finished in 0.01s
[INFO] [stdout] 
[INFO] [stderr]      Running tests/integration_tests.rs (/opt/rustwide/target/release/deps/integration_tests-9c11273b5a94f69a)
[INFO] [stdout] 
[INFO] [stdout] running 7 tests
[INFO] [stdout] test test_cli_run_outside_project ... ok
[INFO] [stdout] test test_cli_boards_json_output ... FAILED
[INFO] [stdout] test test_cli_project_init_invalid_board ... FAILED
[INFO] [stdout] test test_cli_project_init_hybrid_mode ... FAILED
[INFO] [stdout] test test_cli_project_init_pure_mode ... FAILED
[INFO] [stdout] test test_cli_boards_filtered_output ... FAILED
[INFO] [stdout] test test_cli_clean_project ... FAILED
[INFO] [stdout] 
[INFO] [stdout] failures:
[INFO] [stdout] 
[INFO] [stdout] ---- test_cli_boards_json_output stdout ----
[INFO] [stdout] 
[INFO] [stdout] thread 'test_cli_boards_json_output' (1215) panicked at /rustc/dfb0accb7f508ae8be965d8629557221c889dd98/library/core/src/ops/function.rs:250:5:
[INFO] [stdout] Unexpected failure.
[INFO] [stdout] code=1
[INFO] [stdout] stderr=```""```
[INFO] [stdout] command=`"/opt/rustwide/target/release/prustio" "boards" "--json-output"`
[INFO] [stdout] code=1
[INFO] [stdout] stdout="{\"message\":\"Can not install application\'s instance of PlatformIO\",\"status\":\"error\"}\n"
[INFO] [stdout] stderr=""
[INFO] [stdout] 
[INFO] [stdout] stack backtrace:
[INFO] [stdout]    0:     0x55afcf999af1 - <<std[70759c8f55707aa4]::sys::backtrace::BacktraceLock>::print::DisplayBacktrace as core[df12db4294e9bfd3]::fmt::Display>::fmt
[INFO] [stdout]    1:     0x55afcf9b08fa - core[df12db4294e9bfd3]::fmt::write
[INFO] [stdout]    2:     0x55afcf99f66c - <alloc[2182bb758b4b3781]::vec::Vec<u8> as core[df12db4294e9bfd3]::io::write::Write>::write_fmt
[INFO] [stdout]    3:     0x55afcf974076 - std[70759c8f55707aa4]::panicking::default_hook::{closure#0}
[INFO] [stdout]    4:     0x55afcf991699 - std[70759c8f55707aa4]::panicking::default_hook
[INFO] [stdout]    5:     0x55afcf91aae0 - test[9d35eded1c95d3be]::test_main_inner::<test[9d35eded1c95d3be]::test_main_static::{closure#0}>::{closure#0}
[INFO] [stdout]    6:     0x55afcf991852 - std[70759c8f55707aa4]::panicking::panic_with_hook
[INFO] [stdout]    7:     0x55afcf974122 - std[70759c8f55707aa4]::panicking::panic_handler::{closure#0}
[INFO] [stdout]    8:     0x55afcf96cbf9 - std[70759c8f55707aa4]::sys::backtrace::__rust_end_short_backtrace::<std[70759c8f55707aa4]::panicking::panic_handler::{closure#0}, !>
[INFO] [stdout]    9:     0x55afcf974d1d - __rustc[8fa7c3cbc660c2b3]::rust_begin_unwind
[INFO] [stdout]   10:     0x55afcf9b10ac - core[df12db4294e9bfd3]::panicking::panic_fmt
[INFO] [stdout]   11:     0x55afcf950424 - <assert_cmd[2e170c8531f55111]::assert::AssertError>::panic::<assert_cmd[2e170c8531f55111]::assert::Assert>
[INFO] [stdout]   12:     0x55afcf950d66 - <assert_cmd[2e170c8531f55111]::assert::Assert>::success
[INFO] [stdout]   13:     0x55afcf90a042 - <integration_tests[34731e9e2253666d]::test_cli_boards_json_output::{closure#0} as core[df12db4294e9bfd3]::ops::function::FnOnce<()>>::call_once
[INFO] [stdout]   14:     0x55afcf90ddcb - test[9d35eded1c95d3be]::__rust_begin_short_backtrace::<core[df12db4294e9bfd3]::result::Result<(), alloc[2182bb758b4b3781]::string::String>, fn() -> core[df12db4294e9bfd3]::result::Result<(), alloc[2182bb758b4b3781]::string::String>>
[INFO] [stdout]   15:     0x55afcf91b435 - test[9d35eded1c95d3be]::run_test::{closure#0}
[INFO] [stdout]   16:     0x55afcf914cf4 - std[70759c8f55707aa4]::sys::backtrace::__rust_begin_short_backtrace::<test[9d35eded1c95d3be]::run_test::{closure#1}, ()>
[INFO] [stdout]   17:     0x55afcf91e592 - <std[70759c8f55707aa4]::thread::lifecycle::spawn_unchecked<test[9d35eded1c95d3be]::run_test::{closure#1}, ()>::{closure#1} as core[df12db4294e9bfd3]::ops::function::FnOnce<()>>::call_once::{shim:vtable#0}
[INFO] [stdout]   18:     0x55afcf998fd9 - <std[70759c8f55707aa4]::sys::thread::unix::Thread>::new::thread_start
[INFO] [stdout]   19:     0x73cd7f66adfa - <unknown>
[INFO] [stdout]   20:     0x73cd7f6fe3d4 - clone
[INFO] [stdout]   21:                0x0 - <unknown>
[INFO] [stdout] 
[INFO] [stdout] ---- test_cli_project_init_invalid_board stdout ----
[INFO] [stdout] 
[INFO] [stdout] thread 'test_cli_project_init_invalid_board' (1218) panicked at /rustc/dfb0accb7f508ae8be965d8629557221c889dd98/library/core/src/ops/function.rs:250:5:
[INFO] [stdout] Unexpected stderr, failed var.contains(Unsupported)
[INFO] [stdout] ├── var: Error:  Can not install application's instance of PlatformIO
[INFO] [stdout] └── var as str: Error:  Can not install application's instance of PlatformIO
[INFO] [stdout] 
[INFO] [stdout] command=`cd "/tmp/.tmpKuyjsk" && "/opt/rustwide/target/release/prustio" "project" "init" "test_invalid_board" "--board" "this_board_does_not_exist_123"`
[INFO] [stdout] code=1
[INFO] [stdout] stdout=""
[INFO] [stdout] stderr="Error:  Can not install application\'s instance of PlatformIO\n"
[INFO] [stdout] 
[INFO] [stdout] stack backtrace:
[INFO] [stdout]    0:     0x55afcf999af1 - <<std[70759c8f55707aa4]::sys::backtrace::BacktraceLock>::print::DisplayBacktrace as core[df12db4294e9bfd3]::fmt::Display>::fmt
[INFO] [stdout]    1:     0x55afcf9b08fa - core[df12db4294e9bfd3]::fmt::write
[INFO] [stdout]    2:     0x55afcf99f66c - <alloc[2182bb758b4b3781]::vec::Vec<u8> as core[df12db4294e9bfd3]::io::write::Write>::write_fmt
[INFO] [stdout]    3:     0x55afcf974076 - std[70759c8f55707aa4]::panicking::default_hook::{closure#0}
[INFO] [stdout]    4:     0x55afcf991699 - std[70759c8f55707aa4]::panicking::default_hook
[INFO] [stdout]    5:     0x55afcf91aae0 - test[9d35eded1c95d3be]::test_main_inner::<test[9d35eded1c95d3be]::test_main_static::{closure#0}>::{closure#0}
[INFO] [stdout]    6:     0x55afcf991852 - std[70759c8f55707aa4]::panicking::panic_with_hook
[INFO] [stdout]    7:     0x55afcf974122 - std[70759c8f55707aa4]::panicking::panic_handler::{closure#0}
[INFO] [stdout]    8:     0x55afcf96cbf9 - std[70759c8f55707aa4]::sys::backtrace::__rust_end_short_backtrace::<std[70759c8f55707aa4]::panicking::panic_handler::{closure#0}, !>
[INFO] [stdout]    9:     0x55afcf974d1d - __rustc[8fa7c3cbc660c2b3]::rust_begin_unwind
[INFO] [stdout]   10:     0x55afcf9b10ac - core[df12db4294e9bfd3]::panicking::panic_fmt
[INFO] [stdout]   11:     0x55afcf90c084 - <assert_cmd[2e170c8531f55111]::assert::AssertError>::panic::<assert_cmd[2e170c8531f55111]::assert::Assert>
[INFO] [stdout]   12:     0x55afcf90bc09 - <integration_tests[34731e9e2253666d]::test_cli_project_init_invalid_board::{closure#0} as core[df12db4294e9bfd3]::ops::function::FnOnce<()>>::call_once
[INFO] [stdout]   13:     0x55afcf90ddcb - test[9d35eded1c95d3be]::__rust_begin_short_backtrace::<core[df12db4294e9bfd3]::result::Result<(), alloc[2182bb758b4b3781]::string::String>, fn() -> core[df12db4294e9bfd3]::result::Result<(), alloc[2182bb758b4b3781]::string::String>>
[INFO] [stdout]   14:     0x55afcf91b435 - test[9d35eded1c95d3be]::run_test::{closure#0}
[INFO] [stdout]   15:     0x55afcf914cf4 - std[70759c8f55707aa4]::sys::backtrace::__rust_begin_short_backtrace::<test[9d35eded1c95d3be]::run_test::{closure#1}, ()>
[INFO] [stdout]   16:     0x55afcf91e592 - <std[70759c8f55707aa4]::thread::lifecycle::spawn_unchecked<test[9d35eded1c95d3be]::run_test::{closure#1}, ()>::{closure#1} as core[df12db4294e9bfd3]::ops::function::FnOnce<()>>::call_once::{shim:vtable#0}
[INFO] [stdout]   17:     0x55afcf998fd9 - <std[70759c8f55707aa4]::sys::thread::unix::Thread>::new::thread_start
[INFO] [stdout]   18:     0x73cd7f66adfa - <unknown>
[INFO] [stdout]   19:     0x73cd7f6fe3d4 - clone
[INFO] [stdout]   20:                0x0 - <unknown>
[INFO] [stdout] 
[INFO] [stdout] ---- test_cli_project_init_hybrid_mode stdout ----
[INFO] [stdout] 
[INFO] [stdout] thread 'test_cli_project_init_hybrid_mode' (1217) panicked at /rustc/dfb0accb7f508ae8be965d8629557221c889dd98/library/core/src/ops/function.rs:250:5:
[INFO] [stdout] Unexpected failure.
[INFO] [stdout] code=1
[INFO] [stdout] stderr=```"Error:  Can not install application\'s instance of PlatformIO\n"```
[INFO] [stdout] command=`cd "/tmp/.tmp0c9iQ8" && "/opt/rustwide/target/release/prustio" "project" "init" "test_hybrid_blink" "--board" "nanoatmega328" "--hybrid"`
[INFO] [stdout] code=1
[INFO] [stdout] stdout=""
[INFO] [stdout] stderr="Error:  Can not install application\'s instance of PlatformIO\n"
[INFO] [stdout] 
[INFO] [stdout] stack backtrace:
[INFO] [stdout]    0:     0x55afcf999af1 - <<std[70759c8f55707aa4]::sys::backtrace::BacktraceLock>::print::DisplayBacktrace as core[df12db4294e9bfd3]::fmt::Display>::fmt
[INFO] [stdout]    1:     0x55afcf9b08fa - core[df12db4294e9bfd3]::fmt::write
[INFO] [stdout]    2:     0x55afcf99f66c - <alloc[2182bb758b4b3781]::vec::Vec<u8> as core[df12db4294e9bfd3]::io::write::Write>::write_fmt
[INFO] [stdout]    3:     0x55afcf974076 - std[70759c8f55707aa4]::panicking::default_hook::{closure#0}
[INFO] [stdout]    4:     0x55afcf991699 - std[70759c8f55707aa4]::panicking::default_hook
[INFO] [stdout]    5:     0x55afcf91aae0 - test[9d35eded1c95d3be]::test_main_inner::<test[9d35eded1c95d3be]::test_main_static::{closure#0}>::{closure#0}
[INFO] [stdout]    6:     0x55afcf991852 - std[70759c8f55707aa4]::panicking::panic_with_hook
[INFO] [stdout]    7:     0x55afcf974122 - std[70759c8f55707aa4]::panicking::panic_handler::{closure#0}
[INFO] [stdout]    8:     0x55afcf96cbf9 - std[70759c8f55707aa4]::sys::backtrace::__rust_end_short_backtrace::<std[70759c8f55707aa4]::panicking::panic_handler::{closure#0}, !>
[INFO] [stdout]    9:     0x55afcf974d1d - __rustc[8fa7c3cbc660c2b3]::rust_begin_unwind
[INFO] [stdout]   10:     0x55afcf9b10ac - core[df12db4294e9bfd3]::panicking::panic_fmt
[INFO] [stdout]   11:     0x55afcf950424 - <assert_cmd[2e170c8531f55111]::assert::AssertError>::panic::<assert_cmd[2e170c8531f55111]::assert::Assert>
[INFO] [stdout]   12:     0x55afcf950d66 - <assert_cmd[2e170c8531f55111]::assert::Assert>::success
[INFO] [stdout]   13:     0x55afcf90b43d - <integration_tests[34731e9e2253666d]::test_cli_project_init_hybrid_mode::{closure#0} as core[df12db4294e9bfd3]::ops::function::FnOnce<()>>::call_once
[INFO] [stdout]   14:     0x55afcf90ddcb - test[9d35eded1c95d3be]::__rust_begin_short_backtrace::<core[df12db4294e9bfd3]::result::Result<(), alloc[2182bb758b4b3781]::string::String>, fn() -> core[df12db4294e9bfd3]::result::Result<(), alloc[2182bb758b4b3781]::string::String>>
[INFO] [stdout]   15:     0x55afcf91b435 - test[9d35eded1c95d3be]::run_test::{closure#0}
[INFO] [stdout]   16:     0x55afcf914cf4 - std[70759c8f55707aa4]::sys::backtrace::__rust_begin_short_backtrace::<test[9d35eded1c95d3be]::run_test::{closure#1}, ()>
[INFO] [stdout]   17:     0x55afcf91e592 - <std[70759c8f55707aa4]::thread::lifecycle::spawn_unchecked<test[9d35eded1c95d3be]::run_test::{closure#1}, ()>::{closure#1} as core[df12db4294e9bfd3]::ops::function::FnOnce<()>>::call_once::{shim:vtable#0}
[INFO] [stdout]   18:     0x55afcf998fd9 - <std[70759c8f55707aa4]::sys::thread::unix::Thread>::new::thread_start
[INFO] [stdout]   19:     0x73cd7f66adfa - <unknown>
[INFO] [stdout]   20:     0x73cd7f6fe3d4 - clone
[INFO] [stdout]   21:                0x0 - <unknown>
[INFO] [stdout] 
[INFO] [stdout] ---- test_cli_project_init_pure_mode stdout ----
[INFO] [stdout] 
[INFO] [stdout] thread 'test_cli_project_init_pure_mode' (1220) panicked at /rustc/dfb0accb7f508ae8be965d8629557221c889dd98/library/core/src/ops/function.rs:250:5:
[INFO] [stdout] Unexpected failure.
[INFO] [stdout] code=1
[INFO] [stdout] stderr=```"Error:  Can not install application\'s instance of PlatformIO\n"```
[INFO] [stdout] command=`cd "/tmp/.tmp4fGvE0" && "/opt/rustwide/target/release/prustio" "project" "init" "test_pure_blink" "--board" "uno"`
[INFO] [stdout] code=1
[INFO] [stdout] stdout=""
[INFO] [stdout] stderr="Error:  Can not install application\'s instance of PlatformIO\n"
[INFO] [stdout] 
[INFO] [stdout] stack backtrace:
[INFO] [stdout]    0:     0x55afcf999af1 - <<std[70759c8f55707aa4]::sys::backtrace::BacktraceLock>::print::DisplayBacktrace as core[df12db4294e9bfd3]::fmt::Display>::fmt
[INFO] [stdout]    1:     0x55afcf9b08fa - core[df12db4294e9bfd3]::fmt::write
[INFO] [stdout]    2:     0x55afcf99f66c - <alloc[2182bb758b4b3781]::vec::Vec<u8> as core[df12db4294e9bfd3]::io::write::Write>::write_fmt
[INFO] [stdout]    3:     0x55afcf974076 - std[70759c8f55707aa4]::panicking::default_hook::{closure#0}
[INFO] [stdout]    4:     0x55afcf991699 - std[70759c8f55707aa4]::panicking::default_hook
[INFO] [stdout]    5:     0x55afcf91aae0 - test[9d35eded1c95d3be]::test_main_inner::<test[9d35eded1c95d3be]::test_main_static::{closure#0}>::{closure#0}
[INFO] [stdout]    6:     0x55afcf991852 - std[70759c8f55707aa4]::panicking::panic_with_hook
[INFO] [stdout]    7:     0x55afcf974122 - std[70759c8f55707aa4]::panicking::panic_handler::{closure#0}
[INFO] [stdout]    8:     0x55afcf96cbf9 - std[70759c8f55707aa4]::sys::backtrace::__rust_end_short_backtrace::<std[70759c8f55707aa4]::panicking::panic_handler::{closure#0}, !>
[INFO] [stdout]    9:     0x55afcf974d1d - __rustc[8fa7c3cbc660c2b3]::rust_begin_unwind
[INFO] [stdout]   10:     0x55afcf9b10ac - core[df12db4294e9bfd3]::panicking::panic_fmt
[INFO] [stdout]   11:     0x55afcf950424 - <assert_cmd[2e170c8531f55111]::assert::AssertError>::panic::<assert_cmd[2e170c8531f55111]::assert::Assert>
[INFO] [stdout]   12:     0x55afcf950d66 - <assert_cmd[2e170c8531f55111]::assert::Assert>::success
[INFO] [stdout]   13:     0x55afcf90abb5 - <integration_tests[34731e9e2253666d]::test_cli_project_init_pure_mode::{closure#0} as core[df12db4294e9bfd3]::ops::function::FnOnce<()>>::call_once
[INFO] [stdout]   14:     0x55afcf90ddcb - test[9d35eded1c95d3be]::__rust_begin_short_backtrace::<core[df12db4294e9bfd3]::result::Result<(), alloc[2182bb758b4b3781]::string::String>, fn() -> core[df12db4294e9bfd3]::result::Result<(), alloc[2182bb758b4b3781]::string::String>>
[INFO] [stdout]   15:     0x55afcf91b435 - test[9d35eded1c95d3be]::run_test::{closure#0}
[INFO] [stdout]   16:     0x55afcf914cf4 - std[70759c8f55707aa4]::sys::backtrace::__rust_begin_short_backtrace::<test[9d35eded1c95d3be]::run_test::{closure#1}, ()>
[INFO] [stdout]   17:     0x55afcf91e592 - <std[70759c8f55707aa4]::thread::lifecycle::spawn_unchecked<test[9d35eded1c95d3be]::run_test::{closure#1}, ()>::{closure#1} as core[df12db4294e9bfd3]::ops::function::FnOnce<()>>::call_once::{shim:vtable#0}
[INFO] [stdout]   18:     0x55afcf998fd9 - <std[70759c8f55707aa4]::sys::thread::unix::Thread>::new::thread_start
[INFO] [stdout]   19:     0x73cd7f66adfa - <unknown>
[INFO] [stdout]   20:     0x73cd7f6fe3d4 - clone
[INFO] [stdout]   21:                0x0 - <unknown>
[INFO] [stdout] 
[INFO] [stdout] ---- test_cli_boards_filtered_output stdout ----
[INFO] [stdout] 
[INFO] [stdout] thread 'test_cli_boards_filtered_output' (1214) panicked at /rustc/dfb0accb7f508ae8be965d8629557221c889dd98/library/core/src/ops/function.rs:250:5:
[INFO] [stdout] Unexpected failure.
[INFO] [stdout] code=1
[INFO] [stdout] stderr=```""```
[INFO] [stdout] command=`"/opt/rustwide/target/release/prustio" "boards" "nano" "--json-output"`
[INFO] [stdout] code=1
[INFO] [stdout] stdout="{\"message\":\"Can not install application\'s instance of PlatformIO\",\"status\":\"error\"}\n"
[INFO] [stdout] stderr=""
[INFO] [stdout] 
[INFO] [stdout] stack backtrace:
[INFO] [stdout]    0:     0x55afcf999af1 - <<std[70759c8f55707aa4]::sys::backtrace::BacktraceLock>::print::DisplayBacktrace as core[df12db4294e9bfd3]::fmt::Display>::fmt
[INFO] [stdout]    1:     0x55afcf9b08fa - core[df12db4294e9bfd3]::fmt::write
[INFO] [stdout]    2:     0x55afcf99f66c - <alloc[2182bb758b4b3781]::vec::Vec<u8> as core[df12db4294e9bfd3]::io::write::Write>::write_fmt
[INFO] [stdout]    3:     0x55afcf974076 - std[70759c8f55707aa4]::panicking::default_hook::{closure#0}
[INFO] [stdout]    4:     0x55afcf991699 - std[70759c8f55707aa4]::panicking::default_hook
[INFO] [stdout]    5:     0x55afcf91aae0 - test[9d35eded1c95d3be]::test_main_inner::<test[9d35eded1c95d3be]::test_main_static::{closure#0}>::{closure#0}
[INFO] [stdout]    6:     0x55afcf991852 - std[70759c8f55707aa4]::panicking::panic_with_hook
[INFO] [stdout]    7:     0x55afcf974122 - std[70759c8f55707aa4]::panicking::panic_handler::{closure#0}
[INFO] [stdout]    8:     0x55afcf96cbf9 - std[70759c8f55707aa4]::sys::backtrace::__rust_end_short_backtrace::<std[70759c8f55707aa4]::panicking::panic_handler::{closure#0}, !>
[INFO] [stdout]    9:     0x55afcf974d1d - __rustc[8fa7c3cbc660c2b3]::rust_begin_unwind
[INFO] [stdout]   10:     0x55afcf9b10ac - core[df12db4294e9bfd3]::panicking::panic_fmt
[INFO] [stdout]   11:     0x55afcf950424 - <assert_cmd[2e170c8531f55111]::assert::AssertError>::panic::<assert_cmd[2e170c8531f55111]::assert::Assert>
[INFO] [stdout]   12:     0x55afcf950d66 - <assert_cmd[2e170c8531f55111]::assert::Assert>::success
[INFO] [stdout]   13:     0x55afcf90a6cc - <integration_tests[34731e9e2253666d]::test_cli_boards_filtered_output::{closure#0} as core[df12db4294e9bfd3]::ops::function::FnOnce<()>>::call_once
[INFO] [stdout]   14:     0x55afcf90ddcb - test[9d35eded1c95d3be]::__rust_begin_short_backtrace::<core[df12db4294e9bfd3]::result::Result<(), alloc[2182bb758b4b3781]::string::String>, fn() -> core[df12db4294e9bfd3]::result::Result<(), alloc[2182bb758b4b3781]::string::String>>
[INFO] [stdout]   15:     0x55afcf91b435 - test[9d35eded1c95d3be]::run_test::{closure#0}
[INFO] [stdout]   16:     0x55afcf914cf4 - std[70759c8f55707aa4]::sys::backtrace::__rust_begin_short_backtrace::<test[9d35eded1c95d3be]::run_test::{closure#1}, ()>
[INFO] [stdout]   17:     0x55afcf91e592 - <std[70759c8f55707aa4]::thread::lifecycle::spawn_unchecked<test[9d35eded1c95d3be]::run_test::{closure#1}, ()>::{closure#1} as core[df12db4294e9bfd3]::ops::function::FnOnce<()>>::call_once::{shim:vtable#0}
[INFO] [stdout]   18:     0x55afcf998fd9 - <std[70759c8f55707aa4]::sys::thread::unix::Thread>::new::thread_start
[INFO] [stdout]   19:     0x73cd7f66adfa - <unknown>
[INFO] [stdout]   20:     0x73cd7f6fe3d4 - clone
[INFO] [stdout]   21:                0x0 - <unknown>
[INFO] [stdout] 
[INFO] [stdout] ---- test_cli_clean_project stdout ----
[INFO] [stdout] 
[INFO] [stdout] thread 'test_cli_clean_project' (1216) panicked at /rustc/dfb0accb7f508ae8be965d8629557221c889dd98/library/core/src/ops/function.rs:250:5:
[INFO] [stdout] Unexpected failure.
[INFO] [stdout] code=1
[INFO] [stdout] stderr=```"Error:  Can not install application\'s instance of PlatformIO\n"```
[INFO] [stdout] command=`cd "/tmp/.tmpbuEBlu" && "/opt/rustwide/target/release/prustio" "project" "init" "test_clean_proj" "--board" "uno"`
[INFO] [stdout] code=1
[INFO] [stdout] stdout=""
[INFO] [stdout] stderr="Error:  Can not install application\'s instance of PlatformIO\n"
[INFO] [stdout] 
[INFO] [stdout] stack backtrace:
[INFO] [stdout]    0:     0x55afcf999af1 - <<std[70759c8f55707aa4]::sys::backtrace::BacktraceLock>::print::DisplayBacktrace as core[df12db4294e9bfd3]::fmt::Display>::fmt
[INFO] [stdout]    1:     0x55afcf9b08fa - core[df12db4294e9bfd3]::fmt::write
[INFO] [stdout]    2:     0x55afcf99f66c - <alloc[2182bb758b4b3781]::vec::Vec<u8> as core[df12db4294e9bfd3]::io::write::Write>::write_fmt
[INFO] [stdout]    3:     0x55afcf974076 - std[70759c8f55707aa4]::panicking::default_hook::{closure#0}
[INFO] [stdout]    4:     0x55afcf991699 - std[70759c8f55707aa4]::panicking::default_hook
[INFO] [stdout]    5:     0x55afcf91aae0 - test[9d35eded1c95d3be]::test_main_inner::<test[9d35eded1c95d3be]::test_main_static::{closure#0}>::{closure#0}
[INFO] [stdout]    6:     0x55afcf991852 - std[70759c8f55707aa4]::panicking::panic_with_hook
[INFO] [stdout]    7:     0x55afcf974122 - std[70759c8f55707aa4]::panicking::panic_handler::{closure#0}
[INFO] [stdout]    8:     0x55afcf96cbf9 - std[70759c8f55707aa4]::sys::backtrace::__rust_end_short_backtrace::<std[70759c8f55707aa4]::panicking::panic_handler::{closure#0}, !>
[INFO] [stdout]    9:     0x55afcf974d1d - __rustc[8fa7c3cbc660c2b3]::rust_begin_unwind
[INFO] [stdout]   10:     0x55afcf9b10ac - core[df12db4294e9bfd3]::panicking::panic_fmt
[INFO] [stdout]   11:     0x55afcf950424 - <assert_cmd[2e170c8531f55111]::assert::AssertError>::panic::<assert_cmd[2e170c8531f55111]::assert::Assert>
[INFO] [stdout]   12:     0x55afcf950d66 - <assert_cmd[2e170c8531f55111]::assert::Assert>::success
[INFO] [stdout]   13:     0x55afcf909a51 - <integration_tests[34731e9e2253666d]::test_cli_clean_project::{closure#0} as core[df12db4294e9bfd3]::ops::function::FnOnce<()>>::call_once
[INFO] [stdout]   14:     0x55afcf90ddcb - test[9d35eded1c95d3be]::__rust_begin_short_backtrace::<core[df12db4294e9bfd3]::result::Result<(), alloc[2182bb758b4b3781]::string::String>, fn() -> core[df12db4294e9bfd3]::result::Result<(), alloc[2182bb758b4b3781]::string::String>>
[INFO] [stdout]   15:     0x55afcf91b435 - test[9d35eded1c95d3be]::run_test::{closure#0}
[INFO] [stdout]   16:     0x55afcf914cf4 - std[70759c8f55707aa4]::sys::backtrace::__rust_begin_short_backtrace::<test[9d35eded1c95d3be]::run_test::{closure#1}, ()>
[INFO] [stdout]   17:     0x55afcf91e592 - <std[70759c8f55707aa4]::thread::lifecycle::spawn_unchecked<test[9d35eded1c95d3be]::run_test::{closure#1}, ()>::{closure#1} as core[df12db4294e9bfd3]::ops::function::FnOnce<()>>::call_once::{shim:vtable#0}
[INFO] [stdout]   18:     0x55afcf998fd9 - <std[70759c8f55707aa4]::sys::thread::unix::Thread>::new::thread_start
[INFO] [stdout]   19:     0x73cd7f66adfa - <unknown>
[INFO] [stdout]   20:     0x73cd7f6fe3d4 - clone
[INFO] [stdout]   21:                0x0 - <unknown>
[INFO] [stdout] 
[INFO] [stdout] 
[INFO] [stdout] failures:
[INFO] [stdout]     test_cli_boards_filtered_output
[INFO] [stdout]     test_cli_boards_json_output
[INFO] [stdout]     test_cli_clean_project
[INFO] [stdout]     test_cli_project_init_hybrid_mode
[INFO] [stdout]     test_cli_project_init_invalid_board
[INFO] [stdout]     test_cli_project_init_pure_mode
[INFO] [stdout] 
[INFO] [stdout] test result: FAILED. 1 passed; 6 failed; 0 ignored; 0 measured; 0 filtered out; finished in 0.01s
[INFO] [stdout] 
[INFO] [stderr] error: test failed, to rerun pass `--test integration_tests`
[INFO] running `Command { std: "docker" "inspect" "13776052b0c6372cfda62d65a3c33356b8d19a5bbf1518b1533e5ea4311836d3", kill_on_drop: false }`
[INFO] running `Command { std: "docker" "rm" "-f" "13776052b0c6372cfda62d65a3c33356b8d19a5bbf1518b1533e5ea4311836d3", kill_on_drop: false }`
[INFO] [stdout] 13776052b0c6372cfda62d65a3c33356b8d19a5bbf1518b1533e5ea4311836d3
